{"id":100592,"date":"2022-05-24T20:50:29","date_gmt":"2022-05-24T18:50:29","guid":{"rendered":"https:\/\/cardamomo.com\/es\/?post_type=artist&#038;p=100592"},"modified":"2025-03-18T15:26:06","modified_gmt":"2025-03-18T15:26:06","slug":"miguel-el-rubio","status":"publish","type":"artist","link":"https:\/\/cardamomo.com\/zh\/artist\/miguel-el-rubio\/","title":{"rendered":"Miguel &#8220;El Rubio&#8221;"},"content":{"rendered":"<p><\/p>\n<h4>\u5e74\u8868<\/h4>\n<p>\u8fd9\u4f4d\u5e74\u8f7b\u7684\u821e\u8005\u4ece\u5c0f\u5c31\u88ab\u5f17\u62c9\u95e8\u6208\u827a\u672f\u6240\u5305\u56f4\u3002 5\u5c81\u65f6\uff0c\u4ed6\u5728Antonio Fern\u00e1ndez Montoya\u6307\u5bfc\u7684 &#8220;Farru&#8221;&#8221;Los gnomos del Flamenco &#8220;\u8282\u76ee\u4e2d\u9996\u6b21\u4eae\u76f8\u3002 8\u5c81\u65f6\uff0c\u4ed6\u53c2\u52a0\u4e86\u585e\u7ef4\u5229\u4e9a\u5f17\u62c9\u95e8\u6208\u53cc\u5e74\u5c55\uff0c\u8868\u6f14\u4e86 &#8220;Triana pura&#8221;\u3002\u4ed6\u7ee7\u7eed\u5728\u897f\u73ed\u7259\u5de1\u56de\u6f14\u51fa\uff0c\u5e76\u7531\u4f1f\u5927\u7684\u827a\u672f\u5bb6\u966a\u540c\uff0c\u5982\uff1aRemedios Amaya, Ricardo Mi\u00f1o, Pastora Galv\u00e1n, La Argentina, El Pele, Roc\u00edo Molina, \u7b49\u3002<\/p>\n<h4>\u8282\u65e5\u3001\u5267\u9662\u548c\u5956\u9879<\/h4>\n<p>2008- \u5f17\u62c9\u95e8\u6208\u53cc\u5e74\u5c55\uff08\u963f\u62c9\u7c73\u8fbe\u5267\u9662\uff0c\u585e\u7ef4\u5229\u4e9a\uff09\uff0c\u6f14\u51fa &#8220;+\u5c11\u5e74+\u5f17\u62c9\u95e8\u6208 &#8220;\u548c &#8220;Pe\u00f1as de guardia&#8221;\u3002J\u00f3venes Flamencos\u5956\u3002<br \/>\n2010\u5e74- \u4e0e\u821e\u8e48\u5bb6\u7f57\u897f\u5965-\u83ab\u91cc\u7eb3\u5408\u4f5c\u6f14\u51fa\u300aVin\u00e1tica\u300b\uff08\u6cd5\u56fd-\u52a0\u7684\u65af\uff09\u3002<br \/>\n2011- \u5409\u666e\u8d5b\u8282\uff08\u5965\u65af\u9646\uff0c\u632a\u5a01\uff09\u4e0e &#8220;Yagori&#8221;\u3002<br \/>\n2011\u5e74- \u9a6c\u5c71\u827a\u672f\u8282\uff08\u6cd5\u56fd\uff09\uff0c\u7f16\u821e\u5bb6\u7f57\u897f\u5965-\u83ab\u5229\u7eb3\u7684 &#8220;Danzaora&#8221;\u3002<br \/>\n2011\u5e74- \u5b89\u8fbe\u5362\u897f\u4e9a\u8282\uff08\u6469\u6d1b\u54e5\uff09\u4e0e\u6b4c\u624b\u57c3\u65af\u4f69\u5170\u8428-\u8d39\u5c14\u5357\u5fb7\u65af\u5408\u4f5c\u3002<br \/>\n2015- \u56fd\u9645\u5f17\u62c9\u95e8\u6208\u8282\uff08\u65e5\u672c\uff09\uff0c&#8221;\u5411\u5e15\u79d1-\u5fb7-\u5362\u897f\u4e9a\u81f4\u656c&#8221;\u3002<br \/>\n2016\u5e74- \u4e0e &#8220;La Argentina &#8220;\u5408\u5531\u56e2\u5728\u4e2d\u56fd\u5de1\u6f14\u3002<\/p>","protected":false},"featured_media":157200,"template":"","meta":{"_acf_changed":false,"inline_featured_image":false},"class_list":["post-100592","artist","type-artist","status-publish","has-post-thumbnail","hentry"],"acf":[],"yoast_head":"<!-- This site is optimized with the Yoast SEO plugin v27.4 - https:\/\/yoast.com\/product\/yoast-seo-wordpress\/ -->\n<title>Miguel &quot;El Rubio&quot; - Cardamomo Flamenco Madrid<\/title>\n<meta name=\"robots\" content=\"index, follow, max-snippet:-1, max-image-preview:large, max-video-preview:-1\" \/>\n<link rel=\"canonical\" href=\"\/\" \/>\n<meta property=\"og:locale\" content=\"zh_CN\" \/>\n<meta property=\"og:type\" content=\"article\" \/>\n<meta property=\"og:title\" content=\"Miguel &quot;El Rubio&quot; - Cardamomo Flamenco Madrid\" \/>\n<meta property=\"og:description\" content=\"\u5e74\u8868 \u8fd9\u4f4d\u5e74\u8f7b\u7684\u821e\u8005\u4ece\u5c0f\u5c31\u88ab\u5f17\u62c9\u95e8\u6208\u827a\u672f\u6240\u5305\u56f4\u3002 5\u5c81\u65f6\uff0c\u4ed6\u5728Antonio Fern\u00e1ndez Montoy...\" \/>\n<meta property=\"og:url\" content=\"https:\/\/cardamomo.com\/zh\/artist\/miguel-el-rubio\/\" \/>\n<meta property=\"og:site_name\" content=\"Cardamomo Flamenco Madrid\" \/>\n<meta property=\"article:modified_time\" content=\"2025-03-18T15:26:06+00:00\" \/>\n<meta property=\"og:image\" content=\"https:\/\/cardamomo.ams3.digitaloceanspaces.com\/wp-content\/uploads\/2022\/05\/18152523\/miguel-el-rubio-1.jpg\" \/>\n\t<meta property=\"og:image:width\" content=\"600\" \/>\n\t<meta property=\"og:image:height\" content=\"750\" \/>\n\t<meta property=\"og:image:type\" content=\"image\/jpeg\" \/>\n<meta name=\"twitter:card\" content=\"summary_large_image\" \/>\n<meta name=\"twitter:label1\" content=\"\u9884\u8ba1\u9605\u8bfb\u65f6\u95f4\" \/>\n\t<meta name=\"twitter:data1\" content=\"2 \u5206\" \/>\n<script type=\"application\/ld+json\" class=\"yoast-schema-graph\">{\"@context\":\"https:\\\/\\\/schema.org\",\"@graph\":[{\"@type\":\"WebPage\",\"@id\":\"https:\\\/\\\/cardamomo.com\\\/zh\\\/artist\\\/miguel-el-rubio\\\/\",\"url\":\"https:\\\/\\\/cardamomo.com\\\/zh\\\/artist\\\/miguel-el-rubio\\\/\",\"name\":\"Miguel \\\"El Rubio\\\" - Cardamomo Flamenco Madrid\",\"isPartOf\":{\"@id\":\"https:\\\/\\\/cardamomo.com\\\/zh\\\/#website\"},\"primaryImageOfPage\":{\"@id\":\"https:\\\/\\\/cardamomo.com\\\/zh\\\/artist\\\/miguel-el-rubio\\\/#primaryimage\"},\"image\":{\"@id\":\"https:\\\/\\\/cardamomo.com\\\/es\\\/artist\\\/miguel-el-rubio\\\/#primaryimage\"},\"thumbnailUrl\":\"https:\\\/\\\/cardamomo.ams3.digitaloceanspaces.com\\\/wp-content\\\/uploads\\\/2022\\\/05\\\/18152523\\\/miguel-el-rubio-1.jpg\",\"datePublished\":\"2022-05-24T18:50:29+00:00\",\"dateModified\":\"2025-03-18T15:26:06+00:00\",\"breadcrumb\":{\"@id\":\"https:\\\/\\\/cardamomo.com\\\/zh\\\/artist\\\/miguel-el-rubio\\\/#breadcrumb\"},\"inLanguage\":\"zh-Hans\",\"potentialAction\":[{\"@type\":\"ReadAction\",\"target\":[[\"https:\\\/\\\/cardamomo.com\\\/zh\\\/artist\\\/miguel-el-rubio\\\/\"]]}]},{\"@type\":\"ImageObject\",\"inLanguage\":\"zh-Hans\",\"@id\":\"https:\\\/\\\/cardamomo.com\\\/zh\\\/artist\\\/miguel-el-rubio\\\/#primaryimage\",\"url\":\"https:\\\/\\\/cardamomo.ams3.digitaloceanspaces.com\\\/wp-content\\\/uploads\\\/2022\\\/05\\\/18152523\\\/miguel-el-rubio-1.jpg\",\"contentUrl\":\"https:\\\/\\\/cardamomo.ams3.digitaloceanspaces.com\\\/wp-content\\\/uploads\\\/2022\\\/05\\\/18152523\\\/miguel-el-rubio-1.jpg\",\"width\":600,\"height\":750,\"caption\":\"Bailaor Miguel el rubio\"},{\"@type\":\"BreadcrumbList\",\"@id\":\"https:\\\/\\\/cardamomo.com\\\/zh\\\/artist\\\/miguel-el-rubio\\\/#breadcrumb\",\"itemListElement\":[{\"@type\":\"ListItem\",\"position\":1,\"name\":\"Cardamomo\",\"item\":\"https:\\\/\\\/cardamomo.com\\\/zh\\\/\"},{\"@type\":\"ListItem\",\"position\":2,\"name\":\"Artists\",\"item\":\"https:\\\/\\\/cardamomo.com\\\/zh\\\/artist\\\/\"},{\"@type\":\"ListItem\",\"position\":3,\"name\":\"Miguel \u00abEl Rubio\u00bb\"}]},{\"@type\":\"WebSite\",\"@id\":\"https:\\\/\\\/cardamomo.com\\\/zh\\\/#website\",\"url\":\"https:\\\/\\\/cardamomo.com\\\/zh\\\/\",\"name\":\"Cardamomo Flamenco Madrid\",\"description\":\"\",\"potentialAction\":[{\"@type\":\"SearchAction\",\"target\":{\"@type\":\"EntryPoint\",\"urlTemplate\":\"https:\\\/\\\/cardamomo.com\\\/zh\\\/?s={search_term_string}\"},\"query-input\":{\"@type\":\"PropertyValueSpecification\",\"valueRequired\":true,\"valueName\":\"search_term_string\"}}],\"inLanguage\":\"zh-Hans\"}]}<\/script>\n<!-- \/ Yoast SEO plugin. -->","yoast_head_json":{"title":"Miguel \"El Rubio\" - Cardamomo Flamenco Madrid","robots":{"index":"index","follow":"follow","max-snippet":"max-snippet:-1","max-image-preview":"max-image-preview:large","max-video-preview":"max-video-preview:-1"},"canonical":"\/","og_locale":"zh_CN","og_type":"article","og_title":"Miguel \"El Rubio\" - Cardamomo Flamenco Madrid","og_description":"\u5e74\u8868 \u8fd9\u4f4d\u5e74\u8f7b\u7684\u821e\u8005\u4ece\u5c0f\u5c31\u88ab\u5f17\u62c9\u95e8\u6208\u827a\u672f\u6240\u5305\u56f4\u3002 5\u5c81\u65f6\uff0c\u4ed6\u5728Antonio Fern\u00e1ndez Montoy...","og_url":"https:\/\/cardamomo.com\/zh\/artist\/miguel-el-rubio\/","og_site_name":"Cardamomo Flamenco Madrid","article_modified_time":"2025-03-18T15:26:06+00:00","og_image":[{"width":600,"height":750,"url":"https:\/\/cardamomo.ams3.digitaloceanspaces.com\/wp-content\/uploads\/2022\/05\/18152523\/miguel-el-rubio-1.jpg","type":"image\/jpeg"}],"twitter_card":"summary_large_image","twitter_misc":{"\u9884\u8ba1\u9605\u8bfb\u65f6\u95f4":"2 \u5206"},"schema":{"@context":"https:\/\/schema.org","@graph":[{"@type":"WebPage","@id":"https:\/\/cardamomo.com\/zh\/artist\/miguel-el-rubio\/","url":"https:\/\/cardamomo.com\/zh\/artist\/miguel-el-rubio\/","name":"Miguel \"El Rubio\" - Cardamomo Flamenco Madrid","isPartOf":{"@id":"https:\/\/cardamomo.com\/zh\/#website"},"primaryImageOfPage":{"@id":"https:\/\/cardamomo.com\/zh\/artist\/miguel-el-rubio\/#primaryimage"},"image":{"@id":"https:\/\/cardamomo.com\/es\/artist\/miguel-el-rubio\/#primaryimage"},"thumbnailUrl":"https:\/\/cardamomo.ams3.digitaloceanspaces.com\/wp-content\/uploads\/2022\/05\/18152523\/miguel-el-rubio-1.jpg","datePublished":"2022-05-24T18:50:29+00:00","dateModified":"2025-03-18T15:26:06+00:00","breadcrumb":{"@id":"https:\/\/cardamomo.com\/zh\/artist\/miguel-el-rubio\/#breadcrumb"},"inLanguage":"zh-Hans","potentialAction":[{"@type":"ReadAction","target":[["https:\/\/cardamomo.com\/zh\/artist\/miguel-el-rubio\/"]]}]},{"@type":"ImageObject","inLanguage":"zh-Hans","@id":"https:\/\/cardamomo.com\/zh\/artist\/miguel-el-rubio\/#primaryimage","url":"https:\/\/cardamomo.ams3.digitaloceanspaces.com\/wp-content\/uploads\/2022\/05\/18152523\/miguel-el-rubio-1.jpg","contentUrl":"https:\/\/cardamomo.ams3.digitaloceanspaces.com\/wp-content\/uploads\/2022\/05\/18152523\/miguel-el-rubio-1.jpg","width":600,"height":750,"caption":"Bailaor Miguel el rubio"},{"@type":"BreadcrumbList","@id":"https:\/\/cardamomo.com\/zh\/artist\/miguel-el-rubio\/#breadcrumb","itemListElement":[{"@type":"ListItem","position":1,"name":"Cardamomo","item":"https:\/\/cardamomo.com\/zh\/"},{"@type":"ListItem","position":2,"name":"Artists","item":"https:\/\/cardamomo.com\/zh\/artist\/"},{"@type":"ListItem","position":3,"name":"Miguel \u00abEl Rubio\u00bb"}]},{"@type":"WebSite","@id":"https:\/\/cardamomo.com\/zh\/#website","url":"https:\/\/cardamomo.com\/zh\/","name":"Cardamomo Flamenco Madrid","description":"","potentialAction":[{"@type":"SearchAction","target":{"@type":"EntryPoint","urlTemplate":"https:\/\/cardamomo.com\/zh\/?s={search_term_string}"},"query-input":{"@type":"PropertyValueSpecification","valueRequired":true,"valueName":"search_term_string"}}],"inLanguage":"zh-Hans"}]}},"_links":{"self":[{"href":"https:\/\/cardamomo.com\/zh\/wp-json\/wp\/v2\/artist\/100592","targetHints":{"allow":["GET"]}}],"collection":[{"href":"https:\/\/cardamomo.com\/zh\/wp-json\/wp\/v2\/artist"}],"about":[{"href":"https:\/\/cardamomo.com\/zh\/wp-json\/wp\/v2\/types\/artist"}],"wp:featuredmedia":[{"embeddable":true,"href":"https:\/\/cardamomo.com\/zh\/wp-json\/wp\/v2\/media\/157200"}],"wp:attachment":[{"href":"https:\/\/cardamomo.com\/zh\/wp-json\/wp\/v2\/media?parent=100592"}],"curies":[{"name":"wp","href":"https:\/\/api.w.org\/{rel}","templated":true}]}}

<p></p>
<h4>年表</h4>
<p>这位年轻的舞者从小就被弗拉门戈艺术所包围。 5岁时，他在Antonio Fernández Montoya指导的 &#8220;Farru&#8221;&#8221;Los gnomos del Flamenco &#8220;节目中首次亮相。 8岁时，他参加了塞维利亚弗拉门戈双年展，表演了 &#8220;Triana pura&#8221;。他继续在西班牙巡回演出，并由伟大的艺术家陪同，如：Remedios Amaya, Ricardo Miño, Pastora Galván, La Argentina, El Pele, Rocío Molina, 等。</p>
<h4>节日、剧院和奖项</h4>
<p>2008- 弗拉门戈双年展（阿拉米达剧院，塞维利亚），演出 &#8220;+少年+弗拉门戈 &#8220;和 &#8220;Peñas de guardia&#8221;。Jóvenes Flamencos奖。<br />
2010年- 与舞蹈家罗西奥-莫里纳合作演出《Vinática》（法国-加的斯）。<br />
2011- 吉普赛节（奥斯陆，挪威）与 &#8220;Yagori&#8221;。<br />
2011年- 马山艺术节（法国），编舞家罗西奥-莫利纳的 &#8220;Danzaora&#8221;。<br />
2011年- 安达卢西亚节（摩洛哥）与歌手埃斯佩兰萨-费尔南德斯合作。<br />
2015- 国际弗拉门戈节（日本），&#8221;向帕科-德-卢西亚致敬&#8221;。<br />
2016年- 与 &#8220;La Argentina &#8220;合唱团在中国巡演。</p>

<!-- This site is optimized with the Yoast SEO plugin v27.4 - https://yoast.com/product/yoast-seo-wordpress/ -->
<title>Miguel &quot;El Rubio&quot; - Cardamomo Flamenco Madrid</title>
<meta name="robots" content="index, follow, max-snippet:-1, max-image-preview:large, max-video-preview:-1" />
<link rel="canonical" href="/" />
<meta property="og:locale" content="zh_CN" />
<meta property="og:type" content="article" />
<meta property="og:title" content="Miguel &quot;El Rubio&quot; - Cardamomo Flamenco Madrid" />
<meta property="og:description" content="年表 这位年轻的舞者从小就被弗拉门戈艺术所包围。 5岁时，他在Antonio Fernández Montoy..." />
<meta property="og:url" content="https://cardamomo.com/zh/artist/miguel-el-rubio/" />
<meta property="og:site_name" content="Cardamomo Flamenco Madrid" />
<meta property="article:modified_time" content="2025-03-18T15:26:06+00:00" />
<meta property="og:image" content="https://cardamomo.ams3.digitaloceanspaces.com/wp-content/uploads/2022/05/18152523/miguel-el-rubio-1.jpg" />
	<meta property="og:image:width" content="600" />
	<meta property="og:image:height" content="750" />
	<meta property="og:image:type" content="image/jpeg" />
<meta name="twitter:card" content="summary_large_image" />
<meta name="twitter:label1" content="预计阅读时间" />
	<meta name="twitter:data1" content="2 分" />
<script type="application/ld+json" class="yoast-schema-graph">{"@context":"https:\/\/schema.org","@graph":[{"@type":"WebPage","@id":"https:\/\/cardamomo.com\/zh\/artist\/miguel-el-rubio\/","url":"https:\/\/cardamomo.com\/zh\/artist\/miguel-el-rubio\/","name":"Miguel \"El Rubio\" - Cardamomo Flamenco Madrid","isPartOf":{"@id":"https:\/\/cardamomo.com\/zh\/#website"},"primaryImageOfPage":{"@id":"https:\/\/cardamomo.com\/zh\/artist\/miguel-el-rubio\/#primaryimage"},"image":{"@id":"https:\/\/cardamomo.com\/es\/artist\/miguel-el-rubio\/#primaryimage"},"thumbnailUrl":"https:\/\/cardamomo.ams3.digitaloceanspaces.com\/wp-content\/uploads\/2022\/05\/18152523\/miguel-el-rubio-1.jpg","datePublished":"2022-05-24T18:50:29+00:00","dateModified":"2025-03-18T15:26:06+00:00","breadcrumb":{"@id":"https:\/\/cardamomo.com\/zh\/artist\/miguel-el-rubio\/#breadcrumb"},"inLanguage":"zh-Hans","potentialAction":[{"@type":"ReadAction","target":[["https:\/\/cardamomo.com\/zh\/artist\/miguel-el-rubio\/"]]}]},{"@type":"ImageObject","inLanguage":"zh-Hans","@id":"https:\/\/cardamomo.com\/zh\/artist\/miguel-el-rubio\/#primaryimage","url":"https:\/\/cardamomo.ams3.digitaloceanspaces.com\/wp-content\/uploads\/2022\/05\/18152523\/miguel-el-rubio-1.jpg","contentUrl":"https:\/\/cardamomo.ams3.digitaloceanspaces.com\/wp-content\/uploads\/2022\/05\/18152523\/miguel-el-rubio-1.jpg","width":600,"height":750,"caption":"Bailaor Miguel el rubio"},{"@type":"BreadcrumbList","@id":"https:\/\/cardamomo.com\/zh\/artist\/miguel-el-rubio\/#breadcrumb","itemListElement":[{"@type":"ListItem","position":1,"name":"Cardamomo","item":"https:\/\/cardamomo.com\/zh\/"},{"@type":"ListItem","position":2,"name":"Artists","item":"https:\/\/cardamomo.com\/zh\/artist\/"},{"@type":"ListItem","position":3,"name":"Miguel «El Rubio»"}]},{"@type":"WebSite","@id":"https:\/\/cardamomo.com\/zh\/#website","url":"https:\/\/cardamomo.com\/zh\/","name":"Cardamomo Flamenco Madrid","description":"","potentialAction":[{"@type":"SearchAction","target":{"@type":"EntryPoint","urlTemplate":"https:\/\/cardamomo.com\/zh\/?s={search_term_string}"},"query-input":{"@type":"PropertyValueSpecification","valueRequired":true,"valueName":"search_term_string"}}],"inLanguage":"zh-Hans"}]}</script>
<!-- / Yoast SEO plugin. -->

年表 这位年轻的舞者从小就被弗拉门戈艺术所包围。 5岁时，他在Antonio Fernández Montoy...

2 分
