{"id":95900,"date":"2022-03-25T21:45:05","date_gmt":"2022-03-25T21:45:05","guid":{"rendered":"https:\/\/cardamomo.com\/es\/?post_type=show&#038;p=95900"},"modified":"2024-12-26T21:59:05","modified_gmt":"2024-12-26T21:59:05","slug":"el-bailaor-y-coreografo-alfonso-losa-aterriza-en-cardamomo","status":"publish","type":"show","link":"https:\/\/cardamomo.com\/pt\/show\/o-bailaor-e-coreografo-alfonso-losa-visita-nos-na-epoca-do-natal\/","title":{"rendered":"O bailaor e core\u00f3grafo Alfonso Losa visita-nos na \u00e9poca do Natal"},"content":{"rendered":"<p><strong>O artista madrileno,<\/strong> conhecido por ser o autor de muitos espect\u00e1culos que percorreram o nosso pa\u00eds, foi premiado em numerosas ocasi\u00f5es gra\u00e7as \u00e0 sua t\u00e9cnica, estilo e profissionalismo. Alguns dos pr\u00e9mios mais destacados s\u00e3o: Pr\u00e9mio El Desplante no Festival del Cante de las Minas; Pr\u00e9mio El G\u00fcito por sole\u00e1 no Concurso de Arte Flamenca de C\u00f3rdoba 2007; Pr\u00e9mio de Bailarino de Destaque no Concurso de Coreografia de Madrid, entre outros.<\/p>\n<p><strong>Al\u00e9m disso, Alfonso Losa<\/strong> experimentou uma mudan\u00e7a na forma de expressar a sua arte com a sua exposi\u00e7\u00e3o Con-secuencia. Isto foi apresentado no Festival de Jerez 2018. O seu trabalho marcou um antes e um depois na sua carreira como artista. Apoiado pelo trabalho c\u00e9nico do director Florencio Campos, Losa recapitula o que aprendeu para se lan\u00e7ar numa nova experi\u00eancia: a investiga\u00e7\u00e3o sobre improvisa\u00e7\u00e3o e a gest\u00e3o da energia c\u00e9nica, em tempo real. Um desafio que muito poucos artistas conseguem enfrentar.<\/p>\n<p>Descubra uma nova forma de ver a arte com o nosso artista convidado.<\/p>\n<p>Adquira j\u00e1 os seus bilhetes!<\/p>\n<p>???? reservas@cardamomo.com<\/p>\n<p>\u260e\ufe0f ( +34) 91 805 1038\/ (+34) 691 02 21 17<\/p>\n<p>???? cardamomo.com<\/p>","protected":false},"featured_media":98943,"template":"","meta":{"_acf_changed":false,"inline_featured_image":false},"class_list":["post-95900","show","type-show","status-publish","has-post-thumbnail","hentry"],"acf":[],"yoast_head":"<!-- This site is optimized with the Yoast SEO plugin v27.4 - https:\/\/yoast.com\/product\/yoast-seo-wordpress\/ -->\n<title>O bailaor e core\u00f3grafo Alfonso Losa visita-nos na \u00e9poca do Natal - Cardamomo Flamenco Madrid<\/title>\n<meta name=\"robots\" content=\"index, follow, max-snippet:-1, max-image-preview:large, max-video-preview:-1\" \/>\n<link rel=\"canonical\" href=\"\/\" \/>\n<meta property=\"og:locale\" content=\"pt_PT\" \/>\n<meta property=\"og:type\" content=\"article\" \/>\n<meta property=\"og:title\" content=\"O bailaor e core\u00f3grafo Alfonso Losa visita-nos na \u00e9poca do Natal - Cardamomo Flamenco Madrid\" \/>\n<meta property=\"og:description\" content=\"O artista madrileno, conhecido por ser o autor de muitos espect\u00e1culos que percorreram o nosso pa\u00eds, foi premiado em numerosas ocasi\u00f5es gra\u00e7as \u00e0 sua t\u00e9cnica, estilo e profissionalismo. Alguns dos pr\u00e9mios mais destacados s\u00e3o: Pr\u00e9mio El Desplante no Festival del Cante de las Minas; Pr\u00e9mio El G\u00fcito por sole\u00e1 no Concurso de Arte Flamenca de...\" \/>\n<meta property=\"og:url\" content=\"https:\/\/cardamomo.com\/pt\/show\/el-bailaor-y-coreografo-alfonso-losa-nos-visita-en-navidad\/\" \/>\n<meta property=\"og:site_name\" content=\"Cardamomo Flamenco Madrid\" \/>\n<meta property=\"article:modified_time\" content=\"2024-12-26T21:59:05+00:00\" \/>\n<meta name=\"twitter:card\" content=\"summary_large_image\" \/>\n<meta name=\"twitter:label1\" content=\"Tempo estimado de leitura\" \/>\n\t<meta name=\"twitter:data1\" content=\"2 minutos\" \/>\n<script type=\"application\/ld+json\" class=\"yoast-schema-graph\">{\"@context\":\"https:\\\/\\\/schema.org\",\"@graph\":[{\"@type\":\"WebPage\",\"@id\":\"https:\\\/\\\/cardamomo.com\\\/pt\\\/show\\\/el-bailaor-y-coreografo-alfonso-losa-nos-visita-en-navidad\\\/\",\"url\":\"https:\\\/\\\/cardamomo.com\\\/pt\\\/show\\\/el-bailaor-y-coreografo-alfonso-losa-nos-visita-en-navidad\\\/\",\"name\":\"O bailaor e core\u00f3grafo Alfonso Losa visita-nos na \u00e9poca do Natal - Cardamomo Flamenco Madrid\",\"isPartOf\":{\"@id\":\"https:\\\/\\\/cardamomo.com\\\/pt\\\/#website\"},\"primaryImageOfPage\":{\"@id\":\"https:\\\/\\\/cardamomo.com\\\/pt\\\/show\\\/el-bailaor-y-coreografo-alfonso-losa-nos-visita-en-navidad\\\/#primaryimage\"},\"image\":{\"@id\":\"https:\\\/\\\/cardamomo.com\\\/es\\\/show\\\/el-bailaor-y-coreografo-alfonso-losa-nos-visita-en-navidad\\\/#primaryimage\"},\"thumbnailUrl\":\"\",\"datePublished\":\"2022-03-25T21:45:05+00:00\",\"dateModified\":\"2024-12-26T21:59:05+00:00\",\"breadcrumb\":{\"@id\":\"https:\\\/\\\/cardamomo.com\\\/pt\\\/show\\\/el-bailaor-y-coreografo-alfonso-losa-nos-visita-en-navidad\\\/#breadcrumb\"},\"inLanguage\":\"pt-PT\",\"potentialAction\":[{\"@type\":\"ReadAction\",\"target\":[[\"https:\\\/\\\/cardamomo.com\\\/pt\\\/show\\\/el-bailaor-y-coreografo-alfonso-losa-nos-visita-en-navidad\\\/\"]]}]},{\"@type\":\"ImageObject\",\"inLanguage\":\"pt-PT\",\"@id\":\"https:\\\/\\\/cardamomo.com\\\/pt\\\/show\\\/el-bailaor-y-coreografo-alfonso-losa-nos-visita-en-navidad\\\/#primaryimage\",\"url\":\"\",\"contentUrl\":\"\"},{\"@type\":\"BreadcrumbList\",\"@id\":\"https:\\\/\\\/cardamomo.com\\\/pt\\\/show\\\/el-bailaor-y-coreografo-alfonso-losa-nos-visita-en-navidad\\\/#breadcrumb\",\"itemListElement\":[{\"@type\":\"ListItem\",\"position\":1,\"name\":\"Cardamomo\",\"item\":\"https:\\\/\\\/cardamomo.com\\\/pt\\\/\"},{\"@type\":\"ListItem\",\"position\":2,\"name\":\"Shows\",\"item\":\"https:\\\/\\\/cardamomo.com\\\/pt\\\/show\\\/\"},{\"@type\":\"ListItem\",\"position\":3,\"name\":\"El bailaor y core\u00f3grafo Alfonso Losa nos visita en Navidad\"}]},{\"@type\":\"WebSite\",\"@id\":\"https:\\\/\\\/cardamomo.com\\\/pt\\\/#website\",\"url\":\"https:\\\/\\\/cardamomo.com\\\/pt\\\/\",\"name\":\"Cardamomo Flamenco Madrid\",\"description\":\"\",\"potentialAction\":[{\"@type\":\"SearchAction\",\"target\":{\"@type\":\"EntryPoint\",\"urlTemplate\":\"https:\\\/\\\/cardamomo.com\\\/pt\\\/?s={search_term_string}\"},\"query-input\":{\"@type\":\"PropertyValueSpecification\",\"valueRequired\":true,\"valueName\":\"search_term_string\"}}],\"inLanguage\":\"pt-PT\"}]}<\/script>\n<!-- \/ Yoast SEO plugin. -->","yoast_head_json":{"title":"O bailaor e core\u00f3grafo Alfonso Losa visita-nos na \u00e9poca do Natal - Cardamomo Flamenco Madrid","robots":{"index":"index","follow":"follow","max-snippet":"max-snippet:-1","max-image-preview":"max-image-preview:large","max-video-preview":"max-video-preview:-1"},"canonical":"\/","og_locale":"pt_PT","og_type":"article","og_title":"O bailaor e core\u00f3grafo Alfonso Losa visita-nos na \u00e9poca do Natal - Cardamomo Flamenco Madrid","og_description":"O artista madrileno, conhecido por ser o autor de muitos espect\u00e1culos que percorreram o nosso pa\u00eds, foi premiado em numerosas ocasi\u00f5es gra\u00e7as \u00e0 sua t\u00e9cnica, estilo e profissionalismo. Alguns dos pr\u00e9mios mais destacados s\u00e3o: Pr\u00e9mio El Desplante no Festival del Cante de las Minas; Pr\u00e9mio El G\u00fcito por sole\u00e1 no Concurso de Arte Flamenca de...","og_url":"https:\/\/cardamomo.com\/pt\/show\/el-bailaor-y-coreografo-alfonso-losa-nos-visita-en-navidad\/","og_site_name":"Cardamomo Flamenco Madrid","article_modified_time":"2024-12-26T21:59:05+00:00","twitter_card":"summary_large_image","twitter_misc":{"Tempo estimado de leitura":"2 minutos"},"schema":{"@context":"https:\/\/schema.org","@graph":[{"@type":"WebPage","@id":"https:\/\/cardamomo.com\/pt\/show\/el-bailaor-y-coreografo-alfonso-losa-nos-visita-en-navidad\/","url":"https:\/\/cardamomo.com\/pt\/show\/el-bailaor-y-coreografo-alfonso-losa-nos-visita-en-navidad\/","name":"O bailaor e core\u00f3grafo Alfonso Losa visita-nos na \u00e9poca do Natal - Cardamomo Flamenco Madrid","isPartOf":{"@id":"https:\/\/cardamomo.com\/pt\/#website"},"primaryImageOfPage":{"@id":"https:\/\/cardamomo.com\/pt\/show\/el-bailaor-y-coreografo-alfonso-losa-nos-visita-en-navidad\/#primaryimage"},"image":{"@id":"https:\/\/cardamomo.com\/es\/show\/el-bailaor-y-coreografo-alfonso-losa-nos-visita-en-navidad\/#primaryimage"},"thumbnailUrl":"","datePublished":"2022-03-25T21:45:05+00:00","dateModified":"2024-12-26T21:59:05+00:00","breadcrumb":{"@id":"https:\/\/cardamomo.com\/pt\/show\/el-bailaor-y-coreografo-alfonso-losa-nos-visita-en-navidad\/#breadcrumb"},"inLanguage":"pt-PT","potentialAction":[{"@type":"ReadAction","target":[["https:\/\/cardamomo.com\/pt\/show\/el-bailaor-y-coreografo-alfonso-losa-nos-visita-en-navidad\/"]]}]},{"@type":"ImageObject","inLanguage":"pt-PT","@id":"https:\/\/cardamomo.com\/pt\/show\/el-bailaor-y-coreografo-alfonso-losa-nos-visita-en-navidad\/#primaryimage","url":"","contentUrl":""},{"@type":"BreadcrumbList","@id":"https:\/\/cardamomo.com\/pt\/show\/el-bailaor-y-coreografo-alfonso-losa-nos-visita-en-navidad\/#breadcrumb","itemListElement":[{"@type":"ListItem","position":1,"name":"Cardamomo","item":"https:\/\/cardamomo.com\/pt\/"},{"@type":"ListItem","position":2,"name":"Shows","item":"https:\/\/cardamomo.com\/pt\/show\/"},{"@type":"ListItem","position":3,"name":"El bailaor y core\u00f3grafo Alfonso Losa nos visita en Navidad"}]},{"@type":"WebSite","@id":"https:\/\/cardamomo.com\/pt\/#website","url":"https:\/\/cardamomo.com\/pt\/","name":"Cardamomo Flamenco Madrid","description":"","potentialAction":[{"@type":"SearchAction","target":{"@type":"EntryPoint","urlTemplate":"https:\/\/cardamomo.com\/pt\/?s={search_term_string}"},"query-input":{"@type":"PropertyValueSpecification","valueRequired":true,"valueName":"search_term_string"}}],"inLanguage":"pt-PT"}]}},"_links":{"self":[{"href":"https:\/\/cardamomo.com\/pt\/wp-json\/wp\/v2\/show\/95900","targetHints":{"allow":["GET"]}}],"collection":[{"href":"https:\/\/cardamomo.com\/pt\/wp-json\/wp\/v2\/show"}],"about":[{"href":"https:\/\/cardamomo.com\/pt\/wp-json\/wp\/v2\/types\/show"}],"wp:featuredmedia":[{"embeddable":true,"href":"https:\/\/cardamomo.com\/pt\/wp-json\/"}],"wp:attachment":[{"href":"https:\/\/cardamomo.com\/pt\/wp-json\/wp\/v2\/media?parent=95900"}],"curies":[{"name":"wp","href":"https:\/\/api.w.org\/{rel}","templated":true}]}}

O bailaor e coreógrafo Alfonso Losa visita-nos na época do Natal

<p><strong>O artista madrileno,</strong> conhecido por ser o autor de muitos espectáculos que percorreram o nosso país, foi premiado em numerosas ocasiões graças à sua técnica, estilo e profissionalismo. Alguns dos prémios mais destacados são: Prémio El Desplante no Festival del Cante de las Minas; Prémio El Güito por soleá no Concurso de Arte Flamenca de Córdoba 2007; Prémio de Bailarino de Destaque no Concurso de Coreografia de Madrid, entre outros.</p>
<p><strong>Além disso, Alfonso Losa</strong> experimentou uma mudança na forma de expressar a sua arte com a sua exposição Con-secuencia. Isto foi apresentado no Festival de Jerez 2018. O seu trabalho marcou um antes e um depois na sua carreira como artista. Apoiado pelo trabalho cénico do director Florencio Campos, Losa recapitula o que aprendeu para se lançar numa nova experiência: a investigação sobre improvisação e a gestão da energia cénica, em tempo real. Um desafio que muito poucos artistas conseguem enfrentar.</p>
<p>Descubra uma nova forma de ver a arte com o nosso artista convidado.</p>
<p>Adquira já os seus bilhetes!</p>
<p>???? reservas@cardamomo.com</p>
<p>☎️ ( +34) 91 805 1038/ (+34) 691 02 21 17</p>
<p>???? cardamomo.com</p>

<!-- This site is optimized with the Yoast SEO plugin v27.4 - https://yoast.com/product/yoast-seo-wordpress/ -->
<title>O bailaor e coreógrafo Alfonso Losa visita-nos na época do Natal - Cardamomo Flamenco Madrid</title>
<meta name="robots" content="index, follow, max-snippet:-1, max-image-preview:large, max-video-preview:-1" />
<link rel="canonical" href="/" />
<meta property="og:locale" content="pt_PT" />
<meta property="og:type" content="article" />
<meta property="og:title" content="O bailaor e coreógrafo Alfonso Losa visita-nos na época do Natal - Cardamomo Flamenco Madrid" />
<meta property="og:description" content="O artista madrileno, conhecido por ser o autor de muitos espectáculos que percorreram o nosso país, foi premiado em numerosas ocasiões graças à sua técnica, estilo e profissionalismo. Alguns dos prémios mais destacados são: Prémio El Desplante no Festival del Cante de las Minas; Prémio El Güito por soleá no Concurso de Arte Flamenca de..." />
<meta property="og:url" content="https://cardamomo.com/pt/show/el-bailaor-y-coreografo-alfonso-losa-nos-visita-en-navidad/" />
<meta property="og:site_name" content="Cardamomo Flamenco Madrid" />
<meta property="article:modified_time" content="2024-12-26T21:59:05+00:00" />
<meta name="twitter:card" content="summary_large_image" />
<meta name="twitter:label1" content="Tempo estimado de leitura" />
	<meta name="twitter:data1" content="2 minutos" />
<script type="application/ld+json" class="yoast-schema-graph">{"@context":"https:\/\/schema.org","@graph":[{"@type":"WebPage","@id":"https:\/\/cardamomo.com\/pt\/show\/el-bailaor-y-coreografo-alfonso-losa-nos-visita-en-navidad\/","url":"https:\/\/cardamomo.com\/pt\/show\/el-bailaor-y-coreografo-alfonso-losa-nos-visita-en-navidad\/","name":"O bailaor e coreógrafo Alfonso Losa visita-nos na época do Natal - Cardamomo Flamenco Madrid","isPartOf":{"@id":"https:\/\/cardamomo.com\/pt\/#website"},"primaryImageOfPage":{"@id":"https:\/\/cardamomo.com\/pt\/show\/el-bailaor-y-coreografo-alfonso-losa-nos-visita-en-navidad\/#primaryimage"},"image":{"@id":"https:\/\/cardamomo.com\/es\/show\/el-bailaor-y-coreografo-alfonso-losa-nos-visita-en-navidad\/#primaryimage"},"thumbnailUrl":"","datePublished":"2022-03-25T21:45:05+00:00","dateModified":"2024-12-26T21:59:05+00:00","breadcrumb":{"@id":"https:\/\/cardamomo.com\/pt\/show\/el-bailaor-y-coreografo-alfonso-losa-nos-visita-en-navidad\/#breadcrumb"},"inLanguage":"pt-PT","potentialAction":[{"@type":"ReadAction","target":[["https:\/\/cardamomo.com\/pt\/show\/el-bailaor-y-coreografo-alfonso-losa-nos-visita-en-navidad\/"]]}]},{"@type":"ImageObject","inLanguage":"pt-PT","@id":"https:\/\/cardamomo.com\/pt\/show\/el-bailaor-y-coreografo-alfonso-losa-nos-visita-en-navidad\/#primaryimage","url":"","contentUrl":""},{"@type":"BreadcrumbList","@id":"https:\/\/cardamomo.com\/pt\/show\/el-bailaor-y-coreografo-alfonso-losa-nos-visita-en-navidad\/#breadcrumb","itemListElement":[{"@type":"ListItem","position":1,"name":"Cardamomo","item":"https:\/\/cardamomo.com\/pt\/"},{"@type":"ListItem","position":2,"name":"Shows","item":"https:\/\/cardamomo.com\/pt\/show\/"},{"@type":"ListItem","position":3,"name":"El bailaor y coreógrafo Alfonso Losa nos visita en Navidad"}]},{"@type":"WebSite","@id":"https:\/\/cardamomo.com\/pt\/#website","url":"https:\/\/cardamomo.com\/pt\/","name":"Cardamomo Flamenco Madrid","description":"","potentialAction":[{"@type":"SearchAction","target":{"@type":"EntryPoint","urlTemplate":"https:\/\/cardamomo.com\/pt\/?s={search_term_string}"},"query-input":{"@type":"PropertyValueSpecification","valueRequired":true,"valueName":"search_term_string"}}],"inLanguage":"pt-PT"}]}</script>
<!-- / Yoast SEO plugin. -->

O bailaor e coreógrafo Alfonso Losa visita-nos na época do Natal - Cardamomo Flamenco Madrid

O artista madrileno, conhecido por ser o autor de muitos espectáculos que percorreram o nosso país, foi premiado em numerosas ocasiões graças à sua técnica, estilo e profissionalismo. Alguns dos prémios mais destacados são: Prémio El Desplante no Festival del Cante de las Minas; Prémio El Güito por soleá no Concurso de Arte Flamenca de...

El bailaor y coreógrafo Alfonso Losa nos visita en Navidad
