{"id":86856,"date":"2021-09-30T13:05:46","date_gmt":"2021-09-30T11:05:46","guid":{"rendered":"https:\/\/cardamomo.com\/es\/?post_type=show&amp;p=86856"},"modified":"2021-09-30T13:05:46","modified_gmt":"2021-09-30T11:05:46","slug":"macarena-ramirez","status":"publish","type":"show","link":"https:\/\/cardamomo.com\/pt\/show\/macarena-ramirez\/","title":{"rendered":"Macarena Ram\u00edrez regressa a Cardamomo"},"content":{"rendered":"<p><\/p>\n<h2>A bailaora de C\u00e1diz estar\u00e1 no nosso palco de 17 a 22 de Outubro.<\/h2>\n<p>Macarena Ram\u00edrez formou-se no conservat\u00f3rio Maribel Gallardo em C\u00e1diz e continuou a sua forma\u00e7\u00e3o nas artes performativas. Desde crian\u00e7a que se destaca como artista e bailarina, tornando-se uma das bailarinas da companhia de Antonio el Pipa em 2002, na qual participou em &#8220;Puertas adentro&#8221;, &#8220;Danza Cali&#8221; e &#8220;De tablao&#8221;. Tamb\u00e9m interpretou Lola Flores em crian\u00e7a no filme &#8220;Lola, la pel\u00edcula&#8221;.<\/p>\n<p>Come\u00e7ou recentemente a sua carreira como core\u00f3grafa, criando a sua pr\u00f3pria companhia de flamenco e apresentando os seus dois primeiros espect\u00e1culos: &#8220;8 letras, 8 palos&#8221; e &#8220;Recuerdos&#8221;. Neste \u00faltimo, a artista coloca-se no lugar de uma antiga bailaora reformada, que se lembra da sua juventude como bailaora e artista, uma vida da qual teve de abdicar para se dedicar \u00e0 sua fam\u00edlia. Por outro lado, a sua carreira art\u00edstica ultrapassa o ecr\u00e3 quando em 2021 \u00e9 declarada a vencedora do programa televisivo da TVE &#8220;The Dancer&#8221;.<\/p>\n<p>Uma artista da cabe\u00e7a aos p\u00e9s, n\u00e3o perca o seu espect\u00e1culo!<\/p>\n<p><strong>Reservas \u2b07\ufe0f<\/strong><\/p>\n<p><strong>???? reservas@cardamomo.com<\/strong><\/p>\n<p><strong>\u260e\ufe0f ( +34) 91 805 1038\/ (+34) 691 02 21 17<\/strong><\/p>\n<p><strong>???? cardamomo.com<\/strong><\/p>\n<p><img loading=\"lazy\" decoding=\"async\" class=\"alignnone wp-image-110199\" src=\"https:\/\/cardamomo.com\/wp-content\/uploads\/2022\/03\/log_comunidad_m.jpg\" alt=\"\" width=\"38\" height=\"54\" \/><img loading=\"lazy\" decoding=\"async\" class=\"alignnone wp-image-110187\" src=\"https:\/\/cardamomo.com\/wp-content\/uploads\/2022\/03\/firma_madrid_negro-300x82.png\" alt=\"\" width=\"227\" height=\"62\" \/><img loading=\"lazy\" decoding=\"async\" class=\"alignnone wp-image-110186\" src=\"https:\/\/cardamomo.com\/wp-content\/uploads\/2022\/03\/inaem-02-cajetin-rojo-300x53.png\" alt=\"\" width=\"294\" height=\"52\" \/><\/p>","protected":false},"featured_media":95501,"template":"","meta":{"_acf_changed":false,"inline_featured_image":false},"class_list":["post-86856","show","type-show","status-publish","has-post-thumbnail","hentry"],"acf":[],"yoast_head":"<!-- This site is optimized with the Yoast SEO plugin v27.4 - https:\/\/yoast.com\/product\/yoast-seo-wordpress\/ -->\n<title>Macarena Ram\u00edrez regressa a Cardamomo - Cardamomo Flamenco Madrid<\/title>\n<meta name=\"robots\" content=\"index, follow, max-snippet:-1, max-image-preview:large, max-video-preview:-1\" \/>\n<link rel=\"canonical\" href=\"\/\" \/>\n<meta property=\"og:locale\" content=\"pt_PT\" \/>\n<meta property=\"og:type\" content=\"article\" \/>\n<meta property=\"og:title\" content=\"Macarena Ram\u00edrez regressa a Cardamomo - Cardamomo Flamenco Madrid\" \/>\n<meta property=\"og:description\" content=\"A bailaora de C\u00e1diz estar\u00e1 no nosso palco de 17 a 22 de Outubro. Macarena Ram\u00edrez formou-se no conservat\u00f3rio Maribel Gallardo em C\u00e1diz e continuou a sua forma\u00e7\u00e3o nas artes performativas. Desde crian\u00e7a que se destaca como artista e bailarina, tornando-se uma das bailarinas da companhia de Antonio el Pipa em 2002, na qual participou...\" \/>\n<meta property=\"og:url\" content=\"https:\/\/cardamomo.com\/pt\/show\/macarena-ramirez\/\" \/>\n<meta property=\"og:site_name\" content=\"Cardamomo Flamenco Madrid\" \/>\n<meta name=\"twitter:card\" content=\"summary_large_image\" \/>\n<meta name=\"twitter:label1\" content=\"Tempo estimado de leitura\" \/>\n\t<meta name=\"twitter:data1\" content=\"1 minuto\" \/>\n<script type=\"application\/ld+json\" class=\"yoast-schema-graph\">{\"@context\":\"https:\\\/\\\/schema.org\",\"@graph\":[{\"@type\":\"WebPage\",\"@id\":\"https:\\\/\\\/cardamomo.com\\\/pt\\\/show\\\/macarena-ramirez\\\/\",\"url\":\"https:\\\/\\\/cardamomo.com\\\/pt\\\/show\\\/macarena-ramirez\\\/\",\"name\":\"Macarena Ram\u00edrez regressa a Cardamomo - Cardamomo Flamenco Madrid\",\"isPartOf\":{\"@id\":\"https:\\\/\\\/cardamomo.com\\\/pt\\\/#website\"},\"primaryImageOfPage\":{\"@id\":\"https:\\\/\\\/cardamomo.com\\\/pt\\\/show\\\/macarena-ramirez\\\/#primaryimage\"},\"image\":{\"@id\":\"https:\\\/\\\/cardamomo.com\\\/es\\\/show\\\/macarena-ramirez\\\/#primaryimage\"},\"thumbnailUrl\":\"\",\"datePublished\":\"2021-09-30T11:05:46+00:00\",\"breadcrumb\":{\"@id\":\"https:\\\/\\\/cardamomo.com\\\/pt\\\/show\\\/macarena-ramirez\\\/#breadcrumb\"},\"inLanguage\":\"pt-PT\",\"potentialAction\":[{\"@type\":\"ReadAction\",\"target\":[[\"https:\\\/\\\/cardamomo.com\\\/pt\\\/show\\\/macarena-ramirez\\\/\"]]}]},{\"@type\":\"ImageObject\",\"inLanguage\":\"pt-PT\",\"@id\":\"https:\\\/\\\/cardamomo.com\\\/pt\\\/show\\\/macarena-ramirez\\\/#primaryimage\",\"url\":\"\",\"contentUrl\":\"\"},{\"@type\":\"BreadcrumbList\",\"@id\":\"https:\\\/\\\/cardamomo.com\\\/pt\\\/show\\\/macarena-ramirez\\\/#breadcrumb\",\"itemListElement\":[{\"@type\":\"ListItem\",\"position\":1,\"name\":\"Cardamomo\",\"item\":\"https:\\\/\\\/cardamomo.com\\\/pt\\\/\"},{\"@type\":\"ListItem\",\"position\":2,\"name\":\"Shows\",\"item\":\"https:\\\/\\\/cardamomo.com\\\/pt\\\/show\\\/\"},{\"@type\":\"ListItem\",\"position\":3,\"name\":\"Macarena Ram\u00edrez vuelve a Cardamomo\"}]},{\"@type\":\"WebSite\",\"@id\":\"https:\\\/\\\/cardamomo.com\\\/pt\\\/#website\",\"url\":\"https:\\\/\\\/cardamomo.com\\\/pt\\\/\",\"name\":\"Cardamomo Flamenco Madrid\",\"description\":\"\",\"potentialAction\":[{\"@type\":\"SearchAction\",\"target\":{\"@type\":\"EntryPoint\",\"urlTemplate\":\"https:\\\/\\\/cardamomo.com\\\/pt\\\/?s={search_term_string}\"},\"query-input\":{\"@type\":\"PropertyValueSpecification\",\"valueRequired\":true,\"valueName\":\"search_term_string\"}}],\"inLanguage\":\"pt-PT\"}]}<\/script>\n<!-- \/ Yoast SEO plugin. -->","yoast_head_json":{"title":"Macarena Ram\u00edrez regressa a Cardamomo - Cardamomo Flamenco Madrid","robots":{"index":"index","follow":"follow","max-snippet":"max-snippet:-1","max-image-preview":"max-image-preview:large","max-video-preview":"max-video-preview:-1"},"canonical":"\/","og_locale":"pt_PT","og_type":"article","og_title":"Macarena Ram\u00edrez regressa a Cardamomo - Cardamomo Flamenco Madrid","og_description":"A bailaora de C\u00e1diz estar\u00e1 no nosso palco de 17 a 22 de Outubro. Macarena Ram\u00edrez formou-se no conservat\u00f3rio Maribel Gallardo em C\u00e1diz e continuou a sua forma\u00e7\u00e3o nas artes performativas. Desde crian\u00e7a que se destaca como artista e bailarina, tornando-se uma das bailarinas da companhia de Antonio el Pipa em 2002, na qual participou...","og_url":"https:\/\/cardamomo.com\/pt\/show\/macarena-ramirez\/","og_site_name":"Cardamomo Flamenco Madrid","twitter_card":"summary_large_image","twitter_misc":{"Tempo estimado de leitura":"1 minuto"},"schema":{"@context":"https:\/\/schema.org","@graph":[{"@type":"WebPage","@id":"https:\/\/cardamomo.com\/pt\/show\/macarena-ramirez\/","url":"https:\/\/cardamomo.com\/pt\/show\/macarena-ramirez\/","name":"Macarena Ram\u00edrez regressa a Cardamomo - Cardamomo Flamenco Madrid","isPartOf":{"@id":"https:\/\/cardamomo.com\/pt\/#website"},"primaryImageOfPage":{"@id":"https:\/\/cardamomo.com\/pt\/show\/macarena-ramirez\/#primaryimage"},"image":{"@id":"https:\/\/cardamomo.com\/es\/show\/macarena-ramirez\/#primaryimage"},"thumbnailUrl":"","datePublished":"2021-09-30T11:05:46+00:00","breadcrumb":{"@id":"https:\/\/cardamomo.com\/pt\/show\/macarena-ramirez\/#breadcrumb"},"inLanguage":"pt-PT","potentialAction":[{"@type":"ReadAction","target":[["https:\/\/cardamomo.com\/pt\/show\/macarena-ramirez\/"]]}]},{"@type":"ImageObject","inLanguage":"pt-PT","@id":"https:\/\/cardamomo.com\/pt\/show\/macarena-ramirez\/#primaryimage","url":"","contentUrl":""},{"@type":"BreadcrumbList","@id":"https:\/\/cardamomo.com\/pt\/show\/macarena-ramirez\/#breadcrumb","itemListElement":[{"@type":"ListItem","position":1,"name":"Cardamomo","item":"https:\/\/cardamomo.com\/pt\/"},{"@type":"ListItem","position":2,"name":"Shows","item":"https:\/\/cardamomo.com\/pt\/show\/"},{"@type":"ListItem","position":3,"name":"Macarena Ram\u00edrez vuelve a Cardamomo"}]},{"@type":"WebSite","@id":"https:\/\/cardamomo.com\/pt\/#website","url":"https:\/\/cardamomo.com\/pt\/","name":"Cardamomo Flamenco Madrid","description":"","potentialAction":[{"@type":"SearchAction","target":{"@type":"EntryPoint","urlTemplate":"https:\/\/cardamomo.com\/pt\/?s={search_term_string}"},"query-input":{"@type":"PropertyValueSpecification","valueRequired":true,"valueName":"search_term_string"}}],"inLanguage":"pt-PT"}]}},"_links":{"self":[{"href":"https:\/\/cardamomo.com\/pt\/wp-json\/wp\/v2\/show\/86856","targetHints":{"allow":["GET"]}}],"collection":[{"href":"https:\/\/cardamomo.com\/pt\/wp-json\/wp\/v2\/show"}],"about":[{"href":"https:\/\/cardamomo.com\/pt\/wp-json\/wp\/v2\/types\/show"}],"wp:featuredmedia":[{"embeddable":true,"href":"https:\/\/cardamomo.com\/pt\/wp-json\/"}],"wp:attachment":[{"href":"https:\/\/cardamomo.com\/pt\/wp-json\/wp\/v2\/media?parent=86856"}],"curies":[{"name":"wp","href":"https:\/\/api.w.org\/{rel}","templated":true}]}}

Macarena Ramírez regressa a Cardamomo

<p></p>
<h2>A bailaora de Cádiz estará no nosso palco de 17 a 22 de Outubro.</h2>
<p>Macarena Ramírez formou-se no conservatório Maribel Gallardo em Cádiz e continuou a sua formação nas artes performativas. Desde criança que se destaca como artista e bailarina, tornando-se uma das bailarinas da companhia de Antonio el Pipa em 2002, na qual participou em &#8220;Puertas adentro&#8221;, &#8220;Danza Cali&#8221; e &#8220;De tablao&#8221;. Também interpretou Lola Flores em criança no filme &#8220;Lola, la película&#8221;.</p>
<p>Começou recentemente a sua carreira como coreógrafa, criando a sua própria companhia de flamenco e apresentando os seus dois primeiros espectáculos: &#8220;8 letras, 8 palos&#8221; e &#8220;Recuerdos&#8221;. Neste último, a artista coloca-se no lugar de uma antiga bailaora reformada, que se lembra da sua juventude como bailaora e artista, uma vida da qual teve de abdicar para se dedicar à sua família. Por outro lado, a sua carreira artística ultrapassa o ecrã quando em 2021 é declarada a vencedora do programa televisivo da TVE &#8220;The Dancer&#8221;.</p>
<p>Uma artista da cabeça aos pés, não perca o seu espectáculo!</p>
<p><strong>Reservas ⬇️</strong></p>
<p><strong>???? reservas@cardamomo.com</strong></p>
<p><strong>☎️ ( +34) 91 805 1038/ (+34) 691 02 21 17</strong></p>
<p><strong>???? cardamomo.com</strong></p>
<p><img loading="lazy" decoding="async" class="alignnone wp-image-110199" src="https://cardamomo.com/wp-content/uploads/2022/03/log_comunidad_m.jpg" alt="" width="38" height="54" /><img loading="lazy" decoding="async" class="alignnone wp-image-110187" src="https://cardamomo.com/wp-content/uploads/2022/03/firma_madrid_negro-300x82.png" alt="" width="227" height="62" /><img loading="lazy" decoding="async" class="alignnone wp-image-110186" src="https://cardamomo.com/wp-content/uploads/2022/03/inaem-02-cajetin-rojo-300x53.png" alt="" width="294" height="52" /></p>

<!-- This site is optimized with the Yoast SEO plugin v27.4 - https://yoast.com/product/yoast-seo-wordpress/ -->
<title>Macarena Ramírez regressa a Cardamomo - Cardamomo Flamenco Madrid</title>
<meta name="robots" content="index, follow, max-snippet:-1, max-image-preview:large, max-video-preview:-1" />
<link rel="canonical" href="/" />
<meta property="og:locale" content="pt_PT" />
<meta property="og:type" content="article" />
<meta property="og:title" content="Macarena Ramírez regressa a Cardamomo - Cardamomo Flamenco Madrid" />
<meta property="og:description" content="A bailaora de Cádiz estará no nosso palco de 17 a 22 de Outubro. Macarena Ramírez formou-se no conservatório Maribel Gallardo em Cádiz e continuou a sua formação nas artes performativas. Desde criança que se destaca como artista e bailarina, tornando-se uma das bailarinas da companhia de Antonio el Pipa em 2002, na qual participou..." />
<meta property="og:url" content="https://cardamomo.com/pt/show/macarena-ramirez/" />
<meta property="og:site_name" content="Cardamomo Flamenco Madrid" />
<meta name="twitter:card" content="summary_large_image" />
<meta name="twitter:label1" content="Tempo estimado de leitura" />
	<meta name="twitter:data1" content="1 minuto" />
<script type="application/ld+json" class="yoast-schema-graph">{"@context":"https:\/\/schema.org","@graph":[{"@type":"WebPage","@id":"https:\/\/cardamomo.com\/pt\/show\/macarena-ramirez\/","url":"https:\/\/cardamomo.com\/pt\/show\/macarena-ramirez\/","name":"Macarena Ramírez regressa a Cardamomo - Cardamomo Flamenco Madrid","isPartOf":{"@id":"https:\/\/cardamomo.com\/pt\/#website"},"primaryImageOfPage":{"@id":"https:\/\/cardamomo.com\/pt\/show\/macarena-ramirez\/#primaryimage"},"image":{"@id":"https:\/\/cardamomo.com\/es\/show\/macarena-ramirez\/#primaryimage"},"thumbnailUrl":"","datePublished":"2021-09-30T11:05:46+00:00","breadcrumb":{"@id":"https:\/\/cardamomo.com\/pt\/show\/macarena-ramirez\/#breadcrumb"},"inLanguage":"pt-PT","potentialAction":[{"@type":"ReadAction","target":[["https:\/\/cardamomo.com\/pt\/show\/macarena-ramirez\/"]]}]},{"@type":"ImageObject","inLanguage":"pt-PT","@id":"https:\/\/cardamomo.com\/pt\/show\/macarena-ramirez\/#primaryimage","url":"","contentUrl":""},{"@type":"BreadcrumbList","@id":"https:\/\/cardamomo.com\/pt\/show\/macarena-ramirez\/#breadcrumb","itemListElement":[{"@type":"ListItem","position":1,"name":"Cardamomo","item":"https:\/\/cardamomo.com\/pt\/"},{"@type":"ListItem","position":2,"name":"Shows","item":"https:\/\/cardamomo.com\/pt\/show\/"},{"@type":"ListItem","position":3,"name":"Macarena Ramírez vuelve a Cardamomo"}]},{"@type":"WebSite","@id":"https:\/\/cardamomo.com\/pt\/#website","url":"https:\/\/cardamomo.com\/pt\/","name":"Cardamomo Flamenco Madrid","description":"","potentialAction":[{"@type":"SearchAction","target":{"@type":"EntryPoint","urlTemplate":"https:\/\/cardamomo.com\/pt\/?s={search_term_string}"},"query-input":{"@type":"PropertyValueSpecification","valueRequired":true,"valueName":"search_term_string"}}],"inLanguage":"pt-PT"}]}</script>
<!-- / Yoast SEO plugin. -->

Macarena Ramírez regressa a Cardamomo - Cardamomo Flamenco Madrid

A bailaora de Cádiz estará no nosso palco de 17 a 22 de Outubro. Macarena Ramírez formou-se no conservatório Maribel Gallardo em Cádiz e continuou a sua formação nas artes performativas. Desde criança que se destaca como artista e bailarina, tornando-se uma das bailarinas da companhia de Antonio el Pipa em 2002, na qual participou...

Macarena Ramírez vuelve a Cardamomo
