{"id":84858,"date":"2022-03-15T13:58:13","date_gmt":"2022-03-15T12:58:13","guid":{"rendered":"https:\/\/cardamomo.com\/es\/?post_type=show&amp;p=84858"},"modified":"2022-03-15T13:58:13","modified_gmt":"2022-03-15T12:58:13","slug":"el-yiyo-19-al-22-de-agosto","status":"publish","type":"show","link":"https:\/\/cardamomo.com\/pt\/show\/el-yiyo-regressa-a-cardamomo\/","title":{"rendered":"&#8221;El Yiyo&#8221; regressa a Cardamomo"},"content":{"rendered":"<p><br \/>\n@media only screen and (max-width: 600px) {<br \/>\n.banner_dsk {<br \/>\ndisplay:none;<br \/>\n}<br \/>\n.row {<br \/>\ndisplay:flex;<br \/>\nflex-direction: column-reverse;<br \/>\n}<br \/>\n}<br \/>\n@media only screen and (min-width: 601px) {<br \/>\n.banner_mb {<br \/>\ndisplay:none;<br \/>\n}<br \/>\n}<\/p>\n<h2 id=\"tw-target-text\" class=\"tw-data-text tw-text-large XcVN5d tw-ta\" dir=\"ltr\" data-placeholder=\"Traducci\u00f3n\">O jovem dan\u00e7arino regressa com mais arte do que nunca<\/h2>\n<p>Desde crian\u00e7a, o bailaor catal\u00e3o \u00e9 um amante da dan\u00e7a flamenca, diz que aprendeu a dan\u00e7ar antes de aprender a andar&#8230; E n\u00e3o admira, ele f\u00e1-lo brilhantemente! O bailaor tem vindo a encher tablaos de arte, magia e paix\u00e3o h\u00e1 mais de 17 anos. Antes de atingir a maioridade, el Yiyo j\u00e1 partilhava a conta com grandes artistas flamencos como Estrella Morente, Miguel Poveda, Duquende, entre outros.<\/p>\n<p>Inspirado pelos grandes como Eduardo Serrano &#8220;El Guiso&#8221;, Joaquin Cortes, Farruquito e Antonio Canales, o jovem dan\u00e7arino continua a trabalhar arduamente para melhorar a sua t\u00e9cnica e partilhar a sua arte com o mundo. Com a sua dan\u00e7a, ele emite uma energia \u00fanica capaz de transmitir sensa\u00e7\u00f5es e hist\u00f3rias com a sua marca caracter\u00edstica e pessoal.\u00a0 Gra\u00e7as ao seu estilo caracter\u00edstico, tornou-se um \u00edcone no mundo do flamenco, podendo fazer parte de grandes projectos art\u00edsticos no mundo da m\u00fasica, do cinema e do design de moda.<\/p>\n<p><a href=\"https:\/\/cardamomo.com\/en\/buy-flamenco-tickets\/\"><br \/>\n<img decoding=\"async\" class=\"banner_mb\" src=\"https:\/\/cardamomo.com\/wp-content\/uploads\/2024\/03\/banner_2_mb_eng.jpg\" width=\"100%\" alt=\"Get Flamenco Tickets in Madrid: Discover the Soul of Spain at Cardamomo\" \/><br \/>\n<img decoding=\"async\" class=\"banner_dsk\" src=\"https:\/\/cardamomo.com\/wp-content\/uploads\/2024\/03\/banner_2_eng.jpg\" width=\"100%\" alt=\"Get Flamenco Tickets in Madrid: Discover the Soul of Spain at Cardamomo\" \/><br \/>\n<\/a><\/p>\n<p>Sem d\u00favida, El Yiyo \u00e9 um dos dan\u00e7arinos com maior projec\u00e7\u00e3o no momento, dentro e fora dos tablaos e teatros.<\/p>\n<p>Podemos dizer que nasce uma estrela, n\u00e3o podemos n\u00f3s? N\u00e3o falte aos seus espect\u00e1culos em Cardamomo.<\/p>\n<p>Estamos \u00e0 sua espera!<\/p>\n<p>Reservas:<\/p>\n<p class=\"p1\"><span class=\"s1\">???? <\/span>reservas@cardamomo.com<\/p>\n<p class=\"p2\">\u260e\ufe0f (\u200b +34) 91 805 1038\/ (+34) 691 02 21 17<\/p>\n<p class=\"p1\"><span class=\"s1\">???? <\/span>cardamomo.com<\/p>\n<p><img loading=\"lazy\" decoding=\"async\" class=\"alignnone wp-image-110199\" src=\"https:\/\/cardamomo.com\/wp-content\/uploads\/2022\/03\/log_comunidad_m.jpg\" alt=\"\" width=\"38\" height=\"54\" \/><img loading=\"lazy\" decoding=\"async\" class=\"alignnone wp-image-110187\" src=\"https:\/\/cardamomo.com\/wp-content\/uploads\/2022\/03\/firma_madrid_negro-300x82.png\" alt=\"\" width=\"227\" height=\"62\" \/><img loading=\"lazy\" decoding=\"async\" class=\"alignnone wp-image-110186\" src=\"https:\/\/cardamomo.com\/wp-content\/uploads\/2022\/03\/inaem-02-cajetin-rojo-300x53.png\" alt=\"\" width=\"294\" height=\"52\" \/><\/p>","protected":false},"featured_media":98954,"template":"","meta":{"_acf_changed":false,"inline_featured_image":false},"class_list":["post-84858","show","type-show","status-publish","has-post-thumbnail","hentry"],"acf":[],"yoast_head":"<!-- This site is optimized with the Yoast SEO plugin v27.4 - https:\/\/yoast.com\/product\/yoast-seo-wordpress\/ -->\n<title>El Yiyo retorna ao Cardamomo<\/title>\n<meta name=\"description\" content=\"\u00a1El Yiyo vuelve a Cardamomo! No te pierdas todos los detalles del espect\u00e1culo de este joven figura del baile flamenco.\" \/>\n<meta name=\"robots\" content=\"index, follow, max-snippet:-1, max-image-preview:large, max-video-preview:-1\" \/>\n<link rel=\"canonical\" href=\"\/\" \/>\n<meta property=\"og:locale\" content=\"pt_PT\" \/>\n<meta property=\"og:type\" content=\"article\" \/>\n<meta property=\"og:title\" content=\"El Yiyo retorna ao Cardamomo\" \/>\n<meta property=\"og:description\" content=\"\u00a1El Yiyo vuelve a Cardamomo! No te pierdas todos los detalles del espect\u00e1culo de este joven figura del baile flamenco.\" \/>\n<meta property=\"og:url\" content=\"https:\/\/cardamomo.com\/pt\/show\/el-yiyo-vuelve-a-cardamomo\/\" \/>\n<meta property=\"og:site_name\" content=\"Cardamomo Flamenco Madrid\" \/>\n<meta name=\"twitter:card\" content=\"summary_large_image\" \/>\n<meta name=\"twitter:label1\" content=\"Tempo estimado de leitura\" \/>\n\t<meta name=\"twitter:data1\" content=\"3 minutos\" \/>\n<script type=\"application\/ld+json\" class=\"yoast-schema-graph\">{\"@context\":\"https:\\\/\\\/schema.org\",\"@graph\":[{\"@type\":\"WebPage\",\"@id\":\"https:\\\/\\\/cardamomo.com\\\/pt\\\/show\\\/el-yiyo-vuelve-a-cardamomo\\\/\",\"url\":\"https:\\\/\\\/cardamomo.com\\\/pt\\\/show\\\/el-yiyo-vuelve-a-cardamomo\\\/\",\"name\":\"El Yiyo retorna ao Cardamomo\",\"isPartOf\":{\"@id\":\"https:\\\/\\\/cardamomo.com\\\/pt\\\/#website\"},\"primaryImageOfPage\":{\"@id\":\"https:\\\/\\\/cardamomo.com\\\/pt\\\/show\\\/el-yiyo-vuelve-a-cardamomo\\\/#primaryimage\"},\"image\":{\"@id\":\"https:\\\/\\\/cardamomo.com\\\/es\\\/show\\\/el-yiyo-vuelve-a-cardamomo\\\/#primaryimage\"},\"thumbnailUrl\":\"\",\"datePublished\":\"2022-03-15T12:58:13+00:00\",\"description\":\"\u00a1El Yiyo vuelve a Cardamomo! No te pierdas todos los detalles del espect\u00e1culo de este joven figura del baile flamenco.\",\"breadcrumb\":{\"@id\":\"https:\\\/\\\/cardamomo.com\\\/pt\\\/show\\\/el-yiyo-vuelve-a-cardamomo\\\/#breadcrumb\"},\"inLanguage\":\"pt-PT\",\"potentialAction\":[{\"@type\":\"ReadAction\",\"target\":[[\"https:\\\/\\\/cardamomo.com\\\/pt\\\/show\\\/el-yiyo-vuelve-a-cardamomo\\\/\"]]}]},{\"@type\":\"ImageObject\",\"inLanguage\":\"pt-PT\",\"@id\":\"https:\\\/\\\/cardamomo.com\\\/pt\\\/show\\\/el-yiyo-vuelve-a-cardamomo\\\/#primaryimage\",\"url\":\"\",\"contentUrl\":\"\"},{\"@type\":\"BreadcrumbList\",\"@id\":\"https:\\\/\\\/cardamomo.com\\\/pt\\\/show\\\/el-yiyo-vuelve-a-cardamomo\\\/#breadcrumb\",\"itemListElement\":[{\"@type\":\"ListItem\",\"position\":1,\"name\":\"Cardamomo\",\"item\":\"https:\\\/\\\/cardamomo.com\\\/pt\\\/\"},{\"@type\":\"ListItem\",\"position\":2,\"name\":\"Shows\",\"item\":\"https:\\\/\\\/cardamomo.com\\\/pt\\\/show\\\/\"},{\"@type\":\"ListItem\",\"position\":3,\"name\":\"El Yiyo vuelve a Cardamomo\"}]},{\"@type\":\"WebSite\",\"@id\":\"https:\\\/\\\/cardamomo.com\\\/pt\\\/#website\",\"url\":\"https:\\\/\\\/cardamomo.com\\\/pt\\\/\",\"name\":\"Cardamomo Flamenco Madrid\",\"description\":\"\",\"potentialAction\":[{\"@type\":\"SearchAction\",\"target\":{\"@type\":\"EntryPoint\",\"urlTemplate\":\"https:\\\/\\\/cardamomo.com\\\/pt\\\/?s={search_term_string}\"},\"query-input\":{\"@type\":\"PropertyValueSpecification\",\"valueRequired\":true,\"valueName\":\"search_term_string\"}}],\"inLanguage\":\"pt-PT\"}]}<\/script>\n<!-- \/ Yoast SEO plugin. -->","yoast_head_json":{"title":"El Yiyo retorna ao Cardamomo","description":"\u00a1El Yiyo vuelve a Cardamomo! No te pierdas todos los detalles del espect\u00e1culo de este joven figura del baile flamenco.","robots":{"index":"index","follow":"follow","max-snippet":"max-snippet:-1","max-image-preview":"max-image-preview:large","max-video-preview":"max-video-preview:-1"},"canonical":"\/","og_locale":"pt_PT","og_type":"article","og_title":"El Yiyo retorna ao Cardamomo","og_description":"\u00a1El Yiyo vuelve a Cardamomo! No te pierdas todos los detalles del espect\u00e1culo de este joven figura del baile flamenco.","og_url":"https:\/\/cardamomo.com\/pt\/show\/el-yiyo-vuelve-a-cardamomo\/","og_site_name":"Cardamomo Flamenco Madrid","twitter_card":"summary_large_image","twitter_misc":{"Tempo estimado de leitura":"3 minutos"},"schema":{"@context":"https:\/\/schema.org","@graph":[{"@type":"WebPage","@id":"https:\/\/cardamomo.com\/pt\/show\/el-yiyo-vuelve-a-cardamomo\/","url":"https:\/\/cardamomo.com\/pt\/show\/el-yiyo-vuelve-a-cardamomo\/","name":"El Yiyo retorna ao Cardamomo","isPartOf":{"@id":"https:\/\/cardamomo.com\/pt\/#website"},"primaryImageOfPage":{"@id":"https:\/\/cardamomo.com\/pt\/show\/el-yiyo-vuelve-a-cardamomo\/#primaryimage"},"image":{"@id":"https:\/\/cardamomo.com\/es\/show\/el-yiyo-vuelve-a-cardamomo\/#primaryimage"},"thumbnailUrl":"","datePublished":"2022-03-15T12:58:13+00:00","description":"\u00a1El Yiyo vuelve a Cardamomo! No te pierdas todos los detalles del espect\u00e1culo de este joven figura del baile flamenco.","breadcrumb":{"@id":"https:\/\/cardamomo.com\/pt\/show\/el-yiyo-vuelve-a-cardamomo\/#breadcrumb"},"inLanguage":"pt-PT","potentialAction":[{"@type":"ReadAction","target":[["https:\/\/cardamomo.com\/pt\/show\/el-yiyo-vuelve-a-cardamomo\/"]]}]},{"@type":"ImageObject","inLanguage":"pt-PT","@id":"https:\/\/cardamomo.com\/pt\/show\/el-yiyo-vuelve-a-cardamomo\/#primaryimage","url":"","contentUrl":""},{"@type":"BreadcrumbList","@id":"https:\/\/cardamomo.com\/pt\/show\/el-yiyo-vuelve-a-cardamomo\/#breadcrumb","itemListElement":[{"@type":"ListItem","position":1,"name":"Cardamomo","item":"https:\/\/cardamomo.com\/pt\/"},{"@type":"ListItem","position":2,"name":"Shows","item":"https:\/\/cardamomo.com\/pt\/show\/"},{"@type":"ListItem","position":3,"name":"El Yiyo vuelve a Cardamomo"}]},{"@type":"WebSite","@id":"https:\/\/cardamomo.com\/pt\/#website","url":"https:\/\/cardamomo.com\/pt\/","name":"Cardamomo Flamenco Madrid","description":"","potentialAction":[{"@type":"SearchAction","target":{"@type":"EntryPoint","urlTemplate":"https:\/\/cardamomo.com\/pt\/?s={search_term_string}"},"query-input":{"@type":"PropertyValueSpecification","valueRequired":true,"valueName":"search_term_string"}}],"inLanguage":"pt-PT"}]}},"_links":{"self":[{"href":"https:\/\/cardamomo.com\/pt\/wp-json\/wp\/v2\/show\/84858","targetHints":{"allow":["GET"]}}],"collection":[{"href":"https:\/\/cardamomo.com\/pt\/wp-json\/wp\/v2\/show"}],"about":[{"href":"https:\/\/cardamomo.com\/pt\/wp-json\/wp\/v2\/types\/show"}],"wp:featuredmedia":[{"embeddable":true,"href":"https:\/\/cardamomo.com\/pt\/wp-json\/"}],"wp:attachment":[{"href":"https:\/\/cardamomo.com\/pt\/wp-json\/wp\/v2\/media?parent=84858"}],"curies":[{"name":"wp","href":"https:\/\/api.w.org\/{rel}","templated":true}]}}

<p><br />
@media only screen and (max-width: 600px) {<br />
.banner_dsk {<br />
display:none;<br />
}<br />
.row {<br />
display:flex;<br />
flex-direction: column-reverse;<br />
}<br />
}<br />
@media only screen and (min-width: 601px) {<br />
.banner_mb {<br />
display:none;<br />
}<br />
}</p>
<h2 id="tw-target-text" class="tw-data-text tw-text-large XcVN5d tw-ta" dir="ltr" data-placeholder="Traducción">O jovem dançarino regressa com mais arte do que nunca</h2>
<p>Desde criança, o bailaor catalão é um amante da dança flamenca, diz que aprendeu a dançar antes de aprender a andar&#8230; E não admira, ele fá-lo brilhantemente! O bailaor tem vindo a encher tablaos de arte, magia e paixão há mais de 17 anos. Antes de atingir a maioridade, el Yiyo já partilhava a conta com grandes artistas flamencos como Estrella Morente, Miguel Poveda, Duquende, entre outros.</p>
<p>Inspirado pelos grandes como Eduardo Serrano &#8220;El Guiso&#8221;, Joaquin Cortes, Farruquito e Antonio Canales, o jovem dançarino continua a trabalhar arduamente para melhorar a sua técnica e partilhar a sua arte com o mundo. Com a sua dança, ele emite uma energia única capaz de transmitir sensações e histórias com a sua marca característica e pessoal.  Graças ao seu estilo característico, tornou-se um ícone no mundo do flamenco, podendo fazer parte de grandes projectos artísticos no mundo da música, do cinema e do design de moda.</p>
<p><a href="https://cardamomo.com/en/buy-flamenco-tickets/"><br />
<img decoding="async" class="banner_mb" src="https://cardamomo.com/wp-content/uploads/2024/03/banner_2_mb_eng.jpg" width="100%" alt="Get Flamenco Tickets in Madrid: Discover the Soul of Spain at Cardamomo" /><br />
<img decoding="async" class="banner_dsk" src="https://cardamomo.com/wp-content/uploads/2024/03/banner_2_eng.jpg" width="100%" alt="Get Flamenco Tickets in Madrid: Discover the Soul of Spain at Cardamomo" /><br />
</a></p>
<p>Sem dúvida, El Yiyo é um dos dançarinos com maior projecção no momento, dentro e fora dos tablaos e teatros.</p>
<p>Podemos dizer que nasce uma estrela, não podemos nós? Não falte aos seus espectáculos em Cardamomo.</p>
<p>Estamos à sua espera!</p>
<p>Reservas:</p>
<p class="p1"><span class="s1">???? </span>reservas@cardamomo.com</p>
<p class="p2">☎️ (​ +34) 91 805 1038/ (+34) 691 02 21 17</p>
<p class="p1"><span class="s1">???? </span>cardamomo.com</p>
<p><img loading="lazy" decoding="async" class="alignnone wp-image-110199" src="https://cardamomo.com/wp-content/uploads/2022/03/log_comunidad_m.jpg" alt="" width="38" height="54" /><img loading="lazy" decoding="async" class="alignnone wp-image-110187" src="https://cardamomo.com/wp-content/uploads/2022/03/firma_madrid_negro-300x82.png" alt="" width="227" height="62" /><img loading="lazy" decoding="async" class="alignnone wp-image-110186" src="https://cardamomo.com/wp-content/uploads/2022/03/inaem-02-cajetin-rojo-300x53.png" alt="" width="294" height="52" /></p>

<!-- This site is optimized with the Yoast SEO plugin v27.4 - https://yoast.com/product/yoast-seo-wordpress/ -->
<title>El Yiyo retorna ao Cardamomo</title>
<meta name="description" content="¡El Yiyo vuelve a Cardamomo! No te pierdas todos los detalles del espectáculo de este joven figura del baile flamenco." />
<meta name="robots" content="index, follow, max-snippet:-1, max-image-preview:large, max-video-preview:-1" />
<link rel="canonical" href="/" />
<meta property="og:locale" content="pt_PT" />
<meta property="og:type" content="article" />
<meta property="og:title" content="El Yiyo retorna ao Cardamomo" />
<meta property="og:description" content="¡El Yiyo vuelve a Cardamomo! No te pierdas todos los detalles del espectáculo de este joven figura del baile flamenco." />
<meta property="og:url" content="https://cardamomo.com/pt/show/el-yiyo-vuelve-a-cardamomo/" />
<meta property="og:site_name" content="Cardamomo Flamenco Madrid" />
<meta name="twitter:card" content="summary_large_image" />
<meta name="twitter:label1" content="Tempo estimado de leitura" />
	<meta name="twitter:data1" content="3 minutos" />
<script type="application/ld+json" class="yoast-schema-graph">{"@context":"https:\/\/schema.org","@graph":[{"@type":"WebPage","@id":"https:\/\/cardamomo.com\/pt\/show\/el-yiyo-vuelve-a-cardamomo\/","url":"https:\/\/cardamomo.com\/pt\/show\/el-yiyo-vuelve-a-cardamomo\/","name":"El Yiyo retorna ao Cardamomo","isPartOf":{"@id":"https:\/\/cardamomo.com\/pt\/#website"},"primaryImageOfPage":{"@id":"https:\/\/cardamomo.com\/pt\/show\/el-yiyo-vuelve-a-cardamomo\/#primaryimage"},"image":{"@id":"https:\/\/cardamomo.com\/es\/show\/el-yiyo-vuelve-a-cardamomo\/#primaryimage"},"thumbnailUrl":"","datePublished":"2022-03-15T12:58:13+00:00","description":"¡El Yiyo vuelve a Cardamomo! No te pierdas todos los detalles del espectáculo de este joven figura del baile flamenco.","breadcrumb":{"@id":"https:\/\/cardamomo.com\/pt\/show\/el-yiyo-vuelve-a-cardamomo\/#breadcrumb"},"inLanguage":"pt-PT","potentialAction":[{"@type":"ReadAction","target":[["https:\/\/cardamomo.com\/pt\/show\/el-yiyo-vuelve-a-cardamomo\/"]]}]},{"@type":"ImageObject","inLanguage":"pt-PT","@id":"https:\/\/cardamomo.com\/pt\/show\/el-yiyo-vuelve-a-cardamomo\/#primaryimage","url":"","contentUrl":""},{"@type":"BreadcrumbList","@id":"https:\/\/cardamomo.com\/pt\/show\/el-yiyo-vuelve-a-cardamomo\/#breadcrumb","itemListElement":[{"@type":"ListItem","position":1,"name":"Cardamomo","item":"https:\/\/cardamomo.com\/pt\/"},{"@type":"ListItem","position":2,"name":"Shows","item":"https:\/\/cardamomo.com\/pt\/show\/"},{"@type":"ListItem","position":3,"name":"El Yiyo vuelve a Cardamomo"}]},{"@type":"WebSite","@id":"https:\/\/cardamomo.com\/pt\/#website","url":"https:\/\/cardamomo.com\/pt\/","name":"Cardamomo Flamenco Madrid","description":"","potentialAction":[{"@type":"SearchAction","target":{"@type":"EntryPoint","urlTemplate":"https:\/\/cardamomo.com\/pt\/?s={search_term_string}"},"query-input":{"@type":"PropertyValueSpecification","valueRequired":true,"valueName":"search_term_string"}}],"inLanguage":"pt-PT"}]}</script>
<!-- / Yoast SEO plugin. -->

¡El Yiyo vuelve a Cardamomo! No te pierdas todos los detalles del espectáculo de este joven figura del baile flamenco.
