{"id":84026,"date":"2021-07-20T17:59:38","date_gmt":"2021-07-20T15:59:38","guid":{"rendered":"https:\/\/cardamomo.com\/es\/?post_type=show&amp;p=84026"},"modified":"2021-07-20T17:59:38","modified_gmt":"2021-07-20T15:59:38","slug":"el-tete-3","status":"publish","type":"show","link":"https:\/\/cardamomo.com\/pt\/show\/nao-perca-a-arte-ao-vivo-com-el-tete\/","title":{"rendered":"N\u00e3o perca a arte ao vivo com &#8216;El Tete&#8217;."},"content":{"rendered":"<p>Ricardo Fern\u00e1ndez, mais conhecido como <strong><span style=\"color: #ff0000\">&#8216;<\/span><span style=\"color: #ff0000\"><strong>E<\/strong>l Tete&#8217;<\/span><\/strong> regressa mais forte do que nunca para partilhar connosco todo o seu talento.<\/p>\n<p>Nascido no seio de uma fam\u00edlia cigana, o jovem bailaor tem feito nome no mundo da dan\u00e7a flamenca. A for\u00e7a e maturidade da sua dan\u00e7a est\u00e1 a lev\u00e1-lo a colaborar com grandes artistas flamencos.<\/p>\n<p>Apesar da sua pouca idade, o bailarino tem atr\u00e1s de si numerosos espect\u00e1culos nos quais demonstra todo o seu potencial, t\u00e9cnica e paix\u00e3o pela dan\u00e7a e cultura flamenca. Nos \u00faltimos anos, &#8220;El Tete&#8221; j\u00e1 se apresentou como bailarino residente em locais e festivais de flamenco.<\/p>\n<p><strong>Reserve j\u00e1 os seus bilhetes!<\/strong><\/p>\n<p><strong>???? reservas@cardamomo.com<\/strong><\/p>\n<p><strong>\u260e\ufe0f ( +34) 91 805 1038\/ (+34) 691 02 21 17<\/strong><\/p>\n<p><strong>???? cardamomo.com<\/strong><\/p>","protected":false},"featured_media":100872,"template":"","meta":{"_acf_changed":false,"inline_featured_image":false},"class_list":["post-84026","show","type-show","status-publish","has-post-thumbnail","hentry"],"acf":[],"yoast_head":"<!-- This site is optimized with the Yoast SEO plugin v27.4 - https:\/\/yoast.com\/product\/yoast-seo-wordpress\/ -->\n<title>N\u00e3o perca a arte ao vivo com &#039;El Tete&#039;. - Cardamomo Flamenco Madrid<\/title>\n<meta name=\"robots\" content=\"index, follow, max-snippet:-1, max-image-preview:large, max-video-preview:-1\" \/>\n<link rel=\"canonical\" href=\"\/\" \/>\n<meta property=\"og:locale\" content=\"pt_PT\" \/>\n<meta property=\"og:type\" content=\"article\" \/>\n<meta property=\"og:title\" content=\"N\u00e3o perca a arte ao vivo com &#039;El Tete&#039;. - Cardamomo Flamenco Madrid\" \/>\n<meta property=\"og:description\" content=\"Ricardo Fern\u00e1ndez, mais conhecido como &#8216;El Tete&#8217; regressa mais forte do que nunca para partilhar connosco todo o seu talento. Nascido no seio de uma fam\u00edlia cigana, o jovem bailaor tem feito nome no mundo da dan\u00e7a flamenca. A for\u00e7a e maturidade da sua dan\u00e7a est\u00e1 a lev\u00e1-lo a colaborar com grandes artistas flamencos. Apesar...\" \/>\n<meta property=\"og:url\" content=\"https:\/\/cardamomo.com\/pt\/show\/no-te-pierdas-el-arte-en-vivo-con-el-tete\/\" \/>\n<meta property=\"og:site_name\" content=\"Cardamomo Flamenco Madrid\" \/>\n<meta name=\"twitter:card\" content=\"summary_large_image\" \/>\n<meta name=\"twitter:label1\" content=\"Tempo estimado de leitura\" \/>\n\t<meta name=\"twitter:data1\" content=\"1 minuto\" \/>\n<script type=\"application\/ld+json\" class=\"yoast-schema-graph\">{\"@context\":\"https:\\\/\\\/schema.org\",\"@graph\":[{\"@type\":\"WebPage\",\"@id\":\"https:\\\/\\\/cardamomo.com\\\/pt\\\/show\\\/no-te-pierdas-el-arte-en-vivo-con-el-tete\\\/\",\"url\":\"https:\\\/\\\/cardamomo.com\\\/pt\\\/show\\\/no-te-pierdas-el-arte-en-vivo-con-el-tete\\\/\",\"name\":\"N\u00e3o perca a arte ao vivo com 'El Tete'. - Cardamomo Flamenco Madrid\",\"isPartOf\":{\"@id\":\"https:\\\/\\\/cardamomo.com\\\/pt\\\/#website\"},\"primaryImageOfPage\":{\"@id\":\"https:\\\/\\\/cardamomo.com\\\/pt\\\/show\\\/no-te-pierdas-el-arte-en-vivo-con-el-tete\\\/#primaryimage\"},\"image\":{\"@id\":\"https:\\\/\\\/cardamomo.com\\\/es\\\/show\\\/no-te-pierdas-el-arte-en-vivo-con-el-tete\\\/#primaryimage\"},\"thumbnailUrl\":\"\",\"datePublished\":\"2021-07-20T15:59:38+00:00\",\"breadcrumb\":{\"@id\":\"https:\\\/\\\/cardamomo.com\\\/pt\\\/show\\\/no-te-pierdas-el-arte-en-vivo-con-el-tete\\\/#breadcrumb\"},\"inLanguage\":\"pt-PT\",\"potentialAction\":[{\"@type\":\"ReadAction\",\"target\":[[\"https:\\\/\\\/cardamomo.com\\\/pt\\\/show\\\/no-te-pierdas-el-arte-en-vivo-con-el-tete\\\/\"]]}]},{\"@type\":\"ImageObject\",\"inLanguage\":\"pt-PT\",\"@id\":\"https:\\\/\\\/cardamomo.com\\\/pt\\\/show\\\/no-te-pierdas-el-arte-en-vivo-con-el-tete\\\/#primaryimage\",\"url\":\"\",\"contentUrl\":\"\"},{\"@type\":\"BreadcrumbList\",\"@id\":\"https:\\\/\\\/cardamomo.com\\\/pt\\\/show\\\/no-te-pierdas-el-arte-en-vivo-con-el-tete\\\/#breadcrumb\",\"itemListElement\":[{\"@type\":\"ListItem\",\"position\":1,\"name\":\"Cardamomo\",\"item\":\"https:\\\/\\\/cardamomo.com\\\/pt\\\/\"},{\"@type\":\"ListItem\",\"position\":2,\"name\":\"Shows\",\"item\":\"https:\\\/\\\/cardamomo.com\\\/pt\\\/show\\\/\"},{\"@type\":\"ListItem\",\"position\":3,\"name\":\"No te pierdas el arte en vivo con &#8216;El Tete&#8217;\"}]},{\"@type\":\"WebSite\",\"@id\":\"https:\\\/\\\/cardamomo.com\\\/pt\\\/#website\",\"url\":\"https:\\\/\\\/cardamomo.com\\\/pt\\\/\",\"name\":\"Cardamomo Flamenco Madrid\",\"description\":\"\",\"potentialAction\":[{\"@type\":\"SearchAction\",\"target\":{\"@type\":\"EntryPoint\",\"urlTemplate\":\"https:\\\/\\\/cardamomo.com\\\/pt\\\/?s={search_term_string}\"},\"query-input\":{\"@type\":\"PropertyValueSpecification\",\"valueRequired\":true,\"valueName\":\"search_term_string\"}}],\"inLanguage\":\"pt-PT\"}]}<\/script>\n<!-- \/ Yoast SEO plugin. -->","yoast_head_json":{"title":"N\u00e3o perca a arte ao vivo com 'El Tete'. - Cardamomo Flamenco Madrid","robots":{"index":"index","follow":"follow","max-snippet":"max-snippet:-1","max-image-preview":"max-image-preview:large","max-video-preview":"max-video-preview:-1"},"canonical":"\/","og_locale":"pt_PT","og_type":"article","og_title":"N\u00e3o perca a arte ao vivo com 'El Tete'. - Cardamomo Flamenco Madrid","og_description":"Ricardo Fern\u00e1ndez, mais conhecido como &#8216;El Tete&#8217; regressa mais forte do que nunca para partilhar connosco todo o seu talento. Nascido no seio de uma fam\u00edlia cigana, o jovem bailaor tem feito nome no mundo da dan\u00e7a flamenca. A for\u00e7a e maturidade da sua dan\u00e7a est\u00e1 a lev\u00e1-lo a colaborar com grandes artistas flamencos. Apesar...","og_url":"https:\/\/cardamomo.com\/pt\/show\/no-te-pierdas-el-arte-en-vivo-con-el-tete\/","og_site_name":"Cardamomo Flamenco Madrid","twitter_card":"summary_large_image","twitter_misc":{"Tempo estimado de leitura":"1 minuto"},"schema":{"@context":"https:\/\/schema.org","@graph":[{"@type":"WebPage","@id":"https:\/\/cardamomo.com\/pt\/show\/no-te-pierdas-el-arte-en-vivo-con-el-tete\/","url":"https:\/\/cardamomo.com\/pt\/show\/no-te-pierdas-el-arte-en-vivo-con-el-tete\/","name":"N\u00e3o perca a arte ao vivo com 'El Tete'. - Cardamomo Flamenco Madrid","isPartOf":{"@id":"https:\/\/cardamomo.com\/pt\/#website"},"primaryImageOfPage":{"@id":"https:\/\/cardamomo.com\/pt\/show\/no-te-pierdas-el-arte-en-vivo-con-el-tete\/#primaryimage"},"image":{"@id":"https:\/\/cardamomo.com\/es\/show\/no-te-pierdas-el-arte-en-vivo-con-el-tete\/#primaryimage"},"thumbnailUrl":"","datePublished":"2021-07-20T15:59:38+00:00","breadcrumb":{"@id":"https:\/\/cardamomo.com\/pt\/show\/no-te-pierdas-el-arte-en-vivo-con-el-tete\/#breadcrumb"},"inLanguage":"pt-PT","potentialAction":[{"@type":"ReadAction","target":[["https:\/\/cardamomo.com\/pt\/show\/no-te-pierdas-el-arte-en-vivo-con-el-tete\/"]]}]},{"@type":"ImageObject","inLanguage":"pt-PT","@id":"https:\/\/cardamomo.com\/pt\/show\/no-te-pierdas-el-arte-en-vivo-con-el-tete\/#primaryimage","url":"","contentUrl":""},{"@type":"BreadcrumbList","@id":"https:\/\/cardamomo.com\/pt\/show\/no-te-pierdas-el-arte-en-vivo-con-el-tete\/#breadcrumb","itemListElement":[{"@type":"ListItem","position":1,"name":"Cardamomo","item":"https:\/\/cardamomo.com\/pt\/"},{"@type":"ListItem","position":2,"name":"Shows","item":"https:\/\/cardamomo.com\/pt\/show\/"},{"@type":"ListItem","position":3,"name":"No te pierdas el arte en vivo con &#8216;El Tete&#8217;"}]},{"@type":"WebSite","@id":"https:\/\/cardamomo.com\/pt\/#website","url":"https:\/\/cardamomo.com\/pt\/","name":"Cardamomo Flamenco Madrid","description":"","potentialAction":[{"@type":"SearchAction","target":{"@type":"EntryPoint","urlTemplate":"https:\/\/cardamomo.com\/pt\/?s={search_term_string}"},"query-input":{"@type":"PropertyValueSpecification","valueRequired":true,"valueName":"search_term_string"}}],"inLanguage":"pt-PT"}]}},"_links":{"self":[{"href":"https:\/\/cardamomo.com\/pt\/wp-json\/wp\/v2\/show\/84026","targetHints":{"allow":["GET"]}}],"collection":[{"href":"https:\/\/cardamomo.com\/pt\/wp-json\/wp\/v2\/show"}],"about":[{"href":"https:\/\/cardamomo.com\/pt\/wp-json\/wp\/v2\/types\/show"}],"wp:featuredmedia":[{"embeddable":true,"href":"https:\/\/cardamomo.com\/pt\/wp-json\/"}],"wp:attachment":[{"href":"https:\/\/cardamomo.com\/pt\/wp-json\/wp\/v2\/media?parent=84026"}],"curies":[{"name":"wp","href":"https:\/\/api.w.org\/{rel}","templated":true}]}}

Não perca a arte ao vivo com &#8216;El Tete&#8217;.

<p>Ricardo Fernández, mais conhecido como <strong><span style="color: #ff0000">&#8216;</span><span style="color: #ff0000"><strong>E</strong>l Tete&#8217;</span></strong> regressa mais forte do que nunca para partilhar connosco todo o seu talento.</p>
<p>Nascido no seio de uma família cigana, o jovem bailaor tem feito nome no mundo da dança flamenca. A força e maturidade da sua dança está a levá-lo a colaborar com grandes artistas flamencos.</p>
<p>Apesar da sua pouca idade, o bailarino tem atrás de si numerosos espectáculos nos quais demonstra todo o seu potencial, técnica e paixão pela dança e cultura flamenca. Nos últimos anos, &#8220;El Tete&#8221; já se apresentou como bailarino residente em locais e festivais de flamenco.</p>
<p><strong>Reserve já os seus bilhetes!</strong></p>
<p><strong>???? reservas@cardamomo.com</strong></p>
<p><strong>☎️ ( +34) 91 805 1038/ (+34) 691 02 21 17</strong></p>
<p><strong>???? cardamomo.com</strong></p>

<!-- This site is optimized with the Yoast SEO plugin v27.4 - https://yoast.com/product/yoast-seo-wordpress/ -->
<title>Não perca a arte ao vivo com &#039;El Tete&#039;. - Cardamomo Flamenco Madrid</title>
<meta name="robots" content="index, follow, max-snippet:-1, max-image-preview:large, max-video-preview:-1" />
<link rel="canonical" href="/" />
<meta property="og:locale" content="pt_PT" />
<meta property="og:type" content="article" />
<meta property="og:title" content="Não perca a arte ao vivo com &#039;El Tete&#039;. - Cardamomo Flamenco Madrid" />
<meta property="og:description" content="Ricardo Fernández, mais conhecido como &#8216;El Tete&#8217; regressa mais forte do que nunca para partilhar connosco todo o seu talento. Nascido no seio de uma família cigana, o jovem bailaor tem feito nome no mundo da dança flamenca. A força e maturidade da sua dança está a levá-lo a colaborar com grandes artistas flamencos. Apesar..." />
<meta property="og:url" content="https://cardamomo.com/pt/show/no-te-pierdas-el-arte-en-vivo-con-el-tete/" />
<meta property="og:site_name" content="Cardamomo Flamenco Madrid" />
<meta name="twitter:card" content="summary_large_image" />
<meta name="twitter:label1" content="Tempo estimado de leitura" />
	<meta name="twitter:data1" content="1 minuto" />
<script type="application/ld+json" class="yoast-schema-graph">{"@context":"https:\/\/schema.org","@graph":[{"@type":"WebPage","@id":"https:\/\/cardamomo.com\/pt\/show\/no-te-pierdas-el-arte-en-vivo-con-el-tete\/","url":"https:\/\/cardamomo.com\/pt\/show\/no-te-pierdas-el-arte-en-vivo-con-el-tete\/","name":"Não perca a arte ao vivo com 'El Tete'. - Cardamomo Flamenco Madrid","isPartOf":{"@id":"https:\/\/cardamomo.com\/pt\/#website"},"primaryImageOfPage":{"@id":"https:\/\/cardamomo.com\/pt\/show\/no-te-pierdas-el-arte-en-vivo-con-el-tete\/#primaryimage"},"image":{"@id":"https:\/\/cardamomo.com\/es\/show\/no-te-pierdas-el-arte-en-vivo-con-el-tete\/#primaryimage"},"thumbnailUrl":"","datePublished":"2021-07-20T15:59:38+00:00","breadcrumb":{"@id":"https:\/\/cardamomo.com\/pt\/show\/no-te-pierdas-el-arte-en-vivo-con-el-tete\/#breadcrumb"},"inLanguage":"pt-PT","potentialAction":[{"@type":"ReadAction","target":[["https:\/\/cardamomo.com\/pt\/show\/no-te-pierdas-el-arte-en-vivo-con-el-tete\/"]]}]},{"@type":"ImageObject","inLanguage":"pt-PT","@id":"https:\/\/cardamomo.com\/pt\/show\/no-te-pierdas-el-arte-en-vivo-con-el-tete\/#primaryimage","url":"","contentUrl":""},{"@type":"BreadcrumbList","@id":"https:\/\/cardamomo.com\/pt\/show\/no-te-pierdas-el-arte-en-vivo-con-el-tete\/#breadcrumb","itemListElement":[{"@type":"ListItem","position":1,"name":"Cardamomo","item":"https:\/\/cardamomo.com\/pt\/"},{"@type":"ListItem","position":2,"name":"Shows","item":"https:\/\/cardamomo.com\/pt\/show\/"},{"@type":"ListItem","position":3,"name":"No te pierdas el arte en vivo con &#8216;El Tete&#8217;"}]},{"@type":"WebSite","@id":"https:\/\/cardamomo.com\/pt\/#website","url":"https:\/\/cardamomo.com\/pt\/","name":"Cardamomo Flamenco Madrid","description":"","potentialAction":[{"@type":"SearchAction","target":{"@type":"EntryPoint","urlTemplate":"https:\/\/cardamomo.com\/pt\/?s={search_term_string}"},"query-input":{"@type":"PropertyValueSpecification","valueRequired":true,"valueName":"search_term_string"}}],"inLanguage":"pt-PT"}]}</script>
<!-- / Yoast SEO plugin. -->

Não perca a arte ao vivo com 'El Tete'. - Cardamomo Flamenco Madrid

Ricardo Fernández, mais conhecido como &#8216;El Tete&#8217; regressa mais forte do que nunca para partilhar connosco todo o seu talento. Nascido no seio de uma família cigana, o jovem bailaor tem feito nome no mundo da dança flamenca. A força e maturidade da sua dança está a levá-lo a colaborar com grandes artistas flamencos. Apesar...
