{"id":81800,"date":"2021-05-31T14:15:07","date_gmt":"2021-05-31T12:15:07","guid":{"rendered":"https:\/\/cardamomo.com\/es\/?post_type=show&amp;p=81800"},"modified":"2021-05-31T14:15:07","modified_gmt":"2021-05-31T12:15:07","slug":"del-17-al-20-de-junio-choro-molina","status":"publish","type":"show","link":"https:\/\/cardamomo.com\/pt\/show\/o-talentoso-bailarino-choro-molina-regressa-a-cardamomo\/","title":{"rendered":"O talentoso bailarino Choro Molina regressa a Cardamomo"},"content":{"rendered":"<p>Antonio \u00e9 um artista multi-premiado e bailarino principal com companhias como Israel Galv\u00e1n e Eva la Yerbabuena.<br \/>\nCom uma longa carreira e habituado a grandes audi\u00eancias em teatros, festivais, e muito mais, vem a Cardamomo para procurar o calor do p\u00fablico da proximidade. Aquela atmosfera que s\u00f3 pode ser encontrada em audi\u00eancias t\u00e3o \u00edntimas como a do nosso tablao.<\/p>\n<p>N\u00e3o foi poss\u00edvel realizar um ciclo dos bailaores e bailaoras mais conhecidos do mundo que se sentiriam completos sem a sua presen\u00e7a. Para este artista que apresentou em 2015, a mostra &#8220;<em>Aviso: Bayles de Jitanos&#8221;<\/em> com a sua pr\u00f3pria companhia no Festival de Jerez, \u00e9 uma das mais apreciadas no mundo do flamenco.<\/p>\n<p>N\u00e3o perca esta talentosa bailarina ao vivo no Cardamomo Tablao Flamenco.<\/p>\n<p><strong>Reservas \u2b07\ufe0f<\/strong><\/p>\n<p><strong>???? reservas@cardamomo.com<\/strong><\/p>\n<p><strong>\u260e\ufe0f ( +34) 91 805 1038\/ (+34) 691 02 21 17<\/strong><\/p>\n<p><strong>???? cardamomo.com<\/strong><\/p>\n<p><img loading=\"lazy\" decoding=\"async\" class=\"alignnone wp-image-110199\" src=\"https:\/\/cardamomo.com\/wp-content\/uploads\/2022\/03\/log_comunidad_m.jpg\" alt=\"\" width=\"38\" height=\"54\" \/><img loading=\"lazy\" decoding=\"async\" class=\"alignnone wp-image-110187\" src=\"https:\/\/cardamomo.com\/wp-content\/uploads\/2022\/03\/firma_madrid_negro-300x82.png\" alt=\"\" width=\"227\" height=\"62\" \/><img loading=\"lazy\" decoding=\"async\" class=\"alignnone wp-image-110186\" src=\"https:\/\/cardamomo.com\/wp-content\/uploads\/2022\/03\/inaem-02-cajetin-rojo-300x53.png\" alt=\"\" width=\"294\" height=\"52\" \/><\/p>","protected":false},"featured_media":98607,"template":"","meta":{"_acf_changed":false,"inline_featured_image":false},"class_list":["post-81800","show","type-show","status-publish","has-post-thumbnail","hentry"],"acf":[],"yoast_head":"<!-- This site is optimized with the Yoast SEO plugin v27.4 - https:\/\/yoast.com\/product\/yoast-seo-wordpress\/ -->\n<title>O talentoso bailarino Choro Molina regressa a Cardamomo - Cardamomo Flamenco Madrid<\/title>\n<meta name=\"robots\" content=\"index, follow, max-snippet:-1, max-image-preview:large, max-video-preview:-1\" \/>\n<link rel=\"canonical\" href=\"\/\" \/>\n<meta property=\"og:locale\" content=\"pt_PT\" \/>\n<meta property=\"og:type\" content=\"article\" \/>\n<meta property=\"og:title\" content=\"O talentoso bailarino Choro Molina regressa a Cardamomo - Cardamomo Flamenco Madrid\" \/>\n<meta property=\"og:description\" content=\"Antonio \u00e9 um artista multi-premiado e bailarino principal com companhias como Israel Galv\u00e1n e Eva la Yerbabuena. Com uma longa carreira e habituado a grandes audi\u00eancias em teatros, festivais, e muito mais, vem a Cardamomo para procurar o calor do p\u00fablico da proximidade. Aquela atmosfera que s\u00f3 pode ser encontrada em audi\u00eancias t\u00e3o \u00edntimas como...\" \/>\n<meta property=\"og:url\" content=\"https:\/\/cardamomo.com\/pt\/show\/el-talentoso-bailaor-choro-molina-vuelve-a-cardamomo\/\" \/>\n<meta property=\"og:site_name\" content=\"Cardamomo Flamenco Madrid\" \/>\n<meta name=\"twitter:card\" content=\"summary_large_image\" \/>\n<meta name=\"twitter:label1\" content=\"Tempo estimado de leitura\" \/>\n\t<meta name=\"twitter:data1\" content=\"2 minutos\" \/>\n<script type=\"application\/ld+json\" class=\"yoast-schema-graph\">{\"@context\":\"https:\\\/\\\/schema.org\",\"@graph\":[{\"@type\":\"WebPage\",\"@id\":\"https:\\\/\\\/cardamomo.com\\\/pt\\\/show\\\/el-talentoso-bailaor-choro-molina-vuelve-a-cardamomo\\\/\",\"url\":\"https:\\\/\\\/cardamomo.com\\\/pt\\\/show\\\/el-talentoso-bailaor-choro-molina-vuelve-a-cardamomo\\\/\",\"name\":\"O talentoso bailarino Choro Molina regressa a Cardamomo - Cardamomo Flamenco Madrid\",\"isPartOf\":{\"@id\":\"https:\\\/\\\/cardamomo.com\\\/pt\\\/#website\"},\"primaryImageOfPage\":{\"@id\":\"https:\\\/\\\/cardamomo.com\\\/pt\\\/show\\\/el-talentoso-bailaor-choro-molina-vuelve-a-cardamomo\\\/#primaryimage\"},\"image\":{\"@id\":\"https:\\\/\\\/cardamomo.com\\\/es\\\/show\\\/el-talentoso-bailaor-choro-molina-vuelve-a-cardamomo\\\/#primaryimage\"},\"thumbnailUrl\":\"\",\"datePublished\":\"2021-05-31T12:15:07+00:00\",\"breadcrumb\":{\"@id\":\"https:\\\/\\\/cardamomo.com\\\/pt\\\/show\\\/el-talentoso-bailaor-choro-molina-vuelve-a-cardamomo\\\/#breadcrumb\"},\"inLanguage\":\"pt-PT\",\"potentialAction\":[{\"@type\":\"ReadAction\",\"target\":[[\"https:\\\/\\\/cardamomo.com\\\/pt\\\/show\\\/el-talentoso-bailaor-choro-molina-vuelve-a-cardamomo\\\/\"]]}]},{\"@type\":\"ImageObject\",\"inLanguage\":\"pt-PT\",\"@id\":\"https:\\\/\\\/cardamomo.com\\\/pt\\\/show\\\/el-talentoso-bailaor-choro-molina-vuelve-a-cardamomo\\\/#primaryimage\",\"url\":\"\",\"contentUrl\":\"\"},{\"@type\":\"BreadcrumbList\",\"@id\":\"https:\\\/\\\/cardamomo.com\\\/pt\\\/show\\\/el-talentoso-bailaor-choro-molina-vuelve-a-cardamomo\\\/#breadcrumb\",\"itemListElement\":[{\"@type\":\"ListItem\",\"position\":1,\"name\":\"Cardamomo\",\"item\":\"https:\\\/\\\/cardamomo.com\\\/pt\\\/\"},{\"@type\":\"ListItem\",\"position\":2,\"name\":\"Shows\",\"item\":\"https:\\\/\\\/cardamomo.com\\\/pt\\\/show\\\/\"},{\"@type\":\"ListItem\",\"position\":3,\"name\":\"El talentoso bailaor Choro Molina vuelve a Cardamomo\"}]},{\"@type\":\"WebSite\",\"@id\":\"https:\\\/\\\/cardamomo.com\\\/pt\\\/#website\",\"url\":\"https:\\\/\\\/cardamomo.com\\\/pt\\\/\",\"name\":\"Cardamomo Flamenco Madrid\",\"description\":\"\",\"potentialAction\":[{\"@type\":\"SearchAction\",\"target\":{\"@type\":\"EntryPoint\",\"urlTemplate\":\"https:\\\/\\\/cardamomo.com\\\/pt\\\/?s={search_term_string}\"},\"query-input\":{\"@type\":\"PropertyValueSpecification\",\"valueRequired\":true,\"valueName\":\"search_term_string\"}}],\"inLanguage\":\"pt-PT\"}]}<\/script>\n<!-- \/ Yoast SEO plugin. -->","yoast_head_json":{"title":"O talentoso bailarino Choro Molina regressa a Cardamomo - Cardamomo Flamenco Madrid","robots":{"index":"index","follow":"follow","max-snippet":"max-snippet:-1","max-image-preview":"max-image-preview:large","max-video-preview":"max-video-preview:-1"},"canonical":"\/","og_locale":"pt_PT","og_type":"article","og_title":"O talentoso bailarino Choro Molina regressa a Cardamomo - Cardamomo Flamenco Madrid","og_description":"Antonio \u00e9 um artista multi-premiado e bailarino principal com companhias como Israel Galv\u00e1n e Eva la Yerbabuena. Com uma longa carreira e habituado a grandes audi\u00eancias em teatros, festivais, e muito mais, vem a Cardamomo para procurar o calor do p\u00fablico da proximidade. Aquela atmosfera que s\u00f3 pode ser encontrada em audi\u00eancias t\u00e3o \u00edntimas como...","og_url":"https:\/\/cardamomo.com\/pt\/show\/el-talentoso-bailaor-choro-molina-vuelve-a-cardamomo\/","og_site_name":"Cardamomo Flamenco Madrid","twitter_card":"summary_large_image","twitter_misc":{"Tempo estimado de leitura":"2 minutos"},"schema":{"@context":"https:\/\/schema.org","@graph":[{"@type":"WebPage","@id":"https:\/\/cardamomo.com\/pt\/show\/el-talentoso-bailaor-choro-molina-vuelve-a-cardamomo\/","url":"https:\/\/cardamomo.com\/pt\/show\/el-talentoso-bailaor-choro-molina-vuelve-a-cardamomo\/","name":"O talentoso bailarino Choro Molina regressa a Cardamomo - Cardamomo Flamenco Madrid","isPartOf":{"@id":"https:\/\/cardamomo.com\/pt\/#website"},"primaryImageOfPage":{"@id":"https:\/\/cardamomo.com\/pt\/show\/el-talentoso-bailaor-choro-molina-vuelve-a-cardamomo\/#primaryimage"},"image":{"@id":"https:\/\/cardamomo.com\/es\/show\/el-talentoso-bailaor-choro-molina-vuelve-a-cardamomo\/#primaryimage"},"thumbnailUrl":"","datePublished":"2021-05-31T12:15:07+00:00","breadcrumb":{"@id":"https:\/\/cardamomo.com\/pt\/show\/el-talentoso-bailaor-choro-molina-vuelve-a-cardamomo\/#breadcrumb"},"inLanguage":"pt-PT","potentialAction":[{"@type":"ReadAction","target":[["https:\/\/cardamomo.com\/pt\/show\/el-talentoso-bailaor-choro-molina-vuelve-a-cardamomo\/"]]}]},{"@type":"ImageObject","inLanguage":"pt-PT","@id":"https:\/\/cardamomo.com\/pt\/show\/el-talentoso-bailaor-choro-molina-vuelve-a-cardamomo\/#primaryimage","url":"","contentUrl":""},{"@type":"BreadcrumbList","@id":"https:\/\/cardamomo.com\/pt\/show\/el-talentoso-bailaor-choro-molina-vuelve-a-cardamomo\/#breadcrumb","itemListElement":[{"@type":"ListItem","position":1,"name":"Cardamomo","item":"https:\/\/cardamomo.com\/pt\/"},{"@type":"ListItem","position":2,"name":"Shows","item":"https:\/\/cardamomo.com\/pt\/show\/"},{"@type":"ListItem","position":3,"name":"El talentoso bailaor Choro Molina vuelve a Cardamomo"}]},{"@type":"WebSite","@id":"https:\/\/cardamomo.com\/pt\/#website","url":"https:\/\/cardamomo.com\/pt\/","name":"Cardamomo Flamenco Madrid","description":"","potentialAction":[{"@type":"SearchAction","target":{"@type":"EntryPoint","urlTemplate":"https:\/\/cardamomo.com\/pt\/?s={search_term_string}"},"query-input":{"@type":"PropertyValueSpecification","valueRequired":true,"valueName":"search_term_string"}}],"inLanguage":"pt-PT"}]}},"_links":{"self":[{"href":"https:\/\/cardamomo.com\/pt\/wp-json\/wp\/v2\/show\/81800","targetHints":{"allow":["GET"]}}],"collection":[{"href":"https:\/\/cardamomo.com\/pt\/wp-json\/wp\/v2\/show"}],"about":[{"href":"https:\/\/cardamomo.com\/pt\/wp-json\/wp\/v2\/types\/show"}],"wp:featuredmedia":[{"embeddable":true,"href":"https:\/\/cardamomo.com\/pt\/wp-json\/"}],"wp:attachment":[{"href":"https:\/\/cardamomo.com\/pt\/wp-json\/wp\/v2\/media?parent=81800"}],"curies":[{"name":"wp","href":"https:\/\/api.w.org\/{rel}","templated":true}]}}

<p>Antonio é um artista multi-premiado e bailarino principal com companhias como Israel Galván e Eva la Yerbabuena.<br />
Com uma longa carreira e habituado a grandes audiências em teatros, festivais, e muito mais, vem a Cardamomo para procurar o calor do público da proximidade. Aquela atmosfera que só pode ser encontrada em audiências tão íntimas como a do nosso tablao.</p>
<p>Não foi possível realizar um ciclo dos bailaores e bailaoras mais conhecidos do mundo que se sentiriam completos sem a sua presença. Para este artista que apresentou em 2015, a mostra &#8220;<em>Aviso: Bayles de Jitanos&#8221;</em> com a sua própria companhia no Festival de Jerez, é uma das mais apreciadas no mundo do flamenco.</p>
<p>Não perca esta talentosa bailarina ao vivo no Cardamomo Tablao Flamenco.</p>
<p><strong>Reservas ⬇️</strong></p>
<p><strong>???? reservas@cardamomo.com</strong></p>
<p><strong>☎️ ( +34) 91 805 1038/ (+34) 691 02 21 17</strong></p>
<p><strong>???? cardamomo.com</strong></p>
<p><img loading="lazy" decoding="async" class="alignnone wp-image-110199" src="https://cardamomo.com/wp-content/uploads/2022/03/log_comunidad_m.jpg" alt="" width="38" height="54" /><img loading="lazy" decoding="async" class="alignnone wp-image-110187" src="https://cardamomo.com/wp-content/uploads/2022/03/firma_madrid_negro-300x82.png" alt="" width="227" height="62" /><img loading="lazy" decoding="async" class="alignnone wp-image-110186" src="https://cardamomo.com/wp-content/uploads/2022/03/inaem-02-cajetin-rojo-300x53.png" alt="" width="294" height="52" /></p>

<!-- This site is optimized with the Yoast SEO plugin v27.4 - https://yoast.com/product/yoast-seo-wordpress/ -->
<title>O talentoso bailarino Choro Molina regressa a Cardamomo - Cardamomo Flamenco Madrid</title>
<meta name="robots" content="index, follow, max-snippet:-1, max-image-preview:large, max-video-preview:-1" />
<link rel="canonical" href="/" />
<meta property="og:locale" content="pt_PT" />
<meta property="og:type" content="article" />
<meta property="og:title" content="O talentoso bailarino Choro Molina regressa a Cardamomo - Cardamomo Flamenco Madrid" />
<meta property="og:description" content="Antonio é um artista multi-premiado e bailarino principal com companhias como Israel Galván e Eva la Yerbabuena. Com uma longa carreira e habituado a grandes audiências em teatros, festivais, e muito mais, vem a Cardamomo para procurar o calor do público da proximidade. Aquela atmosfera que só pode ser encontrada em audiências tão íntimas como..." />
<meta property="og:url" content="https://cardamomo.com/pt/show/el-talentoso-bailaor-choro-molina-vuelve-a-cardamomo/" />
<meta property="og:site_name" content="Cardamomo Flamenco Madrid" />
<meta name="twitter:card" content="summary_large_image" />
<meta name="twitter:label1" content="Tempo estimado de leitura" />
	<meta name="twitter:data1" content="2 minutos" />
<script type="application/ld+json" class="yoast-schema-graph">{"@context":"https:\/\/schema.org","@graph":[{"@type":"WebPage","@id":"https:\/\/cardamomo.com\/pt\/show\/el-talentoso-bailaor-choro-molina-vuelve-a-cardamomo\/","url":"https:\/\/cardamomo.com\/pt\/show\/el-talentoso-bailaor-choro-molina-vuelve-a-cardamomo\/","name":"O talentoso bailarino Choro Molina regressa a Cardamomo - Cardamomo Flamenco Madrid","isPartOf":{"@id":"https:\/\/cardamomo.com\/pt\/#website"},"primaryImageOfPage":{"@id":"https:\/\/cardamomo.com\/pt\/show\/el-talentoso-bailaor-choro-molina-vuelve-a-cardamomo\/#primaryimage"},"image":{"@id":"https:\/\/cardamomo.com\/es\/show\/el-talentoso-bailaor-choro-molina-vuelve-a-cardamomo\/#primaryimage"},"thumbnailUrl":"","datePublished":"2021-05-31T12:15:07+00:00","breadcrumb":{"@id":"https:\/\/cardamomo.com\/pt\/show\/el-talentoso-bailaor-choro-molina-vuelve-a-cardamomo\/#breadcrumb"},"inLanguage":"pt-PT","potentialAction":[{"@type":"ReadAction","target":[["https:\/\/cardamomo.com\/pt\/show\/el-talentoso-bailaor-choro-molina-vuelve-a-cardamomo\/"]]}]},{"@type":"ImageObject","inLanguage":"pt-PT","@id":"https:\/\/cardamomo.com\/pt\/show\/el-talentoso-bailaor-choro-molina-vuelve-a-cardamomo\/#primaryimage","url":"","contentUrl":""},{"@type":"BreadcrumbList","@id":"https:\/\/cardamomo.com\/pt\/show\/el-talentoso-bailaor-choro-molina-vuelve-a-cardamomo\/#breadcrumb","itemListElement":[{"@type":"ListItem","position":1,"name":"Cardamomo","item":"https:\/\/cardamomo.com\/pt\/"},{"@type":"ListItem","position":2,"name":"Shows","item":"https:\/\/cardamomo.com\/pt\/show\/"},{"@type":"ListItem","position":3,"name":"El talentoso bailaor Choro Molina vuelve a Cardamomo"}]},{"@type":"WebSite","@id":"https:\/\/cardamomo.com\/pt\/#website","url":"https:\/\/cardamomo.com\/pt\/","name":"Cardamomo Flamenco Madrid","description":"","potentialAction":[{"@type":"SearchAction","target":{"@type":"EntryPoint","urlTemplate":"https:\/\/cardamomo.com\/pt\/?s={search_term_string}"},"query-input":{"@type":"PropertyValueSpecification","valueRequired":true,"valueName":"search_term_string"}}],"inLanguage":"pt-PT"}]}</script>
<!-- / Yoast SEO plugin. -->

Antonio é um artista multi-premiado e bailarino principal com companhias como Israel Galván e Eva la Yerbabuena. Com uma longa carreira e habituado a grandes audiências em teatros, festivais, e muito mais, vem a Cardamomo para procurar o calor do público da proximidade. Aquela atmosfera que só pode ser encontrada em audiências tão íntimas como...
