{"id":45984,"date":"2018-05-27T16:07:59","date_gmt":"2018-05-27T14:07:59","guid":{"rendered":"https:\/\/cardamomo.com\/es\/?post_type=show&amp;p=45984"},"modified":"2018-05-27T16:07:59","modified_gmt":"2018-05-27T14:07:59","slug":"flamenco-madrid-agosto-2018","status":"publish","type":"show","link":"https:\/\/cardamomo.com\/pt\/show\/flamenco-madrid-agosto-2018\/","title":{"rendered":"Flamenco Madrid agosto 2018"},"content":{"rendered":"<p class=\"qtranxs-available-languages-message qtranxs-available-languages-message-pt\">Desculpe, este conte\u00fado s\u00f3 est\u00e1 dispon\u00edvel em <a href=\"https:\/\/cardamomo.com\/es\/wp-json\/wp\/v2\/show\/45984\" class=\"qtranxs-available-language-link qtranxs-available-language-link-es\" title=\"Espa\u00f1ol\">Espa\u00f1ol<\/a> e <a href=\"https:\/\/cardamomo.com\/en\/wp-json\/wp\/v2\/show\/45984\" class=\"qtranxs-available-language-link qtranxs-available-language-link-en\" title=\"English\">English<\/a>.<\/p><p><b>Flamenco Madrid. Oportunidad<\/b><strong>\u00a0\u00fanica este mes para disfrutar con la presencia especial de artistas venidos expresamente desde Andaluc\u00eda.<br \/>\n<\/strong><\/p>\n<p>Disfrutaremos de artistas venidos de fuera de Madrid que Cardamomo trae expresamente para enriquecer su espect\u00e1culo. En el tablao flamenco Cardamomo maestros de la guitarra espa\u00f1ola, prestigiosos cantaores y cantaoras, bailaores y bailaoras del flamenco de toda Espa\u00f1a se entregan al p\u00fablico en cuerpo y alma con un espect\u00e1culo \u00fanico y en directo.<\/p>","protected":false},"featured_media":45985,"template":"","meta":{"_acf_changed":false,"inline_featured_image":false},"class_list":["post-45984","show","type-show","status-publish","has-post-thumbnail","hentry"],"acf":[],"yoast_head":"<!-- This site is optimized with the Yoast SEO plugin v27.4 - https:\/\/yoast.com\/product\/yoast-seo-wordpress\/ -->\n<title>Flamenco Madrid agosto 2018 - Cardamomo Flamenco Madrid<\/title>\n<meta name=\"robots\" content=\"index, follow, max-snippet:-1, max-image-preview:large, max-video-preview:-1\" \/>\n<link rel=\"canonical\" href=\"\/\" \/>\n<meta property=\"og:locale\" content=\"pt_PT\" \/>\n<meta property=\"og:type\" content=\"article\" \/>\n<meta property=\"og:title\" content=\"Flamenco Madrid agosto 2018 - Cardamomo Flamenco Madrid\" \/>\n<meta property=\"og:description\" content=\"Desculpe, este conte\u00fado s\u00f3 est\u00e1 dispon\u00edvel em Espa\u00f1ol e English.Flamenco Madrid. Oportunidad\u00a0\u00fanica este mes para disfrutar con la presencia especial de artistas venidos expresamente desde Andaluc\u00eda. Disfrutaremos de artistas venidos de fuera de Madrid que Cardamomo trae expresamente para enriquecer su espect\u00e1culo. En el tablao flamenco Cardamomo maestros de la guitarra espa\u00f1ola, prestigiosos cantaores y...\" \/>\n<meta property=\"og:url\" content=\"https:\/\/cardamomo.com\/pt\/show\/flamenco-madrid-agosto-2018\/\" \/>\n<meta property=\"og:site_name\" content=\"Cardamomo Flamenco Madrid\" \/>\n<meta name=\"twitter:card\" content=\"summary_large_image\" \/>\n<meta name=\"twitter:label1\" content=\"Tempo estimado de leitura\" \/>\n\t<meta name=\"twitter:data1\" content=\"1 minuto\" \/>\n<script type=\"application\/ld+json\" class=\"yoast-schema-graph\">{\"@context\":\"https:\\\/\\\/schema.org\",\"@graph\":[{\"@type\":\"WebPage\",\"@id\":\"https:\\\/\\\/cardamomo.com\\\/pt\\\/show\\\/flamenco-madrid-agosto-2018\\\/\",\"url\":\"https:\\\/\\\/cardamomo.com\\\/pt\\\/show\\\/flamenco-madrid-agosto-2018\\\/\",\"name\":\"Flamenco Madrid agosto 2018 - Cardamomo Flamenco Madrid\",\"isPartOf\":{\"@id\":\"https:\\\/\\\/cardamomo.com\\\/pt\\\/#website\"},\"primaryImageOfPage\":{\"@id\":\"https:\\\/\\\/cardamomo.com\\\/pt\\\/show\\\/flamenco-madrid-agosto-2018\\\/#primaryimage\"},\"image\":{\"@id\":\"https:\\\/\\\/cardamomo.com\\\/es\\\/show\\\/flamenco-madrid-agosto-2018\\\/#primaryimage\"},\"thumbnailUrl\":\"\",\"datePublished\":\"2018-05-27T14:07:59+00:00\",\"breadcrumb\":{\"@id\":\"https:\\\/\\\/cardamomo.com\\\/pt\\\/show\\\/flamenco-madrid-agosto-2018\\\/#breadcrumb\"},\"inLanguage\":\"pt-PT\",\"potentialAction\":[{\"@type\":\"ReadAction\",\"target\":[[\"https:\\\/\\\/cardamomo.com\\\/pt\\\/show\\\/flamenco-madrid-agosto-2018\\\/\"]]}]},{\"@type\":\"ImageObject\",\"inLanguage\":\"pt-PT\",\"@id\":\"https:\\\/\\\/cardamomo.com\\\/pt\\\/show\\\/flamenco-madrid-agosto-2018\\\/#primaryimage\",\"url\":\"\",\"contentUrl\":\"\"},{\"@type\":\"BreadcrumbList\",\"@id\":\"https:\\\/\\\/cardamomo.com\\\/pt\\\/show\\\/flamenco-madrid-agosto-2018\\\/#breadcrumb\",\"itemListElement\":[{\"@type\":\"ListItem\",\"position\":1,\"name\":\"Cardamomo\",\"item\":\"https:\\\/\\\/cardamomo.com\\\/pt\\\/\"},{\"@type\":\"ListItem\",\"position\":2,\"name\":\"Shows\",\"item\":\"https:\\\/\\\/cardamomo.com\\\/pt\\\/show\\\/\"},{\"@type\":\"ListItem\",\"position\":3,\"name\":\"Flamenco Madrid agosto 2018\"}]},{\"@type\":\"WebSite\",\"@id\":\"https:\\\/\\\/cardamomo.com\\\/pt\\\/#website\",\"url\":\"https:\\\/\\\/cardamomo.com\\\/pt\\\/\",\"name\":\"Cardamomo Flamenco Madrid\",\"description\":\"\",\"potentialAction\":[{\"@type\":\"SearchAction\",\"target\":{\"@type\":\"EntryPoint\",\"urlTemplate\":\"https:\\\/\\\/cardamomo.com\\\/pt\\\/?s={search_term_string}\"},\"query-input\":{\"@type\":\"PropertyValueSpecification\",\"valueRequired\":true,\"valueName\":\"search_term_string\"}}],\"inLanguage\":\"pt-PT\"}]}<\/script>\n<!-- \/ Yoast SEO plugin. -->","yoast_head_json":{"title":"Flamenco Madrid agosto 2018 - Cardamomo Flamenco Madrid","robots":{"index":"index","follow":"follow","max-snippet":"max-snippet:-1","max-image-preview":"max-image-preview:large","max-video-preview":"max-video-preview:-1"},"canonical":"\/","og_locale":"pt_PT","og_type":"article","og_title":"Flamenco Madrid agosto 2018 - Cardamomo Flamenco Madrid","og_description":"Desculpe, este conte\u00fado s\u00f3 est\u00e1 dispon\u00edvel em Espa\u00f1ol e English.Flamenco Madrid. Oportunidad\u00a0\u00fanica este mes para disfrutar con la presencia especial de artistas venidos expresamente desde Andaluc\u00eda. Disfrutaremos de artistas venidos de fuera de Madrid que Cardamomo trae expresamente para enriquecer su espect\u00e1culo. En el tablao flamenco Cardamomo maestros de la guitarra espa\u00f1ola, prestigiosos cantaores y...","og_url":"https:\/\/cardamomo.com\/pt\/show\/flamenco-madrid-agosto-2018\/","og_site_name":"Cardamomo Flamenco Madrid","twitter_card":"summary_large_image","twitter_misc":{"Tempo estimado de leitura":"1 minuto"},"schema":{"@context":"https:\/\/schema.org","@graph":[{"@type":"WebPage","@id":"https:\/\/cardamomo.com\/pt\/show\/flamenco-madrid-agosto-2018\/","url":"https:\/\/cardamomo.com\/pt\/show\/flamenco-madrid-agosto-2018\/","name":"Flamenco Madrid agosto 2018 - Cardamomo Flamenco Madrid","isPartOf":{"@id":"https:\/\/cardamomo.com\/pt\/#website"},"primaryImageOfPage":{"@id":"https:\/\/cardamomo.com\/pt\/show\/flamenco-madrid-agosto-2018\/#primaryimage"},"image":{"@id":"https:\/\/cardamomo.com\/es\/show\/flamenco-madrid-agosto-2018\/#primaryimage"},"thumbnailUrl":"","datePublished":"2018-05-27T14:07:59+00:00","breadcrumb":{"@id":"https:\/\/cardamomo.com\/pt\/show\/flamenco-madrid-agosto-2018\/#breadcrumb"},"inLanguage":"pt-PT","potentialAction":[{"@type":"ReadAction","target":[["https:\/\/cardamomo.com\/pt\/show\/flamenco-madrid-agosto-2018\/"]]}]},{"@type":"ImageObject","inLanguage":"pt-PT","@id":"https:\/\/cardamomo.com\/pt\/show\/flamenco-madrid-agosto-2018\/#primaryimage","url":"","contentUrl":""},{"@type":"BreadcrumbList","@id":"https:\/\/cardamomo.com\/pt\/show\/flamenco-madrid-agosto-2018\/#breadcrumb","itemListElement":[{"@type":"ListItem","position":1,"name":"Cardamomo","item":"https:\/\/cardamomo.com\/pt\/"},{"@type":"ListItem","position":2,"name":"Shows","item":"https:\/\/cardamomo.com\/pt\/show\/"},{"@type":"ListItem","position":3,"name":"Flamenco Madrid agosto 2018"}]},{"@type":"WebSite","@id":"https:\/\/cardamomo.com\/pt\/#website","url":"https:\/\/cardamomo.com\/pt\/","name":"Cardamomo Flamenco Madrid","description":"","potentialAction":[{"@type":"SearchAction","target":{"@type":"EntryPoint","urlTemplate":"https:\/\/cardamomo.com\/pt\/?s={search_term_string}"},"query-input":{"@type":"PropertyValueSpecification","valueRequired":true,"valueName":"search_term_string"}}],"inLanguage":"pt-PT"}]}},"_links":{"self":[{"href":"https:\/\/cardamomo.com\/pt\/wp-json\/wp\/v2\/show\/45984","targetHints":{"allow":["GET"]}}],"collection":[{"href":"https:\/\/cardamomo.com\/pt\/wp-json\/wp\/v2\/show"}],"about":[{"href":"https:\/\/cardamomo.com\/pt\/wp-json\/wp\/v2\/types\/show"}],"wp:featuredmedia":[{"embeddable":true,"href":"https:\/\/cardamomo.com\/pt\/wp-json\/"}],"wp:attachment":[{"href":"https:\/\/cardamomo.com\/pt\/wp-json\/wp\/v2\/media?parent=45984"}],"curies":[{"name":"wp","href":"https:\/\/api.w.org\/{rel}","templated":true}]}}

<p class="qtranxs-available-languages-message qtranxs-available-languages-message-pt">Desculpe, este conteúdo só está disponível em <a href="https://cardamomo.com/es/wp-json/wp/v2/show/45984" class="qtranxs-available-language-link qtranxs-available-language-link-es" title="Español">Español</a> e <a href="https://cardamomo.com/en/wp-json/wp/v2/show/45984" class="qtranxs-available-language-link qtranxs-available-language-link-en" title="English">English</a>.</p><p><b>Flamenco Madrid. Oportunidad</b><strong> única este mes para disfrutar con la presencia especial de artistas venidos expresamente desde Andalucía.<br />
</strong></p>
<p>Disfrutaremos de artistas venidos de fuera de Madrid que Cardamomo trae expresamente para enriquecer su espectáculo. En el tablao flamenco Cardamomo maestros de la guitarra española, prestigiosos cantaores y cantaoras, bailaores y bailaoras del flamenco de toda España se entregan al público en cuerpo y alma con un espectáculo único y en directo.</p>

<!-- This site is optimized with the Yoast SEO plugin v27.4 - https://yoast.com/product/yoast-seo-wordpress/ -->
<title>Flamenco Madrid agosto 2018 - Cardamomo Flamenco Madrid</title>
<meta name="robots" content="index, follow, max-snippet:-1, max-image-preview:large, max-video-preview:-1" />
<link rel="canonical" href="/" />
<meta property="og:locale" content="pt_PT" />
<meta property="og:type" content="article" />
<meta property="og:title" content="Flamenco Madrid agosto 2018 - Cardamomo Flamenco Madrid" />
<meta property="og:description" content="Desculpe, este conteúdo só está disponível em Español e English.Flamenco Madrid. Oportunidad única este mes para disfrutar con la presencia especial de artistas venidos expresamente desde Andalucía. Disfrutaremos de artistas venidos de fuera de Madrid que Cardamomo trae expresamente para enriquecer su espectáculo. En el tablao flamenco Cardamomo maestros de la guitarra española, prestigiosos cantaores y..." />
<meta property="og:url" content="https://cardamomo.com/pt/show/flamenco-madrid-agosto-2018/" />
<meta property="og:site_name" content="Cardamomo Flamenco Madrid" />
<meta name="twitter:card" content="summary_large_image" />
<meta name="twitter:label1" content="Tempo estimado de leitura" />
	<meta name="twitter:data1" content="1 minuto" />
<script type="application/ld+json" class="yoast-schema-graph">{"@context":"https:\/\/schema.org","@graph":[{"@type":"WebPage","@id":"https:\/\/cardamomo.com\/pt\/show\/flamenco-madrid-agosto-2018\/","url":"https:\/\/cardamomo.com\/pt\/show\/flamenco-madrid-agosto-2018\/","name":"Flamenco Madrid agosto 2018 - Cardamomo Flamenco Madrid","isPartOf":{"@id":"https:\/\/cardamomo.com\/pt\/#website"},"primaryImageOfPage":{"@id":"https:\/\/cardamomo.com\/pt\/show\/flamenco-madrid-agosto-2018\/#primaryimage"},"image":{"@id":"https:\/\/cardamomo.com\/es\/show\/flamenco-madrid-agosto-2018\/#primaryimage"},"thumbnailUrl":"","datePublished":"2018-05-27T14:07:59+00:00","breadcrumb":{"@id":"https:\/\/cardamomo.com\/pt\/show\/flamenco-madrid-agosto-2018\/#breadcrumb"},"inLanguage":"pt-PT","potentialAction":[{"@type":"ReadAction","target":[["https:\/\/cardamomo.com\/pt\/show\/flamenco-madrid-agosto-2018\/"]]}]},{"@type":"ImageObject","inLanguage":"pt-PT","@id":"https:\/\/cardamomo.com\/pt\/show\/flamenco-madrid-agosto-2018\/#primaryimage","url":"","contentUrl":""},{"@type":"BreadcrumbList","@id":"https:\/\/cardamomo.com\/pt\/show\/flamenco-madrid-agosto-2018\/#breadcrumb","itemListElement":[{"@type":"ListItem","position":1,"name":"Cardamomo","item":"https:\/\/cardamomo.com\/pt\/"},{"@type":"ListItem","position":2,"name":"Shows","item":"https:\/\/cardamomo.com\/pt\/show\/"},{"@type":"ListItem","position":3,"name":"Flamenco Madrid agosto 2018"}]},{"@type":"WebSite","@id":"https:\/\/cardamomo.com\/pt\/#website","url":"https:\/\/cardamomo.com\/pt\/","name":"Cardamomo Flamenco Madrid","description":"","potentialAction":[{"@type":"SearchAction","target":{"@type":"EntryPoint","urlTemplate":"https:\/\/cardamomo.com\/pt\/?s={search_term_string}"},"query-input":{"@type":"PropertyValueSpecification","valueRequired":true,"valueName":"search_term_string"}}],"inLanguage":"pt-PT"}]}</script>
<!-- / Yoast SEO plugin. -->

Desculpe, este conteúdo só está disponível em Español e English.Flamenco Madrid. Oportunidad única este mes para disfrutar con la presencia especial de artistas venidos expresamente desde Andalucía. Disfrutaremos de artistas venidos de fuera de Madrid que Cardamomo trae expresamente para enriquecer su espectáculo. En el tablao flamenco Cardamomo maestros de la guitarra española, prestigiosos cantaores y...
