{"id":157979,"date":"2025-11-21T15:18:45","date_gmt":"2025-11-21T14:18:45","guid":{"rendered":"https:\/\/cardamomo.com\/es\/?post_type=show&#038;p=157979"},"modified":"2025-12-03T11:40:07","modified_gmt":"2025-12-03T10:40:07","slug":"noviembre-nos-deja-con-flamenco-en-cardamomo","status":"publish","type":"show","link":"https:\/\/cardamomo.com\/pt\/show\/novembro-flamenco-2\/","title":{"rendered":"Novembro se despede com flamenco no Cardamomo."},"content":{"rendered":"<p><\/p>\n<p data-start=\"5555\" data-end=\"5874\">Nesta \u00faltima semana de <strong data-start=\"5578\" data-end=\"5590\">novembro<\/strong>, no <strong data-start=\"5595\" data-end=\"5608\">Cardamomo<\/strong>, voltamos \u00e0 ess\u00eancia, \u00e0 for\u00e7a do grupo. Reunimos um elenco que \u00e9 pura fam\u00edlia, artistas que se conhecem, se respeitam e se procuram no palco para criar essa magia que n\u00e3o se ensaia. Ao longo destes dias, o nosso palco receber\u00e1 um elenco daqueles que fazem hist\u00f3ria.<\/p>\n<p data-start=\"5876\" data-end=\"6265\">Prepara-te, porque a <strong data-start=\"5897\" data-end=\"5906\">dan\u00e7a<\/strong> ser\u00e1 um verdadeiro vendaval. Juntamos um trio de ases que tira o f\u00f4lego, uma combina\u00e7\u00e3o perfeita de for\u00e7a, eleg\u00e2ncia e duende: a garra de <strong data-start=\"6045\" data-end=\"6062\">Vanesa Coloma<\/strong>, a arte e o comp\u00e1s da nossa diretora art\u00edstica <strong data-start=\"6110\" data-end=\"6136\">Paula Rodr\u00edguez L\u00e1zaro<\/strong>, e a velocidade inconfund\u00edvel do maestro <strong data-start=\"6178\" data-end=\"6195\">Jose Escarp\u00edn<\/strong>. T\u00ea-los juntos \u00e9 um luxo, e a sua cumplicidade vai incendiar o palco.<\/p>\n<p data-start=\"6267\" data-end=\"6598\">O arquiteto do som, quem vai tecer a manta sonora destas noites na <strong data-start=\"6334\" data-end=\"6346\">guitarra<\/strong>, \u00e9 o grande <strong data-start=\"6359\" data-end=\"6378\">Ricardo V\u00e1zquez<\/strong>. O seu toque \u00e9 o colch\u00e3o perfeito para que o canto e a dan\u00e7a possam voar sem medo. E quem traz o cora\u00e7\u00e3o, o motor que marca o ritmo desta festa, \u00e9 uma verdadeira lenda da <strong data-start=\"6550\" data-end=\"6563\">percuss\u00e3o<\/strong>: o inconfund\u00edvel <strong data-start=\"6581\" data-end=\"6597\">Lucky Losada<\/strong>.<\/p>\n<p data-start=\"6600\" data-end=\"6869\">E as vozes\u2026 prepara-te, porque esta semana o <strong data-start=\"6645\" data-end=\"6654\">cante<\/strong> \u00e9 um desfile de gigantes. O nosso palco receber\u00e1 as vozes do grande <strong data-start=\"6723\" data-end=\"6732\">Cancu<\/strong>, o metal e a jondura do maestro <strong data-start=\"6765\" data-end=\"6781\">Diego Amador<\/strong>, e o eco profundo de <strong data-start=\"6803\" data-end=\"6821\">Jos\u00e9 del Calli<\/strong>. Um cartaz de cante capaz de rasgar uma camisa.<\/p>\n<p data-start=\"6871\" data-end=\"7080\">Em resumo, uma semana para sentir o flamenco no seu estado mais puro, nascido da cumplicidade e do respeito entre artistas que se admiram. Isto n\u00e3o \u00e9 um espet\u00e1culo, \u00e9 uma reuni\u00e3o de fam\u00edlia. E est\u00e1s convidado.<\/p>\n<p data-start=\"6871\" data-end=\"7080\"><a href=\"https:\/\/cardamomo.com\/pt\/comprar-entradas\/\"><strong data-start=\"774\" data-end=\"821\">Estamos \u00e0 tua espera em casa, no Cardamomo.<\/strong><\/a><\/p>\n<p><\/p>","protected":false},"featured_media":157980,"template":"","meta":{"_acf_changed":false,"inline_featured_image":false},"class_list":["post-157979","show","type-show","status-publish","has-post-thumbnail","hentry"],"acf":[],"yoast_head":"<!-- This site is optimized with the Yoast SEO plugin v27.4 - https:\/\/yoast.com\/product\/yoast-seo-wordpress\/ -->\n<title>Novembro se despede com flamenco no Cardamomo. - Cardamomo Flamenco Madrid<\/title>\n<meta name=\"description\" content=\"Viva uma semana inesquec\u00edvel no Cardamomo: arte pura, emo\u00e7\u00f5es intensas e um elenco que far\u00e1 hist\u00f3ria. Garanta j\u00e1 o seu lugar.\" \/>\n<meta name=\"robots\" content=\"index, follow, max-snippet:-1, max-image-preview:large, max-video-preview:-1\" \/>\n<link rel=\"canonical\" href=\"\/\" \/>\n<meta property=\"og:locale\" content=\"pt_PT\" \/>\n<meta property=\"og:type\" content=\"article\" \/>\n<meta property=\"og:title\" content=\"Novembro se despede com flamenco no Cardamomo. - Cardamomo Flamenco Madrid\" \/>\n<meta property=\"og:description\" content=\"Viva uma semana inesquec\u00edvel no Cardamomo: arte pura, emo\u00e7\u00f5es intensas e um elenco que far\u00e1 hist\u00f3ria. Garanta j\u00e1 o seu lugar.\" \/>\n<meta property=\"og:url\" content=\"https:\/\/cardamomo.com\/pt\/show\/noviembre-flamenco-2\/\" \/>\n<meta property=\"og:site_name\" content=\"Cardamomo Flamenco Madrid\" \/>\n<meta property=\"article:modified_time\" content=\"2025-12-03T10:40:07+00:00\" \/>\n<meta property=\"og:image\" content=\"https:\/\/cardamomo.ams3.digitaloceanspaces.com\/wp-content\/uploads\/2025\/11\/21153541\/programacion-artistica-cardamomo-24-30-noviembre.jpg\" \/>\n\t<meta property=\"og:image:width\" content=\"1200\" \/>\n\t<meta property=\"og:image:height\" content=\"800\" \/>\n\t<meta property=\"og:image:type\" content=\"image\/jpeg\" \/>\n<meta name=\"twitter:card\" content=\"summary_large_image\" \/>\n<meta name=\"twitter:label1\" content=\"Tempo estimado de leitura\" \/>\n\t<meta name=\"twitter:data1\" content=\"2 minutos\" \/>\n<script type=\"application\/ld+json\" class=\"yoast-schema-graph\">{\"@context\":\"https:\\\/\\\/schema.org\",\"@graph\":[{\"@type\":\"WebPage\",\"@id\":\"https:\\\/\\\/cardamomo.com\\\/pt\\\/show\\\/noviembre-flamenco-2\\\/\",\"url\":\"https:\\\/\\\/cardamomo.com\\\/pt\\\/show\\\/noviembre-flamenco-2\\\/\",\"name\":\"Novembro se despede com flamenco no Cardamomo. - Cardamomo Flamenco Madrid\",\"isPartOf\":{\"@id\":\"https:\\\/\\\/cardamomo.com\\\/pt\\\/#website\"},\"primaryImageOfPage\":{\"@id\":\"https:\\\/\\\/cardamomo.com\\\/pt\\\/show\\\/noviembre-flamenco-2\\\/#primaryimage\"},\"image\":{\"@id\":\"https:\\\/\\\/cardamomo.com\\\/es\\\/show\\\/noviembre-flamenco-2\\\/#primaryimage\"},\"thumbnailUrl\":\"https:\\\/\\\/cardamomo.ams3.digitaloceanspaces.com\\\/wp-content\\\/uploads\\\/2025\\\/11\\\/21153541\\\/programacion-artistica-cardamomo-24-30-noviembre.jpg\",\"datePublished\":\"2025-11-21T14:18:45+00:00\",\"dateModified\":\"2025-12-03T10:40:07+00:00\",\"description\":\"Viva uma semana inesquec\u00edvel no Cardamomo: arte pura, emo\u00e7\u00f5es intensas e um elenco que far\u00e1 hist\u00f3ria. Garanta j\u00e1 o seu lugar.\",\"breadcrumb\":{\"@id\":\"https:\\\/\\\/cardamomo.com\\\/pt\\\/show\\\/noviembre-flamenco-2\\\/#breadcrumb\"},\"inLanguage\":\"pt-PT\",\"potentialAction\":[{\"@type\":\"ReadAction\",\"target\":[[\"https:\\\/\\\/cardamomo.com\\\/pt\\\/show\\\/noviembre-flamenco-2\\\/\"]]}]},{\"@type\":\"ImageObject\",\"inLanguage\":\"pt-PT\",\"@id\":\"https:\\\/\\\/cardamomo.com\\\/pt\\\/show\\\/noviembre-flamenco-2\\\/#primaryimage\",\"url\":\"https:\\\/\\\/cardamomo.ams3.digitaloceanspaces.com\\\/wp-content\\\/uploads\\\/2025\\\/11\\\/21153541\\\/programacion-artistica-cardamomo-24-30-noviembre.jpg\",\"contentUrl\":\"https:\\\/\\\/cardamomo.ams3.digitaloceanspaces.com\\\/wp-content\\\/uploads\\\/2025\\\/11\\\/21153541\\\/programacion-artistica-cardamomo-24-30-noviembre.jpg\",\"width\":1200,\"height\":800,\"caption\":\"Programacio\u0301n Arti\u0301stica Cardamomo 24-30 Noviembre\"},{\"@type\":\"BreadcrumbList\",\"@id\":\"https:\\\/\\\/cardamomo.com\\\/pt\\\/show\\\/noviembre-flamenco-2\\\/#breadcrumb\",\"itemListElement\":[{\"@type\":\"ListItem\",\"position\":1,\"name\":\"Cardamomo\",\"item\":\"https:\\\/\\\/cardamomo.com\\\/pt\\\/\"},{\"@type\":\"ListItem\",\"position\":2,\"name\":\"Shows\",\"item\":\"https:\\\/\\\/cardamomo.com\\\/pt\\\/show\\\/\"},{\"@type\":\"ListItem\",\"position\":3,\"name\":\"Noviembre nos deja con Flamenco en Cardamomo\"}]},{\"@type\":\"WebSite\",\"@id\":\"https:\\\/\\\/cardamomo.com\\\/pt\\\/#website\",\"url\":\"https:\\\/\\\/cardamomo.com\\\/pt\\\/\",\"name\":\"Cardamomo Flamenco Madrid\",\"description\":\"\",\"potentialAction\":[{\"@type\":\"SearchAction\",\"target\":{\"@type\":\"EntryPoint\",\"urlTemplate\":\"https:\\\/\\\/cardamomo.com\\\/pt\\\/?s={search_term_string}\"},\"query-input\":{\"@type\":\"PropertyValueSpecification\",\"valueRequired\":true,\"valueName\":\"search_term_string\"}}],\"inLanguage\":\"pt-PT\"}]}<\/script>\n<!-- \/ Yoast SEO plugin. -->","yoast_head_json":{"title":"Novembro se despede com flamenco no Cardamomo. - Cardamomo Flamenco Madrid","description":"Viva uma semana inesquec\u00edvel no Cardamomo: arte pura, emo\u00e7\u00f5es intensas e um elenco que far\u00e1 hist\u00f3ria. Garanta j\u00e1 o seu lugar.","robots":{"index":"index","follow":"follow","max-snippet":"max-snippet:-1","max-image-preview":"max-image-preview:large","max-video-preview":"max-video-preview:-1"},"canonical":"\/","og_locale":"pt_PT","og_type":"article","og_title":"Novembro se despede com flamenco no Cardamomo. - Cardamomo Flamenco Madrid","og_description":"Viva uma semana inesquec\u00edvel no Cardamomo: arte pura, emo\u00e7\u00f5es intensas e um elenco que far\u00e1 hist\u00f3ria. Garanta j\u00e1 o seu lugar.","og_url":"https:\/\/cardamomo.com\/pt\/show\/noviembre-flamenco-2\/","og_site_name":"Cardamomo Flamenco Madrid","article_modified_time":"2025-12-03T10:40:07+00:00","og_image":[{"width":1200,"height":800,"url":"https:\/\/cardamomo.ams3.digitaloceanspaces.com\/wp-content\/uploads\/2025\/11\/21153541\/programacion-artistica-cardamomo-24-30-noviembre.jpg","type":"image\/jpeg"}],"twitter_card":"summary_large_image","twitter_misc":{"Tempo estimado de leitura":"2 minutos"},"schema":{"@context":"https:\/\/schema.org","@graph":[{"@type":"WebPage","@id":"https:\/\/cardamomo.com\/pt\/show\/noviembre-flamenco-2\/","url":"https:\/\/cardamomo.com\/pt\/show\/noviembre-flamenco-2\/","name":"Novembro se despede com flamenco no Cardamomo. - Cardamomo Flamenco Madrid","isPartOf":{"@id":"https:\/\/cardamomo.com\/pt\/#website"},"primaryImageOfPage":{"@id":"https:\/\/cardamomo.com\/pt\/show\/noviembre-flamenco-2\/#primaryimage"},"image":{"@id":"https:\/\/cardamomo.com\/es\/show\/noviembre-flamenco-2\/#primaryimage"},"thumbnailUrl":"https:\/\/cardamomo.ams3.digitaloceanspaces.com\/wp-content\/uploads\/2025\/11\/21153541\/programacion-artistica-cardamomo-24-30-noviembre.jpg","datePublished":"2025-11-21T14:18:45+00:00","dateModified":"2025-12-03T10:40:07+00:00","description":"Viva uma semana inesquec\u00edvel no Cardamomo: arte pura, emo\u00e7\u00f5es intensas e um elenco que far\u00e1 hist\u00f3ria. Garanta j\u00e1 o seu lugar.","breadcrumb":{"@id":"https:\/\/cardamomo.com\/pt\/show\/noviembre-flamenco-2\/#breadcrumb"},"inLanguage":"pt-PT","potentialAction":[{"@type":"ReadAction","target":[["https:\/\/cardamomo.com\/pt\/show\/noviembre-flamenco-2\/"]]}]},{"@type":"ImageObject","inLanguage":"pt-PT","@id":"https:\/\/cardamomo.com\/pt\/show\/noviembre-flamenco-2\/#primaryimage","url":"https:\/\/cardamomo.ams3.digitaloceanspaces.com\/wp-content\/uploads\/2025\/11\/21153541\/programacion-artistica-cardamomo-24-30-noviembre.jpg","contentUrl":"https:\/\/cardamomo.ams3.digitaloceanspaces.com\/wp-content\/uploads\/2025\/11\/21153541\/programacion-artistica-cardamomo-24-30-noviembre.jpg","width":1200,"height":800,"caption":"Programacio\u0301n Arti\u0301stica Cardamomo 24-30 Noviembre"},{"@type":"BreadcrumbList","@id":"https:\/\/cardamomo.com\/pt\/show\/noviembre-flamenco-2\/#breadcrumb","itemListElement":[{"@type":"ListItem","position":1,"name":"Cardamomo","item":"https:\/\/cardamomo.com\/pt\/"},{"@type":"ListItem","position":2,"name":"Shows","item":"https:\/\/cardamomo.com\/pt\/show\/"},{"@type":"ListItem","position":3,"name":"Noviembre nos deja con Flamenco en Cardamomo"}]},{"@type":"WebSite","@id":"https:\/\/cardamomo.com\/pt\/#website","url":"https:\/\/cardamomo.com\/pt\/","name":"Cardamomo Flamenco Madrid","description":"","potentialAction":[{"@type":"SearchAction","target":{"@type":"EntryPoint","urlTemplate":"https:\/\/cardamomo.com\/pt\/?s={search_term_string}"},"query-input":{"@type":"PropertyValueSpecification","valueRequired":true,"valueName":"search_term_string"}}],"inLanguage":"pt-PT"}]}},"_links":{"self":[{"href":"https:\/\/cardamomo.com\/pt\/wp-json\/wp\/v2\/show\/157979","targetHints":{"allow":["GET"]}}],"collection":[{"href":"https:\/\/cardamomo.com\/pt\/wp-json\/wp\/v2\/show"}],"about":[{"href":"https:\/\/cardamomo.com\/pt\/wp-json\/wp\/v2\/types\/show"}],"wp:featuredmedia":[{"embeddable":true,"href":"https:\/\/cardamomo.com\/pt\/wp-json\/wp\/v2\/media\/157980"}],"wp:attachment":[{"href":"https:\/\/cardamomo.com\/pt\/wp-json\/wp\/v2\/media?parent=157979"}],"curies":[{"name":"wp","href":"https:\/\/api.w.org\/{rel}","templated":true}]}}

<p></p>
<p data-start="5555" data-end="5874">Nesta última semana de <strong data-start="5578" data-end="5590">novembro</strong>, no <strong data-start="5595" data-end="5608">Cardamomo</strong>, voltamos à essência, à força do grupo. Reunimos um elenco que é pura família, artistas que se conhecem, se respeitam e se procuram no palco para criar essa magia que não se ensaia. Ao longo destes dias, o nosso palco receberá um elenco daqueles que fazem história.</p>
<p data-start="5876" data-end="6265">Prepara-te, porque a <strong data-start="5897" data-end="5906">dança</strong> será um verdadeiro vendaval. Juntamos um trio de ases que tira o fôlego, uma combinação perfeita de força, elegância e duende: a garra de <strong data-start="6045" data-end="6062">Vanesa Coloma</strong>, a arte e o compás da nossa diretora artística <strong data-start="6110" data-end="6136">Paula Rodríguez Lázaro</strong>, e a velocidade inconfundível do maestro <strong data-start="6178" data-end="6195">Jose Escarpín</strong>. Tê-los juntos é um luxo, e a sua cumplicidade vai incendiar o palco.</p>
<p data-start="6267" data-end="6598">O arquiteto do som, quem vai tecer a manta sonora destas noites na <strong data-start="6334" data-end="6346">guitarra</strong>, é o grande <strong data-start="6359" data-end="6378">Ricardo Vázquez</strong>. O seu toque é o colchão perfeito para que o canto e a dança possam voar sem medo. E quem traz o coração, o motor que marca o ritmo desta festa, é uma verdadeira lenda da <strong data-start="6550" data-end="6563">percussão</strong>: o inconfundível <strong data-start="6581" data-end="6597">Lucky Losada</strong>.</p>
<p data-start="6600" data-end="6869">E as vozes… prepara-te, porque esta semana o <strong data-start="6645" data-end="6654">cante</strong> é um desfile de gigantes. O nosso palco receberá as vozes do grande <strong data-start="6723" data-end="6732">Cancu</strong>, o metal e a jondura do maestro <strong data-start="6765" data-end="6781">Diego Amador</strong>, e o eco profundo de <strong data-start="6803" data-end="6821">José del Calli</strong>. Um cartaz de cante capaz de rasgar uma camisa.</p>
<p data-start="6871" data-end="7080">Em resumo, uma semana para sentir o flamenco no seu estado mais puro, nascido da cumplicidade e do respeito entre artistas que se admiram. Isto não é um espetáculo, é uma reunião de família. E estás convidado.</p>
<p data-start="6871" data-end="7080"><a href="https://cardamomo.com/pt/comprar-entradas/"><strong data-start="774" data-end="821">Estamos à tua espera em casa, no Cardamomo.</strong></a></p>
<p></p>

<!-- This site is optimized with the Yoast SEO plugin v27.4 - https://yoast.com/product/yoast-seo-wordpress/ -->
<title>Novembro se despede com flamenco no Cardamomo. - Cardamomo Flamenco Madrid</title>
<meta name="description" content="Viva uma semana inesquecível no Cardamomo: arte pura, emoções intensas e um elenco que fará história. Garanta já o seu lugar." />
<meta name="robots" content="index, follow, max-snippet:-1, max-image-preview:large, max-video-preview:-1" />
<link rel="canonical" href="/" />
<meta property="og:locale" content="pt_PT" />
<meta property="og:type" content="article" />
<meta property="og:title" content="Novembro se despede com flamenco no Cardamomo. - Cardamomo Flamenco Madrid" />
<meta property="og:description" content="Viva uma semana inesquecível no Cardamomo: arte pura, emoções intensas e um elenco que fará história. Garanta já o seu lugar." />
<meta property="og:url" content="https://cardamomo.com/pt/show/noviembre-flamenco-2/" />
<meta property="og:site_name" content="Cardamomo Flamenco Madrid" />
<meta property="article:modified_time" content="2025-12-03T10:40:07+00:00" />
<meta property="og:image" content="https://cardamomo.ams3.digitaloceanspaces.com/wp-content/uploads/2025/11/21153541/programacion-artistica-cardamomo-24-30-noviembre.jpg" />
	<meta property="og:image:width" content="1200" />
	<meta property="og:image:height" content="800" />
	<meta property="og:image:type" content="image/jpeg" />
<meta name="twitter:card" content="summary_large_image" />
<meta name="twitter:label1" content="Tempo estimado de leitura" />
	<meta name="twitter:data1" content="2 minutos" />
<script type="application/ld+json" class="yoast-schema-graph">{"@context":"https:\/\/schema.org","@graph":[{"@type":"WebPage","@id":"https:\/\/cardamomo.com\/pt\/show\/noviembre-flamenco-2\/","url":"https:\/\/cardamomo.com\/pt\/show\/noviembre-flamenco-2\/","name":"Novembro se despede com flamenco no Cardamomo. - Cardamomo Flamenco Madrid","isPartOf":{"@id":"https:\/\/cardamomo.com\/pt\/#website"},"primaryImageOfPage":{"@id":"https:\/\/cardamomo.com\/pt\/show\/noviembre-flamenco-2\/#primaryimage"},"image":{"@id":"https:\/\/cardamomo.com\/es\/show\/noviembre-flamenco-2\/#primaryimage"},"thumbnailUrl":"https:\/\/cardamomo.ams3.digitaloceanspaces.com\/wp-content\/uploads\/2025\/11\/21153541\/programacion-artistica-cardamomo-24-30-noviembre.jpg","datePublished":"2025-11-21T14:18:45+00:00","dateModified":"2025-12-03T10:40:07+00:00","description":"Viva uma semana inesquecível no Cardamomo: arte pura, emoções intensas e um elenco que fará história. Garanta já o seu lugar.","breadcrumb":{"@id":"https:\/\/cardamomo.com\/pt\/show\/noviembre-flamenco-2\/#breadcrumb"},"inLanguage":"pt-PT","potentialAction":[{"@type":"ReadAction","target":[["https:\/\/cardamomo.com\/pt\/show\/noviembre-flamenco-2\/"]]}]},{"@type":"ImageObject","inLanguage":"pt-PT","@id":"https:\/\/cardamomo.com\/pt\/show\/noviembre-flamenco-2\/#primaryimage","url":"https:\/\/cardamomo.ams3.digitaloceanspaces.com\/wp-content\/uploads\/2025\/11\/21153541\/programacion-artistica-cardamomo-24-30-noviembre.jpg","contentUrl":"https:\/\/cardamomo.ams3.digitaloceanspaces.com\/wp-content\/uploads\/2025\/11\/21153541\/programacion-artistica-cardamomo-24-30-noviembre.jpg","width":1200,"height":800,"caption":"Programación Artística Cardamomo 24-30 Noviembre"},{"@type":"BreadcrumbList","@id":"https:\/\/cardamomo.com\/pt\/show\/noviembre-flamenco-2\/#breadcrumb","itemListElement":[{"@type":"ListItem","position":1,"name":"Cardamomo","item":"https:\/\/cardamomo.com\/pt\/"},{"@type":"ListItem","position":2,"name":"Shows","item":"https:\/\/cardamomo.com\/pt\/show\/"},{"@type":"ListItem","position":3,"name":"Noviembre nos deja con Flamenco en Cardamomo"}]},{"@type":"WebSite","@id":"https:\/\/cardamomo.com\/pt\/#website","url":"https:\/\/cardamomo.com\/pt\/","name":"Cardamomo Flamenco Madrid","description":"","potentialAction":[{"@type":"SearchAction","target":{"@type":"EntryPoint","urlTemplate":"https:\/\/cardamomo.com\/pt\/?s={search_term_string}"},"query-input":{"@type":"PropertyValueSpecification","valueRequired":true,"valueName":"search_term_string"}}],"inLanguage":"pt-PT"}]}</script>
<!-- / Yoast SEO plugin. -->

Viva uma semana inesquecível no Cardamomo: arte pura, emoções intensas e um elenco que fará história. Garanta já o seu lugar.
