{"id":157974,"date":"2025-11-17T10:26:01","date_gmt":"2025-11-17T09:26:01","guid":{"rendered":"https:\/\/cardamomo.com\/es\/?post_type=show&#038;p=157974"},"modified":"2025-11-27T14:11:04","modified_gmt":"2025-11-27T13:11:04","slug":"esta-semana-cardamomo-presenta-un-vendaval-de-talento-flamenco","status":"publish","type":"show","link":"https:\/\/cardamomo.com\/pt\/show\/semana-tempestade-flamenco\/","title":{"rendered":"Esta semana, o Cardamomo apresenta um vendaval de talento flamenco."},"content":{"rendered":"<p><\/p>\n<p data-start=\"2385\" data-end=\"2733\">Esta semana, de <strong data-start=\"2401\" data-end=\"2424\">17 a 23 de novembro<\/strong>, o palco do <strong data-start=\"2437\" data-end=\"2450\">Cardamomo<\/strong> transforma-se num ponto de encontro, um cruzamento onde se re\u00fanem alguns dos nomes mais fortes do flamenco. Reunimos uma verdadeira fam\u00edlia de artistas extraordin\u00e1rios, um elenco de primeira linha que garante, todas as noites, uma oportunidade \u00fanica de viver a magia deste encontro.<\/p>\n<p data-start=\"2735\" data-end=\"3180\">Prepara-te, porque o <strong data-start=\"2756\" data-end=\"2765\">baile<\/strong> ser\u00e1 um verdadeiro vendaval. Ao longo destes sete dias, passar\u00e3o pelo nosso palco tit\u00e3s do flamenco: a for\u00e7a arrebatadora de <strong data-start=\"2891\" data-end=\"2899\">Yiyo<\/strong>, o fogo de <strong data-start=\"2911\" data-end=\"2921\">Rapico<\/strong>, a eleg\u00e2ncia de <strong data-start=\"2938\" data-end=\"2964\">Paula Rodr\u00edguez L\u00e1zaro<\/strong>, o duende de <strong data-start=\"2978\" data-end=\"3001\">Angelita Espa\u00f1adero<\/strong>, a arte de <strong data-start=\"3013\" data-end=\"3034\">Estefan\u00eda Narv\u00e1ez<\/strong>, a pot\u00eancia de <strong data-start=\"3050\" data-end=\"3069\">Clara Guti\u00e9rrez<\/strong> e a chispa de <strong data-start=\"3084\" data-end=\"3093\">Tachu<\/strong>. Imagina o que pode acontecer quando todos estes monstros compartilham o mesmo espa\u00e7o.<\/p>\n<p data-start=\"3182\" data-end=\"3421\">O fio condutor desta loucura, a paisagem sonora que tornar\u00e1 tudo poss\u00edvel, estar\u00e1 nas m\u00e3os de um mestre da <strong data-start=\"3289\" data-end=\"3301\">guitarra<\/strong>: o grande <strong data-start=\"3312\" data-end=\"3329\">Mario Montoya<\/strong>. Ele ser\u00e1 respons\u00e1vel por tecer os sons que permitir\u00e3o a todo este talento voar livremente.<\/p>\n<p data-start=\"3423\" data-end=\"3645\">E as vozes\u2026 ah, as vozes! O <strong data-start=\"3451\" data-end=\"3460\">cante<\/strong> esta semana ser\u00e1 um di\u00e1logo constante entre almas ciganas: o eco profundo de <strong data-start=\"3538\" data-end=\"3554\">Jacob Quir\u00f3s<\/strong>, a emo\u00e7\u00e3o de <strong data-start=\"3568\" data-end=\"3590\">Antonio de Manuela<\/strong>, o fogo de <strong data-start=\"3602\" data-end=\"3615\">Jua\u00f1arito<\/strong> e a for\u00e7a vocal de <strong data-start=\"3635\" data-end=\"3644\">Calli<\/strong>.<\/p>\n<p data-start=\"3647\" data-end=\"3844\">O compasso desta festa, o ritmo da <strong data-start=\"3682\" data-end=\"3695\">percuss\u00e3o<\/strong>, estar\u00e1 nas m\u00e3os de dois gigantes: <strong data-start=\"3731\" data-end=\"3746\">Iv\u00e1n Losada<\/strong> e o maestro <strong data-start=\"3759\" data-end=\"3769\">Lamela<\/strong>, que sabem exatamente como fazer o cora\u00e7\u00e3o bater no compasso das buler\u00edas.<\/p>\n<p data-start=\"3846\" data-end=\"4002\">Em resumo: uma semana para vir com os olhos e os ouvidos bem abertos, porque o talento vai transbordar do palco. Isto \u00e9 flamenco puro. Isto \u00e9 <strong data-start=\"3988\" data-end=\"4001\">Cardamomo<\/strong>.<\/p>\n<p data-start=\"333\" data-end=\"361\"><a href=\"https:\/\/cardamomo.com\/pt\/comprar-entradas\/\"><strong>Vem visitar-nos esta semana.<\/strong><\/a><\/p>\n<h2 data-start=\"363\" data-end=\"383\"><\/h2>\n<p><\/p>","protected":false},"featured_media":157975,"template":"","meta":{"_acf_changed":false,"inline_featured_image":false},"class_list":["post-157974","show","type-show","status-publish","has-post-thumbnail","hentry"],"acf":[],"yoast_head":"<!-- This site is optimized with the Yoast SEO plugin v27.4 - https:\/\/yoast.com\/product\/yoast-seo-wordpress\/ -->\n<title>Esta semana, o Cardamomo apresenta um vendaval de talento flamenco. - Cardamomo Flamenco Madrid<\/title>\n<meta name=\"robots\" content=\"index, follow, max-snippet:-1, max-image-preview:large, max-video-preview:-1\" \/>\n<link rel=\"canonical\" href=\"\/\" \/>\n<meta property=\"og:locale\" content=\"pt_PT\" \/>\n<meta property=\"og:type\" content=\"article\" \/>\n<meta property=\"og:title\" content=\"Esta semana, o Cardamomo apresenta um vendaval de talento flamenco. - Cardamomo Flamenco Madrid\" \/>\n<meta property=\"og:description\" content=\"Esta semana, de 17 a 23 de novembro, o palco do Cardamomo transforma-se num ponto de encontro, um cruzamento onde se re\u00fanem alguns dos nomes mais fortes do flamenco. Reunimos uma verdadeira fam\u00edlia de artistas extraordin\u00e1rios, um elenco de primeira linha que garante, todas as noites, uma oportunidade \u00fanica de viver a magia deste encontro....\" \/>\n<meta property=\"og:url\" content=\"https:\/\/cardamomo.com\/pt\/show\/semana-vendaval-flamenco\/\" \/>\n<meta property=\"og:site_name\" content=\"Cardamomo Flamenco Madrid\" \/>\n<meta property=\"article:modified_time\" content=\"2025-11-27T13:11:04+00:00\" \/>\n<meta property=\"og:image\" content=\"https:\/\/cardamomo.ams3.digitaloceanspaces.com\/wp-content\/uploads\/2025\/11\/17102554\/programacion-cardamomo-17-23-noviembre.jpg\" \/>\n\t<meta property=\"og:image:width\" content=\"1200\" \/>\n\t<meta property=\"og:image:height\" content=\"800\" \/>\n\t<meta property=\"og:image:type\" content=\"image\/jpeg\" \/>\n<meta name=\"twitter:card\" content=\"summary_large_image\" \/>\n<meta name=\"twitter:label1\" content=\"Tempo estimado de leitura\" \/>\n\t<meta name=\"twitter:data1\" content=\"1 minuto\" \/>\n<script type=\"application\/ld+json\" class=\"yoast-schema-graph\">{\"@context\":\"https:\\\/\\\/schema.org\",\"@graph\":[{\"@type\":\"WebPage\",\"@id\":\"https:\\\/\\\/cardamomo.com\\\/pt\\\/show\\\/semana-vendaval-flamenco\\\/\",\"url\":\"https:\\\/\\\/cardamomo.com\\\/pt\\\/show\\\/semana-vendaval-flamenco\\\/\",\"name\":\"Esta semana, o Cardamomo apresenta um vendaval de talento flamenco. - Cardamomo Flamenco Madrid\",\"isPartOf\":{\"@id\":\"https:\\\/\\\/cardamomo.com\\\/pt\\\/#website\"},\"primaryImageOfPage\":{\"@id\":\"https:\\\/\\\/cardamomo.com\\\/pt\\\/show\\\/semana-vendaval-flamenco\\\/#primaryimage\"},\"image\":{\"@id\":\"https:\\\/\\\/cardamomo.com\\\/es\\\/show\\\/semana-vendaval-flamenco\\\/#primaryimage\"},\"thumbnailUrl\":\"https:\\\/\\\/cardamomo.ams3.digitaloceanspaces.com\\\/wp-content\\\/uploads\\\/2025\\\/11\\\/17102554\\\/programacion-cardamomo-17-23-noviembre.jpg\",\"datePublished\":\"2025-11-17T09:26:01+00:00\",\"dateModified\":\"2025-11-27T13:11:04+00:00\",\"breadcrumb\":{\"@id\":\"https:\\\/\\\/cardamomo.com\\\/pt\\\/show\\\/semana-vendaval-flamenco\\\/#breadcrumb\"},\"inLanguage\":\"pt-PT\",\"potentialAction\":[{\"@type\":\"ReadAction\",\"target\":[[\"https:\\\/\\\/cardamomo.com\\\/pt\\\/show\\\/semana-vendaval-flamenco\\\/\"]]}]},{\"@type\":\"ImageObject\",\"inLanguage\":\"pt-PT\",\"@id\":\"https:\\\/\\\/cardamomo.com\\\/pt\\\/show\\\/semana-vendaval-flamenco\\\/#primaryimage\",\"url\":\"https:\\\/\\\/cardamomo.ams3.digitaloceanspaces.com\\\/wp-content\\\/uploads\\\/2025\\\/11\\\/17102554\\\/programacion-cardamomo-17-23-noviembre.jpg\",\"contentUrl\":\"https:\\\/\\\/cardamomo.ams3.digitaloceanspaces.com\\\/wp-content\\\/uploads\\\/2025\\\/11\\\/17102554\\\/programacion-cardamomo-17-23-noviembre.jpg\",\"width\":1200,\"height\":800,\"caption\":\"Programacio\u0301n Cardamomo 17-23 Noviembre\"},{\"@type\":\"BreadcrumbList\",\"@id\":\"https:\\\/\\\/cardamomo.com\\\/pt\\\/show\\\/semana-vendaval-flamenco\\\/#breadcrumb\",\"itemListElement\":[{\"@type\":\"ListItem\",\"position\":1,\"name\":\"Cardamomo\",\"item\":\"https:\\\/\\\/cardamomo.com\\\/pt\\\/\"},{\"@type\":\"ListItem\",\"position\":2,\"name\":\"Shows\",\"item\":\"https:\\\/\\\/cardamomo.com\\\/pt\\\/show\\\/\"},{\"@type\":\"ListItem\",\"position\":3,\"name\":\"Esta semana Cardamomo presenta un vendaval de talento Flamenco\"}]},{\"@type\":\"WebSite\",\"@id\":\"https:\\\/\\\/cardamomo.com\\\/pt\\\/#website\",\"url\":\"https:\\\/\\\/cardamomo.com\\\/pt\\\/\",\"name\":\"Cardamomo Flamenco Madrid\",\"description\":\"\",\"potentialAction\":[{\"@type\":\"SearchAction\",\"target\":{\"@type\":\"EntryPoint\",\"urlTemplate\":\"https:\\\/\\\/cardamomo.com\\\/pt\\\/?s={search_term_string}\"},\"query-input\":{\"@type\":\"PropertyValueSpecification\",\"valueRequired\":true,\"valueName\":\"search_term_string\"}}],\"inLanguage\":\"pt-PT\"}]}<\/script>\n<!-- \/ Yoast SEO plugin. -->","yoast_head_json":{"title":"Esta semana, o Cardamomo apresenta um vendaval de talento flamenco. - Cardamomo Flamenco Madrid","robots":{"index":"index","follow":"follow","max-snippet":"max-snippet:-1","max-image-preview":"max-image-preview:large","max-video-preview":"max-video-preview:-1"},"canonical":"\/","og_locale":"pt_PT","og_type":"article","og_title":"Esta semana, o Cardamomo apresenta um vendaval de talento flamenco. - Cardamomo Flamenco Madrid","og_description":"Esta semana, de 17 a 23 de novembro, o palco do Cardamomo transforma-se num ponto de encontro, um cruzamento onde se re\u00fanem alguns dos nomes mais fortes do flamenco. Reunimos uma verdadeira fam\u00edlia de artistas extraordin\u00e1rios, um elenco de primeira linha que garante, todas as noites, uma oportunidade \u00fanica de viver a magia deste encontro....","og_url":"https:\/\/cardamomo.com\/pt\/show\/semana-vendaval-flamenco\/","og_site_name":"Cardamomo Flamenco Madrid","article_modified_time":"2025-11-27T13:11:04+00:00","og_image":[{"width":1200,"height":800,"url":"https:\/\/cardamomo.ams3.digitaloceanspaces.com\/wp-content\/uploads\/2025\/11\/17102554\/programacion-cardamomo-17-23-noviembre.jpg","type":"image\/jpeg"}],"twitter_card":"summary_large_image","twitter_misc":{"Tempo estimado de leitura":"1 minuto"},"schema":{"@context":"https:\/\/schema.org","@graph":[{"@type":"WebPage","@id":"https:\/\/cardamomo.com\/pt\/show\/semana-vendaval-flamenco\/","url":"https:\/\/cardamomo.com\/pt\/show\/semana-vendaval-flamenco\/","name":"Esta semana, o Cardamomo apresenta um vendaval de talento flamenco. - Cardamomo Flamenco Madrid","isPartOf":{"@id":"https:\/\/cardamomo.com\/pt\/#website"},"primaryImageOfPage":{"@id":"https:\/\/cardamomo.com\/pt\/show\/semana-vendaval-flamenco\/#primaryimage"},"image":{"@id":"https:\/\/cardamomo.com\/es\/show\/semana-vendaval-flamenco\/#primaryimage"},"thumbnailUrl":"https:\/\/cardamomo.ams3.digitaloceanspaces.com\/wp-content\/uploads\/2025\/11\/17102554\/programacion-cardamomo-17-23-noviembre.jpg","datePublished":"2025-11-17T09:26:01+00:00","dateModified":"2025-11-27T13:11:04+00:00","breadcrumb":{"@id":"https:\/\/cardamomo.com\/pt\/show\/semana-vendaval-flamenco\/#breadcrumb"},"inLanguage":"pt-PT","potentialAction":[{"@type":"ReadAction","target":[["https:\/\/cardamomo.com\/pt\/show\/semana-vendaval-flamenco\/"]]}]},{"@type":"ImageObject","inLanguage":"pt-PT","@id":"https:\/\/cardamomo.com\/pt\/show\/semana-vendaval-flamenco\/#primaryimage","url":"https:\/\/cardamomo.ams3.digitaloceanspaces.com\/wp-content\/uploads\/2025\/11\/17102554\/programacion-cardamomo-17-23-noviembre.jpg","contentUrl":"https:\/\/cardamomo.ams3.digitaloceanspaces.com\/wp-content\/uploads\/2025\/11\/17102554\/programacion-cardamomo-17-23-noviembre.jpg","width":1200,"height":800,"caption":"Programacio\u0301n Cardamomo 17-23 Noviembre"},{"@type":"BreadcrumbList","@id":"https:\/\/cardamomo.com\/pt\/show\/semana-vendaval-flamenco\/#breadcrumb","itemListElement":[{"@type":"ListItem","position":1,"name":"Cardamomo","item":"https:\/\/cardamomo.com\/pt\/"},{"@type":"ListItem","position":2,"name":"Shows","item":"https:\/\/cardamomo.com\/pt\/show\/"},{"@type":"ListItem","position":3,"name":"Esta semana Cardamomo presenta un vendaval de talento Flamenco"}]},{"@type":"WebSite","@id":"https:\/\/cardamomo.com\/pt\/#website","url":"https:\/\/cardamomo.com\/pt\/","name":"Cardamomo Flamenco Madrid","description":"","potentialAction":[{"@type":"SearchAction","target":{"@type":"EntryPoint","urlTemplate":"https:\/\/cardamomo.com\/pt\/?s={search_term_string}"},"query-input":{"@type":"PropertyValueSpecification","valueRequired":true,"valueName":"search_term_string"}}],"inLanguage":"pt-PT"}]}},"_links":{"self":[{"href":"https:\/\/cardamomo.com\/pt\/wp-json\/wp\/v2\/show\/157974","targetHints":{"allow":["GET"]}}],"collection":[{"href":"https:\/\/cardamomo.com\/pt\/wp-json\/wp\/v2\/show"}],"about":[{"href":"https:\/\/cardamomo.com\/pt\/wp-json\/wp\/v2\/types\/show"}],"wp:featuredmedia":[{"embeddable":true,"href":"https:\/\/cardamomo.com\/pt\/wp-json\/wp\/v2\/media\/157975"}],"wp:attachment":[{"href":"https:\/\/cardamomo.com\/pt\/wp-json\/wp\/v2\/media?parent=157974"}],"curies":[{"name":"wp","href":"https:\/\/api.w.org\/{rel}","templated":true}]}}

<p></p>
<p data-start="2385" data-end="2733">Esta semana, de <strong data-start="2401" data-end="2424">17 a 23 de novembro</strong>, o palco do <strong data-start="2437" data-end="2450">Cardamomo</strong> transforma-se num ponto de encontro, um cruzamento onde se reúnem alguns dos nomes mais fortes do flamenco. Reunimos uma verdadeira família de artistas extraordinários, um elenco de primeira linha que garante, todas as noites, uma oportunidade única de viver a magia deste encontro.</p>
<p data-start="2735" data-end="3180">Prepara-te, porque o <strong data-start="2756" data-end="2765">baile</strong> será um verdadeiro vendaval. Ao longo destes sete dias, passarão pelo nosso palco titãs do flamenco: a força arrebatadora de <strong data-start="2891" data-end="2899">Yiyo</strong>, o fogo de <strong data-start="2911" data-end="2921">Rapico</strong>, a elegância de <strong data-start="2938" data-end="2964">Paula Rodríguez Lázaro</strong>, o duende de <strong data-start="2978" data-end="3001">Angelita Españadero</strong>, a arte de <strong data-start="3013" data-end="3034">Estefanía Narváez</strong>, a potência de <strong data-start="3050" data-end="3069">Clara Gutiérrez</strong> e a chispa de <strong data-start="3084" data-end="3093">Tachu</strong>. Imagina o que pode acontecer quando todos estes monstros compartilham o mesmo espaço.</p>
<p data-start="3182" data-end="3421">O fio condutor desta loucura, a paisagem sonora que tornará tudo possível, estará nas mãos de um mestre da <strong data-start="3289" data-end="3301">guitarra</strong>: o grande <strong data-start="3312" data-end="3329">Mario Montoya</strong>. Ele será responsável por tecer os sons que permitirão a todo este talento voar livremente.</p>
<p data-start="3423" data-end="3645">E as vozes… ah, as vozes! O <strong data-start="3451" data-end="3460">cante</strong> esta semana será um diálogo constante entre almas ciganas: o eco profundo de <strong data-start="3538" data-end="3554">Jacob Quirós</strong>, a emoção de <strong data-start="3568" data-end="3590">Antonio de Manuela</strong>, o fogo de <strong data-start="3602" data-end="3615">Juañarito</strong> e a força vocal de <strong data-start="3635" data-end="3644">Calli</strong>.</p>
<p data-start="3647" data-end="3844">O compasso desta festa, o ritmo da <strong data-start="3682" data-end="3695">percussão</strong>, estará nas mãos de dois gigantes: <strong data-start="3731" data-end="3746">Iván Losada</strong> e o maestro <strong data-start="3759" data-end="3769">Lamela</strong>, que sabem exatamente como fazer o coração bater no compasso das bulerías.</p>
<p data-start="3846" data-end="4002">Em resumo: uma semana para vir com os olhos e os ouvidos bem abertos, porque o talento vai transbordar do palco. Isto é flamenco puro. Isto é <strong data-start="3988" data-end="4001">Cardamomo</strong>.</p>
<p data-start="333" data-end="361"><a href="https://cardamomo.com/pt/comprar-entradas/"><strong>Vem visitar-nos esta semana.</strong></a></p>
<h2 data-start="363" data-end="383"></h2>
<p></p>

<!-- This site is optimized with the Yoast SEO plugin v27.4 - https://yoast.com/product/yoast-seo-wordpress/ -->
<title>Esta semana, o Cardamomo apresenta um vendaval de talento flamenco. - Cardamomo Flamenco Madrid</title>
<meta name="robots" content="index, follow, max-snippet:-1, max-image-preview:large, max-video-preview:-1" />
<link rel="canonical" href="/" />
<meta property="og:locale" content="pt_PT" />
<meta property="og:type" content="article" />
<meta property="og:title" content="Esta semana, o Cardamomo apresenta um vendaval de talento flamenco. - Cardamomo Flamenco Madrid" />
<meta property="og:description" content="Esta semana, de 17 a 23 de novembro, o palco do Cardamomo transforma-se num ponto de encontro, um cruzamento onde se reúnem alguns dos nomes mais fortes do flamenco. Reunimos uma verdadeira família de artistas extraordinários, um elenco de primeira linha que garante, todas as noites, uma oportunidade única de viver a magia deste encontro...." />
<meta property="og:url" content="https://cardamomo.com/pt/show/semana-vendaval-flamenco/" />
<meta property="og:site_name" content="Cardamomo Flamenco Madrid" />
<meta property="article:modified_time" content="2025-11-27T13:11:04+00:00" />
<meta property="og:image" content="https://cardamomo.ams3.digitaloceanspaces.com/wp-content/uploads/2025/11/17102554/programacion-cardamomo-17-23-noviembre.jpg" />
	<meta property="og:image:width" content="1200" />
	<meta property="og:image:height" content="800" />
	<meta property="og:image:type" content="image/jpeg" />
<meta name="twitter:card" content="summary_large_image" />
<meta name="twitter:label1" content="Tempo estimado de leitura" />
	<meta name="twitter:data1" content="1 minuto" />
<script type="application/ld+json" class="yoast-schema-graph">{"@context":"https:\/\/schema.org","@graph":[{"@type":"WebPage","@id":"https:\/\/cardamomo.com\/pt\/show\/semana-vendaval-flamenco\/","url":"https:\/\/cardamomo.com\/pt\/show\/semana-vendaval-flamenco\/","name":"Esta semana, o Cardamomo apresenta um vendaval de talento flamenco. - Cardamomo Flamenco Madrid","isPartOf":{"@id":"https:\/\/cardamomo.com\/pt\/#website"},"primaryImageOfPage":{"@id":"https:\/\/cardamomo.com\/pt\/show\/semana-vendaval-flamenco\/#primaryimage"},"image":{"@id":"https:\/\/cardamomo.com\/es\/show\/semana-vendaval-flamenco\/#primaryimage"},"thumbnailUrl":"https:\/\/cardamomo.ams3.digitaloceanspaces.com\/wp-content\/uploads\/2025\/11\/17102554\/programacion-cardamomo-17-23-noviembre.jpg","datePublished":"2025-11-17T09:26:01+00:00","dateModified":"2025-11-27T13:11:04+00:00","breadcrumb":{"@id":"https:\/\/cardamomo.com\/pt\/show\/semana-vendaval-flamenco\/#breadcrumb"},"inLanguage":"pt-PT","potentialAction":[{"@type":"ReadAction","target":[["https:\/\/cardamomo.com\/pt\/show\/semana-vendaval-flamenco\/"]]}]},{"@type":"ImageObject","inLanguage":"pt-PT","@id":"https:\/\/cardamomo.com\/pt\/show\/semana-vendaval-flamenco\/#primaryimage","url":"https:\/\/cardamomo.ams3.digitaloceanspaces.com\/wp-content\/uploads\/2025\/11\/17102554\/programacion-cardamomo-17-23-noviembre.jpg","contentUrl":"https:\/\/cardamomo.ams3.digitaloceanspaces.com\/wp-content\/uploads\/2025\/11\/17102554\/programacion-cardamomo-17-23-noviembre.jpg","width":1200,"height":800,"caption":"Programación Cardamomo 17-23 Noviembre"},{"@type":"BreadcrumbList","@id":"https:\/\/cardamomo.com\/pt\/show\/semana-vendaval-flamenco\/#breadcrumb","itemListElement":[{"@type":"ListItem","position":1,"name":"Cardamomo","item":"https:\/\/cardamomo.com\/pt\/"},{"@type":"ListItem","position":2,"name":"Shows","item":"https:\/\/cardamomo.com\/pt\/show\/"},{"@type":"ListItem","position":3,"name":"Esta semana Cardamomo presenta un vendaval de talento Flamenco"}]},{"@type":"WebSite","@id":"https:\/\/cardamomo.com\/pt\/#website","url":"https:\/\/cardamomo.com\/pt\/","name":"Cardamomo Flamenco Madrid","description":"","potentialAction":[{"@type":"SearchAction","target":{"@type":"EntryPoint","urlTemplate":"https:\/\/cardamomo.com\/pt\/?s={search_term_string}"},"query-input":{"@type":"PropertyValueSpecification","valueRequired":true,"valueName":"search_term_string"}}],"inLanguage":"pt-PT"}]}</script>
<!-- / Yoast SEO plugin. -->

Esta semana, de 17 a 23 de novembro, o palco do Cardamomo transforma-se num ponto de encontro, um cruzamento onde se reúnem alguns dos nomes mais fortes do flamenco. Reunimos uma verdadeira família de artistas extraordinários, um elenco de primeira linha que garante, todas as noites, uma oportunidade única de viver a magia deste encontro....
