{"id":157899,"date":"2025-11-02T11:03:21","date_gmt":"2025-11-02T10:03:21","guid":{"rendered":"https:\/\/cardamomo.com\/es\/?post_type=show&#038;p=157899"},"modified":"2025-11-17T10:45:56","modified_gmt":"2025-11-17T09:45:56","slug":"llega-noviembre-con-el-mejor-flamenco-en-cardamomo","status":"publish","type":"show","link":"https:\/\/cardamomo.com\/pt\/show\/novembro-flamenco\/","title":{"rendered":"Novembro chega com o melhor flamenco no Cardamomo"},"content":{"rendered":"<p><\/p>\n<p data-start=\"206\" data-end=\"490\">Nesta semana, de <strong data-start=\"223\" data-end=\"244\">3 a 9 de novembro<\/strong>, o <strong data-start=\"248\" data-end=\"261\">Cardamomo<\/strong> re\u00fane um elenco de artistas que tiram o f\u00f4lego. O encanto est\u00e1 em ver como se encontram, como dialogam e que fa\u00edscas surgem no palco ao longo da semana. Cada noite ser\u00e1 um encontro \u00fanico, um momento m\u00e1gico que n\u00e3o se repetir\u00e1.<\/p>\n<p data-start=\"492\" data-end=\"731\">Pense na conversa que vai nascer atrav\u00e9s da <strong data-start=\"536\" data-end=\"545\">dan\u00e7a<\/strong>. No palco, veremos a for\u00e7a de <strong data-start=\"576\" data-end=\"594\">Mariano Lozano<\/strong>, a garra de <strong data-start=\"607\" data-end=\"626\">Nerea Fern\u00e1ndez<\/strong>, o\u00a0compasso de <strong>Alejandra Hern\u00e1ndez<\/strong> e a eleg\u00e2ncia de <strong data-start=\"644\" data-end=\"662\">Nerea Carrasco<\/strong>. Imagine a magia quando os seus caminhos se cruzarem sob as luzes.<\/p>\n<p data-start=\"733\" data-end=\"981\">E para dar voz a essa hist\u00f3ria, prepare-se: trazemos uma verdadeira artilharia de vozes que v\u00e3o deixar voc\u00ea sem f\u00f4lego. Durante toda a semana, <strong data-start=\"876\" data-end=\"921\">Sa\u00fal Quir\u00f3s, Antonio de Manuela, El Perre<\/strong> e <strong data-start=\"924\" data-end=\"936\">El Cancu<\/strong> se revezar\u00e3o no palco para tocar sua alma.<\/p>\n<p data-start=\"983\" data-end=\"1134\">As cordas que tecem o som estar\u00e3o nas m\u00e3os sens\u00edveis de <strong data-start=\"1039\" data-end=\"1050\">Parrana<\/strong> e <strong data-start=\"1053\" data-end=\"1070\">Mario Montoya<\/strong>, guitarristas que criam a melodia onde o <em data-start=\"1112\" data-end=\"1120\">duende<\/em> ganha vida.<\/p>\n<p data-start=\"1136\" data-end=\"1289\">O cora\u00e7\u00e3o que marca o compasso \u00e9 o grande <strong data-start=\"1178\" data-end=\"1193\">Iv\u00e1n Losada<\/strong>, cujo caj\u00f3n d\u00e1 o pulso que faz cada noite vibrar e lembra que o flamenco \u00e9 puro e verdadeiro.<\/p>\n<p data-start=\"1291\" data-end=\"1499\">E para garantir que tudo brilhe em harmonia, temos a dire\u00e7\u00e3o art\u00edstica de <strong data-start=\"1365\" data-end=\"1391\">Paula Rodr\u00edguez L\u00e1zaro<\/strong>, cuja vis\u00e3o assegura que, independentemente dos artistas no palco, a emo\u00e7\u00e3o esteja sempre \u00e0 flor da pele.<\/p>\n<p data-start=\"1501\" data-end=\"1619\">Em resumo: n\u00e3o \u00e9 um cartaz fechado, \u00e9 um convite \u00e0 cozinha da arte \u2014 venha ver como se cozinha o flamenco mais puro.<\/p>\n<p data-start=\"1621\" data-end=\"1682\"><a href=\"https:\/\/cardamomo.com\/pt\/comprar-entradas\/\"><strong data-start=\"1621\" data-end=\"1682\">Esperamos por voc\u00ea em casa, no Cardamomo Flamenco Madrid.<\/strong><\/a><\/p>\n<p><\/p>","protected":false},"featured_media":157956,"template":"","meta":{"_acf_changed":false,"inline_featured_image":false},"class_list":["post-157899","show","type-show","status-publish","has-post-thumbnail","hentry"],"acf":[],"yoast_head":"<!-- This site is optimized with the Yoast SEO plugin v27.4 - https:\/\/yoast.com\/product\/yoast-seo-wordpress\/ -->\n<title>Novembro chega com o melhor flamenco no Cardamomo - Cardamomo Flamenco Madrid<\/title>\n<meta name=\"description\" content=\"De 3 a 9 de novembro, viva o melhor do flamenco em Madrid. Arte e emo\u00e7\u00e3o em cada noite. Garanta j\u00e1 o seu lugar!\" \/>\n<meta name=\"robots\" content=\"index, follow, max-snippet:-1, max-image-preview:large, max-video-preview:-1\" \/>\n<link rel=\"canonical\" href=\"\/\" \/>\n<meta property=\"og:locale\" content=\"pt_PT\" \/>\n<meta property=\"og:type\" content=\"article\" \/>\n<meta property=\"og:title\" content=\"Novembro chega com o melhor flamenco no Cardamomo - Cardamomo Flamenco Madrid\" \/>\n<meta property=\"og:description\" content=\"De 3 a 9 de novembro, viva o melhor do flamenco em Madrid. Arte e emo\u00e7\u00e3o em cada noite. Garanta j\u00e1 o seu lugar!\" \/>\n<meta property=\"og:url\" content=\"https:\/\/cardamomo.com\/pt\/show\/noviembre-flamenco\/\" \/>\n<meta property=\"og:site_name\" content=\"Cardamomo Flamenco Madrid\" \/>\n<meta property=\"article:modified_time\" content=\"2025-11-17T09:45:56+00:00\" \/>\n<meta property=\"og:image\" content=\"https:\/\/cardamomo.ams3.digitaloceanspaces.com\/wp-content\/uploads\/2025\/11\/11131557\/programacion-cardamomo-3-9-noviembre.jpg\" \/>\n\t<meta property=\"og:image:width\" content=\"1200\" \/>\n\t<meta property=\"og:image:height\" content=\"800\" \/>\n\t<meta property=\"og:image:type\" content=\"image\/jpeg\" \/>\n<meta name=\"twitter:card\" content=\"summary_large_image\" \/>\n<meta name=\"twitter:label1\" content=\"Tempo estimado de leitura\" \/>\n\t<meta name=\"twitter:data1\" content=\"2 minutos\" \/>\n<script type=\"application\/ld+json\" class=\"yoast-schema-graph\">{\"@context\":\"https:\\\/\\\/schema.org\",\"@graph\":[{\"@type\":\"WebPage\",\"@id\":\"https:\\\/\\\/cardamomo.com\\\/pt\\\/show\\\/noviembre-flamenco\\\/\",\"url\":\"https:\\\/\\\/cardamomo.com\\\/pt\\\/show\\\/noviembre-flamenco\\\/\",\"name\":\"Novembro chega com o melhor flamenco no Cardamomo - Cardamomo Flamenco Madrid\",\"isPartOf\":{\"@id\":\"https:\\\/\\\/cardamomo.com\\\/pt\\\/#website\"},\"primaryImageOfPage\":{\"@id\":\"https:\\\/\\\/cardamomo.com\\\/pt\\\/show\\\/noviembre-flamenco\\\/#primaryimage\"},\"image\":{\"@id\":\"https:\\\/\\\/cardamomo.com\\\/es\\\/show\\\/noviembre-flamenco\\\/#primaryimage\"},\"thumbnailUrl\":\"https:\\\/\\\/cardamomo.ams3.digitaloceanspaces.com\\\/wp-content\\\/uploads\\\/2025\\\/11\\\/11131557\\\/programacion-cardamomo-3-9-noviembre.jpg\",\"datePublished\":\"2025-11-02T10:03:21+00:00\",\"dateModified\":\"2025-11-17T09:45:56+00:00\",\"description\":\"De 3 a 9 de novembro, viva o melhor do flamenco em Madrid. Arte e emo\u00e7\u00e3o em cada noite. Garanta j\u00e1 o seu lugar!\",\"breadcrumb\":{\"@id\":\"https:\\\/\\\/cardamomo.com\\\/pt\\\/show\\\/noviembre-flamenco\\\/#breadcrumb\"},\"inLanguage\":\"pt-PT\",\"potentialAction\":[{\"@type\":\"ReadAction\",\"target\":[[\"https:\\\/\\\/cardamomo.com\\\/pt\\\/show\\\/noviembre-flamenco\\\/\"]]}]},{\"@type\":\"ImageObject\",\"inLanguage\":\"pt-PT\",\"@id\":\"https:\\\/\\\/cardamomo.com\\\/pt\\\/show\\\/noviembre-flamenco\\\/#primaryimage\",\"url\":\"https:\\\/\\\/cardamomo.ams3.digitaloceanspaces.com\\\/wp-content\\\/uploads\\\/2025\\\/11\\\/11131557\\\/programacion-cardamomo-3-9-noviembre.jpg\",\"contentUrl\":\"https:\\\/\\\/cardamomo.ams3.digitaloceanspaces.com\\\/wp-content\\\/uploads\\\/2025\\\/11\\\/11131557\\\/programacion-cardamomo-3-9-noviembre.jpg\",\"width\":1200,\"height\":800,\"caption\":\"Programacio\u0301n Cardamomo 3-9 Noviembre\"},{\"@type\":\"BreadcrumbList\",\"@id\":\"https:\\\/\\\/cardamomo.com\\\/pt\\\/show\\\/noviembre-flamenco\\\/#breadcrumb\",\"itemListElement\":[{\"@type\":\"ListItem\",\"position\":1,\"name\":\"Cardamomo\",\"item\":\"https:\\\/\\\/cardamomo.com\\\/pt\\\/\"},{\"@type\":\"ListItem\",\"position\":2,\"name\":\"Shows\",\"item\":\"https:\\\/\\\/cardamomo.com\\\/pt\\\/show\\\/\"},{\"@type\":\"ListItem\",\"position\":3,\"name\":\"Llega Noviembre con el Mejor Flamenco en Cardamomo\"}]},{\"@type\":\"WebSite\",\"@id\":\"https:\\\/\\\/cardamomo.com\\\/pt\\\/#website\",\"url\":\"https:\\\/\\\/cardamomo.com\\\/pt\\\/\",\"name\":\"Cardamomo Flamenco Madrid\",\"description\":\"\",\"potentialAction\":[{\"@type\":\"SearchAction\",\"target\":{\"@type\":\"EntryPoint\",\"urlTemplate\":\"https:\\\/\\\/cardamomo.com\\\/pt\\\/?s={search_term_string}\"},\"query-input\":{\"@type\":\"PropertyValueSpecification\",\"valueRequired\":true,\"valueName\":\"search_term_string\"}}],\"inLanguage\":\"pt-PT\"}]}<\/script>\n<!-- \/ Yoast SEO plugin. -->","yoast_head_json":{"title":"Novembro chega com o melhor flamenco no Cardamomo - Cardamomo Flamenco Madrid","description":"De 3 a 9 de novembro, viva o melhor do flamenco em Madrid. Arte e emo\u00e7\u00e3o em cada noite. Garanta j\u00e1 o seu lugar!","robots":{"index":"index","follow":"follow","max-snippet":"max-snippet:-1","max-image-preview":"max-image-preview:large","max-video-preview":"max-video-preview:-1"},"canonical":"\/","og_locale":"pt_PT","og_type":"article","og_title":"Novembro chega com o melhor flamenco no Cardamomo - Cardamomo Flamenco Madrid","og_description":"De 3 a 9 de novembro, viva o melhor do flamenco em Madrid. Arte e emo\u00e7\u00e3o em cada noite. Garanta j\u00e1 o seu lugar!","og_url":"https:\/\/cardamomo.com\/pt\/show\/noviembre-flamenco\/","og_site_name":"Cardamomo Flamenco Madrid","article_modified_time":"2025-11-17T09:45:56+00:00","og_image":[{"width":1200,"height":800,"url":"https:\/\/cardamomo.ams3.digitaloceanspaces.com\/wp-content\/uploads\/2025\/11\/11131557\/programacion-cardamomo-3-9-noviembre.jpg","type":"image\/jpeg"}],"twitter_card":"summary_large_image","twitter_misc":{"Tempo estimado de leitura":"2 minutos"},"schema":{"@context":"https:\/\/schema.org","@graph":[{"@type":"WebPage","@id":"https:\/\/cardamomo.com\/pt\/show\/noviembre-flamenco\/","url":"https:\/\/cardamomo.com\/pt\/show\/noviembre-flamenco\/","name":"Novembro chega com o melhor flamenco no Cardamomo - Cardamomo Flamenco Madrid","isPartOf":{"@id":"https:\/\/cardamomo.com\/pt\/#website"},"primaryImageOfPage":{"@id":"https:\/\/cardamomo.com\/pt\/show\/noviembre-flamenco\/#primaryimage"},"image":{"@id":"https:\/\/cardamomo.com\/es\/show\/noviembre-flamenco\/#primaryimage"},"thumbnailUrl":"https:\/\/cardamomo.ams3.digitaloceanspaces.com\/wp-content\/uploads\/2025\/11\/11131557\/programacion-cardamomo-3-9-noviembre.jpg","datePublished":"2025-11-02T10:03:21+00:00","dateModified":"2025-11-17T09:45:56+00:00","description":"De 3 a 9 de novembro, viva o melhor do flamenco em Madrid. Arte e emo\u00e7\u00e3o em cada noite. Garanta j\u00e1 o seu lugar!","breadcrumb":{"@id":"https:\/\/cardamomo.com\/pt\/show\/noviembre-flamenco\/#breadcrumb"},"inLanguage":"pt-PT","potentialAction":[{"@type":"ReadAction","target":[["https:\/\/cardamomo.com\/pt\/show\/noviembre-flamenco\/"]]}]},{"@type":"ImageObject","inLanguage":"pt-PT","@id":"https:\/\/cardamomo.com\/pt\/show\/noviembre-flamenco\/#primaryimage","url":"https:\/\/cardamomo.ams3.digitaloceanspaces.com\/wp-content\/uploads\/2025\/11\/11131557\/programacion-cardamomo-3-9-noviembre.jpg","contentUrl":"https:\/\/cardamomo.ams3.digitaloceanspaces.com\/wp-content\/uploads\/2025\/11\/11131557\/programacion-cardamomo-3-9-noviembre.jpg","width":1200,"height":800,"caption":"Programacio\u0301n Cardamomo 3-9 Noviembre"},{"@type":"BreadcrumbList","@id":"https:\/\/cardamomo.com\/pt\/show\/noviembre-flamenco\/#breadcrumb","itemListElement":[{"@type":"ListItem","position":1,"name":"Cardamomo","item":"https:\/\/cardamomo.com\/pt\/"},{"@type":"ListItem","position":2,"name":"Shows","item":"https:\/\/cardamomo.com\/pt\/show\/"},{"@type":"ListItem","position":3,"name":"Llega Noviembre con el Mejor Flamenco en Cardamomo"}]},{"@type":"WebSite","@id":"https:\/\/cardamomo.com\/pt\/#website","url":"https:\/\/cardamomo.com\/pt\/","name":"Cardamomo Flamenco Madrid","description":"","potentialAction":[{"@type":"SearchAction","target":{"@type":"EntryPoint","urlTemplate":"https:\/\/cardamomo.com\/pt\/?s={search_term_string}"},"query-input":{"@type":"PropertyValueSpecification","valueRequired":true,"valueName":"search_term_string"}}],"inLanguage":"pt-PT"}]}},"_links":{"self":[{"href":"https:\/\/cardamomo.com\/pt\/wp-json\/wp\/v2\/show\/157899","targetHints":{"allow":["GET"]}}],"collection":[{"href":"https:\/\/cardamomo.com\/pt\/wp-json\/wp\/v2\/show"}],"about":[{"href":"https:\/\/cardamomo.com\/pt\/wp-json\/wp\/v2\/types\/show"}],"wp:featuredmedia":[{"embeddable":true,"href":"https:\/\/cardamomo.com\/pt\/wp-json\/wp\/v2\/media\/157956"}],"wp:attachment":[{"href":"https:\/\/cardamomo.com\/pt\/wp-json\/wp\/v2\/media?parent=157899"}],"curies":[{"name":"wp","href":"https:\/\/api.w.org\/{rel}","templated":true}]}}

<p></p>
<p data-start="206" data-end="490">Nesta semana, de <strong data-start="223" data-end="244">3 a 9 de novembro</strong>, o <strong data-start="248" data-end="261">Cardamomo</strong> reúne um elenco de artistas que tiram o fôlego. O encanto está em ver como se encontram, como dialogam e que faíscas surgem no palco ao longo da semana. Cada noite será um encontro único, um momento mágico que não se repetirá.</p>
<p data-start="492" data-end="731">Pense na conversa que vai nascer através da <strong data-start="536" data-end="545">dança</strong>. No palco, veremos a força de <strong data-start="576" data-end="594">Mariano Lozano</strong>, a garra de <strong data-start="607" data-end="626">Nerea Fernández</strong>, o compasso de <strong>Alejandra Hernández</strong> e a elegância de <strong data-start="644" data-end="662">Nerea Carrasco</strong>. Imagine a magia quando os seus caminhos se cruzarem sob as luzes.</p>
<p data-start="733" data-end="981">E para dar voz a essa história, prepare-se: trazemos uma verdadeira artilharia de vozes que vão deixar você sem fôlego. Durante toda a semana, <strong data-start="876" data-end="921">Saúl Quirós, Antonio de Manuela, El Perre</strong> e <strong data-start="924" data-end="936">El Cancu</strong> se revezarão no palco para tocar sua alma.</p>
<p data-start="983" data-end="1134">As cordas que tecem o som estarão nas mãos sensíveis de <strong data-start="1039" data-end="1050">Parrana</strong> e <strong data-start="1053" data-end="1070">Mario Montoya</strong>, guitarristas que criam a melodia onde o <em data-start="1112" data-end="1120">duende</em> ganha vida.</p>
<p data-start="1136" data-end="1289">O coração que marca o compasso é o grande <strong data-start="1178" data-end="1193">Iván Losada</strong>, cujo cajón dá o pulso que faz cada noite vibrar e lembra que o flamenco é puro e verdadeiro.</p>
<p data-start="1291" data-end="1499">E para garantir que tudo brilhe em harmonia, temos a direção artística de <strong data-start="1365" data-end="1391">Paula Rodríguez Lázaro</strong>, cuja visão assegura que, independentemente dos artistas no palco, a emoção esteja sempre à flor da pele.</p>
<p data-start="1501" data-end="1619">Em resumo: não é um cartaz fechado, é um convite à cozinha da arte — venha ver como se cozinha o flamenco mais puro.</p>
<p data-start="1621" data-end="1682"><a href="https://cardamomo.com/pt/comprar-entradas/"><strong data-start="1621" data-end="1682">Esperamos por você em casa, no Cardamomo Flamenco Madrid.</strong></a></p>
<p></p>

<!-- This site is optimized with the Yoast SEO plugin v27.4 - https://yoast.com/product/yoast-seo-wordpress/ -->
<title>Novembro chega com o melhor flamenco no Cardamomo - Cardamomo Flamenco Madrid</title>
<meta name="description" content="De 3 a 9 de novembro, viva o melhor do flamenco em Madrid. Arte e emoção em cada noite. Garanta já o seu lugar!" />
<meta name="robots" content="index, follow, max-snippet:-1, max-image-preview:large, max-video-preview:-1" />
<link rel="canonical" href="/" />
<meta property="og:locale" content="pt_PT" />
<meta property="og:type" content="article" />
<meta property="og:title" content="Novembro chega com o melhor flamenco no Cardamomo - Cardamomo Flamenco Madrid" />
<meta property="og:description" content="De 3 a 9 de novembro, viva o melhor do flamenco em Madrid. Arte e emoção em cada noite. Garanta já o seu lugar!" />
<meta property="og:url" content="https://cardamomo.com/pt/show/noviembre-flamenco/" />
<meta property="og:site_name" content="Cardamomo Flamenco Madrid" />
<meta property="article:modified_time" content="2025-11-17T09:45:56+00:00" />
<meta property="og:image" content="https://cardamomo.ams3.digitaloceanspaces.com/wp-content/uploads/2025/11/11131557/programacion-cardamomo-3-9-noviembre.jpg" />
	<meta property="og:image:width" content="1200" />
	<meta property="og:image:height" content="800" />
	<meta property="og:image:type" content="image/jpeg" />
<meta name="twitter:card" content="summary_large_image" />
<meta name="twitter:label1" content="Tempo estimado de leitura" />
	<meta name="twitter:data1" content="2 minutos" />
<script type="application/ld+json" class="yoast-schema-graph">{"@context":"https:\/\/schema.org","@graph":[{"@type":"WebPage","@id":"https:\/\/cardamomo.com\/pt\/show\/noviembre-flamenco\/","url":"https:\/\/cardamomo.com\/pt\/show\/noviembre-flamenco\/","name":"Novembro chega com o melhor flamenco no Cardamomo - Cardamomo Flamenco Madrid","isPartOf":{"@id":"https:\/\/cardamomo.com\/pt\/#website"},"primaryImageOfPage":{"@id":"https:\/\/cardamomo.com\/pt\/show\/noviembre-flamenco\/#primaryimage"},"image":{"@id":"https:\/\/cardamomo.com\/es\/show\/noviembre-flamenco\/#primaryimage"},"thumbnailUrl":"https:\/\/cardamomo.ams3.digitaloceanspaces.com\/wp-content\/uploads\/2025\/11\/11131557\/programacion-cardamomo-3-9-noviembre.jpg","datePublished":"2025-11-02T10:03:21+00:00","dateModified":"2025-11-17T09:45:56+00:00","description":"De 3 a 9 de novembro, viva o melhor do flamenco em Madrid. Arte e emoção em cada noite. Garanta já o seu lugar!","breadcrumb":{"@id":"https:\/\/cardamomo.com\/pt\/show\/noviembre-flamenco\/#breadcrumb"},"inLanguage":"pt-PT","potentialAction":[{"@type":"ReadAction","target":[["https:\/\/cardamomo.com\/pt\/show\/noviembre-flamenco\/"]]}]},{"@type":"ImageObject","inLanguage":"pt-PT","@id":"https:\/\/cardamomo.com\/pt\/show\/noviembre-flamenco\/#primaryimage","url":"https:\/\/cardamomo.ams3.digitaloceanspaces.com\/wp-content\/uploads\/2025\/11\/11131557\/programacion-cardamomo-3-9-noviembre.jpg","contentUrl":"https:\/\/cardamomo.ams3.digitaloceanspaces.com\/wp-content\/uploads\/2025\/11\/11131557\/programacion-cardamomo-3-9-noviembre.jpg","width":1200,"height":800,"caption":"Programación Cardamomo 3-9 Noviembre"},{"@type":"BreadcrumbList","@id":"https:\/\/cardamomo.com\/pt\/show\/noviembre-flamenco\/#breadcrumb","itemListElement":[{"@type":"ListItem","position":1,"name":"Cardamomo","item":"https:\/\/cardamomo.com\/pt\/"},{"@type":"ListItem","position":2,"name":"Shows","item":"https:\/\/cardamomo.com\/pt\/show\/"},{"@type":"ListItem","position":3,"name":"Llega Noviembre con el Mejor Flamenco en Cardamomo"}]},{"@type":"WebSite","@id":"https:\/\/cardamomo.com\/pt\/#website","url":"https:\/\/cardamomo.com\/pt\/","name":"Cardamomo Flamenco Madrid","description":"","potentialAction":[{"@type":"SearchAction","target":{"@type":"EntryPoint","urlTemplate":"https:\/\/cardamomo.com\/pt\/?s={search_term_string}"},"query-input":{"@type":"PropertyValueSpecification","valueRequired":true,"valueName":"search_term_string"}}],"inLanguage":"pt-PT"}]}</script>
<!-- / Yoast SEO plugin. -->

De 3 a 9 de novembro, viva o melhor do flamenco em Madrid. Arte e emoção em cada noite. Garanta já o seu lugar!
