{"id":157652,"date":"2025-07-21T09:35:07","date_gmt":"2025-07-21T09:35:07","guid":{"rendered":"https:\/\/cardamomo.com\/es\/?post_type=show&#038;p=157652"},"modified":"2025-09-12T16:21:51","modified_gmt":"2025-09-12T16:21:51","slug":"flamenco-a-flor-de-piel","status":"publish","type":"show","link":"https:\/\/cardamomo.com\/pt\/show\/flamenco-a-flor-da-pele\/","title":{"rendered":"Flamenco \u00e0 flor da pele"},"content":{"rendered":"<p><\/p>\n<p data-start=\"3800\" data-end=\"3879\"><strong data-start=\"3800\" data-end=\"3879\">O que preparamos para esta semana \u00e9 daquelas coisas que se sentem no peito.<\/strong><\/p>\n<p data-start=\"3881\" data-end=\"4154\">Imagine a energia pura, quase um fogo \u2013 isso \u00e9 <strong data-start=\"3928\" data-end=\"3939\">El Yiyo<\/strong> no palco. Um daqueles dan\u00e7arinos que te prendem e n\u00e3o te soltam. Ao seu lado, a eleg\u00e2ncia e a firmeza de <strong data-start=\"4045\" data-end=\"4062\">Sof\u00eda del R\u00edo<\/strong> e <strong data-start=\"4065\" data-end=\"4084\">Nerea Fern\u00e1ndez<\/strong>, o contraponto perfeito, contando hist\u00f3rias sem dizer uma s\u00f3 palavra.<\/p>\n<p data-start=\"4156\" data-end=\"4418\">A voz que vai apertar a nossa garganta ser\u00e1 a de <strong data-start=\"4205\" data-end=\"4220\">Sa\u00fal Quir\u00f3s<\/strong>, um cantaor que se entrega de verdade. Mas a magia desta semana tamb\u00e9m est\u00e1 na for\u00e7a visceral de <strong data-start=\"4318\" data-end=\"4329\">Ingueta<\/strong> e no brilho de <strong data-start=\"4345\" data-end=\"4354\">Ricky<\/strong> em noites especiais \u2013 cada um com sua pr\u00f3pria verdade e emo\u00e7\u00e3o.<\/p>\n<p data-start=\"4420\" data-end=\"4672\">E para que tudo isso voe, os viol\u00f5es de <strong data-start=\"4460\" data-end=\"4477\">Mario Montoya<\/strong> e <strong data-start=\"4480\" data-end=\"4499\">Antonio Jim\u00e9nez<\/strong> ser\u00e3o o ref\u00fagio e o impulso de cada artista. E na base de tudo, voc\u00ea vai sentir o pulsar da terra no <strong data-start=\"4601\" data-end=\"4610\">caj\u00f3n<\/strong> de <strong data-start=\"4614\" data-end=\"4625\">Antonio<\/strong> e <strong data-start=\"4628\" data-end=\"4643\">Iv\u00e1n Losada<\/strong>, o cora\u00e7\u00e3o que nos d\u00e1 ritmo.<\/p>\n<p data-start=\"4674\" data-end=\"4783\">N\u00e3o s\u00e3o apenas nomes num cartaz. S\u00e3o pessoas que deixam a alma no palco. Queremos que voc\u00ea viva isso conosco.<\/p>\n<p data-start=\"4785\" data-end=\"4843\"><a href=\"https:\/\/cardamomo.com\/pt\/comprar-entradas\/\"><strong data-start=\"4789\" data-end=\"4839\">Reserve j\u00e1 o seu ingresso e venha ao Cardamomo<\/strong><\/a><\/p>\n<p><\/p>","protected":false},"featured_media":157653,"template":"","meta":{"_acf_changed":false,"inline_featured_image":false},"class_list":["post-157652","show","type-show","status-publish","has-post-thumbnail","hentry"],"acf":[],"yoast_head":"<!-- This site is optimized with the Yoast SEO plugin v27.4 - https:\/\/yoast.com\/product\/yoast-seo-wordpress\/ -->\n<title>Flamenco \u00e0 flor da pele - Cardamomo Flamenco Madrid<\/title>\n<meta name=\"robots\" content=\"index, follow, max-snippet:-1, max-image-preview:large, max-video-preview:-1\" \/>\n<link rel=\"canonical\" href=\"\/\" \/>\n<meta property=\"og:locale\" content=\"pt_PT\" \/>\n<meta property=\"og:type\" content=\"article\" \/>\n<meta property=\"og:title\" content=\"Flamenco \u00e0 flor da pele - Cardamomo Flamenco Madrid\" \/>\n<meta property=\"og:description\" content=\"O que preparamos para esta semana \u00e9 daquelas coisas que se sentem no peito. Imagine a energia pura, quase um fogo \u2013 isso \u00e9 El Yiyo no palco. Um daqueles dan\u00e7arinos que te prendem e n\u00e3o te soltam. Ao seu lado, a eleg\u00e2ncia e a firmeza de Sof\u00eda del R\u00edo e Nerea Fern\u00e1ndez, o contraponto...\" \/>\n<meta property=\"og:url\" content=\"https:\/\/cardamomo.com\/pt\/show\/flamenco-a-flor-de-piel\/\" \/>\n<meta property=\"og:site_name\" content=\"Cardamomo Flamenco Madrid\" \/>\n<meta property=\"article:modified_time\" content=\"2025-09-12T16:21:51+00:00\" \/>\n<meta property=\"og:image\" content=\"https:\/\/cardamomo.ams3.digitaloceanspaces.com\/wp-content\/uploads\/2025\/07\/21093417\/programacion-cardamomo-21-27-julio.jpg\" \/>\n\t<meta property=\"og:image:width\" content=\"1200\" \/>\n\t<meta property=\"og:image:height\" content=\"800\" \/>\n\t<meta property=\"og:image:type\" content=\"image\/jpeg\" \/>\n<meta name=\"twitter:card\" content=\"summary_large_image\" \/>\n<meta name=\"twitter:label1\" content=\"Tempo estimado de leitura\" \/>\n\t<meta name=\"twitter:data1\" content=\"2 minutos\" \/>\n<script type=\"application\/ld+json\" class=\"yoast-schema-graph\">{\"@context\":\"https:\\\/\\\/schema.org\",\"@graph\":[{\"@type\":\"WebPage\",\"@id\":\"https:\\\/\\\/cardamomo.com\\\/pt\\\/show\\\/flamenco-a-flor-de-piel\\\/\",\"url\":\"https:\\\/\\\/cardamomo.com\\\/pt\\\/show\\\/flamenco-a-flor-de-piel\\\/\",\"name\":\"Flamenco \u00e0 flor da pele - Cardamomo Flamenco Madrid\",\"isPartOf\":{\"@id\":\"https:\\\/\\\/cardamomo.com\\\/pt\\\/#website\"},\"primaryImageOfPage\":{\"@id\":\"https:\\\/\\\/cardamomo.com\\\/pt\\\/show\\\/flamenco-a-flor-de-piel\\\/#primaryimage\"},\"image\":{\"@id\":\"https:\\\/\\\/cardamomo.com\\\/es\\\/show\\\/flamenco-a-flor-de-piel\\\/#primaryimage\"},\"thumbnailUrl\":\"https:\\\/\\\/cardamomo.ams3.digitaloceanspaces.com\\\/wp-content\\\/uploads\\\/2025\\\/07\\\/21093417\\\/programacion-cardamomo-21-27-julio.jpg\",\"datePublished\":\"2025-07-21T09:35:07+00:00\",\"dateModified\":\"2025-09-12T16:21:51+00:00\",\"breadcrumb\":{\"@id\":\"https:\\\/\\\/cardamomo.com\\\/pt\\\/show\\\/flamenco-a-flor-de-piel\\\/#breadcrumb\"},\"inLanguage\":\"pt-PT\",\"potentialAction\":[{\"@type\":\"ReadAction\",\"target\":[[\"https:\\\/\\\/cardamomo.com\\\/pt\\\/show\\\/flamenco-a-flor-de-piel\\\/\"]]}]},{\"@type\":\"ImageObject\",\"inLanguage\":\"pt-PT\",\"@id\":\"https:\\\/\\\/cardamomo.com\\\/pt\\\/show\\\/flamenco-a-flor-de-piel\\\/#primaryimage\",\"url\":\"https:\\\/\\\/cardamomo.ams3.digitaloceanspaces.com\\\/wp-content\\\/uploads\\\/2025\\\/07\\\/21093417\\\/programacion-cardamomo-21-27-julio.jpg\",\"contentUrl\":\"https:\\\/\\\/cardamomo.ams3.digitaloceanspaces.com\\\/wp-content\\\/uploads\\\/2025\\\/07\\\/21093417\\\/programacion-cardamomo-21-27-julio.jpg\",\"width\":1200,\"height\":800,\"caption\":\"Programaci\u00f3n art\u00edstica 21 al 27 de Julio de Cardamomo Flamenco Madrid\"},{\"@type\":\"BreadcrumbList\",\"@id\":\"https:\\\/\\\/cardamomo.com\\\/pt\\\/show\\\/flamenco-a-flor-de-piel\\\/#breadcrumb\",\"itemListElement\":[{\"@type\":\"ListItem\",\"position\":1,\"name\":\"Cardamomo\",\"item\":\"https:\\\/\\\/cardamomo.com\\\/pt\\\/\"},{\"@type\":\"ListItem\",\"position\":2,\"name\":\"Shows\",\"item\":\"https:\\\/\\\/cardamomo.com\\\/pt\\\/show\\\/\"},{\"@type\":\"ListItem\",\"position\":3,\"name\":\"Flamenco a Flor de Piel\"}]},{\"@type\":\"WebSite\",\"@id\":\"https:\\\/\\\/cardamomo.com\\\/pt\\\/#website\",\"url\":\"https:\\\/\\\/cardamomo.com\\\/pt\\\/\",\"name\":\"Cardamomo Flamenco Madrid\",\"description\":\"\",\"potentialAction\":[{\"@type\":\"SearchAction\",\"target\":{\"@type\":\"EntryPoint\",\"urlTemplate\":\"https:\\\/\\\/cardamomo.com\\\/pt\\\/?s={search_term_string}\"},\"query-input\":{\"@type\":\"PropertyValueSpecification\",\"valueRequired\":true,\"valueName\":\"search_term_string\"}}],\"inLanguage\":\"pt-PT\"}]}<\/script>\n<!-- \/ Yoast SEO plugin. -->","yoast_head_json":{"title":"Flamenco \u00e0 flor da pele - Cardamomo Flamenco Madrid","robots":{"index":"index","follow":"follow","max-snippet":"max-snippet:-1","max-image-preview":"max-image-preview:large","max-video-preview":"max-video-preview:-1"},"canonical":"\/","og_locale":"pt_PT","og_type":"article","og_title":"Flamenco \u00e0 flor da pele - Cardamomo Flamenco Madrid","og_description":"O que preparamos para esta semana \u00e9 daquelas coisas que se sentem no peito. Imagine a energia pura, quase um fogo \u2013 isso \u00e9 El Yiyo no palco. Um daqueles dan\u00e7arinos que te prendem e n\u00e3o te soltam. Ao seu lado, a eleg\u00e2ncia e a firmeza de Sof\u00eda del R\u00edo e Nerea Fern\u00e1ndez, o contraponto...","og_url":"https:\/\/cardamomo.com\/pt\/show\/flamenco-a-flor-de-piel\/","og_site_name":"Cardamomo Flamenco Madrid","article_modified_time":"2025-09-12T16:21:51+00:00","og_image":[{"width":1200,"height":800,"url":"https:\/\/cardamomo.ams3.digitaloceanspaces.com\/wp-content\/uploads\/2025\/07\/21093417\/programacion-cardamomo-21-27-julio.jpg","type":"image\/jpeg"}],"twitter_card":"summary_large_image","twitter_misc":{"Tempo estimado de leitura":"2 minutos"},"schema":{"@context":"https:\/\/schema.org","@graph":[{"@type":"WebPage","@id":"https:\/\/cardamomo.com\/pt\/show\/flamenco-a-flor-de-piel\/","url":"https:\/\/cardamomo.com\/pt\/show\/flamenco-a-flor-de-piel\/","name":"Flamenco \u00e0 flor da pele - Cardamomo Flamenco Madrid","isPartOf":{"@id":"https:\/\/cardamomo.com\/pt\/#website"},"primaryImageOfPage":{"@id":"https:\/\/cardamomo.com\/pt\/show\/flamenco-a-flor-de-piel\/#primaryimage"},"image":{"@id":"https:\/\/cardamomo.com\/es\/show\/flamenco-a-flor-de-piel\/#primaryimage"},"thumbnailUrl":"https:\/\/cardamomo.ams3.digitaloceanspaces.com\/wp-content\/uploads\/2025\/07\/21093417\/programacion-cardamomo-21-27-julio.jpg","datePublished":"2025-07-21T09:35:07+00:00","dateModified":"2025-09-12T16:21:51+00:00","breadcrumb":{"@id":"https:\/\/cardamomo.com\/pt\/show\/flamenco-a-flor-de-piel\/#breadcrumb"},"inLanguage":"pt-PT","potentialAction":[{"@type":"ReadAction","target":[["https:\/\/cardamomo.com\/pt\/show\/flamenco-a-flor-de-piel\/"]]}]},{"@type":"ImageObject","inLanguage":"pt-PT","@id":"https:\/\/cardamomo.com\/pt\/show\/flamenco-a-flor-de-piel\/#primaryimage","url":"https:\/\/cardamomo.ams3.digitaloceanspaces.com\/wp-content\/uploads\/2025\/07\/21093417\/programacion-cardamomo-21-27-julio.jpg","contentUrl":"https:\/\/cardamomo.ams3.digitaloceanspaces.com\/wp-content\/uploads\/2025\/07\/21093417\/programacion-cardamomo-21-27-julio.jpg","width":1200,"height":800,"caption":"Programaci\u00f3n art\u00edstica 21 al 27 de Julio de Cardamomo Flamenco Madrid"},{"@type":"BreadcrumbList","@id":"https:\/\/cardamomo.com\/pt\/show\/flamenco-a-flor-de-piel\/#breadcrumb","itemListElement":[{"@type":"ListItem","position":1,"name":"Cardamomo","item":"https:\/\/cardamomo.com\/pt\/"},{"@type":"ListItem","position":2,"name":"Shows","item":"https:\/\/cardamomo.com\/pt\/show\/"},{"@type":"ListItem","position":3,"name":"Flamenco a Flor de Piel"}]},{"@type":"WebSite","@id":"https:\/\/cardamomo.com\/pt\/#website","url":"https:\/\/cardamomo.com\/pt\/","name":"Cardamomo Flamenco Madrid","description":"","potentialAction":[{"@type":"SearchAction","target":{"@type":"EntryPoint","urlTemplate":"https:\/\/cardamomo.com\/pt\/?s={search_term_string}"},"query-input":{"@type":"PropertyValueSpecification","valueRequired":true,"valueName":"search_term_string"}}],"inLanguage":"pt-PT"}]}},"_links":{"self":[{"href":"https:\/\/cardamomo.com\/pt\/wp-json\/wp\/v2\/show\/157652","targetHints":{"allow":["GET"]}}],"collection":[{"href":"https:\/\/cardamomo.com\/pt\/wp-json\/wp\/v2\/show"}],"about":[{"href":"https:\/\/cardamomo.com\/pt\/wp-json\/wp\/v2\/types\/show"}],"wp:featuredmedia":[{"embeddable":true,"href":"https:\/\/cardamomo.com\/pt\/wp-json\/wp\/v2\/media\/157653"}],"wp:attachment":[{"href":"https:\/\/cardamomo.com\/pt\/wp-json\/wp\/v2\/media?parent=157652"}],"curies":[{"name":"wp","href":"https:\/\/api.w.org\/{rel}","templated":true}]}}

Flamenco à flor da pele

<p></p>
<p data-start="3800" data-end="3879"><strong data-start="3800" data-end="3879">O que preparamos para esta semana é daquelas coisas que se sentem no peito.</strong></p>
<p data-start="3881" data-end="4154">Imagine a energia pura, quase um fogo – isso é <strong data-start="3928" data-end="3939">El Yiyo</strong> no palco. Um daqueles dançarinos que te prendem e não te soltam. Ao seu lado, a elegância e a firmeza de <strong data-start="4045" data-end="4062">Sofía del Río</strong> e <strong data-start="4065" data-end="4084">Nerea Fernández</strong>, o contraponto perfeito, contando histórias sem dizer uma só palavra.</p>
<p data-start="4156" data-end="4418">A voz que vai apertar a nossa garganta será a de <strong data-start="4205" data-end="4220">Saúl Quirós</strong>, um cantaor que se entrega de verdade. Mas a magia desta semana também está na força visceral de <strong data-start="4318" data-end="4329">Ingueta</strong> e no brilho de <strong data-start="4345" data-end="4354">Ricky</strong> em noites especiais – cada um com sua própria verdade e emoção.</p>
<p data-start="4420" data-end="4672">E para que tudo isso voe, os violões de <strong data-start="4460" data-end="4477">Mario Montoya</strong> e <strong data-start="4480" data-end="4499">Antonio Jiménez</strong> serão o refúgio e o impulso de cada artista. E na base de tudo, você vai sentir o pulsar da terra no <strong data-start="4601" data-end="4610">cajón</strong> de <strong data-start="4614" data-end="4625">Antonio</strong> e <strong data-start="4628" data-end="4643">Iván Losada</strong>, o coração que nos dá ritmo.</p>
<p data-start="4674" data-end="4783">Não são apenas nomes num cartaz. São pessoas que deixam a alma no palco. Queremos que você viva isso conosco.</p>
<p data-start="4785" data-end="4843"><a href="https://cardamomo.com/pt/comprar-entradas/"><strong data-start="4789" data-end="4839">Reserve já o seu ingresso e venha ao Cardamomo</strong></a></p>
<p></p>

<!-- This site is optimized with the Yoast SEO plugin v27.4 - https://yoast.com/product/yoast-seo-wordpress/ -->
<title>Flamenco à flor da pele - Cardamomo Flamenco Madrid</title>
<meta name="robots" content="index, follow, max-snippet:-1, max-image-preview:large, max-video-preview:-1" />
<link rel="canonical" href="/" />
<meta property="og:locale" content="pt_PT" />
<meta property="og:type" content="article" />
<meta property="og:title" content="Flamenco à flor da pele - Cardamomo Flamenco Madrid" />
<meta property="og:description" content="O que preparamos para esta semana é daquelas coisas que se sentem no peito. Imagine a energia pura, quase um fogo – isso é El Yiyo no palco. Um daqueles dançarinos que te prendem e não te soltam. Ao seu lado, a elegância e a firmeza de Sofía del Río e Nerea Fernández, o contraponto..." />
<meta property="og:url" content="https://cardamomo.com/pt/show/flamenco-a-flor-de-piel/" />
<meta property="og:site_name" content="Cardamomo Flamenco Madrid" />
<meta property="article:modified_time" content="2025-09-12T16:21:51+00:00" />
<meta property="og:image" content="https://cardamomo.ams3.digitaloceanspaces.com/wp-content/uploads/2025/07/21093417/programacion-cardamomo-21-27-julio.jpg" />
	<meta property="og:image:width" content="1200" />
	<meta property="og:image:height" content="800" />
	<meta property="og:image:type" content="image/jpeg" />
<meta name="twitter:card" content="summary_large_image" />
<meta name="twitter:label1" content="Tempo estimado de leitura" />
	<meta name="twitter:data1" content="2 minutos" />
<script type="application/ld+json" class="yoast-schema-graph">{"@context":"https:\/\/schema.org","@graph":[{"@type":"WebPage","@id":"https:\/\/cardamomo.com\/pt\/show\/flamenco-a-flor-de-piel\/","url":"https:\/\/cardamomo.com\/pt\/show\/flamenco-a-flor-de-piel\/","name":"Flamenco à flor da pele - Cardamomo Flamenco Madrid","isPartOf":{"@id":"https:\/\/cardamomo.com\/pt\/#website"},"primaryImageOfPage":{"@id":"https:\/\/cardamomo.com\/pt\/show\/flamenco-a-flor-de-piel\/#primaryimage"},"image":{"@id":"https:\/\/cardamomo.com\/es\/show\/flamenco-a-flor-de-piel\/#primaryimage"},"thumbnailUrl":"https:\/\/cardamomo.ams3.digitaloceanspaces.com\/wp-content\/uploads\/2025\/07\/21093417\/programacion-cardamomo-21-27-julio.jpg","datePublished":"2025-07-21T09:35:07+00:00","dateModified":"2025-09-12T16:21:51+00:00","breadcrumb":{"@id":"https:\/\/cardamomo.com\/pt\/show\/flamenco-a-flor-de-piel\/#breadcrumb"},"inLanguage":"pt-PT","potentialAction":[{"@type":"ReadAction","target":[["https:\/\/cardamomo.com\/pt\/show\/flamenco-a-flor-de-piel\/"]]}]},{"@type":"ImageObject","inLanguage":"pt-PT","@id":"https:\/\/cardamomo.com\/pt\/show\/flamenco-a-flor-de-piel\/#primaryimage","url":"https:\/\/cardamomo.ams3.digitaloceanspaces.com\/wp-content\/uploads\/2025\/07\/21093417\/programacion-cardamomo-21-27-julio.jpg","contentUrl":"https:\/\/cardamomo.ams3.digitaloceanspaces.com\/wp-content\/uploads\/2025\/07\/21093417\/programacion-cardamomo-21-27-julio.jpg","width":1200,"height":800,"caption":"Programación artística 21 al 27 de Julio de Cardamomo Flamenco Madrid"},{"@type":"BreadcrumbList","@id":"https:\/\/cardamomo.com\/pt\/show\/flamenco-a-flor-de-piel\/#breadcrumb","itemListElement":[{"@type":"ListItem","position":1,"name":"Cardamomo","item":"https:\/\/cardamomo.com\/pt\/"},{"@type":"ListItem","position":2,"name":"Shows","item":"https:\/\/cardamomo.com\/pt\/show\/"},{"@type":"ListItem","position":3,"name":"Flamenco a Flor de Piel"}]},{"@type":"WebSite","@id":"https:\/\/cardamomo.com\/pt\/#website","url":"https:\/\/cardamomo.com\/pt\/","name":"Cardamomo Flamenco Madrid","description":"","potentialAction":[{"@type":"SearchAction","target":{"@type":"EntryPoint","urlTemplate":"https:\/\/cardamomo.com\/pt\/?s={search_term_string}"},"query-input":{"@type":"PropertyValueSpecification","valueRequired":true,"valueName":"search_term_string"}}],"inLanguage":"pt-PT"}]}</script>
<!-- / Yoast SEO plugin. -->

Flamenco à flor da pele - Cardamomo Flamenco Madrid

O que preparamos para esta semana é daquelas coisas que se sentem no peito. Imagine a energia pura, quase um fogo – isso é El Yiyo no palco. Um daqueles dançarinos que te prendem e não te soltam. Ao seu lado, a elegância e a firmeza de Sofía del Río e Nerea Fernández, o contraponto...

Programación artística 21 al 27 de Julio de Cardamomo Flamenco Madrid
