{"id":138903,"date":"2024-03-11T15:36:29","date_gmt":"2024-03-11T14:36:29","guid":{"rendered":"https:\/\/cardamomo.com\/es\/?post_type=show&#038;p=138903"},"modified":"2025-02-01T14:00:31","modified_gmt":"2025-02-01T14:00:31","slug":"juan-jose-villar-en-cardamomo","status":"publish","type":"show","link":"https:\/\/cardamomo.com\/pt\/show\/juan-jose-villar-en-cardamomo\/","title":{"rendered":"Juan Jos\u00e9 Villar em Cardamomo"},"content":{"rendered":"<p><strong><a href=\"https:\/\/cardamomo.com\/es\/artist\/juan-jose-villar\/\">Juan Jos\u00e9 Villar<\/a> no Cardamomo!<\/strong> Apenas esta semana, pode conhecer o grande bailarino de C\u00e1diz.<\/p>\n<p>Pertence \u00e0 saga de &#8220;los Villar&#8221; e \u00e9 um grande f\u00e3 da dan\u00e7a flamenca e da percuss\u00e3o, o que determina o seu grande sentido r\u00edtmico.<\/p>\n<h2>Juan Jos\u00e9 Villar, <a href=\"https:\/\/cardamomo.com\/es\/comprar-entradas\/\">espet\u00e1culo r\u00edtmico.<\/a><\/h2>\n<p>Come\u00e7ou a sua carreira aos 10 anos de idade com a sua primeira digress\u00e3o no Jap\u00e3o e continuou-a em Espanha, onde actuou em tablaos como El Arenal, El Cordob\u00e9s e Tablao del Carmen, entre outros. A sua paix\u00e3o pelo flamenco permitiu-lhe partilhar o palco com grandes bailarinos de flamenco como <strong>Farruquito, Pepe Torres, Bel\u00e9n L\u00f3pez, Karime Amaya<\/strong>, entre outros.<\/p>\n<p>A extensa carreira deste jovem bailarino, que atualmente se apresenta com <a href=\"https:\/\/rosariofloresoficial.com\/\">Rosario Flores<\/a>, \u00e9 a prova do seu virtuosismo e grande habilidade em palco. \u00c9 um artista que hipnotiza com os seus p\u00e9s. Uma forma especial de dan\u00e7ar que n\u00e3o deve ser perdida.<\/p>\n<p><strong>Este dan\u00e7arino tem um forte sentido de ritmo em cada uma das suas actua\u00e7\u00f5es, por isso venha desfrutar de Juan Jos\u00e9 Villar no Cardamomo!<\/strong><\/p>\n<p><a href=\"https:\/\/cardamomo.com\/es\/comprar-entradas\/\">Marque uma visita!<\/a><\/p>","protected":false},"featured_media":156606,"template":"","meta":{"_acf_changed":false,"inline_featured_image":false},"class_list":["post-138903","show","type-show","status-publish","has-post-thumbnail","hentry"],"acf":[],"yoast_head":"<!-- This site is optimized with the Yoast SEO plugin v27.4 - https:\/\/yoast.com\/product\/yoast-seo-wordpress\/ -->\n<title>Juan Jos\u00e9 Villar em Cardamomo<\/title>\n<meta name=\"description\" content=\"\u00a1Juan Jos\u00e9 Villar en Cardamomo! Bailaor procedente de una importante saga de artistas flamencos \u00a1No te lo pierdas!\" \/>\n<meta name=\"robots\" content=\"index, follow, max-snippet:-1, max-image-preview:large, max-video-preview:-1\" \/>\n<link rel=\"canonical\" href=\"\/\" \/>\n<meta property=\"og:locale\" content=\"pt_PT\" \/>\n<meta property=\"og:type\" content=\"article\" \/>\n<meta property=\"og:title\" content=\"Juan Jos\u00e9 Villar em Cardamomo\" \/>\n<meta property=\"og:description\" content=\"\u00a1Juan Jos\u00e9 Villar en Cardamomo! Bailaor procedente de una importante saga de artistas flamencos \u00a1No te lo pierdas!\" \/>\n<meta property=\"og:url\" content=\"https:\/\/cardamomo.com\/pt\/show\/juan-jose-villar-en-cardamomo\/\" \/>\n<meta property=\"og:site_name\" content=\"Cardamomo Flamenco Madrid\" \/>\n<meta property=\"article:modified_time\" content=\"2025-02-01T14:00:31+00:00\" \/>\n<meta property=\"og:image\" content=\"https:\/\/cardamomo.ams3.digitaloceanspaces.com\/wp-content\/uploads\/2025\/01\/11133341\/juan-jose-villar.jpg\" \/>\n\t<meta property=\"og:image:width\" content=\"1400\" \/>\n\t<meta property=\"og:image:height\" content=\"800\" \/>\n\t<meta property=\"og:image:type\" content=\"image\/jpeg\" \/>\n<meta name=\"twitter:card\" content=\"summary_large_image\" \/>\n<meta name=\"twitter:label1\" content=\"Tempo estimado de leitura\" \/>\n\t<meta name=\"twitter:data1\" content=\"1 minuto\" \/>\n<script type=\"application\/ld+json\" class=\"yoast-schema-graph\">{\"@context\":\"https:\\\/\\\/schema.org\",\"@graph\":[{\"@type\":\"WebPage\",\"@id\":\"https:\\\/\\\/cardamomo.com\\\/pt\\\/show\\\/juan-jose-villar-en-cardamomo\\\/\",\"url\":\"https:\\\/\\\/cardamomo.com\\\/pt\\\/show\\\/juan-jose-villar-en-cardamomo\\\/\",\"name\":\"Juan Jos\u00e9 Villar em Cardamomo\",\"isPartOf\":{\"@id\":\"https:\\\/\\\/cardamomo.com\\\/pt\\\/#website\"},\"primaryImageOfPage\":{\"@id\":\"https:\\\/\\\/cardamomo.com\\\/pt\\\/show\\\/juan-jose-villar-en-cardamomo\\\/#primaryimage\"},\"image\":{\"@id\":\"https:\\\/\\\/cardamomo.com\\\/es\\\/show\\\/juan-jose-villar-en-cardamomo\\\/#primaryimage\"},\"thumbnailUrl\":\"https:\\\/\\\/cardamomo.ams3.digitaloceanspaces.com\\\/wp-content\\\/uploads\\\/2025\\\/01\\\/11133341\\\/juan-jose-villar.jpg\",\"datePublished\":\"2024-03-11T14:36:29+00:00\",\"dateModified\":\"2025-02-01T14:00:31+00:00\",\"description\":\"\u00a1Juan Jos\u00e9 Villar en Cardamomo! Bailaor procedente de una importante saga de artistas flamencos \u00a1No te lo pierdas!\",\"breadcrumb\":{\"@id\":\"https:\\\/\\\/cardamomo.com\\\/pt\\\/show\\\/juan-jose-villar-en-cardamomo\\\/#breadcrumb\"},\"inLanguage\":\"pt-PT\",\"potentialAction\":[{\"@type\":\"ReadAction\",\"target\":[[\"https:\\\/\\\/cardamomo.com\\\/pt\\\/show\\\/juan-jose-villar-en-cardamomo\\\/\"]]}]},{\"@type\":\"ImageObject\",\"inLanguage\":\"pt-PT\",\"@id\":\"https:\\\/\\\/cardamomo.com\\\/pt\\\/show\\\/juan-jose-villar-en-cardamomo\\\/#primaryimage\",\"url\":\"https:\\\/\\\/cardamomo.ams3.digitaloceanspaces.com\\\/wp-content\\\/uploads\\\/2025\\\/01\\\/11133341\\\/juan-jose-villar.jpg\",\"contentUrl\":\"https:\\\/\\\/cardamomo.ams3.digitaloceanspaces.com\\\/wp-content\\\/uploads\\\/2025\\\/01\\\/11133341\\\/juan-jose-villar.jpg\",\"width\":1400,\"height\":800,\"caption\":\"Bailaor Juan Jos\u00e9 Villar\"},{\"@type\":\"BreadcrumbList\",\"@id\":\"https:\\\/\\\/cardamomo.com\\\/pt\\\/show\\\/juan-jose-villar-en-cardamomo\\\/#breadcrumb\",\"itemListElement\":[{\"@type\":\"ListItem\",\"position\":1,\"name\":\"Cardamomo\",\"item\":\"https:\\\/\\\/cardamomo.com\\\/pt\\\/\"},{\"@type\":\"ListItem\",\"position\":2,\"name\":\"Shows\",\"item\":\"https:\\\/\\\/cardamomo.com\\\/pt\\\/show\\\/\"},{\"@type\":\"ListItem\",\"position\":3,\"name\":\"Juan Jos\u00e9 Villar en Cardamomo\"}]},{\"@type\":\"WebSite\",\"@id\":\"https:\\\/\\\/cardamomo.com\\\/pt\\\/#website\",\"url\":\"https:\\\/\\\/cardamomo.com\\\/pt\\\/\",\"name\":\"Cardamomo Flamenco Madrid\",\"description\":\"\",\"potentialAction\":[{\"@type\":\"SearchAction\",\"target\":{\"@type\":\"EntryPoint\",\"urlTemplate\":\"https:\\\/\\\/cardamomo.com\\\/pt\\\/?s={search_term_string}\"},\"query-input\":{\"@type\":\"PropertyValueSpecification\",\"valueRequired\":true,\"valueName\":\"search_term_string\"}}],\"inLanguage\":\"pt-PT\"}]}<\/script>\n<!-- \/ Yoast SEO plugin. -->","yoast_head_json":{"title":"Juan Jos\u00e9 Villar em Cardamomo","description":"\u00a1Juan Jos\u00e9 Villar en Cardamomo! Bailaor procedente de una importante saga de artistas flamencos \u00a1No te lo pierdas!","robots":{"index":"index","follow":"follow","max-snippet":"max-snippet:-1","max-image-preview":"max-image-preview:large","max-video-preview":"max-video-preview:-1"},"canonical":"\/","og_locale":"pt_PT","og_type":"article","og_title":"Juan Jos\u00e9 Villar em Cardamomo","og_description":"\u00a1Juan Jos\u00e9 Villar en Cardamomo! Bailaor procedente de una importante saga de artistas flamencos \u00a1No te lo pierdas!","og_url":"https:\/\/cardamomo.com\/pt\/show\/juan-jose-villar-en-cardamomo\/","og_site_name":"Cardamomo Flamenco Madrid","article_modified_time":"2025-02-01T14:00:31+00:00","og_image":[{"width":1400,"height":800,"url":"https:\/\/cardamomo.ams3.digitaloceanspaces.com\/wp-content\/uploads\/2025\/01\/11133341\/juan-jose-villar.jpg","type":"image\/jpeg"}],"twitter_card":"summary_large_image","twitter_misc":{"Tempo estimado de leitura":"1 minuto"},"schema":{"@context":"https:\/\/schema.org","@graph":[{"@type":"WebPage","@id":"https:\/\/cardamomo.com\/pt\/show\/juan-jose-villar-en-cardamomo\/","url":"https:\/\/cardamomo.com\/pt\/show\/juan-jose-villar-en-cardamomo\/","name":"Juan Jos\u00e9 Villar em Cardamomo","isPartOf":{"@id":"https:\/\/cardamomo.com\/pt\/#website"},"primaryImageOfPage":{"@id":"https:\/\/cardamomo.com\/pt\/show\/juan-jose-villar-en-cardamomo\/#primaryimage"},"image":{"@id":"https:\/\/cardamomo.com\/es\/show\/juan-jose-villar-en-cardamomo\/#primaryimage"},"thumbnailUrl":"https:\/\/cardamomo.ams3.digitaloceanspaces.com\/wp-content\/uploads\/2025\/01\/11133341\/juan-jose-villar.jpg","datePublished":"2024-03-11T14:36:29+00:00","dateModified":"2025-02-01T14:00:31+00:00","description":"\u00a1Juan Jos\u00e9 Villar en Cardamomo! Bailaor procedente de una importante saga de artistas flamencos \u00a1No te lo pierdas!","breadcrumb":{"@id":"https:\/\/cardamomo.com\/pt\/show\/juan-jose-villar-en-cardamomo\/#breadcrumb"},"inLanguage":"pt-PT","potentialAction":[{"@type":"ReadAction","target":[["https:\/\/cardamomo.com\/pt\/show\/juan-jose-villar-en-cardamomo\/"]]}]},{"@type":"ImageObject","inLanguage":"pt-PT","@id":"https:\/\/cardamomo.com\/pt\/show\/juan-jose-villar-en-cardamomo\/#primaryimage","url":"https:\/\/cardamomo.ams3.digitaloceanspaces.com\/wp-content\/uploads\/2025\/01\/11133341\/juan-jose-villar.jpg","contentUrl":"https:\/\/cardamomo.ams3.digitaloceanspaces.com\/wp-content\/uploads\/2025\/01\/11133341\/juan-jose-villar.jpg","width":1400,"height":800,"caption":"Bailaor Juan Jos\u00e9 Villar"},{"@type":"BreadcrumbList","@id":"https:\/\/cardamomo.com\/pt\/show\/juan-jose-villar-en-cardamomo\/#breadcrumb","itemListElement":[{"@type":"ListItem","position":1,"name":"Cardamomo","item":"https:\/\/cardamomo.com\/pt\/"},{"@type":"ListItem","position":2,"name":"Shows","item":"https:\/\/cardamomo.com\/pt\/show\/"},{"@type":"ListItem","position":3,"name":"Juan Jos\u00e9 Villar en Cardamomo"}]},{"@type":"WebSite","@id":"https:\/\/cardamomo.com\/pt\/#website","url":"https:\/\/cardamomo.com\/pt\/","name":"Cardamomo Flamenco Madrid","description":"","potentialAction":[{"@type":"SearchAction","target":{"@type":"EntryPoint","urlTemplate":"https:\/\/cardamomo.com\/pt\/?s={search_term_string}"},"query-input":{"@type":"PropertyValueSpecification","valueRequired":true,"valueName":"search_term_string"}}],"inLanguage":"pt-PT"}]}},"_links":{"self":[{"href":"https:\/\/cardamomo.com\/pt\/wp-json\/wp\/v2\/show\/138903","targetHints":{"allow":["GET"]}}],"collection":[{"href":"https:\/\/cardamomo.com\/pt\/wp-json\/wp\/v2\/show"}],"about":[{"href":"https:\/\/cardamomo.com\/pt\/wp-json\/wp\/v2\/types\/show"}],"wp:featuredmedia":[{"embeddable":true,"href":"https:\/\/cardamomo.com\/pt\/wp-json\/wp\/v2\/media\/156606"}],"wp:attachment":[{"href":"https:\/\/cardamomo.com\/pt\/wp-json\/wp\/v2\/media?parent=138903"}],"curies":[{"name":"wp","href":"https:\/\/api.w.org\/{rel}","templated":true}]}}

Juan José Villar em Cardamomo

<p><strong><a href="https://cardamomo.com/es/artist/juan-jose-villar/">Juan José Villar</a> no Cardamomo!</strong> Apenas esta semana, pode conhecer o grande bailarino de Cádiz.</p>
<p>Pertence à saga de &#8220;los Villar&#8221; e é um grande fã da dança flamenca e da percussão, o que determina o seu grande sentido rítmico.</p>
<h2>Juan José Villar, <a href="https://cardamomo.com/es/comprar-entradas/">espetáculo rítmico.</a></h2>
<p>Começou a sua carreira aos 10 anos de idade com a sua primeira digressão no Japão e continuou-a em Espanha, onde actuou em tablaos como El Arenal, El Cordobés e Tablao del Carmen, entre outros. A sua paixão pelo flamenco permitiu-lhe partilhar o palco com grandes bailarinos de flamenco como <strong>Farruquito, Pepe Torres, Belén López, Karime Amaya</strong>, entre outros.</p>
<p>A extensa carreira deste jovem bailarino, que atualmente se apresenta com <a href="https://rosariofloresoficial.com/">Rosario Flores</a>, é a prova do seu virtuosismo e grande habilidade em palco. É um artista que hipnotiza com os seus pés. Uma forma especial de dançar que não deve ser perdida.</p>
<p><strong>Este dançarino tem um forte sentido de ritmo em cada uma das suas actuações, por isso venha desfrutar de Juan José Villar no Cardamomo!</strong></p>
<p><a href="https://cardamomo.com/es/comprar-entradas/">Marque uma visita!</a></p>

<!-- This site is optimized with the Yoast SEO plugin v27.4 - https://yoast.com/product/yoast-seo-wordpress/ -->
<title>Juan José Villar em Cardamomo</title>
<meta name="description" content="¡Juan José Villar en Cardamomo! Bailaor procedente de una importante saga de artistas flamencos ¡No te lo pierdas!" />
<meta name="robots" content="index, follow, max-snippet:-1, max-image-preview:large, max-video-preview:-1" />
<link rel="canonical" href="/" />
<meta property="og:locale" content="pt_PT" />
<meta property="og:type" content="article" />
<meta property="og:title" content="Juan José Villar em Cardamomo" />
<meta property="og:description" content="¡Juan José Villar en Cardamomo! Bailaor procedente de una importante saga de artistas flamencos ¡No te lo pierdas!" />
<meta property="og:url" content="https://cardamomo.com/pt/show/juan-jose-villar-en-cardamomo/" />
<meta property="og:site_name" content="Cardamomo Flamenco Madrid" />
<meta property="article:modified_time" content="2025-02-01T14:00:31+00:00" />
<meta property="og:image" content="https://cardamomo.ams3.digitaloceanspaces.com/wp-content/uploads/2025/01/11133341/juan-jose-villar.jpg" />
	<meta property="og:image:width" content="1400" />
	<meta property="og:image:height" content="800" />
	<meta property="og:image:type" content="image/jpeg" />
<meta name="twitter:card" content="summary_large_image" />
<meta name="twitter:label1" content="Tempo estimado de leitura" />
	<meta name="twitter:data1" content="1 minuto" />
<script type="application/ld+json" class="yoast-schema-graph">{"@context":"https:\/\/schema.org","@graph":[{"@type":"WebPage","@id":"https:\/\/cardamomo.com\/pt\/show\/juan-jose-villar-en-cardamomo\/","url":"https:\/\/cardamomo.com\/pt\/show\/juan-jose-villar-en-cardamomo\/","name":"Juan José Villar em Cardamomo","isPartOf":{"@id":"https:\/\/cardamomo.com\/pt\/#website"},"primaryImageOfPage":{"@id":"https:\/\/cardamomo.com\/pt\/show\/juan-jose-villar-en-cardamomo\/#primaryimage"},"image":{"@id":"https:\/\/cardamomo.com\/es\/show\/juan-jose-villar-en-cardamomo\/#primaryimage"},"thumbnailUrl":"https:\/\/cardamomo.ams3.digitaloceanspaces.com\/wp-content\/uploads\/2025\/01\/11133341\/juan-jose-villar.jpg","datePublished":"2024-03-11T14:36:29+00:00","dateModified":"2025-02-01T14:00:31+00:00","description":"¡Juan José Villar en Cardamomo! Bailaor procedente de una importante saga de artistas flamencos ¡No te lo pierdas!","breadcrumb":{"@id":"https:\/\/cardamomo.com\/pt\/show\/juan-jose-villar-en-cardamomo\/#breadcrumb"},"inLanguage":"pt-PT","potentialAction":[{"@type":"ReadAction","target":[["https:\/\/cardamomo.com\/pt\/show\/juan-jose-villar-en-cardamomo\/"]]}]},{"@type":"ImageObject","inLanguage":"pt-PT","@id":"https:\/\/cardamomo.com\/pt\/show\/juan-jose-villar-en-cardamomo\/#primaryimage","url":"https:\/\/cardamomo.ams3.digitaloceanspaces.com\/wp-content\/uploads\/2025\/01\/11133341\/juan-jose-villar.jpg","contentUrl":"https:\/\/cardamomo.ams3.digitaloceanspaces.com\/wp-content\/uploads\/2025\/01\/11133341\/juan-jose-villar.jpg","width":1400,"height":800,"caption":"Bailaor Juan José Villar"},{"@type":"BreadcrumbList","@id":"https:\/\/cardamomo.com\/pt\/show\/juan-jose-villar-en-cardamomo\/#breadcrumb","itemListElement":[{"@type":"ListItem","position":1,"name":"Cardamomo","item":"https:\/\/cardamomo.com\/pt\/"},{"@type":"ListItem","position":2,"name":"Shows","item":"https:\/\/cardamomo.com\/pt\/show\/"},{"@type":"ListItem","position":3,"name":"Juan José Villar en Cardamomo"}]},{"@type":"WebSite","@id":"https:\/\/cardamomo.com\/pt\/#website","url":"https:\/\/cardamomo.com\/pt\/","name":"Cardamomo Flamenco Madrid","description":"","potentialAction":[{"@type":"SearchAction","target":{"@type":"EntryPoint","urlTemplate":"https:\/\/cardamomo.com\/pt\/?s={search_term_string}"},"query-input":{"@type":"PropertyValueSpecification","valueRequired":true,"valueName":"search_term_string"}}],"inLanguage":"pt-PT"}]}</script>
<!-- / Yoast SEO plugin. -->

¡Juan José Villar en Cardamomo! Bailaor procedente de una importante saga de artistas flamencos ¡No te lo pierdas!

Bailaor Juan José Villar

Juan José Villar en Cardamomo
