{"id":131124,"date":"2023-09-24T19:13:27","date_gmt":"2023-09-24T17:13:27","guid":{"rendered":"https:\/\/cardamomo.com\/es\/?post_type=show&#038;p=131124"},"modified":"2025-02-01T14:01:13","modified_gmt":"2025-02-01T14:01:13","slug":"jose-maya-en-cardamomo","status":"publish","type":"show","link":"https:\/\/cardamomo.com\/pt\/show\/jose-maya-en-cardamomo\/","title":{"rendered":"Jos\u00e9 maya em Cardamomo"},"content":{"rendered":"<p>Joselillo Romero \u00e9 uma das poucas pessoas na arte flamenca que se imp\u00f4s a outros artistas. Faz parte da elite da elite do flamenco, um bailarino ao n\u00edvel de estrelas como Rafael Amargo e Farruquito.<\/p>\n<p>Oriundo de uma fam\u00edlia de artistas ciganos (pintores, escritores e actores), tem entre os seus antepassados a Belaora Fernanda Romero e o violoncelista Rafael Romero &#8220;El Gallina&#8221;. Como outros talentos do flamenco, come\u00e7ou a sua carreira aos nove anos com Antonio Canales e Joaqu\u00edn Grillo. Na sua adolesc\u00eancia, juntou-se ao grupo de dan\u00e7a &#8220;El Guito&#8221;. Desde ent\u00e3o, tem vindo a realizar uma s\u00e9rie de espect\u00e1culos inesquec\u00edveis, desde digress\u00f5es internacionais por todo o mundo a aberturas para artistas como Marc Anthony e Beyonc\u00e9.<\/p>\n<p>O Cardamo tem a honra de o receber em palco e de oferecer aos visitantes uma oportunidade \u00fanica de o verem atuar.<\/p>\n<p>A n\u00e3o perder.<\/p>","protected":false},"featured_media":0,"template":"","meta":{"_acf_changed":false,"inline_featured_image":false},"class_list":["post-131124","show","type-show","status-publish","hentry"],"acf":[],"yoast_head":"<!-- This site is optimized with the Yoast SEO plugin v27.4 - https:\/\/yoast.com\/product\/yoast-seo-wordpress\/ -->\n<title>Jos\u00e9 maya em Cardamomo - Cardamomo Flamenco Madrid<\/title>\n<meta name=\"robots\" content=\"index, follow, max-snippet:-1, max-image-preview:large, max-video-preview:-1\" \/>\n<link rel=\"canonical\" href=\"\/\" \/>\n<meta property=\"og:locale\" content=\"pt_PT\" \/>\n<meta property=\"og:type\" content=\"article\" \/>\n<meta property=\"og:title\" content=\"Jos\u00e9 maya em Cardamomo - Cardamomo Flamenco Madrid\" \/>\n<meta property=\"og:description\" content=\"Joselillo Romero \u00e9 uma das poucas pessoas na arte flamenca que se imp\u00f4s a outros artistas. Faz parte da elite da elite do flamenco, um bailarino ao n\u00edvel de estrelas como Rafael Amargo e Farruquito. Oriundo de uma fam\u00edlia de artistas ciganos (pintores, escritores e actores), tem entre os seus antepassados a Belaora Fernanda Romero...\" \/>\n<meta property=\"og:url\" content=\"https:\/\/cardamomo.com\/pt\/show\/jose-maya-en-cardamomo\/\" \/>\n<meta property=\"og:site_name\" content=\"Cardamomo Flamenco Madrid\" \/>\n<meta property=\"article:modified_time\" content=\"2025-02-01T14:01:13+00:00\" \/>\n<meta property=\"og:image\" content=\"https:\/\/cardamomo.com\/wp-content\/uploads\/2022\/03\/log_comunidad_m.jpg\" \/>\n<meta name=\"twitter:card\" content=\"summary_large_image\" \/>\n<meta name=\"twitter:label1\" content=\"Tempo estimado de leitura\" \/>\n\t<meta name=\"twitter:data1\" content=\"2 minutos\" \/>\n<script type=\"application\/ld+json\" class=\"yoast-schema-graph\">{\"@context\":\"https:\\\/\\\/schema.org\",\"@graph\":[{\"@type\":\"WebPage\",\"@id\":\"https:\\\/\\\/cardamomo.com\\\/pt\\\/show\\\/jose-maya-en-cardamomo\\\/\",\"url\":\"https:\\\/\\\/cardamomo.com\\\/pt\\\/show\\\/jose-maya-en-cardamomo\\\/\",\"name\":\"Jos\u00e9 maya em Cardamomo - Cardamomo Flamenco Madrid\",\"isPartOf\":{\"@id\":\"https:\\\/\\\/cardamomo.com\\\/pt\\\/#website\"},\"primaryImageOfPage\":{\"@id\":\"https:\\\/\\\/cardamomo.com\\\/pt\\\/show\\\/jose-maya-en-cardamomo\\\/#primaryimage\"},\"image\":{\"@id\":\"https:\\\/\\\/cardamomo.com\\\/es\\\/show\\\/jose-maya-en-cardamomo\\\/#primaryimage\"},\"thumbnailUrl\":\"https:\\\/\\\/cardamomo.com\\\/wp-content\\\/uploads\\\/2022\\\/03\\\/log_comunidad_m.jpg\",\"datePublished\":\"2023-09-24T17:13:27+00:00\",\"dateModified\":\"2025-02-01T14:01:13+00:00\",\"breadcrumb\":{\"@id\":\"https:\\\/\\\/cardamomo.com\\\/pt\\\/show\\\/jose-maya-en-cardamomo\\\/#breadcrumb\"},\"inLanguage\":\"pt-PT\",\"potentialAction\":[{\"@type\":\"ReadAction\",\"target\":[[\"https:\\\/\\\/cardamomo.com\\\/pt\\\/show\\\/jose-maya-en-cardamomo\\\/\"]]}]},{\"@type\":\"ImageObject\",\"inLanguage\":\"pt-PT\",\"@id\":\"https:\\\/\\\/cardamomo.com\\\/pt\\\/show\\\/jose-maya-en-cardamomo\\\/#primaryimage\",\"url\":\"https:\\\/\\\/cardamomo.com\\\/wp-content\\\/uploads\\\/2022\\\/03\\\/log_comunidad_m.jpg\",\"contentUrl\":\"https:\\\/\\\/cardamomo.com\\\/wp-content\\\/uploads\\\/2022\\\/03\\\/log_comunidad_m.jpg\"},{\"@type\":\"BreadcrumbList\",\"@id\":\"https:\\\/\\\/cardamomo.com\\\/pt\\\/show\\\/jose-maya-en-cardamomo\\\/#breadcrumb\",\"itemListElement\":[{\"@type\":\"ListItem\",\"position\":1,\"name\":\"Cardamomo\",\"item\":\"https:\\\/\\\/cardamomo.com\\\/pt\\\/\"},{\"@type\":\"ListItem\",\"position\":2,\"name\":\"Shows\",\"item\":\"https:\\\/\\\/cardamomo.com\\\/pt\\\/show\\\/\"},{\"@type\":\"ListItem\",\"position\":3,\"name\":\"Jos\u00e9 Maya en Cardamomo\"}]},{\"@type\":\"WebSite\",\"@id\":\"https:\\\/\\\/cardamomo.com\\\/pt\\\/#website\",\"url\":\"https:\\\/\\\/cardamomo.com\\\/pt\\\/\",\"name\":\"Cardamomo Flamenco Madrid\",\"description\":\"\",\"potentialAction\":[{\"@type\":\"SearchAction\",\"target\":{\"@type\":\"EntryPoint\",\"urlTemplate\":\"https:\\\/\\\/cardamomo.com\\\/pt\\\/?s={search_term_string}\"},\"query-input\":{\"@type\":\"PropertyValueSpecification\",\"valueRequired\":true,\"valueName\":\"search_term_string\"}}],\"inLanguage\":\"pt-PT\"}]}<\/script>\n<!-- \/ Yoast SEO plugin. -->","yoast_head_json":{"title":"Jos\u00e9 maya em Cardamomo - Cardamomo Flamenco Madrid","robots":{"index":"index","follow":"follow","max-snippet":"max-snippet:-1","max-image-preview":"max-image-preview:large","max-video-preview":"max-video-preview:-1"},"canonical":"\/","og_locale":"pt_PT","og_type":"article","og_title":"Jos\u00e9 maya em Cardamomo - Cardamomo Flamenco Madrid","og_description":"Joselillo Romero \u00e9 uma das poucas pessoas na arte flamenca que se imp\u00f4s a outros artistas. Faz parte da elite da elite do flamenco, um bailarino ao n\u00edvel de estrelas como Rafael Amargo e Farruquito. Oriundo de uma fam\u00edlia de artistas ciganos (pintores, escritores e actores), tem entre os seus antepassados a Belaora Fernanda Romero...","og_url":"https:\/\/cardamomo.com\/pt\/show\/jose-maya-en-cardamomo\/","og_site_name":"Cardamomo Flamenco Madrid","article_modified_time":"2025-02-01T14:01:13+00:00","og_image":[{"url":"https:\/\/cardamomo.com\/wp-content\/uploads\/2022\/03\/log_comunidad_m.jpg","type":"","width":"","height":""}],"twitter_card":"summary_large_image","twitter_misc":{"Tempo estimado de leitura":"2 minutos"},"schema":{"@context":"https:\/\/schema.org","@graph":[{"@type":"WebPage","@id":"https:\/\/cardamomo.com\/pt\/show\/jose-maya-en-cardamomo\/","url":"https:\/\/cardamomo.com\/pt\/show\/jose-maya-en-cardamomo\/","name":"Jos\u00e9 maya em Cardamomo - Cardamomo Flamenco Madrid","isPartOf":{"@id":"https:\/\/cardamomo.com\/pt\/#website"},"primaryImageOfPage":{"@id":"https:\/\/cardamomo.com\/pt\/show\/jose-maya-en-cardamomo\/#primaryimage"},"image":{"@id":"https:\/\/cardamomo.com\/es\/show\/jose-maya-en-cardamomo\/#primaryimage"},"thumbnailUrl":"https:\/\/cardamomo.com\/wp-content\/uploads\/2022\/03\/log_comunidad_m.jpg","datePublished":"2023-09-24T17:13:27+00:00","dateModified":"2025-02-01T14:01:13+00:00","breadcrumb":{"@id":"https:\/\/cardamomo.com\/pt\/show\/jose-maya-en-cardamomo\/#breadcrumb"},"inLanguage":"pt-PT","potentialAction":[{"@type":"ReadAction","target":[["https:\/\/cardamomo.com\/pt\/show\/jose-maya-en-cardamomo\/"]]}]},{"@type":"ImageObject","inLanguage":"pt-PT","@id":"https:\/\/cardamomo.com\/pt\/show\/jose-maya-en-cardamomo\/#primaryimage","url":"https:\/\/cardamomo.com\/wp-content\/uploads\/2022\/03\/log_comunidad_m.jpg","contentUrl":"https:\/\/cardamomo.com\/wp-content\/uploads\/2022\/03\/log_comunidad_m.jpg"},{"@type":"BreadcrumbList","@id":"https:\/\/cardamomo.com\/pt\/show\/jose-maya-en-cardamomo\/#breadcrumb","itemListElement":[{"@type":"ListItem","position":1,"name":"Cardamomo","item":"https:\/\/cardamomo.com\/pt\/"},{"@type":"ListItem","position":2,"name":"Shows","item":"https:\/\/cardamomo.com\/pt\/show\/"},{"@type":"ListItem","position":3,"name":"Jos\u00e9 Maya en Cardamomo"}]},{"@type":"WebSite","@id":"https:\/\/cardamomo.com\/pt\/#website","url":"https:\/\/cardamomo.com\/pt\/","name":"Cardamomo Flamenco Madrid","description":"","potentialAction":[{"@type":"SearchAction","target":{"@type":"EntryPoint","urlTemplate":"https:\/\/cardamomo.com\/pt\/?s={search_term_string}"},"query-input":{"@type":"PropertyValueSpecification","valueRequired":true,"valueName":"search_term_string"}}],"inLanguage":"pt-PT"}]}},"_links":{"self":[{"href":"https:\/\/cardamomo.com\/pt\/wp-json\/wp\/v2\/show\/131124","targetHints":{"allow":["GET"]}}],"collection":[{"href":"https:\/\/cardamomo.com\/pt\/wp-json\/wp\/v2\/show"}],"about":[{"href":"https:\/\/cardamomo.com\/pt\/wp-json\/wp\/v2\/types\/show"}],"wp:attachment":[{"href":"https:\/\/cardamomo.com\/pt\/wp-json\/wp\/v2\/media?parent=131124"}],"curies":[{"name":"wp","href":"https:\/\/api.w.org\/{rel}","templated":true}]}}

José maya em Cardamomo

<p>Joselillo Romero é uma das poucas pessoas na arte flamenca que se impôs a outros artistas. Faz parte da elite da elite do flamenco, um bailarino ao nível de estrelas como Rafael Amargo e Farruquito.</p>
<p>Oriundo de uma família de artistas ciganos (pintores, escritores e actores), tem entre os seus antepassados a Belaora Fernanda Romero e o violoncelista Rafael Romero &#8220;El Gallina&#8221;. Como outros talentos do flamenco, começou a sua carreira aos nove anos com Antonio Canales e Joaquín Grillo. Na sua adolescência, juntou-se ao grupo de dança &#8220;El Guito&#8221;. Desde então, tem vindo a realizar uma série de espectáculos inesquecíveis, desde digressões internacionais por todo o mundo a aberturas para artistas como Marc Anthony e Beyoncé.</p>
<p>O Cardamo tem a honra de o receber em palco e de oferecer aos visitantes uma oportunidade única de o verem atuar.</p>
<p>A não perder.</p>

<!-- This site is optimized with the Yoast SEO plugin v27.4 - https://yoast.com/product/yoast-seo-wordpress/ -->
<title>José maya em Cardamomo - Cardamomo Flamenco Madrid</title>
<meta name="robots" content="index, follow, max-snippet:-1, max-image-preview:large, max-video-preview:-1" />
<link rel="canonical" href="/" />
<meta property="og:locale" content="pt_PT" />
<meta property="og:type" content="article" />
<meta property="og:title" content="José maya em Cardamomo - Cardamomo Flamenco Madrid" />
<meta property="og:description" content="Joselillo Romero é uma das poucas pessoas na arte flamenca que se impôs a outros artistas. Faz parte da elite da elite do flamenco, um bailarino ao nível de estrelas como Rafael Amargo e Farruquito. Oriundo de uma família de artistas ciganos (pintores, escritores e actores), tem entre os seus antepassados a Belaora Fernanda Romero..." />
<meta property="og:url" content="https://cardamomo.com/pt/show/jose-maya-en-cardamomo/" />
<meta property="og:site_name" content="Cardamomo Flamenco Madrid" />
<meta property="article:modified_time" content="2025-02-01T14:01:13+00:00" />
<meta property="og:image" content="https://cardamomo.com/wp-content/uploads/2022/03/log_comunidad_m.jpg" />
<meta name="twitter:card" content="summary_large_image" />
<meta name="twitter:label1" content="Tempo estimado de leitura" />
	<meta name="twitter:data1" content="2 minutos" />
<script type="application/ld+json" class="yoast-schema-graph">{"@context":"https:\/\/schema.org","@graph":[{"@type":"WebPage","@id":"https:\/\/cardamomo.com\/pt\/show\/jose-maya-en-cardamomo\/","url":"https:\/\/cardamomo.com\/pt\/show\/jose-maya-en-cardamomo\/","name":"José maya em Cardamomo - Cardamomo Flamenco Madrid","isPartOf":{"@id":"https:\/\/cardamomo.com\/pt\/#website"},"primaryImageOfPage":{"@id":"https:\/\/cardamomo.com\/pt\/show\/jose-maya-en-cardamomo\/#primaryimage"},"image":{"@id":"https:\/\/cardamomo.com\/es\/show\/jose-maya-en-cardamomo\/#primaryimage"},"thumbnailUrl":"https:\/\/cardamomo.com\/wp-content\/uploads\/2022\/03\/log_comunidad_m.jpg","datePublished":"2023-09-24T17:13:27+00:00","dateModified":"2025-02-01T14:01:13+00:00","breadcrumb":{"@id":"https:\/\/cardamomo.com\/pt\/show\/jose-maya-en-cardamomo\/#breadcrumb"},"inLanguage":"pt-PT","potentialAction":[{"@type":"ReadAction","target":[["https:\/\/cardamomo.com\/pt\/show\/jose-maya-en-cardamomo\/"]]}]},{"@type":"ImageObject","inLanguage":"pt-PT","@id":"https:\/\/cardamomo.com\/pt\/show\/jose-maya-en-cardamomo\/#primaryimage","url":"https:\/\/cardamomo.com\/wp-content\/uploads\/2022\/03\/log_comunidad_m.jpg","contentUrl":"https:\/\/cardamomo.com\/wp-content\/uploads\/2022\/03\/log_comunidad_m.jpg"},{"@type":"BreadcrumbList","@id":"https:\/\/cardamomo.com\/pt\/show\/jose-maya-en-cardamomo\/#breadcrumb","itemListElement":[{"@type":"ListItem","position":1,"name":"Cardamomo","item":"https:\/\/cardamomo.com\/pt\/"},{"@type":"ListItem","position":2,"name":"Shows","item":"https:\/\/cardamomo.com\/pt\/show\/"},{"@type":"ListItem","position":3,"name":"José Maya en Cardamomo"}]},{"@type":"WebSite","@id":"https:\/\/cardamomo.com\/pt\/#website","url":"https:\/\/cardamomo.com\/pt\/","name":"Cardamomo Flamenco Madrid","description":"","potentialAction":[{"@type":"SearchAction","target":{"@type":"EntryPoint","urlTemplate":"https:\/\/cardamomo.com\/pt\/?s={search_term_string}"},"query-input":{"@type":"PropertyValueSpecification","valueRequired":true,"valueName":"search_term_string"}}],"inLanguage":"pt-PT"}]}</script>
<!-- / Yoast SEO plugin. -->

José maya em Cardamomo - Cardamomo Flamenco Madrid

Joselillo Romero é uma das poucas pessoas na arte flamenca que se impôs a outros artistas. Faz parte da elite da elite do flamenco, um bailarino ao nível de estrelas como Rafael Amargo e Farruquito. Oriundo de uma família de artistas ciganos (pintores, escritores e actores), tem entre os seus antepassados a Belaora Fernanda Romero...

José Maya en Cardamomo
