{"id":105576,"date":"2022-07-23T21:45:05","date_gmt":"2022-07-23T21:45:05","guid":{"rendered":"https:\/\/cardamomo.com\/es\/?post_type=show&#038;p=105576"},"modified":"2024-12-26T21:54:52","modified_gmt":"2024-12-26T21:54:52","slug":"remache-por-primera-vez-en-cardamomo","status":"publish","type":"show","link":"https:\/\/cardamomo.com\/pt\/show\/el-remache-pela-primeira-vez-em-cardamomo\/","title":{"rendered":"&#8221;El Remache&#8221; pela primeira vez em Cardamomo"},"content":{"rendered":"<p><\/p>\n<h3>Uma dan\u00e7a hipn\u00f3tica<\/h3>\n<p>Le\u00f3nides Santiago Cortes, mais conhecido como Yoni, <span style=\"color: #ff0000;\"><strong>&#8216;El Remache&#8217;,<\/strong><\/span> um nome que vem do seu tio &#8216;El Remache de Bronce&#8217;, um dan\u00e7arino de dan\u00e7as, onde Yoni encontra a inspira\u00e7\u00e3o para a sua dan\u00e7a cigana t\u00e3o apreciada pelos dan\u00e7arinos de flamenco.<\/p>\n<p>Yoni \u00e9 um daqueles jovens privilegiados que nascem com a arte do flamenco no sangue, e forjam a sua identidade de uma forma autodidacta, o que torna a sua dan\u00e7a diferente da dos seus pares, desenvolve uma dan\u00e7a pessoal que funde for\u00e7a e eleg\u00e2ncia, uma dan\u00e7a cigana que desperta todos os sentidos do espectador.<\/p>\n<p>A sua participa\u00e7\u00e3o no programa &#8220;Got Talent&#8221; no Tele 5, 2021 n\u00e3o deixou ningu\u00e9m indiferente, foi elogiado por todo o j\u00fari, incluindo o mais severo, Risto Mejide.<\/p>\n<p>N\u00e3o perca esta grande dan\u00e7arina ao vivo!<\/p>\n<p>Compre j\u00e1 os seus bilhetes!<\/p>\n<p>???? reservas@cardamomo.com<\/p>\n<p>\u260e\ufe0f ( +34) 91 805 1038\/ (+34) 691 02 21 17<\/p>\n<p>???? cardamomo.com<\/p>","protected":false},"featured_media":0,"template":"","meta":{"_acf_changed":false,"inline_featured_image":false},"class_list":["post-105576","show","type-show","status-publish","hentry"],"acf":[],"yoast_head":"<!-- This site is optimized with the Yoast SEO plugin v27.4 - https:\/\/yoast.com\/product\/yoast-seo-wordpress\/ -->\n<title>&quot;El Remache&quot; pela primeira vez em Cardamomo - Cardamomo Flamenco Madrid<\/title>\n<meta name=\"robots\" content=\"index, follow, max-snippet:-1, max-image-preview:large, max-video-preview:-1\" \/>\n<link rel=\"canonical\" href=\"\/\" \/>\n<meta property=\"og:locale\" content=\"pt_PT\" \/>\n<meta property=\"og:type\" content=\"article\" \/>\n<meta property=\"og:title\" content=\"&quot;El Remache&quot; pela primeira vez em Cardamomo - Cardamomo Flamenco Madrid\" \/>\n<meta property=\"og:description\" content=\"Uma dan\u00e7a hipn\u00f3tica Le\u00f3nides Santiago Cortes, mais conhecido como Yoni, &#8216;El Remache&#8217;, um nome que vem do seu tio &#8216;El Remache de Bronce&#8217;, um dan\u00e7arino de dan\u00e7as, onde Yoni encontra a inspira\u00e7\u00e3o para a sua dan\u00e7a cigana t\u00e3o apreciada pelos dan\u00e7arinos de flamenco. Yoni \u00e9 um daqueles jovens privilegiados que nascem com a arte do...\" \/>\n<meta property=\"og:url\" content=\"https:\/\/cardamomo.com\/pt\/show\/el-remache-por-primera-vez-en-cardamomo\/\" \/>\n<meta property=\"og:site_name\" content=\"Cardamomo Flamenco Madrid\" \/>\n<meta property=\"article:modified_time\" content=\"2024-12-26T21:54:52+00:00\" \/>\n<meta name=\"twitter:card\" content=\"summary_large_image\" \/>\n<meta name=\"twitter:label1\" content=\"Tempo estimado de leitura\" \/>\n\t<meta name=\"twitter:data1\" content=\"1 minuto\" \/>\n<script type=\"application\/ld+json\" class=\"yoast-schema-graph\">{\"@context\":\"https:\\\/\\\/schema.org\",\"@graph\":[{\"@type\":\"WebPage\",\"@id\":\"https:\\\/\\\/cardamomo.com\\\/pt\\\/show\\\/el-remache-por-primera-vez-en-cardamomo\\\/\",\"url\":\"https:\\\/\\\/cardamomo.com\\\/pt\\\/show\\\/el-remache-por-primera-vez-en-cardamomo\\\/\",\"name\":\"\\\"El Remache\\\" pela primeira vez em Cardamomo - Cardamomo Flamenco Madrid\",\"isPartOf\":{\"@id\":\"https:\\\/\\\/cardamomo.com\\\/pt\\\/#website\"},\"datePublished\":\"2022-07-23T21:45:05+00:00\",\"dateModified\":\"2024-12-26T21:54:52+00:00\",\"breadcrumb\":{\"@id\":\"https:\\\/\\\/cardamomo.com\\\/pt\\\/show\\\/el-remache-por-primera-vez-en-cardamomo\\\/#breadcrumb\"},\"inLanguage\":\"pt-PT\",\"potentialAction\":[{\"@type\":\"ReadAction\",\"target\":[[\"https:\\\/\\\/cardamomo.com\\\/pt\\\/show\\\/el-remache-por-primera-vez-en-cardamomo\\\/\"]]}]},{\"@type\":\"BreadcrumbList\",\"@id\":\"https:\\\/\\\/cardamomo.com\\\/pt\\\/show\\\/el-remache-por-primera-vez-en-cardamomo\\\/#breadcrumb\",\"itemListElement\":[{\"@type\":\"ListItem\",\"position\":1,\"name\":\"Cardamomo\",\"item\":\"https:\\\/\\\/cardamomo.com\\\/pt\\\/\"},{\"@type\":\"ListItem\",\"position\":2,\"name\":\"Shows\",\"item\":\"https:\\\/\\\/cardamomo.com\\\/pt\\\/show\\\/\"},{\"@type\":\"ListItem\",\"position\":3,\"name\":\"\u00abEl Remache\u00bb por primera vez en Cardamomo\"}]},{\"@type\":\"WebSite\",\"@id\":\"https:\\\/\\\/cardamomo.com\\\/pt\\\/#website\",\"url\":\"https:\\\/\\\/cardamomo.com\\\/pt\\\/\",\"name\":\"Cardamomo Flamenco Madrid\",\"description\":\"\",\"potentialAction\":[{\"@type\":\"SearchAction\",\"target\":{\"@type\":\"EntryPoint\",\"urlTemplate\":\"https:\\\/\\\/cardamomo.com\\\/pt\\\/?s={search_term_string}\"},\"query-input\":{\"@type\":\"PropertyValueSpecification\",\"valueRequired\":true,\"valueName\":\"search_term_string\"}}],\"inLanguage\":\"pt-PT\"}]}<\/script>\n<!-- \/ Yoast SEO plugin. -->","yoast_head_json":{"title":"\"El Remache\" pela primeira vez em Cardamomo - Cardamomo Flamenco Madrid","robots":{"index":"index","follow":"follow","max-snippet":"max-snippet:-1","max-image-preview":"max-image-preview:large","max-video-preview":"max-video-preview:-1"},"canonical":"\/","og_locale":"pt_PT","og_type":"article","og_title":"\"El Remache\" pela primeira vez em Cardamomo - Cardamomo Flamenco Madrid","og_description":"Uma dan\u00e7a hipn\u00f3tica Le\u00f3nides Santiago Cortes, mais conhecido como Yoni, &#8216;El Remache&#8217;, um nome que vem do seu tio &#8216;El Remache de Bronce&#8217;, um dan\u00e7arino de dan\u00e7as, onde Yoni encontra a inspira\u00e7\u00e3o para a sua dan\u00e7a cigana t\u00e3o apreciada pelos dan\u00e7arinos de flamenco. Yoni \u00e9 um daqueles jovens privilegiados que nascem com a arte do...","og_url":"https:\/\/cardamomo.com\/pt\/show\/el-remache-por-primera-vez-en-cardamomo\/","og_site_name":"Cardamomo Flamenco Madrid","article_modified_time":"2024-12-26T21:54:52+00:00","twitter_card":"summary_large_image","twitter_misc":{"Tempo estimado de leitura":"1 minuto"},"schema":{"@context":"https:\/\/schema.org","@graph":[{"@type":"WebPage","@id":"https:\/\/cardamomo.com\/pt\/show\/el-remache-por-primera-vez-en-cardamomo\/","url":"https:\/\/cardamomo.com\/pt\/show\/el-remache-por-primera-vez-en-cardamomo\/","name":"\"El Remache\" pela primeira vez em Cardamomo - Cardamomo Flamenco Madrid","isPartOf":{"@id":"https:\/\/cardamomo.com\/pt\/#website"},"datePublished":"2022-07-23T21:45:05+00:00","dateModified":"2024-12-26T21:54:52+00:00","breadcrumb":{"@id":"https:\/\/cardamomo.com\/pt\/show\/el-remache-por-primera-vez-en-cardamomo\/#breadcrumb"},"inLanguage":"pt-PT","potentialAction":[{"@type":"ReadAction","target":[["https:\/\/cardamomo.com\/pt\/show\/el-remache-por-primera-vez-en-cardamomo\/"]]}]},{"@type":"BreadcrumbList","@id":"https:\/\/cardamomo.com\/pt\/show\/el-remache-por-primera-vez-en-cardamomo\/#breadcrumb","itemListElement":[{"@type":"ListItem","position":1,"name":"Cardamomo","item":"https:\/\/cardamomo.com\/pt\/"},{"@type":"ListItem","position":2,"name":"Shows","item":"https:\/\/cardamomo.com\/pt\/show\/"},{"@type":"ListItem","position":3,"name":"\u00abEl Remache\u00bb por primera vez en Cardamomo"}]},{"@type":"WebSite","@id":"https:\/\/cardamomo.com\/pt\/#website","url":"https:\/\/cardamomo.com\/pt\/","name":"Cardamomo Flamenco Madrid","description":"","potentialAction":[{"@type":"SearchAction","target":{"@type":"EntryPoint","urlTemplate":"https:\/\/cardamomo.com\/pt\/?s={search_term_string}"},"query-input":{"@type":"PropertyValueSpecification","valueRequired":true,"valueName":"search_term_string"}}],"inLanguage":"pt-PT"}]}},"_links":{"self":[{"href":"https:\/\/cardamomo.com\/pt\/wp-json\/wp\/v2\/show\/105576","targetHints":{"allow":["GET"]}}],"collection":[{"href":"https:\/\/cardamomo.com\/pt\/wp-json\/wp\/v2\/show"}],"about":[{"href":"https:\/\/cardamomo.com\/pt\/wp-json\/wp\/v2\/types\/show"}],"wp:attachment":[{"href":"https:\/\/cardamomo.com\/pt\/wp-json\/wp\/v2\/media?parent=105576"}],"curies":[{"name":"wp","href":"https:\/\/api.w.org\/{rel}","templated":true}]}}

<p></p>
<h3>Uma dança hipnótica</h3>
<p>Leónides Santiago Cortes, mais conhecido como Yoni, <span style="color: #ff0000;"><strong>&#8216;El Remache&#8217;,</strong></span> um nome que vem do seu tio &#8216;El Remache de Bronce&#8217;, um dançarino de danças, onde Yoni encontra a inspiração para a sua dança cigana tão apreciada pelos dançarinos de flamenco.</p>
<p>Yoni é um daqueles jovens privilegiados que nascem com a arte do flamenco no sangue, e forjam a sua identidade de uma forma autodidacta, o que torna a sua dança diferente da dos seus pares, desenvolve uma dança pessoal que funde força e elegância, uma dança cigana que desperta todos os sentidos do espectador.</p>
<p>A sua participação no programa &#8220;Got Talent&#8221; no Tele 5, 2021 não deixou ninguém indiferente, foi elogiado por todo o júri, incluindo o mais severo, Risto Mejide.</p>
<p>Não perca esta grande dançarina ao vivo!</p>
<p>Compre já os seus bilhetes!</p>
<p>???? reservas@cardamomo.com</p>
<p>☎️ ( +34) 91 805 1038/ (+34) 691 02 21 17</p>
<p>???? cardamomo.com</p>

<!-- This site is optimized with the Yoast SEO plugin v27.4 - https://yoast.com/product/yoast-seo-wordpress/ -->
<title>&quot;El Remache&quot; pela primeira vez em Cardamomo - Cardamomo Flamenco Madrid</title>
<meta name="robots" content="index, follow, max-snippet:-1, max-image-preview:large, max-video-preview:-1" />
<link rel="canonical" href="/" />
<meta property="og:locale" content="pt_PT" />
<meta property="og:type" content="article" />
<meta property="og:title" content="&quot;El Remache&quot; pela primeira vez em Cardamomo - Cardamomo Flamenco Madrid" />
<meta property="og:description" content="Uma dança hipnótica Leónides Santiago Cortes, mais conhecido como Yoni, &#8216;El Remache&#8217;, um nome que vem do seu tio &#8216;El Remache de Bronce&#8217;, um dançarino de danças, onde Yoni encontra a inspiração para a sua dança cigana tão apreciada pelos dançarinos de flamenco. Yoni é um daqueles jovens privilegiados que nascem com a arte do..." />
<meta property="og:url" content="https://cardamomo.com/pt/show/el-remache-por-primera-vez-en-cardamomo/" />
<meta property="og:site_name" content="Cardamomo Flamenco Madrid" />
<meta property="article:modified_time" content="2024-12-26T21:54:52+00:00" />
<meta name="twitter:card" content="summary_large_image" />
<meta name="twitter:label1" content="Tempo estimado de leitura" />
	<meta name="twitter:data1" content="1 minuto" />
<script type="application/ld+json" class="yoast-schema-graph">{"@context":"https:\/\/schema.org","@graph":[{"@type":"WebPage","@id":"https:\/\/cardamomo.com\/pt\/show\/el-remache-por-primera-vez-en-cardamomo\/","url":"https:\/\/cardamomo.com\/pt\/show\/el-remache-por-primera-vez-en-cardamomo\/","name":"\"El Remache\" pela primeira vez em Cardamomo - Cardamomo Flamenco Madrid","isPartOf":{"@id":"https:\/\/cardamomo.com\/pt\/#website"},"datePublished":"2022-07-23T21:45:05+00:00","dateModified":"2024-12-26T21:54:52+00:00","breadcrumb":{"@id":"https:\/\/cardamomo.com\/pt\/show\/el-remache-por-primera-vez-en-cardamomo\/#breadcrumb"},"inLanguage":"pt-PT","potentialAction":[{"@type":"ReadAction","target":[["https:\/\/cardamomo.com\/pt\/show\/el-remache-por-primera-vez-en-cardamomo\/"]]}]},{"@type":"BreadcrumbList","@id":"https:\/\/cardamomo.com\/pt\/show\/el-remache-por-primera-vez-en-cardamomo\/#breadcrumb","itemListElement":[{"@type":"ListItem","position":1,"name":"Cardamomo","item":"https:\/\/cardamomo.com\/pt\/"},{"@type":"ListItem","position":2,"name":"Shows","item":"https:\/\/cardamomo.com\/pt\/show\/"},{"@type":"ListItem","position":3,"name":"«El Remache» por primera vez en Cardamomo"}]},{"@type":"WebSite","@id":"https:\/\/cardamomo.com\/pt\/#website","url":"https:\/\/cardamomo.com\/pt\/","name":"Cardamomo Flamenco Madrid","description":"","potentialAction":[{"@type":"SearchAction","target":{"@type":"EntryPoint","urlTemplate":"https:\/\/cardamomo.com\/pt\/?s={search_term_string}"},"query-input":{"@type":"PropertyValueSpecification","valueRequired":true,"valueName":"search_term_string"}}],"inLanguage":"pt-PT"}]}</script>
<!-- / Yoast SEO plugin. -->

Uma dança hipnótica Leónides Santiago Cortes, mais conhecido como Yoni, &#8216;El Remache&#8217;, um nome que vem do seu tio &#8216;El Remache de Bronce&#8217;, um dançarino de danças, onde Yoni encontra a inspiração para a sua dança cigana tão apreciada pelos dançarinos de flamenco. Yoni é um daqueles jovens privilegiados que nascem com a arte do...
