{"id":102050,"date":"2022-06-09T21:45:05","date_gmt":"2022-06-09T21:45:05","guid":{"rendered":"https:\/\/cardamomo.com\/es\/?post_type=show&#038;p=102050"},"modified":"2024-12-26T21:57:55","modified_gmt":"2024-12-26T21:57:55","slug":"barullo-en-cardamomo-a-partir-del-13-de-junio","status":"publish","type":"show","link":"https:\/\/cardamomo.com\/pt\/show\/juan-fernandez-montoya-barullo-em-cardamomo-a-partir-de-13-de-junho\/","title":{"rendered":"Juan Fern\u00e1ndez Montoya, &#8220;Barullo&#8221;, em Cardamomo, a partir de 13 de Junho"},"content":{"rendered":"<p>Dan\u00e7arino sevilhano, estreou-se aos 5 anos de idade com o seu av\u00f4 &#8220;Farruco&#8221; na Alameda de H\u00e9rcules, sendo tamb\u00e9m filho de &#8220;La Faraona&#8221; e primo em primeiro lugar do mestre &#8220;Farruquito&#8221;.\u00a0 De puro sangue cigano, vencedor do pr\u00e9mio &#8220;El Desplante&#8221; para melhor dan\u00e7arino, Festival de Cante de Las Minas, em 2014, Bienal Flamenca de Sevilha 2014, Premio Nacional de Arte Flamenco de C\u00f3rdoba 2016, acompanhando os melhores artistas de flamenco de toda a Espanha.<\/p>\n<p>A sua alcunha foi-lhe dada pelo seu av\u00f4 &#8220;Farruco&#8221;, em alus\u00e3o ao facto de que cada vez que dan\u00e7ava provocava um &#8220;alvoro\u00e7o&#8221; entre a audi\u00eancia. Apaixonado pela arte do flamenco desde o ber\u00e7o, grande defensor do cl\u00e1ssico, honrando as ra\u00edzes de onde prov\u00e9m e seguindo o caminho dos mais velhos, visita-nos em Cardamomo a partir de 13 de Junho.<\/p>\n<p>N\u00e3o perca a intensidade e a eleg\u00e2ncia deste bailaor ao vivo, de 13 a 19 de Junho.<\/p>","protected":false},"featured_media":0,"template":"","meta":{"_acf_changed":false,"inline_featured_image":false},"class_list":["post-102050","show","type-show","status-publish","hentry"],"acf":[],"yoast_head":"<!-- This site is optimized with the Yoast SEO plugin v27.4 - https:\/\/yoast.com\/product\/yoast-seo-wordpress\/ -->\n<title>Juan Fern\u00e1ndez Montoya, &quot;Barullo&quot;, em Cardamomo, a partir de 13 de Junho - Cardamomo Flamenco Madrid<\/title>\n<meta name=\"robots\" content=\"index, follow, max-snippet:-1, max-image-preview:large, max-video-preview:-1\" \/>\n<link rel=\"canonical\" href=\"\/\" \/>\n<meta property=\"og:locale\" content=\"pt_PT\" \/>\n<meta property=\"og:type\" content=\"article\" \/>\n<meta property=\"og:title\" content=\"Juan Fern\u00e1ndez Montoya, &quot;Barullo&quot;, em Cardamomo, a partir de 13 de Junho - Cardamomo Flamenco Madrid\" \/>\n<meta property=\"og:description\" content=\"Dan\u00e7arino sevilhano, estreou-se aos 5 anos de idade com o seu av\u00f4 &#8220;Farruco&#8221; na Alameda de H\u00e9rcules, sendo tamb\u00e9m filho de &#8220;La Faraona&#8221; e primo em primeiro lugar do mestre &#8220;Farruquito&#8221;.\u00a0 De puro sangue cigano, vencedor do pr\u00e9mio &#8220;El Desplante&#8221; para melhor dan\u00e7arino, Festival de Cante de Las Minas, em 2014, Bienal Flamenca de Sevilha...\" \/>\n<meta property=\"og:url\" content=\"https:\/\/cardamomo.com\/pt\/show\/juan-fernandez-montoya-barullo-en-cardamomo-a-partir-del-13-de-junio\/\" \/>\n<meta property=\"og:site_name\" content=\"Cardamomo Flamenco Madrid\" \/>\n<meta property=\"article:modified_time\" content=\"2024-12-26T21:57:55+00:00\" \/>\n<meta name=\"twitter:card\" content=\"summary_large_image\" \/>\n<meta name=\"twitter:label1\" content=\"Tempo estimado de leitura\" \/>\n\t<meta name=\"twitter:data1\" content=\"1 minuto\" \/>\n<script type=\"application\/ld+json\" class=\"yoast-schema-graph\">{\"@context\":\"https:\\\/\\\/schema.org\",\"@graph\":[{\"@type\":\"WebPage\",\"@id\":\"https:\\\/\\\/cardamomo.com\\\/pt\\\/show\\\/juan-fernandez-montoya-barullo-en-cardamomo-a-partir-del-13-de-junio\\\/\",\"url\":\"https:\\\/\\\/cardamomo.com\\\/pt\\\/show\\\/juan-fernandez-montoya-barullo-en-cardamomo-a-partir-del-13-de-junio\\\/\",\"name\":\"Juan Fern\u00e1ndez Montoya, \\\"Barullo\\\", em Cardamomo, a partir de 13 de Junho - Cardamomo Flamenco Madrid\",\"isPartOf\":{\"@id\":\"https:\\\/\\\/cardamomo.com\\\/pt\\\/#website\"},\"datePublished\":\"2022-06-09T21:45:05+00:00\",\"dateModified\":\"2024-12-26T21:57:55+00:00\",\"breadcrumb\":{\"@id\":\"https:\\\/\\\/cardamomo.com\\\/pt\\\/show\\\/juan-fernandez-montoya-barullo-en-cardamomo-a-partir-del-13-de-junio\\\/#breadcrumb\"},\"inLanguage\":\"pt-PT\",\"potentialAction\":[{\"@type\":\"ReadAction\",\"target\":[[\"https:\\\/\\\/cardamomo.com\\\/pt\\\/show\\\/juan-fernandez-montoya-barullo-en-cardamomo-a-partir-del-13-de-junio\\\/\"]]}]},{\"@type\":\"BreadcrumbList\",\"@id\":\"https:\\\/\\\/cardamomo.com\\\/pt\\\/show\\\/juan-fernandez-montoya-barullo-en-cardamomo-a-partir-del-13-de-junio\\\/#breadcrumb\",\"itemListElement\":[{\"@type\":\"ListItem\",\"position\":1,\"name\":\"Cardamomo\",\"item\":\"https:\\\/\\\/cardamomo.com\\\/pt\\\/\"},{\"@type\":\"ListItem\",\"position\":2,\"name\":\"Shows\",\"item\":\"https:\\\/\\\/cardamomo.com\\\/pt\\\/show\\\/\"},{\"@type\":\"ListItem\",\"position\":3,\"name\":\"Juan Fern\u00e1ndez Montoya, \u00abBarullo\u00bb, en Cardamomo a partir del 13 de junio\"}]},{\"@type\":\"WebSite\",\"@id\":\"https:\\\/\\\/cardamomo.com\\\/pt\\\/#website\",\"url\":\"https:\\\/\\\/cardamomo.com\\\/pt\\\/\",\"name\":\"Cardamomo Flamenco Madrid\",\"description\":\"\",\"potentialAction\":[{\"@type\":\"SearchAction\",\"target\":{\"@type\":\"EntryPoint\",\"urlTemplate\":\"https:\\\/\\\/cardamomo.com\\\/pt\\\/?s={search_term_string}\"},\"query-input\":{\"@type\":\"PropertyValueSpecification\",\"valueRequired\":true,\"valueName\":\"search_term_string\"}}],\"inLanguage\":\"pt-PT\"}]}<\/script>\n<!-- \/ Yoast SEO plugin. -->","yoast_head_json":{"title":"Juan Fern\u00e1ndez Montoya, \"Barullo\", em Cardamomo, a partir de 13 de Junho - Cardamomo Flamenco Madrid","robots":{"index":"index","follow":"follow","max-snippet":"max-snippet:-1","max-image-preview":"max-image-preview:large","max-video-preview":"max-video-preview:-1"},"canonical":"\/","og_locale":"pt_PT","og_type":"article","og_title":"Juan Fern\u00e1ndez Montoya, \"Barullo\", em Cardamomo, a partir de 13 de Junho - Cardamomo Flamenco Madrid","og_description":"Dan\u00e7arino sevilhano, estreou-se aos 5 anos de idade com o seu av\u00f4 &#8220;Farruco&#8221; na Alameda de H\u00e9rcules, sendo tamb\u00e9m filho de &#8220;La Faraona&#8221; e primo em primeiro lugar do mestre &#8220;Farruquito&#8221;.\u00a0 De puro sangue cigano, vencedor do pr\u00e9mio &#8220;El Desplante&#8221; para melhor dan\u00e7arino, Festival de Cante de Las Minas, em 2014, Bienal Flamenca de Sevilha...","og_url":"https:\/\/cardamomo.com\/pt\/show\/juan-fernandez-montoya-barullo-en-cardamomo-a-partir-del-13-de-junio\/","og_site_name":"Cardamomo Flamenco Madrid","article_modified_time":"2024-12-26T21:57:55+00:00","twitter_card":"summary_large_image","twitter_misc":{"Tempo estimado de leitura":"1 minuto"},"schema":{"@context":"https:\/\/schema.org","@graph":[{"@type":"WebPage","@id":"https:\/\/cardamomo.com\/pt\/show\/juan-fernandez-montoya-barullo-en-cardamomo-a-partir-del-13-de-junio\/","url":"https:\/\/cardamomo.com\/pt\/show\/juan-fernandez-montoya-barullo-en-cardamomo-a-partir-del-13-de-junio\/","name":"Juan Fern\u00e1ndez Montoya, \"Barullo\", em Cardamomo, a partir de 13 de Junho - Cardamomo Flamenco Madrid","isPartOf":{"@id":"https:\/\/cardamomo.com\/pt\/#website"},"datePublished":"2022-06-09T21:45:05+00:00","dateModified":"2024-12-26T21:57:55+00:00","breadcrumb":{"@id":"https:\/\/cardamomo.com\/pt\/show\/juan-fernandez-montoya-barullo-en-cardamomo-a-partir-del-13-de-junio\/#breadcrumb"},"inLanguage":"pt-PT","potentialAction":[{"@type":"ReadAction","target":[["https:\/\/cardamomo.com\/pt\/show\/juan-fernandez-montoya-barullo-en-cardamomo-a-partir-del-13-de-junio\/"]]}]},{"@type":"BreadcrumbList","@id":"https:\/\/cardamomo.com\/pt\/show\/juan-fernandez-montoya-barullo-en-cardamomo-a-partir-del-13-de-junio\/#breadcrumb","itemListElement":[{"@type":"ListItem","position":1,"name":"Cardamomo","item":"https:\/\/cardamomo.com\/pt\/"},{"@type":"ListItem","position":2,"name":"Shows","item":"https:\/\/cardamomo.com\/pt\/show\/"},{"@type":"ListItem","position":3,"name":"Juan Fern\u00e1ndez Montoya, \u00abBarullo\u00bb, en Cardamomo a partir del 13 de junio"}]},{"@type":"WebSite","@id":"https:\/\/cardamomo.com\/pt\/#website","url":"https:\/\/cardamomo.com\/pt\/","name":"Cardamomo Flamenco Madrid","description":"","potentialAction":[{"@type":"SearchAction","target":{"@type":"EntryPoint","urlTemplate":"https:\/\/cardamomo.com\/pt\/?s={search_term_string}"},"query-input":{"@type":"PropertyValueSpecification","valueRequired":true,"valueName":"search_term_string"}}],"inLanguage":"pt-PT"}]}},"_links":{"self":[{"href":"https:\/\/cardamomo.com\/pt\/wp-json\/wp\/v2\/show\/102050","targetHints":{"allow":["GET"]}}],"collection":[{"href":"https:\/\/cardamomo.com\/pt\/wp-json\/wp\/v2\/show"}],"about":[{"href":"https:\/\/cardamomo.com\/pt\/wp-json\/wp\/v2\/types\/show"}],"wp:attachment":[{"href":"https:\/\/cardamomo.com\/pt\/wp-json\/wp\/v2\/media?parent=102050"}],"curies":[{"name":"wp","href":"https:\/\/api.w.org\/{rel}","templated":true}]}}

Juan Fernández Montoya, &#8220;Barullo&#8221;, em Cardamomo, a partir de 13 de Junho

<p>Dançarino sevilhano, estreou-se aos 5 anos de idade com o seu avô &#8220;Farruco&#8221; na Alameda de Hércules, sendo também filho de &#8220;La Faraona&#8221; e primo em primeiro lugar do mestre &#8220;Farruquito&#8221;.  De puro sangue cigano, vencedor do prémio &#8220;El Desplante&#8221; para melhor dançarino, Festival de Cante de Las Minas, em 2014, Bienal Flamenca de Sevilha 2014, Premio Nacional de Arte Flamenco de Córdoba 2016, acompanhando os melhores artistas de flamenco de toda a Espanha.</p>
<p>A sua alcunha foi-lhe dada pelo seu avô &#8220;Farruco&#8221;, em alusão ao facto de que cada vez que dançava provocava um &#8220;alvoroço&#8221; entre a audiência. Apaixonado pela arte do flamenco desde o berço, grande defensor do clássico, honrando as raízes de onde provém e seguindo o caminho dos mais velhos, visita-nos em Cardamomo a partir de 13 de Junho.</p>
<p>Não perca a intensidade e a elegância deste bailaor ao vivo, de 13 a 19 de Junho.</p>

<!-- This site is optimized with the Yoast SEO plugin v27.4 - https://yoast.com/product/yoast-seo-wordpress/ -->
<title>Juan Fernández Montoya, &quot;Barullo&quot;, em Cardamomo, a partir de 13 de Junho - Cardamomo Flamenco Madrid</title>
<meta name="robots" content="index, follow, max-snippet:-1, max-image-preview:large, max-video-preview:-1" />
<link rel="canonical" href="/" />
<meta property="og:locale" content="pt_PT" />
<meta property="og:type" content="article" />
<meta property="og:title" content="Juan Fernández Montoya, &quot;Barullo&quot;, em Cardamomo, a partir de 13 de Junho - Cardamomo Flamenco Madrid" />
<meta property="og:description" content="Dançarino sevilhano, estreou-se aos 5 anos de idade com o seu avô &#8220;Farruco&#8221; na Alameda de Hércules, sendo também filho de &#8220;La Faraona&#8221; e primo em primeiro lugar do mestre &#8220;Farruquito&#8221;.  De puro sangue cigano, vencedor do prémio &#8220;El Desplante&#8221; para melhor dançarino, Festival de Cante de Las Minas, em 2014, Bienal Flamenca de Sevilha..." />
<meta property="og:url" content="https://cardamomo.com/pt/show/juan-fernandez-montoya-barullo-en-cardamomo-a-partir-del-13-de-junio/" />
<meta property="og:site_name" content="Cardamomo Flamenco Madrid" />
<meta property="article:modified_time" content="2024-12-26T21:57:55+00:00" />
<meta name="twitter:card" content="summary_large_image" />
<meta name="twitter:label1" content="Tempo estimado de leitura" />
	<meta name="twitter:data1" content="1 minuto" />
<script type="application/ld+json" class="yoast-schema-graph">{"@context":"https:\/\/schema.org","@graph":[{"@type":"WebPage","@id":"https:\/\/cardamomo.com\/pt\/show\/juan-fernandez-montoya-barullo-en-cardamomo-a-partir-del-13-de-junio\/","url":"https:\/\/cardamomo.com\/pt\/show\/juan-fernandez-montoya-barullo-en-cardamomo-a-partir-del-13-de-junio\/","name":"Juan Fernández Montoya, \"Barullo\", em Cardamomo, a partir de 13 de Junho - Cardamomo Flamenco Madrid","isPartOf":{"@id":"https:\/\/cardamomo.com\/pt\/#website"},"datePublished":"2022-06-09T21:45:05+00:00","dateModified":"2024-12-26T21:57:55+00:00","breadcrumb":{"@id":"https:\/\/cardamomo.com\/pt\/show\/juan-fernandez-montoya-barullo-en-cardamomo-a-partir-del-13-de-junio\/#breadcrumb"},"inLanguage":"pt-PT","potentialAction":[{"@type":"ReadAction","target":[["https:\/\/cardamomo.com\/pt\/show\/juan-fernandez-montoya-barullo-en-cardamomo-a-partir-del-13-de-junio\/"]]}]},{"@type":"BreadcrumbList","@id":"https:\/\/cardamomo.com\/pt\/show\/juan-fernandez-montoya-barullo-en-cardamomo-a-partir-del-13-de-junio\/#breadcrumb","itemListElement":[{"@type":"ListItem","position":1,"name":"Cardamomo","item":"https:\/\/cardamomo.com\/pt\/"},{"@type":"ListItem","position":2,"name":"Shows","item":"https:\/\/cardamomo.com\/pt\/show\/"},{"@type":"ListItem","position":3,"name":"Juan Fernández Montoya, «Barullo», en Cardamomo a partir del 13 de junio"}]},{"@type":"WebSite","@id":"https:\/\/cardamomo.com\/pt\/#website","url":"https:\/\/cardamomo.com\/pt\/","name":"Cardamomo Flamenco Madrid","description":"","potentialAction":[{"@type":"SearchAction","target":{"@type":"EntryPoint","urlTemplate":"https:\/\/cardamomo.com\/pt\/?s={search_term_string}"},"query-input":{"@type":"PropertyValueSpecification","valueRequired":true,"valueName":"search_term_string"}}],"inLanguage":"pt-PT"}]}</script>
<!-- / Yoast SEO plugin. -->

Juan Fernández Montoya, "Barullo", em Cardamomo, a partir de 13 de Junho - Cardamomo Flamenco Madrid

Dançarino sevilhano, estreou-se aos 5 anos de idade com o seu avô &#8220;Farruco&#8221; na Alameda de Hércules, sendo também filho de &#8220;La Faraona&#8221; e primo em primeiro lugar do mestre &#8220;Farruquito&#8221;.  De puro sangue cigano, vencedor do prémio &#8220;El Desplante&#8221; para melhor dançarino, Festival de Cante de Las Minas, em 2014, Bienal Flamenca de Sevilha...

Juan Fernández Montoya, «Barullo», en Cardamomo a partir del 13 de junio
