{"id":98606,"date":"2022-04-29T22:54:36","date_gmt":"2022-04-29T20:54:36","guid":{"rendered":"https:\/\/cardamomo.com\/es\/?post_type=artist&#038;p=98606"},"modified":"2025-03-18T16:39:04","modified_gmt":"2025-03-18T16:39:04","slug":"choro-molina","status":"publish","type":"artist","link":"https:\/\/cardamomo.com\/pt\/artist\/choro-molina-huelva\/","title":{"rendered":"Choro Molina"},"content":{"rendered":"<p>Antonio Molina, &#8220;El Choro&#8221;, nasceu em Huelva a 5 de fevereiro de 1980. O seu pai, grande apreciador de flamenco, incentivou-o a seguir o caminho da dan\u00e7a.<br \/>\nO seu esfor\u00e7o e dedica\u00e7\u00e3o foram reconhecidos em 2016 com o Pr\u00e9mio de Artista Revela\u00e7\u00e3o no Festival de Jerez, com o espet\u00e1culo: &#8220;Aviso: Bayles de jitanos&#8221;. Galem&#8221; e &#8220;#SiDiosKiere&#8221; destacam-se entre os seus trabalhos a solo mais fortes. Ao longo da sua carreira, colaborou com Miguel Poveda e Vicente Amigo, entre outros. Em 2016, mostrou a sua arte no &#8220;Carnegie Hall&#8221;, um dos mais importantes templos da m\u00fasica em Nova Iorque. O impacto causado pela ova\u00e7\u00e3o de aplausos e reconhecimento, produz em &#8220;El Choro&#8221; muita emo\u00e7\u00e3o e vontade de continuar a partilhar a sua arte.<br \/>\nManolo Mar\u00edn, Javier Cruz, Javier Latorre, Antonio &#8220;El Pipa&#8221;, Javier Bar\u00f3n, Rafael Campallo, Israel Galv\u00e1n e Antonio Canales, entre outros, participaram na sua forma\u00e7\u00e3o.<\/p>","protected":false},"featured_media":157211,"template":"","meta":{"_acf_changed":false,"inline_featured_image":false},"class_list":["post-98606","artist","type-artist","status-publish","has-post-thumbnail","hentry"],"acf":[],"yoast_head":"<!-- This site is optimized with the Yoast SEO plugin v27.4 - https:\/\/yoast.com\/product\/yoast-seo-wordpress\/ -->\n<title>Choro Molina - Cardamomo Flamenco Madrid<\/title>\n<meta name=\"description\" content=\"\u00a1El talentoso bailaor Choro Molina en Cardamomo! Conoce m\u00e1s de este gran artista de Huelva en nuestra web. \u00a1Pincha aqu\u00ed!\" \/>\n<meta name=\"robots\" content=\"index, follow, max-snippet:-1, max-image-preview:large, max-video-preview:-1\" \/>\n<link rel=\"canonical\" href=\"\/\" \/>\n<meta property=\"og:locale\" content=\"pt_PT\" \/>\n<meta property=\"og:type\" content=\"article\" \/>\n<meta property=\"og:title\" content=\"Choro Molina - Cardamomo Flamenco Madrid\" \/>\n<meta property=\"og:description\" content=\"\u00a1El talentoso bailaor Choro Molina en Cardamomo! Conoce m\u00e1s de este gran artista de Huelva en nuestra web. \u00a1Pincha aqu\u00ed!\" \/>\n<meta property=\"og:url\" content=\"https:\/\/cardamomo.com\/pt\/artist\/choro-molina-huelva\/\" \/>\n<meta property=\"og:site_name\" content=\"Cardamomo Flamenco Madrid\" \/>\n<meta property=\"article:modified_time\" content=\"2025-03-18T16:39:04+00:00\" \/>\n<meta property=\"og:image\" content=\"https:\/\/cardamomo.ams3.digitaloceanspaces.com\/wp-content\/uploads\/2022\/04\/18162626\/choro-molina.jpg\" \/>\n\t<meta property=\"og:image:width\" content=\"600\" \/>\n\t<meta property=\"og:image:height\" content=\"750\" \/>\n\t<meta property=\"og:image:type\" content=\"image\/jpeg\" \/>\n<meta name=\"twitter:card\" content=\"summary_large_image\" \/>\n<meta name=\"twitter:label1\" content=\"Tempo estimado de leitura\" \/>\n\t<meta name=\"twitter:data1\" content=\"1 minuto\" \/>\n<script type=\"application\/ld+json\" class=\"yoast-schema-graph\">{\"@context\":\"https:\\\/\\\/schema.org\",\"@graph\":[{\"@type\":\"WebPage\",\"@id\":\"https:\\\/\\\/cardamomo.com\\\/pt\\\/artist\\\/choro-molina-huelva\\\/\",\"url\":\"https:\\\/\\\/cardamomo.com\\\/pt\\\/artist\\\/choro-molina-huelva\\\/\",\"name\":\"Choro Molina - Cardamomo Flamenco Madrid\",\"isPartOf\":{\"@id\":\"https:\\\/\\\/cardamomo.com\\\/pt\\\/#website\"},\"primaryImageOfPage\":{\"@id\":\"https:\\\/\\\/cardamomo.com\\\/pt\\\/artist\\\/choro-molina-huelva\\\/#primaryimage\"},\"image\":{\"@id\":\"https:\\\/\\\/cardamomo.com\\\/es\\\/artist\\\/choro-molina-huelva\\\/#primaryimage\"},\"thumbnailUrl\":\"https:\\\/\\\/cardamomo.ams3.digitaloceanspaces.com\\\/wp-content\\\/uploads\\\/2022\\\/04\\\/18162626\\\/choro-molina.jpg\",\"datePublished\":\"2022-04-29T20:54:36+00:00\",\"dateModified\":\"2025-03-18T16:39:04+00:00\",\"description\":\"\u00a1El talentoso bailaor Choro Molina en Cardamomo! Conoce m\u00e1s de este gran artista de Huelva en nuestra web. \u00a1Pincha aqu\u00ed!\",\"breadcrumb\":{\"@id\":\"https:\\\/\\\/cardamomo.com\\\/pt\\\/artist\\\/choro-molina-huelva\\\/#breadcrumb\"},\"inLanguage\":\"pt-PT\",\"potentialAction\":[{\"@type\":\"ReadAction\",\"target\":[[\"https:\\\/\\\/cardamomo.com\\\/pt\\\/artist\\\/choro-molina-huelva\\\/\"]]}]},{\"@type\":\"ImageObject\",\"inLanguage\":\"pt-PT\",\"@id\":\"https:\\\/\\\/cardamomo.com\\\/pt\\\/artist\\\/choro-molina-huelva\\\/#primaryimage\",\"url\":\"https:\\\/\\\/cardamomo.ams3.digitaloceanspaces.com\\\/wp-content\\\/uploads\\\/2022\\\/04\\\/18162626\\\/choro-molina.jpg\",\"contentUrl\":\"https:\\\/\\\/cardamomo.ams3.digitaloceanspaces.com\\\/wp-content\\\/uploads\\\/2022\\\/04\\\/18162626\\\/choro-molina.jpg\",\"width\":600,\"height\":750,\"caption\":\"Bailaor Choro Molina\"},{\"@type\":\"BreadcrumbList\",\"@id\":\"https:\\\/\\\/cardamomo.com\\\/pt\\\/artist\\\/choro-molina-huelva\\\/#breadcrumb\",\"itemListElement\":[{\"@type\":\"ListItem\",\"position\":1,\"name\":\"Cardamomo\",\"item\":\"https:\\\/\\\/cardamomo.com\\\/pt\\\/\"},{\"@type\":\"ListItem\",\"position\":2,\"name\":\"Artists\",\"item\":\"https:\\\/\\\/cardamomo.com\\\/pt\\\/artist\\\/\"},{\"@type\":\"ListItem\",\"position\":3,\"name\":\"Choro Molina\"}]},{\"@type\":\"WebSite\",\"@id\":\"https:\\\/\\\/cardamomo.com\\\/pt\\\/#website\",\"url\":\"https:\\\/\\\/cardamomo.com\\\/pt\\\/\",\"name\":\"Cardamomo Flamenco Madrid\",\"description\":\"\",\"potentialAction\":[{\"@type\":\"SearchAction\",\"target\":{\"@type\":\"EntryPoint\",\"urlTemplate\":\"https:\\\/\\\/cardamomo.com\\\/pt\\\/?s={search_term_string}\"},\"query-input\":{\"@type\":\"PropertyValueSpecification\",\"valueRequired\":true,\"valueName\":\"search_term_string\"}}],\"inLanguage\":\"pt-PT\"}]}<\/script>\n<!-- \/ Yoast SEO plugin. -->","yoast_head_json":{"title":"Choro Molina - Cardamomo Flamenco Madrid","description":"\u00a1El talentoso bailaor Choro Molina en Cardamomo! Conoce m\u00e1s de este gran artista de Huelva en nuestra web. \u00a1Pincha aqu\u00ed!","robots":{"index":"index","follow":"follow","max-snippet":"max-snippet:-1","max-image-preview":"max-image-preview:large","max-video-preview":"max-video-preview:-1"},"canonical":"\/","og_locale":"pt_PT","og_type":"article","og_title":"Choro Molina - Cardamomo Flamenco Madrid","og_description":"\u00a1El talentoso bailaor Choro Molina en Cardamomo! Conoce m\u00e1s de este gran artista de Huelva en nuestra web. \u00a1Pincha aqu\u00ed!","og_url":"https:\/\/cardamomo.com\/pt\/artist\/choro-molina-huelva\/","og_site_name":"Cardamomo Flamenco Madrid","article_modified_time":"2025-03-18T16:39:04+00:00","og_image":[{"width":600,"height":750,"url":"https:\/\/cardamomo.ams3.digitaloceanspaces.com\/wp-content\/uploads\/2022\/04\/18162626\/choro-molina.jpg","type":"image\/jpeg"}],"twitter_card":"summary_large_image","twitter_misc":{"Tempo estimado de leitura":"1 minuto"},"schema":{"@context":"https:\/\/schema.org","@graph":[{"@type":"WebPage","@id":"https:\/\/cardamomo.com\/pt\/artist\/choro-molina-huelva\/","url":"https:\/\/cardamomo.com\/pt\/artist\/choro-molina-huelva\/","name":"Choro Molina - Cardamomo Flamenco Madrid","isPartOf":{"@id":"https:\/\/cardamomo.com\/pt\/#website"},"primaryImageOfPage":{"@id":"https:\/\/cardamomo.com\/pt\/artist\/choro-molina-huelva\/#primaryimage"},"image":{"@id":"https:\/\/cardamomo.com\/es\/artist\/choro-molina-huelva\/#primaryimage"},"thumbnailUrl":"https:\/\/cardamomo.ams3.digitaloceanspaces.com\/wp-content\/uploads\/2022\/04\/18162626\/choro-molina.jpg","datePublished":"2022-04-29T20:54:36+00:00","dateModified":"2025-03-18T16:39:04+00:00","description":"\u00a1El talentoso bailaor Choro Molina en Cardamomo! Conoce m\u00e1s de este gran artista de Huelva en nuestra web. \u00a1Pincha aqu\u00ed!","breadcrumb":{"@id":"https:\/\/cardamomo.com\/pt\/artist\/choro-molina-huelva\/#breadcrumb"},"inLanguage":"pt-PT","potentialAction":[{"@type":"ReadAction","target":[["https:\/\/cardamomo.com\/pt\/artist\/choro-molina-huelva\/"]]}]},{"@type":"ImageObject","inLanguage":"pt-PT","@id":"https:\/\/cardamomo.com\/pt\/artist\/choro-molina-huelva\/#primaryimage","url":"https:\/\/cardamomo.ams3.digitaloceanspaces.com\/wp-content\/uploads\/2022\/04\/18162626\/choro-molina.jpg","contentUrl":"https:\/\/cardamomo.ams3.digitaloceanspaces.com\/wp-content\/uploads\/2022\/04\/18162626\/choro-molina.jpg","width":600,"height":750,"caption":"Bailaor Choro Molina"},{"@type":"BreadcrumbList","@id":"https:\/\/cardamomo.com\/pt\/artist\/choro-molina-huelva\/#breadcrumb","itemListElement":[{"@type":"ListItem","position":1,"name":"Cardamomo","item":"https:\/\/cardamomo.com\/pt\/"},{"@type":"ListItem","position":2,"name":"Artists","item":"https:\/\/cardamomo.com\/pt\/artist\/"},{"@type":"ListItem","position":3,"name":"Choro Molina"}]},{"@type":"WebSite","@id":"https:\/\/cardamomo.com\/pt\/#website","url":"https:\/\/cardamomo.com\/pt\/","name":"Cardamomo Flamenco Madrid","description":"","potentialAction":[{"@type":"SearchAction","target":{"@type":"EntryPoint","urlTemplate":"https:\/\/cardamomo.com\/pt\/?s={search_term_string}"},"query-input":{"@type":"PropertyValueSpecification","valueRequired":true,"valueName":"search_term_string"}}],"inLanguage":"pt-PT"}]}},"_links":{"self":[{"href":"https:\/\/cardamomo.com\/pt\/wp-json\/wp\/v2\/artist\/98606","targetHints":{"allow":["GET"]}}],"collection":[{"href":"https:\/\/cardamomo.com\/pt\/wp-json\/wp\/v2\/artist"}],"about":[{"href":"https:\/\/cardamomo.com\/pt\/wp-json\/wp\/v2\/types\/artist"}],"wp:featuredmedia":[{"embeddable":true,"href":"https:\/\/cardamomo.com\/pt\/wp-json\/wp\/v2\/media\/157211"}],"wp:attachment":[{"href":"https:\/\/cardamomo.com\/pt\/wp-json\/wp\/v2\/media?parent=98606"}],"curies":[{"name":"wp","href":"https:\/\/api.w.org\/{rel}","templated":true}]}}

<p>Antonio Molina, &#8220;El Choro&#8221;, nasceu em Huelva a 5 de fevereiro de 1980. O seu pai, grande apreciador de flamenco, incentivou-o a seguir o caminho da dança.<br />
O seu esforço e dedicação foram reconhecidos em 2016 com o Prémio de Artista Revelação no Festival de Jerez, com o espetáculo: &#8220;Aviso: Bayles de jitanos&#8221;. Galem&#8221; e &#8220;#SiDiosKiere&#8221; destacam-se entre os seus trabalhos a solo mais fortes. Ao longo da sua carreira, colaborou com Miguel Poveda e Vicente Amigo, entre outros. Em 2016, mostrou a sua arte no &#8220;Carnegie Hall&#8221;, um dos mais importantes templos da música em Nova Iorque. O impacto causado pela ovação de aplausos e reconhecimento, produz em &#8220;El Choro&#8221; muita emoção e vontade de continuar a partilhar a sua arte.<br />
Manolo Marín, Javier Cruz, Javier Latorre, Antonio &#8220;El Pipa&#8221;, Javier Barón, Rafael Campallo, Israel Galván e Antonio Canales, entre outros, participaram na sua formação.</p>

<!-- This site is optimized with the Yoast SEO plugin v27.4 - https://yoast.com/product/yoast-seo-wordpress/ -->
<title>Choro Molina - Cardamomo Flamenco Madrid</title>
<meta name="description" content="¡El talentoso bailaor Choro Molina en Cardamomo! Conoce más de este gran artista de Huelva en nuestra web. ¡Pincha aquí!" />
<meta name="robots" content="index, follow, max-snippet:-1, max-image-preview:large, max-video-preview:-1" />
<link rel="canonical" href="/" />
<meta property="og:locale" content="pt_PT" />
<meta property="og:type" content="article" />
<meta property="og:title" content="Choro Molina - Cardamomo Flamenco Madrid" />
<meta property="og:description" content="¡El talentoso bailaor Choro Molina en Cardamomo! Conoce más de este gran artista de Huelva en nuestra web. ¡Pincha aquí!" />
<meta property="og:url" content="https://cardamomo.com/pt/artist/choro-molina-huelva/" />
<meta property="og:site_name" content="Cardamomo Flamenco Madrid" />
<meta property="article:modified_time" content="2025-03-18T16:39:04+00:00" />
<meta property="og:image" content="https://cardamomo.ams3.digitaloceanspaces.com/wp-content/uploads/2022/04/18162626/choro-molina.jpg" />
	<meta property="og:image:width" content="600" />
	<meta property="og:image:height" content="750" />
	<meta property="og:image:type" content="image/jpeg" />
<meta name="twitter:card" content="summary_large_image" />
<meta name="twitter:label1" content="Tempo estimado de leitura" />
	<meta name="twitter:data1" content="1 minuto" />
<script type="application/ld+json" class="yoast-schema-graph">{"@context":"https:\/\/schema.org","@graph":[{"@type":"WebPage","@id":"https:\/\/cardamomo.com\/pt\/artist\/choro-molina-huelva\/","url":"https:\/\/cardamomo.com\/pt\/artist\/choro-molina-huelva\/","name":"Choro Molina - Cardamomo Flamenco Madrid","isPartOf":{"@id":"https:\/\/cardamomo.com\/pt\/#website"},"primaryImageOfPage":{"@id":"https:\/\/cardamomo.com\/pt\/artist\/choro-molina-huelva\/#primaryimage"},"image":{"@id":"https:\/\/cardamomo.com\/es\/artist\/choro-molina-huelva\/#primaryimage"},"thumbnailUrl":"https:\/\/cardamomo.ams3.digitaloceanspaces.com\/wp-content\/uploads\/2022\/04\/18162626\/choro-molina.jpg","datePublished":"2022-04-29T20:54:36+00:00","dateModified":"2025-03-18T16:39:04+00:00","description":"¡El talentoso bailaor Choro Molina en Cardamomo! Conoce más de este gran artista de Huelva en nuestra web. ¡Pincha aquí!","breadcrumb":{"@id":"https:\/\/cardamomo.com\/pt\/artist\/choro-molina-huelva\/#breadcrumb"},"inLanguage":"pt-PT","potentialAction":[{"@type":"ReadAction","target":[["https:\/\/cardamomo.com\/pt\/artist\/choro-molina-huelva\/"]]}]},{"@type":"ImageObject","inLanguage":"pt-PT","@id":"https:\/\/cardamomo.com\/pt\/artist\/choro-molina-huelva\/#primaryimage","url":"https:\/\/cardamomo.ams3.digitaloceanspaces.com\/wp-content\/uploads\/2022\/04\/18162626\/choro-molina.jpg","contentUrl":"https:\/\/cardamomo.ams3.digitaloceanspaces.com\/wp-content\/uploads\/2022\/04\/18162626\/choro-molina.jpg","width":600,"height":750,"caption":"Bailaor Choro Molina"},{"@type":"BreadcrumbList","@id":"https:\/\/cardamomo.com\/pt\/artist\/choro-molina-huelva\/#breadcrumb","itemListElement":[{"@type":"ListItem","position":1,"name":"Cardamomo","item":"https:\/\/cardamomo.com\/pt\/"},{"@type":"ListItem","position":2,"name":"Artists","item":"https:\/\/cardamomo.com\/pt\/artist\/"},{"@type":"ListItem","position":3,"name":"Choro Molina"}]},{"@type":"WebSite","@id":"https:\/\/cardamomo.com\/pt\/#website","url":"https:\/\/cardamomo.com\/pt\/","name":"Cardamomo Flamenco Madrid","description":"","potentialAction":[{"@type":"SearchAction","target":{"@type":"EntryPoint","urlTemplate":"https:\/\/cardamomo.com\/pt\/?s={search_term_string}"},"query-input":{"@type":"PropertyValueSpecification","valueRequired":true,"valueName":"search_term_string"}}],"inLanguage":"pt-PT"}]}</script>
<!-- / Yoast SEO plugin. -->

¡El talentoso bailaor Choro Molina en Cardamomo! Conoce más de este gran artista de Huelva en nuestra web. ¡Pincha aquí!
