{"id":690,"date":"2016-07-29T12:57:44","date_gmt":"2016-07-29T10:57:44","guid":{"rendered":"http:\/\/cardamomo.fullcircle.es\/?post_type=artist&#038;p=690"},"modified":"2025-04-03T08:19:21","modified_gmt":"2025-04-03T08:19:21","slug":"rober-el-moreno","status":"publish","type":"artist","link":"https:\/\/cardamomo.com\/pt\/artist\/rober-el-moreno-madrid\/","title":{"rendered":"Rober &#8220;El Moreno&#8221; (Madrid)"},"content":{"rendered":"<p><\/p>\n<h4>Biografia<\/h4>\n<p>Come\u00e7ou a sua forma\u00e7\u00e3o art\u00edstica em dan\u00e7a aos 6 anos de idade na prestigiada academia de flamenco e dan\u00e7a espanhola Amor de Dios de Madrid, sob a orienta\u00e7\u00e3o dos professores Antonio Reyes e Crist\u00f3bal Reyes, continuando a sua aprendizagem at\u00e9 aos nossos dias com o bailarino e core\u00f3grafo Alfonso Losa e os ensinamentos de Toni El Pelao, Farruquito, Miguel Ca\u00f1as e Nino de los Reyes.<\/p>\n<p>Trabalhou no Teatro C\u00f3mpac Gran V\u00eda, Teatro Garc\u00eda Lorca e La Latina em Madrid, no Auditorio Alc\u00e1zar de San Juan em Valladolid e no Teatro Nescaf\u00e9 de las Artes em Santiago do Chile, bem como nos tablaos Cardamomo, Casa Patas, Museo La Corrala, Tablao Torero, Tablao Estaci\u00f3n Los Porches e Tablao Cantares. Rober, &#8220;El Moreno&#8221; destaca-se como um bailarino inovador, mas ao mesmo tempo com uma grande pureza flamenca.<\/p>\n<p>Apesar da sua juventude, ele tem uma longa carreira de actua\u00e7\u00f5es com grandes artistas. De todas as suas actua\u00e7\u00f5es podemos destacar a sua actua\u00e7\u00e3o como artista principal na homenagem a Camar\u00f3n de la Isla em Salamanca. Durante algum tempo trabalhou com a companhia de Tito Losada e depois passou dois anos com a companhia de Mar\u00eda Toledo actuando em lugares como por exemplo: Menansalbas (Toledo), Plaza Santo Cristo de Veracruz (Las Cabeza de San Juan), (Festival Yerbabuena), Sala Luz de Gas (Barcelona), Audit\u00f3rio Villaviciosa de Od\u00f3n (Madrid), El Aai\u00fan (Marrocos), Audit\u00f3rio Nacional (Pr\u00edncipe de Vergara , Madrid), Complejo Alc\u00e1ntara (Badajoz), Polideportivo Municipal (Navas del Rey , Valladolid), Auditorio de Arroyomol\u00ednos (Madrid), Palacio de Congresos (C\u00e1diz), El arahal (Sevilla), Sala copera (Granada), B\u00e9lgica , Bruselas , Melilla, centro, Casino central de salamanca, bem como a continuidade da digress\u00e3o com o \u00e1lbum Magn\u00e9tica.<\/p>","protected":false},"featured_media":157274,"template":"","meta":{"_acf_changed":false,"inline_featured_image":false},"class_list":["post-690","artist","type-artist","status-publish","has-post-thumbnail","hentry"],"acf":[],"yoast_head":"<!-- This site is optimized with the Yoast SEO plugin v27.4 - https:\/\/yoast.com\/product\/yoast-seo-wordpress\/ -->\n<title>Rober &quot;El Moreno&quot; (Madrid) - Cardamomo Flamenco Madrid<\/title>\n<meta name=\"robots\" content=\"index, follow, max-snippet:-1, max-image-preview:large, max-video-preview:-1\" \/>\n<link rel=\"canonical\" href=\"\/\" \/>\n<meta property=\"og:locale\" content=\"pt_PT\" \/>\n<meta property=\"og:type\" content=\"article\" \/>\n<meta property=\"og:title\" content=\"Rober &quot;El Moreno&quot; (Madrid) - Cardamomo Flamenco Madrid\" \/>\n<meta property=\"og:description\" content=\"Biografia Come\u00e7ou a sua forma\u00e7\u00e3o art\u00edstica em dan\u00e7a aos 6 anos de idade na prestigiada academia de flamenco e dan\u00e7a espanhola Amor de Dios de Madrid, sob a orienta\u00e7\u00e3o dos professores Antonio Reyes e Crist\u00f3bal Reyes, continuando a sua aprendizagem at\u00e9 aos nossos dias com o bailarino e core\u00f3grafo Alfonso Losa e os ensinamentos de...\" \/>\n<meta property=\"og:url\" content=\"https:\/\/cardamomo.com\/pt\/artist\/rober-el-moreno-madrid\/\" \/>\n<meta property=\"og:site_name\" content=\"Cardamomo Flamenco Madrid\" \/>\n<meta property=\"article:modified_time\" content=\"2025-04-03T08:19:21+00:00\" \/>\n<meta property=\"og:image\" content=\"https:\/\/cardamomo.ams3.digitaloceanspaces.com\/wp-content\/uploads\/2016\/07\/03081857\/rober-el-moreno.jpg\" \/>\n\t<meta property=\"og:image:width\" content=\"600\" \/>\n\t<meta property=\"og:image:height\" content=\"750\" \/>\n\t<meta property=\"og:image:type\" content=\"image\/jpeg\" \/>\n<meta name=\"twitter:card\" content=\"summary_large_image\" \/>\n<meta name=\"twitter:label1\" content=\"Tempo estimado de leitura\" \/>\n\t<meta name=\"twitter:data1\" content=\"2 minutos\" \/>\n<script type=\"application\/ld+json\" class=\"yoast-schema-graph\">{\"@context\":\"https:\\\/\\\/schema.org\",\"@graph\":[{\"@type\":\"WebPage\",\"@id\":\"https:\\\/\\\/cardamomo.com\\\/pt\\\/artist\\\/rober-el-moreno-madrid\\\/\",\"url\":\"https:\\\/\\\/cardamomo.com\\\/pt\\\/artist\\\/rober-el-moreno-madrid\\\/\",\"name\":\"Rober \\\"El Moreno\\\" (Madrid) - Cardamomo Flamenco Madrid\",\"isPartOf\":{\"@id\":\"https:\\\/\\\/cardamomo.com\\\/pt\\\/#website\"},\"primaryImageOfPage\":{\"@id\":\"https:\\\/\\\/cardamomo.com\\\/pt\\\/artist\\\/rober-el-moreno-madrid\\\/#primaryimage\"},\"image\":{\"@id\":\"https:\\\/\\\/cardamomo.com\\\/es\\\/artist\\\/rober-el-moreno-madrid\\\/#primaryimage\"},\"thumbnailUrl\":\"https:\\\/\\\/cardamomo.ams3.digitaloceanspaces.com\\\/wp-content\\\/uploads\\\/2016\\\/07\\\/03081857\\\/rober-el-moreno.jpg\",\"datePublished\":\"2016-07-29T10:57:44+00:00\",\"dateModified\":\"2025-04-03T08:19:21+00:00\",\"breadcrumb\":{\"@id\":\"https:\\\/\\\/cardamomo.com\\\/pt\\\/artist\\\/rober-el-moreno-madrid\\\/#breadcrumb\"},\"inLanguage\":\"pt-PT\",\"potentialAction\":[{\"@type\":\"ReadAction\",\"target\":[[\"https:\\\/\\\/cardamomo.com\\\/pt\\\/artist\\\/rober-el-moreno-madrid\\\/\"]]}]},{\"@type\":\"ImageObject\",\"inLanguage\":\"pt-PT\",\"@id\":\"https:\\\/\\\/cardamomo.com\\\/pt\\\/artist\\\/rober-el-moreno-madrid\\\/#primaryimage\",\"url\":\"https:\\\/\\\/cardamomo.ams3.digitaloceanspaces.com\\\/wp-content\\\/uploads\\\/2016\\\/07\\\/03081857\\\/rober-el-moreno.jpg\",\"contentUrl\":\"https:\\\/\\\/cardamomo.ams3.digitaloceanspaces.com\\\/wp-content\\\/uploads\\\/2016\\\/07\\\/03081857\\\/rober-el-moreno.jpg\",\"width\":600,\"height\":750,\"caption\":\"Bailaor Rober \\\"El Moreno\\\" (Madrid)\"},{\"@type\":\"BreadcrumbList\",\"@id\":\"https:\\\/\\\/cardamomo.com\\\/pt\\\/artist\\\/rober-el-moreno-madrid\\\/#breadcrumb\",\"itemListElement\":[{\"@type\":\"ListItem\",\"position\":1,\"name\":\"Cardamomo\",\"item\":\"https:\\\/\\\/cardamomo.com\\\/pt\\\/\"},{\"@type\":\"ListItem\",\"position\":2,\"name\":\"Artists\",\"item\":\"https:\\\/\\\/cardamomo.com\\\/pt\\\/artist\\\/\"},{\"@type\":\"ListItem\",\"position\":3,\"name\":\"Rober \u00abEl Moreno\u00bb (Madrid)\"}]},{\"@type\":\"WebSite\",\"@id\":\"https:\\\/\\\/cardamomo.com\\\/pt\\\/#website\",\"url\":\"https:\\\/\\\/cardamomo.com\\\/pt\\\/\",\"name\":\"Cardamomo Flamenco Madrid\",\"description\":\"\",\"potentialAction\":[{\"@type\":\"SearchAction\",\"target\":{\"@type\":\"EntryPoint\",\"urlTemplate\":\"https:\\\/\\\/cardamomo.com\\\/pt\\\/?s={search_term_string}\"},\"query-input\":{\"@type\":\"PropertyValueSpecification\",\"valueRequired\":true,\"valueName\":\"search_term_string\"}}],\"inLanguage\":\"pt-PT\"}]}<\/script>\n<!-- \/ Yoast SEO plugin. -->","yoast_head_json":{"title":"Rober \"El Moreno\" (Madrid) - Cardamomo Flamenco Madrid","robots":{"index":"index","follow":"follow","max-snippet":"max-snippet:-1","max-image-preview":"max-image-preview:large","max-video-preview":"max-video-preview:-1"},"canonical":"\/","og_locale":"pt_PT","og_type":"article","og_title":"Rober \"El Moreno\" (Madrid) - Cardamomo Flamenco Madrid","og_description":"Biografia Come\u00e7ou a sua forma\u00e7\u00e3o art\u00edstica em dan\u00e7a aos 6 anos de idade na prestigiada academia de flamenco e dan\u00e7a espanhola Amor de Dios de Madrid, sob a orienta\u00e7\u00e3o dos professores Antonio Reyes e Crist\u00f3bal Reyes, continuando a sua aprendizagem at\u00e9 aos nossos dias com o bailarino e core\u00f3grafo Alfonso Losa e os ensinamentos de...","og_url":"https:\/\/cardamomo.com\/pt\/artist\/rober-el-moreno-madrid\/","og_site_name":"Cardamomo Flamenco Madrid","article_modified_time":"2025-04-03T08:19:21+00:00","og_image":[{"width":600,"height":750,"url":"https:\/\/cardamomo.ams3.digitaloceanspaces.com\/wp-content\/uploads\/2016\/07\/03081857\/rober-el-moreno.jpg","type":"image\/jpeg"}],"twitter_card":"summary_large_image","twitter_misc":{"Tempo estimado de leitura":"2 minutos"},"schema":{"@context":"https:\/\/schema.org","@graph":[{"@type":"WebPage","@id":"https:\/\/cardamomo.com\/pt\/artist\/rober-el-moreno-madrid\/","url":"https:\/\/cardamomo.com\/pt\/artist\/rober-el-moreno-madrid\/","name":"Rober \"El Moreno\" (Madrid) - Cardamomo Flamenco Madrid","isPartOf":{"@id":"https:\/\/cardamomo.com\/pt\/#website"},"primaryImageOfPage":{"@id":"https:\/\/cardamomo.com\/pt\/artist\/rober-el-moreno-madrid\/#primaryimage"},"image":{"@id":"https:\/\/cardamomo.com\/es\/artist\/rober-el-moreno-madrid\/#primaryimage"},"thumbnailUrl":"https:\/\/cardamomo.ams3.digitaloceanspaces.com\/wp-content\/uploads\/2016\/07\/03081857\/rober-el-moreno.jpg","datePublished":"2016-07-29T10:57:44+00:00","dateModified":"2025-04-03T08:19:21+00:00","breadcrumb":{"@id":"https:\/\/cardamomo.com\/pt\/artist\/rober-el-moreno-madrid\/#breadcrumb"},"inLanguage":"pt-PT","potentialAction":[{"@type":"ReadAction","target":[["https:\/\/cardamomo.com\/pt\/artist\/rober-el-moreno-madrid\/"]]}]},{"@type":"ImageObject","inLanguage":"pt-PT","@id":"https:\/\/cardamomo.com\/pt\/artist\/rober-el-moreno-madrid\/#primaryimage","url":"https:\/\/cardamomo.ams3.digitaloceanspaces.com\/wp-content\/uploads\/2016\/07\/03081857\/rober-el-moreno.jpg","contentUrl":"https:\/\/cardamomo.ams3.digitaloceanspaces.com\/wp-content\/uploads\/2016\/07\/03081857\/rober-el-moreno.jpg","width":600,"height":750,"caption":"Bailaor Rober \"El Moreno\" (Madrid)"},{"@type":"BreadcrumbList","@id":"https:\/\/cardamomo.com\/pt\/artist\/rober-el-moreno-madrid\/#breadcrumb","itemListElement":[{"@type":"ListItem","position":1,"name":"Cardamomo","item":"https:\/\/cardamomo.com\/pt\/"},{"@type":"ListItem","position":2,"name":"Artists","item":"https:\/\/cardamomo.com\/pt\/artist\/"},{"@type":"ListItem","position":3,"name":"Rober \u00abEl Moreno\u00bb (Madrid)"}]},{"@type":"WebSite","@id":"https:\/\/cardamomo.com\/pt\/#website","url":"https:\/\/cardamomo.com\/pt\/","name":"Cardamomo Flamenco Madrid","description":"","potentialAction":[{"@type":"SearchAction","target":{"@type":"EntryPoint","urlTemplate":"https:\/\/cardamomo.com\/pt\/?s={search_term_string}"},"query-input":{"@type":"PropertyValueSpecification","valueRequired":true,"valueName":"search_term_string"}}],"inLanguage":"pt-PT"}]}},"_links":{"self":[{"href":"https:\/\/cardamomo.com\/pt\/wp-json\/wp\/v2\/artist\/690","targetHints":{"allow":["GET"]}}],"collection":[{"href":"https:\/\/cardamomo.com\/pt\/wp-json\/wp\/v2\/artist"}],"about":[{"href":"https:\/\/cardamomo.com\/pt\/wp-json\/wp\/v2\/types\/artist"}],"wp:featuredmedia":[{"embeddable":true,"href":"https:\/\/cardamomo.com\/pt\/wp-json\/wp\/v2\/media\/157274"}],"wp:attachment":[{"href":"https:\/\/cardamomo.com\/pt\/wp-json\/wp\/v2\/media?parent=690"}],"curies":[{"name":"wp","href":"https:\/\/api.w.org\/{rel}","templated":true}]}}

<p></p>
<h4>Biografia</h4>
<p>Começou a sua formação artística em dança aos 6 anos de idade na prestigiada academia de flamenco e dança espanhola Amor de Dios de Madrid, sob a orientação dos professores Antonio Reyes e Cristóbal Reyes, continuando a sua aprendizagem até aos nossos dias com o bailarino e coreógrafo Alfonso Losa e os ensinamentos de Toni El Pelao, Farruquito, Miguel Cañas e Nino de los Reyes.</p>
<p>Trabalhou no Teatro Cómpac Gran Vía, Teatro García Lorca e La Latina em Madrid, no Auditorio Alcázar de San Juan em Valladolid e no Teatro Nescafé de las Artes em Santiago do Chile, bem como nos tablaos Cardamomo, Casa Patas, Museo La Corrala, Tablao Torero, Tablao Estación Los Porches e Tablao Cantares. Rober, &#8220;El Moreno&#8221; destaca-se como um bailarino inovador, mas ao mesmo tempo com uma grande pureza flamenca.</p>
<p>Apesar da sua juventude, ele tem uma longa carreira de actuações com grandes artistas. De todas as suas actuações podemos destacar a sua actuação como artista principal na homenagem a Camarón de la Isla em Salamanca. Durante algum tempo trabalhou com a companhia de Tito Losada e depois passou dois anos com a companhia de María Toledo actuando em lugares como por exemplo: Menansalbas (Toledo), Plaza Santo Cristo de Veracruz (Las Cabeza de San Juan), (Festival Yerbabuena), Sala Luz de Gas (Barcelona), Auditório Villaviciosa de Odón (Madrid), El Aaiún (Marrocos), Auditório Nacional (Príncipe de Vergara , Madrid), Complejo Alcántara (Badajoz), Polideportivo Municipal (Navas del Rey , Valladolid), Auditorio de Arroyomolínos (Madrid), Palacio de Congresos (Cádiz), El arahal (Sevilla), Sala copera (Granada), Bélgica , Bruselas , Melilla, centro, Casino central de salamanca, bem como a continuidade da digressão com o álbum Magnética.</p>

<!-- This site is optimized with the Yoast SEO plugin v27.4 - https://yoast.com/product/yoast-seo-wordpress/ -->
<title>Rober &quot;El Moreno&quot; (Madrid) - Cardamomo Flamenco Madrid</title>
<meta name="robots" content="index, follow, max-snippet:-1, max-image-preview:large, max-video-preview:-1" />
<link rel="canonical" href="/" />
<meta property="og:locale" content="pt_PT" />
<meta property="og:type" content="article" />
<meta property="og:title" content="Rober &quot;El Moreno&quot; (Madrid) - Cardamomo Flamenco Madrid" />
<meta property="og:description" content="Biografia Começou a sua formação artística em dança aos 6 anos de idade na prestigiada academia de flamenco e dança espanhola Amor de Dios de Madrid, sob a orientação dos professores Antonio Reyes e Cristóbal Reyes, continuando a sua aprendizagem até aos nossos dias com o bailarino e coreógrafo Alfonso Losa e os ensinamentos de..." />
<meta property="og:url" content="https://cardamomo.com/pt/artist/rober-el-moreno-madrid/" />
<meta property="og:site_name" content="Cardamomo Flamenco Madrid" />
<meta property="article:modified_time" content="2025-04-03T08:19:21+00:00" />
<meta property="og:image" content="https://cardamomo.ams3.digitaloceanspaces.com/wp-content/uploads/2016/07/03081857/rober-el-moreno.jpg" />
	<meta property="og:image:width" content="600" />
	<meta property="og:image:height" content="750" />
	<meta property="og:image:type" content="image/jpeg" />
<meta name="twitter:card" content="summary_large_image" />
<meta name="twitter:label1" content="Tempo estimado de leitura" />
	<meta name="twitter:data1" content="2 minutos" />
<script type="application/ld+json" class="yoast-schema-graph">{"@context":"https:\/\/schema.org","@graph":[{"@type":"WebPage","@id":"https:\/\/cardamomo.com\/pt\/artist\/rober-el-moreno-madrid\/","url":"https:\/\/cardamomo.com\/pt\/artist\/rober-el-moreno-madrid\/","name":"Rober \"El Moreno\" (Madrid) - Cardamomo Flamenco Madrid","isPartOf":{"@id":"https:\/\/cardamomo.com\/pt\/#website"},"primaryImageOfPage":{"@id":"https:\/\/cardamomo.com\/pt\/artist\/rober-el-moreno-madrid\/#primaryimage"},"image":{"@id":"https:\/\/cardamomo.com\/es\/artist\/rober-el-moreno-madrid\/#primaryimage"},"thumbnailUrl":"https:\/\/cardamomo.ams3.digitaloceanspaces.com\/wp-content\/uploads\/2016\/07\/03081857\/rober-el-moreno.jpg","datePublished":"2016-07-29T10:57:44+00:00","dateModified":"2025-04-03T08:19:21+00:00","breadcrumb":{"@id":"https:\/\/cardamomo.com\/pt\/artist\/rober-el-moreno-madrid\/#breadcrumb"},"inLanguage":"pt-PT","potentialAction":[{"@type":"ReadAction","target":[["https:\/\/cardamomo.com\/pt\/artist\/rober-el-moreno-madrid\/"]]}]},{"@type":"ImageObject","inLanguage":"pt-PT","@id":"https:\/\/cardamomo.com\/pt\/artist\/rober-el-moreno-madrid\/#primaryimage","url":"https:\/\/cardamomo.ams3.digitaloceanspaces.com\/wp-content\/uploads\/2016\/07\/03081857\/rober-el-moreno.jpg","contentUrl":"https:\/\/cardamomo.ams3.digitaloceanspaces.com\/wp-content\/uploads\/2016\/07\/03081857\/rober-el-moreno.jpg","width":600,"height":750,"caption":"Bailaor Rober \"El Moreno\" (Madrid)"},{"@type":"BreadcrumbList","@id":"https:\/\/cardamomo.com\/pt\/artist\/rober-el-moreno-madrid\/#breadcrumb","itemListElement":[{"@type":"ListItem","position":1,"name":"Cardamomo","item":"https:\/\/cardamomo.com\/pt\/"},{"@type":"ListItem","position":2,"name":"Artists","item":"https:\/\/cardamomo.com\/pt\/artist\/"},{"@type":"ListItem","position":3,"name":"Rober «El Moreno» (Madrid)"}]},{"@type":"WebSite","@id":"https:\/\/cardamomo.com\/pt\/#website","url":"https:\/\/cardamomo.com\/pt\/","name":"Cardamomo Flamenco Madrid","description":"","potentialAction":[{"@type":"SearchAction","target":{"@type":"EntryPoint","urlTemplate":"https:\/\/cardamomo.com\/pt\/?s={search_term_string}"},"query-input":{"@type":"PropertyValueSpecification","valueRequired":true,"valueName":"search_term_string"}}],"inLanguage":"pt-PT"}]}</script>
<!-- / Yoast SEO plugin. -->

Biografia Começou a sua formação artística em dança aos 6 anos de idade na prestigiada academia de flamenco e dança espanhola Amor de Dios de Madrid, sob a orientação dos professores Antonio Reyes e Cristóbal Reyes, continuando a sua aprendizagem até aos nossos dias com o bailarino e coreógrafo Alfonso Losa e os ensinamentos de...
