{"id":681,"date":"2016-07-29T12:46:22","date_gmt":"2016-07-29T10:46:22","guid":{"rendered":"http:\/\/cardamomo.fullcircle.es\/?post_type=artist&#038;p=681"},"modified":"2025-04-03T09:37:17","modified_gmt":"2025-04-03T09:37:17","slug":"paula-rodriguez-lazaro","status":"publish","type":"artist","link":"https:\/\/cardamomo.com\/pt\/artist\/paula-rodriguez-lazaro\/","title":{"rendered":"Paula Rodr\u00edguez L\u00e1zaro"},"content":{"rendered":"<p><\/p>\n<h4>FORMA\u00c7\u00c3O ART\u00cdSTICA<\/h4>\n<p>Nascida em Santander, come\u00e7ou a dan\u00e7ar aos quatro anos de idade no Centro Autorizado de Danza Armengou e at\u00e9 aos 17 anos estudou dan\u00e7a cl\u00e1ssica e contempor\u00e2nea com Gema de Beraza, dan\u00e7a espanhola com Carmen Armengou e flamenco com Paz D\u00edaz.<\/p>\n<p>Em 2007 mudou-se para Madrid para completar os seus estudos no Centro de Danza Espa\u00f1ola y Flamenco Amor de Dios com professores como Truco, Mar\u00eda Juncal, Alfonso Losa, Pepa Molina, e mais exclusivamente com a professora Merche Esmeralda.<\/p>\n<p>Em 2011, continuou a sua forma\u00e7\u00e3o em Sevilha tendo aulas com Juana Amaya, Andr\u00e9s Pe\u00f1a e Ram\u00f3n Mart\u00ednez.<\/p>\n<p>Tamb\u00e9m fez cursos com Mercedes Ruiz em Jerez de la Frontera (2009), com Roc\u00edo Molina em Barcelona (2010) e com Eva Yerbabuena em Barcelona (2013).<\/p>\n<h4>CONCURSOS E BOLSAS<\/h4>\n<p>Em 2008, Primeiro Pr\u00e9mio com os parab\u00e9ns do j\u00fari no Concurso Nacional de Anaprode na categoria de flamenco, com a pe\u00e7a &#8220;Tiento a tres&#8221;.<\/p>\n<p>Primeiro pr\u00e9mio com os parab\u00e9ns do j\u00fari do Concurso Nacional de Anaprode na categoria contempor\u00e2nea, com o paso a dos &#8220;Necesito que me \u00e9 necess\u00e1rio&#8221;.<\/p>\n<p>Em 2009 recebeu uma bolsa de ouro no I Ciclo de Formaci\u00f3n Completa de Flamenco en Amor de Dios.<\/p>\n<p>Em Junho de 2013 finalista no II Concurso de baile Flamenco del tablao madrile\u00f1o &#8220;Las Carboneras&#8221;.<\/p>\n<p>Em Julho de 2014 finalista do Concurso de Coreografia de Dan\u00e7a e Flamenco espanhol com a pe\u00e7a &#8220;Al placer de nosotros&#8221;.<\/p>\n<p>Em Novembro de 2014 finalista do Concurso de jovens dan\u00e7arinos de flamenco do tablao Villarosa.<\/p>\n<h4>EXPERI\u00caNCIA PROFISSIONAL<\/h4>\n<p>Em 2010 foi uma repeticionista na companhia de Mar\u00eda Juncal no espect\u00e1culo &#8220;Tercera Llamada&#8221;.<\/p>\n<p>No mesmo ano, foi convidada como bailarina no Festival Miguel Hernandez em Alicante, com a pe\u00e7a &#8220;Nanas a la cebolla&#8221;.<\/p>\n<p>Em 2011 \u00e9 solista e core\u00f3grafa da companhia de dan\u00e7a Santander &#8220;Contrapposto&#8221;, na estreia do espect\u00e1culo &#8220;De tripas coraz\u00f3n&#8221; e &#8220;M\u00e1s coraz\u00f3n&#8221;.<\/p>\n<p>Em 2012 fez parte da companhia de dan\u00e7a &#8220;Rojas y Rodr\u00edguez&#8221; com a estreia de uma nova produ\u00e7\u00e3o chamada &#8220;Filigrana&#8221;.<\/p>\n<p>Em Julho de 2013, trabalhou com Merche Esmeralda como repeticionista num curso de flamenco dado para o Ballet Nacional Espanhol.<\/p>\n<p>Desde 2015 que colabora com a companhia de Juan Carlos Avecilla com o seu espect\u00e1culo &#8220;Mel\u00f3mano&#8221; e &#8220;Creencias&#8221; em digress\u00e3o por Espanha e Europa.<\/p>\n<p>Em Agosto de 2016 foi artista convidada no prestigioso Festival Gorvio Flamenco (Fran\u00e7a).<\/p>\n<p>Em Junho de 2017 participou como artista convidada no Festival de Flamenco de Toledo, partilhando a conta com David Palomar.<\/p>\n<p>Desde 2014 at\u00e9 hoje tem trabalhado regularmente em tablaos de Madrid, tais como &#8220;La Taberna de Mister Pinckleton&#8221;, &#8220;La estaci\u00f3n de los Porches&#8221;, e &#8220;Casapatas&#8221;.\u00a0Desde o final de 2017 ela tem sido uma bailarina regular no excelente tablao &#8220;Cardamomo&#8221;, partilhando o tablao com Juan Andr\u00e9s Maya e Antonio Canales.<\/p>\n<p>Desde 2015 d\u00e1 cursos e master classes regularmente em escolas de dan\u00e7a em Santander, Valladolid e Burgos, criando espect\u00e1culos para festivais.<\/p>\n<p>Actualmente dirige a sua pr\u00f3pria empresa. O seu \u00faltimo espect\u00e1culo &#8220;Mi Tarara&#8221; foi estreado em Outubro de 2018 para uma casa cheia de 600 pessoas no teatro Casyc em Santander.<\/p>\n<p><a href=\"https:\/\/paularodriguezlazaro.com\/\" target=\"_blank\" rel=\"noopener noreferrer\">https:\/\/paularodriguezlazaro.com\/\u00a0\u00a0<\/a>\u00a0\u00a0\u00a0\u00a0\u00a0\u00a0\u00a0\u00a0\u00a0\u00a0\u00a0<a href=\"https:\/\/www.instagram.com\/paularodriguezlazaro\/\" target=\"_blank\" rel=\"noopener noreferrer\">Visita su instagram\u00a0<\/a><\/p>","protected":false},"featured_media":157283,"template":"","meta":{"_acf_changed":false,"inline_featured_image":false},"class_list":["post-681","artist","type-artist","status-publish","has-post-thumbnail","hentry"],"acf":[],"yoast_head":"<!-- This site is optimized with the Yoast SEO plugin v27.4 - https:\/\/yoast.com\/product\/yoast-seo-wordpress\/ -->\n<title>Paula Rodr\u00edguez L\u00e1zaro - Cardamomo Flamenco Madrid<\/title>\n<meta name=\"robots\" content=\"index, follow, max-snippet:-1, max-image-preview:large, max-video-preview:-1\" \/>\n<link rel=\"canonical\" href=\"\/\" \/>\n<meta property=\"og:locale\" content=\"pt_PT\" \/>\n<meta property=\"og:type\" content=\"article\" \/>\n<meta property=\"og:title\" content=\"Paula Rodr\u00edguez L\u00e1zaro - Cardamomo Flamenco Madrid\" \/>\n<meta property=\"og:description\" content=\"FORMA\u00c7\u00c3O ART\u00cdSTICA Nascida em Santander, come\u00e7ou a dan\u00e7ar aos quatro anos de idade no Centro Autorizado de Danza Armengou e at\u00e9 aos 17 anos estudou dan\u00e7a cl\u00e1ssica e contempor\u00e2nea com Gema de Beraza, dan\u00e7a espanhola com Carmen Armengou e flamenco com Paz D\u00edaz. Em 2007 mudou-se para Madrid para completar os seus estudos no Centro...\" \/>\n<meta property=\"og:url\" content=\"https:\/\/cardamomo.com\/pt\/artist\/paula-rodriguez-lazaro\/\" \/>\n<meta property=\"og:site_name\" content=\"Cardamomo Flamenco Madrid\" \/>\n<meta property=\"article:modified_time\" content=\"2025-04-03T09:37:17+00:00\" \/>\n<meta property=\"og:image\" content=\"https:\/\/cardamomo.ams3.digitaloceanspaces.com\/wp-content\/uploads\/2016\/07\/03093657\/paula-rodriguez-1.jpg\" \/>\n\t<meta property=\"og:image:width\" content=\"600\" \/>\n\t<meta property=\"og:image:height\" content=\"750\" \/>\n\t<meta property=\"og:image:type\" content=\"image\/jpeg\" \/>\n<meta name=\"twitter:card\" content=\"summary_large_image\" \/>\n<meta name=\"twitter:label1\" content=\"Tempo estimado de leitura\" \/>\n\t<meta name=\"twitter:data1\" content=\"3 minutos\" \/>\n<script type=\"application\/ld+json\" class=\"yoast-schema-graph\">{\"@context\":\"https:\\\/\\\/schema.org\",\"@graph\":[{\"@type\":\"WebPage\",\"@id\":\"https:\\\/\\\/cardamomo.com\\\/pt\\\/artist\\\/paula-rodriguez-lazaro\\\/\",\"url\":\"https:\\\/\\\/cardamomo.com\\\/pt\\\/artist\\\/paula-rodriguez-lazaro\\\/\",\"name\":\"Paula Rodr\u00edguez L\u00e1zaro - Cardamomo Flamenco Madrid\",\"isPartOf\":{\"@id\":\"https:\\\/\\\/cardamomo.com\\\/pt\\\/#website\"},\"primaryImageOfPage\":{\"@id\":\"https:\\\/\\\/cardamomo.com\\\/pt\\\/artist\\\/paula-rodriguez-lazaro\\\/#primaryimage\"},\"image\":{\"@id\":\"https:\\\/\\\/cardamomo.com\\\/es\\\/artist\\\/paula-rodriguez-lazaro\\\/#primaryimage\"},\"thumbnailUrl\":\"https:\\\/\\\/cardamomo.ams3.digitaloceanspaces.com\\\/wp-content\\\/uploads\\\/2016\\\/07\\\/03093657\\\/paula-rodriguez-1.jpg\",\"datePublished\":\"2016-07-29T10:46:22+00:00\",\"dateModified\":\"2025-04-03T09:37:17+00:00\",\"breadcrumb\":{\"@id\":\"https:\\\/\\\/cardamomo.com\\\/pt\\\/artist\\\/paula-rodriguez-lazaro\\\/#breadcrumb\"},\"inLanguage\":\"pt-PT\",\"potentialAction\":[{\"@type\":\"ReadAction\",\"target\":[[\"https:\\\/\\\/cardamomo.com\\\/pt\\\/artist\\\/paula-rodriguez-lazaro\\\/\"]]}]},{\"@type\":\"ImageObject\",\"inLanguage\":\"pt-PT\",\"@id\":\"https:\\\/\\\/cardamomo.com\\\/pt\\\/artist\\\/paula-rodriguez-lazaro\\\/#primaryimage\",\"url\":\"https:\\\/\\\/cardamomo.ams3.digitaloceanspaces.com\\\/wp-content\\\/uploads\\\/2016\\\/07\\\/03093657\\\/paula-rodriguez-1.jpg\",\"contentUrl\":\"https:\\\/\\\/cardamomo.ams3.digitaloceanspaces.com\\\/wp-content\\\/uploads\\\/2016\\\/07\\\/03093657\\\/paula-rodriguez-1.jpg\",\"width\":600,\"height\":750,\"caption\":\"Bailaora Paula Rodr\u00edguez L\u00e1zaro\"},{\"@type\":\"BreadcrumbList\",\"@id\":\"https:\\\/\\\/cardamomo.com\\\/pt\\\/artist\\\/paula-rodriguez-lazaro\\\/#breadcrumb\",\"itemListElement\":[{\"@type\":\"ListItem\",\"position\":1,\"name\":\"Cardamomo\",\"item\":\"https:\\\/\\\/cardamomo.com\\\/pt\\\/\"},{\"@type\":\"ListItem\",\"position\":2,\"name\":\"Artists\",\"item\":\"https:\\\/\\\/cardamomo.com\\\/pt\\\/artist\\\/\"},{\"@type\":\"ListItem\",\"position\":3,\"name\":\"Paula Rodr\u00edguez L\u00e1zaro\"}]},{\"@type\":\"WebSite\",\"@id\":\"https:\\\/\\\/cardamomo.com\\\/pt\\\/#website\",\"url\":\"https:\\\/\\\/cardamomo.com\\\/pt\\\/\",\"name\":\"Cardamomo Flamenco Madrid\",\"description\":\"\",\"potentialAction\":[{\"@type\":\"SearchAction\",\"target\":{\"@type\":\"EntryPoint\",\"urlTemplate\":\"https:\\\/\\\/cardamomo.com\\\/pt\\\/?s={search_term_string}\"},\"query-input\":{\"@type\":\"PropertyValueSpecification\",\"valueRequired\":true,\"valueName\":\"search_term_string\"}}],\"inLanguage\":\"pt-PT\"}]}<\/script>\n<!-- \/ Yoast SEO plugin. -->","yoast_head_json":{"title":"Paula Rodr\u00edguez L\u00e1zaro - Cardamomo Flamenco Madrid","robots":{"index":"index","follow":"follow","max-snippet":"max-snippet:-1","max-image-preview":"max-image-preview:large","max-video-preview":"max-video-preview:-1"},"canonical":"\/","og_locale":"pt_PT","og_type":"article","og_title":"Paula Rodr\u00edguez L\u00e1zaro - Cardamomo Flamenco Madrid","og_description":"FORMA\u00c7\u00c3O ART\u00cdSTICA Nascida em Santander, come\u00e7ou a dan\u00e7ar aos quatro anos de idade no Centro Autorizado de Danza Armengou e at\u00e9 aos 17 anos estudou dan\u00e7a cl\u00e1ssica e contempor\u00e2nea com Gema de Beraza, dan\u00e7a espanhola com Carmen Armengou e flamenco com Paz D\u00edaz. Em 2007 mudou-se para Madrid para completar os seus estudos no Centro...","og_url":"https:\/\/cardamomo.com\/pt\/artist\/paula-rodriguez-lazaro\/","og_site_name":"Cardamomo Flamenco Madrid","article_modified_time":"2025-04-03T09:37:17+00:00","og_image":[{"width":600,"height":750,"url":"https:\/\/cardamomo.ams3.digitaloceanspaces.com\/wp-content\/uploads\/2016\/07\/03093657\/paula-rodriguez-1.jpg","type":"image\/jpeg"}],"twitter_card":"summary_large_image","twitter_misc":{"Tempo estimado de leitura":"3 minutos"},"schema":{"@context":"https:\/\/schema.org","@graph":[{"@type":"WebPage","@id":"https:\/\/cardamomo.com\/pt\/artist\/paula-rodriguez-lazaro\/","url":"https:\/\/cardamomo.com\/pt\/artist\/paula-rodriguez-lazaro\/","name":"Paula Rodr\u00edguez L\u00e1zaro - Cardamomo Flamenco Madrid","isPartOf":{"@id":"https:\/\/cardamomo.com\/pt\/#website"},"primaryImageOfPage":{"@id":"https:\/\/cardamomo.com\/pt\/artist\/paula-rodriguez-lazaro\/#primaryimage"},"image":{"@id":"https:\/\/cardamomo.com\/es\/artist\/paula-rodriguez-lazaro\/#primaryimage"},"thumbnailUrl":"https:\/\/cardamomo.ams3.digitaloceanspaces.com\/wp-content\/uploads\/2016\/07\/03093657\/paula-rodriguez-1.jpg","datePublished":"2016-07-29T10:46:22+00:00","dateModified":"2025-04-03T09:37:17+00:00","breadcrumb":{"@id":"https:\/\/cardamomo.com\/pt\/artist\/paula-rodriguez-lazaro\/#breadcrumb"},"inLanguage":"pt-PT","potentialAction":[{"@type":"ReadAction","target":[["https:\/\/cardamomo.com\/pt\/artist\/paula-rodriguez-lazaro\/"]]}]},{"@type":"ImageObject","inLanguage":"pt-PT","@id":"https:\/\/cardamomo.com\/pt\/artist\/paula-rodriguez-lazaro\/#primaryimage","url":"https:\/\/cardamomo.ams3.digitaloceanspaces.com\/wp-content\/uploads\/2016\/07\/03093657\/paula-rodriguez-1.jpg","contentUrl":"https:\/\/cardamomo.ams3.digitaloceanspaces.com\/wp-content\/uploads\/2016\/07\/03093657\/paula-rodriguez-1.jpg","width":600,"height":750,"caption":"Bailaora Paula Rodr\u00edguez L\u00e1zaro"},{"@type":"BreadcrumbList","@id":"https:\/\/cardamomo.com\/pt\/artist\/paula-rodriguez-lazaro\/#breadcrumb","itemListElement":[{"@type":"ListItem","position":1,"name":"Cardamomo","item":"https:\/\/cardamomo.com\/pt\/"},{"@type":"ListItem","position":2,"name":"Artists","item":"https:\/\/cardamomo.com\/pt\/artist\/"},{"@type":"ListItem","position":3,"name":"Paula Rodr\u00edguez L\u00e1zaro"}]},{"@type":"WebSite","@id":"https:\/\/cardamomo.com\/pt\/#website","url":"https:\/\/cardamomo.com\/pt\/","name":"Cardamomo Flamenco Madrid","description":"","potentialAction":[{"@type":"SearchAction","target":{"@type":"EntryPoint","urlTemplate":"https:\/\/cardamomo.com\/pt\/?s={search_term_string}"},"query-input":{"@type":"PropertyValueSpecification","valueRequired":true,"valueName":"search_term_string"}}],"inLanguage":"pt-PT"}]}},"_links":{"self":[{"href":"https:\/\/cardamomo.com\/pt\/wp-json\/wp\/v2\/artist\/681","targetHints":{"allow":["GET"]}}],"collection":[{"href":"https:\/\/cardamomo.com\/pt\/wp-json\/wp\/v2\/artist"}],"about":[{"href":"https:\/\/cardamomo.com\/pt\/wp-json\/wp\/v2\/types\/artist"}],"wp:featuredmedia":[{"embeddable":true,"href":"https:\/\/cardamomo.com\/pt\/wp-json\/wp\/v2\/media\/157283"}],"wp:attachment":[{"href":"https:\/\/cardamomo.com\/pt\/wp-json\/wp\/v2\/media?parent=681"}],"curies":[{"name":"wp","href":"https:\/\/api.w.org\/{rel}","templated":true}]}}

Paula Rodríguez Lázaro

<p></p>
<h4>FORMAÇÃO ARTÍSTICA</h4>
<p>Nascida em Santander, começou a dançar aos quatro anos de idade no Centro Autorizado de Danza Armengou e até aos 17 anos estudou dança clássica e contemporânea com Gema de Beraza, dança espanhola com Carmen Armengou e flamenco com Paz Díaz.</p>
<p>Em 2007 mudou-se para Madrid para completar os seus estudos no Centro de Danza Española y Flamenco Amor de Dios com professores como Truco, María Juncal, Alfonso Losa, Pepa Molina, e mais exclusivamente com a professora Merche Esmeralda.</p>
<p>Em 2011, continuou a sua formação em Sevilha tendo aulas com Juana Amaya, Andrés Peña e Ramón Martínez.</p>
<p>Também fez cursos com Mercedes Ruiz em Jerez de la Frontera (2009), com Rocío Molina em Barcelona (2010) e com Eva Yerbabuena em Barcelona (2013).</p>
<h4>CONCURSOS E BOLSAS</h4>
<p>Em 2008, Primeiro Prémio com os parabéns do júri no Concurso Nacional de Anaprode na categoria de flamenco, com a peça &#8220;Tiento a tres&#8221;.</p>
<p>Primeiro prémio com os parabéns do júri do Concurso Nacional de Anaprode na categoria contemporânea, com o paso a dos &#8220;Necesito que me é necessário&#8221;.</p>
<p>Em 2009 recebeu uma bolsa de ouro no I Ciclo de Formación Completa de Flamenco en Amor de Dios.</p>
<p>Em Junho de 2013 finalista no II Concurso de baile Flamenco del tablao madrileño &#8220;Las Carboneras&#8221;.</p>
<p>Em Julho de 2014 finalista do Concurso de Coreografia de Dança e Flamenco espanhol com a peça &#8220;Al placer de nosotros&#8221;.</p>
<p>Em Novembro de 2014 finalista do Concurso de jovens dançarinos de flamenco do tablao Villarosa.</p>
<h4>EXPERIÊNCIA PROFISSIONAL</h4>
<p>Em 2010 foi uma repeticionista na companhia de María Juncal no espectáculo &#8220;Tercera Llamada&#8221;.</p>
<p>No mesmo ano, foi convidada como bailarina no Festival Miguel Hernandez em Alicante, com a peça &#8220;Nanas a la cebolla&#8221;.</p>
<p>Em 2011 é solista e coreógrafa da companhia de dança Santander &#8220;Contrapposto&#8221;, na estreia do espectáculo &#8220;De tripas corazón&#8221; e &#8220;Más corazón&#8221;.</p>
<p>Em 2012 fez parte da companhia de dança &#8220;Rojas y Rodríguez&#8221; com a estreia de uma nova produção chamada &#8220;Filigrana&#8221;.</p>
<p>Em Julho de 2013, trabalhou com Merche Esmeralda como repeticionista num curso de flamenco dado para o Ballet Nacional Espanhol.</p>
<p>Desde 2015 que colabora com a companhia de Juan Carlos Avecilla com o seu espectáculo &#8220;Melómano&#8221; e &#8220;Creencias&#8221; em digressão por Espanha e Europa.</p>
<p>Em Agosto de 2016 foi artista convidada no prestigioso Festival Gorvio Flamenco (França).</p>
<p>Em Junho de 2017 participou como artista convidada no Festival de Flamenco de Toledo, partilhando a conta com David Palomar.</p>
<p>Desde 2014 até hoje tem trabalhado regularmente em tablaos de Madrid, tais como &#8220;La Taberna de Mister Pinckleton&#8221;, &#8220;La estación de los Porches&#8221;, e &#8220;Casapatas&#8221;. Desde o final de 2017 ela tem sido uma bailarina regular no excelente tablao &#8220;Cardamomo&#8221;, partilhando o tablao com Juan Andrés Maya e Antonio Canales.</p>
<p>Desde 2015 dá cursos e master classes regularmente em escolas de dança em Santander, Valladolid e Burgos, criando espectáculos para festivais.</p>
<p>Actualmente dirige a sua própria empresa. O seu último espectáculo &#8220;Mi Tarara&#8221; foi estreado em Outubro de 2018 para uma casa cheia de 600 pessoas no teatro Casyc em Santander.</p>
<p><a href="https://paularodriguezlazaro.com/" target="_blank" rel="noopener noreferrer">https://paularodriguezlazaro.com/  </a>           <a href="https://www.instagram.com/paularodriguezlazaro/" target="_blank" rel="noopener noreferrer">Visita su instagram </a></p>

<!-- This site is optimized with the Yoast SEO plugin v27.4 - https://yoast.com/product/yoast-seo-wordpress/ -->
<title>Paula Rodríguez Lázaro - Cardamomo Flamenco Madrid</title>
<meta name="robots" content="index, follow, max-snippet:-1, max-image-preview:large, max-video-preview:-1" />
<link rel="canonical" href="/" />
<meta property="og:locale" content="pt_PT" />
<meta property="og:type" content="article" />
<meta property="og:title" content="Paula Rodríguez Lázaro - Cardamomo Flamenco Madrid" />
<meta property="og:description" content="FORMAÇÃO ARTÍSTICA Nascida em Santander, começou a dançar aos quatro anos de idade no Centro Autorizado de Danza Armengou e até aos 17 anos estudou dança clássica e contemporânea com Gema de Beraza, dança espanhola com Carmen Armengou e flamenco com Paz Díaz. Em 2007 mudou-se para Madrid para completar os seus estudos no Centro..." />
<meta property="og:url" content="https://cardamomo.com/pt/artist/paula-rodriguez-lazaro/" />
<meta property="og:site_name" content="Cardamomo Flamenco Madrid" />
<meta property="article:modified_time" content="2025-04-03T09:37:17+00:00" />
<meta property="og:image" content="https://cardamomo.ams3.digitaloceanspaces.com/wp-content/uploads/2016/07/03093657/paula-rodriguez-1.jpg" />
	<meta property="og:image:width" content="600" />
	<meta property="og:image:height" content="750" />
	<meta property="og:image:type" content="image/jpeg" />
<meta name="twitter:card" content="summary_large_image" />
<meta name="twitter:label1" content="Tempo estimado de leitura" />
	<meta name="twitter:data1" content="3 minutos" />
<script type="application/ld+json" class="yoast-schema-graph">{"@context":"https:\/\/schema.org","@graph":[{"@type":"WebPage","@id":"https:\/\/cardamomo.com\/pt\/artist\/paula-rodriguez-lazaro\/","url":"https:\/\/cardamomo.com\/pt\/artist\/paula-rodriguez-lazaro\/","name":"Paula Rodríguez Lázaro - Cardamomo Flamenco Madrid","isPartOf":{"@id":"https:\/\/cardamomo.com\/pt\/#website"},"primaryImageOfPage":{"@id":"https:\/\/cardamomo.com\/pt\/artist\/paula-rodriguez-lazaro\/#primaryimage"},"image":{"@id":"https:\/\/cardamomo.com\/es\/artist\/paula-rodriguez-lazaro\/#primaryimage"},"thumbnailUrl":"https:\/\/cardamomo.ams3.digitaloceanspaces.com\/wp-content\/uploads\/2016\/07\/03093657\/paula-rodriguez-1.jpg","datePublished":"2016-07-29T10:46:22+00:00","dateModified":"2025-04-03T09:37:17+00:00","breadcrumb":{"@id":"https:\/\/cardamomo.com\/pt\/artist\/paula-rodriguez-lazaro\/#breadcrumb"},"inLanguage":"pt-PT","potentialAction":[{"@type":"ReadAction","target":[["https:\/\/cardamomo.com\/pt\/artist\/paula-rodriguez-lazaro\/"]]}]},{"@type":"ImageObject","inLanguage":"pt-PT","@id":"https:\/\/cardamomo.com\/pt\/artist\/paula-rodriguez-lazaro\/#primaryimage","url":"https:\/\/cardamomo.ams3.digitaloceanspaces.com\/wp-content\/uploads\/2016\/07\/03093657\/paula-rodriguez-1.jpg","contentUrl":"https:\/\/cardamomo.ams3.digitaloceanspaces.com\/wp-content\/uploads\/2016\/07\/03093657\/paula-rodriguez-1.jpg","width":600,"height":750,"caption":"Bailaora Paula Rodríguez Lázaro"},{"@type":"BreadcrumbList","@id":"https:\/\/cardamomo.com\/pt\/artist\/paula-rodriguez-lazaro\/#breadcrumb","itemListElement":[{"@type":"ListItem","position":1,"name":"Cardamomo","item":"https:\/\/cardamomo.com\/pt\/"},{"@type":"ListItem","position":2,"name":"Artists","item":"https:\/\/cardamomo.com\/pt\/artist\/"},{"@type":"ListItem","position":3,"name":"Paula Rodríguez Lázaro"}]},{"@type":"WebSite","@id":"https:\/\/cardamomo.com\/pt\/#website","url":"https:\/\/cardamomo.com\/pt\/","name":"Cardamomo Flamenco Madrid","description":"","potentialAction":[{"@type":"SearchAction","target":{"@type":"EntryPoint","urlTemplate":"https:\/\/cardamomo.com\/pt\/?s={search_term_string}"},"query-input":{"@type":"PropertyValueSpecification","valueRequired":true,"valueName":"search_term_string"}}],"inLanguage":"pt-PT"}]}</script>
<!-- / Yoast SEO plugin. -->

Paula Rodríguez Lázaro - Cardamomo Flamenco Madrid

FORMAÇÃO ARTÍSTICA Nascida em Santander, começou a dançar aos quatro anos de idade no Centro Autorizado de Danza Armengou e até aos 17 anos estudou dança clássica e contemporânea com Gema de Beraza, dança espanhola com Carmen Armengou e flamenco com Paz Díaz. Em 2007 mudou-se para Madrid para completar os seus estudos no Centro...

Bailaora Paula Rodríguez Lázaro
