{"id":135121,"date":"2023-12-08T20:00:57","date_gmt":"2023-12-08T19:00:57","guid":{"rendered":"https:\/\/cardamomo.com\/es\/?post_type=artist&#038;p=135121"},"modified":"2025-03-12T08:58:17","modified_gmt":"2025-03-12T08:58:17","slug":"jesus-de-rosario-madrid","status":"publish","type":"artist","link":"https:\/\/cardamomo.com\/pt\/artist\/jesus-de-rosario-madrid\/","title":{"rendered":"Jes\u00fas de Rosario"},"content":{"rendered":"<p>Nasceu em Madrid, no bairro de Ca\u00f1o roto, e come\u00e7ou a tocar guitarra aos cinco anos de idade, sob a orienta\u00e7\u00e3o do seu pai e professor, &#8220;El Entri&#8221;. Aos nove anos, participa num concurso internacional de talentos na televis\u00e3o norueguesa, o que o leva a fazer uma digress\u00e3o pela Europa. Na sua adolesc\u00eancia, come\u00e7a a fazer parte da Companhia do mestre Antonio Canales.<\/p>\n<p>Anos mais tarde, colaborou com a bailarina Merche Esmeralda como diretor musical do espet\u00e1culo &#8220;Mujeres&#8221;. Tamb\u00e9m partilhou o palco com grandes artistas da dan\u00e7a como El G\u00fcito, Carmen Cort\u00e9s, Joaqu\u00edn Cort\u00e9s, Rafael Amargo, Juan de Juan ou Eva la Hierbabuena, e com grandes artistas do cante como Potito, Diego El Cigala, Jos\u00e9 Merc\u00e9, Guadiana, Ram\u00f3n &#8220;El Portugu\u00e9s&#8221;, Miguel Poveda, Montse Cort\u00e9s, Remedios Amaya e muitos mais.<\/p>\n<p>Em 1998 criou a m\u00fasica para os espect\u00e1culos &#8220;Sensaciones&#8221; e &#8220;Sue\u00f1os&#8221; de Sara Baras, com quem fez uma digress\u00e3o mundial. Em 2000 comp\u00f4s a m\u00fasica para a pe\u00e7a &#8220;Juana La Loca&#8221;, tr\u00eas vezes premiada nos Pr\u00e9mios Max, estreada na Bienal de Flamenco de Sevilha, com grande \u00eaxito no Jap\u00e3o, M\u00e9xico, Chile, Brasil, Venezuela, Gr\u00e3-Bretanha e Fran\u00e7a.<\/p>\n<p>Comp\u00f4s a m\u00fasica para os espect\u00e1culos &#8220;Minotauro&#8221; de Antonio Canales e &#8220;Tambi\u00e9n muere el mar&#8221; de Carmen Cort\u00e9s. Colaborou nos \u00e1lbuns &#8220;Cuando el r\u00edo suena&#8221; e &#8220;Brillo de luna&#8221; da cantora Guadiana, e depois continuou a colaborar em &#8220;Direto desde Casa Patas&#8221;, &#8220;M\u00edrame&#8221; de Mercedes Cort\u00e9s, &#8220;Ca\u00eddo del Cielo&#8221; de Pepe Luis Carmona, &#8220;Sembrando Inquietudes&#8221; de Ram\u00f3n Jim\u00e9nez.\u2028Dirigiu e produziu &#8220;Juana La Loca, vivir por amor&#8221; de Sara Baras e participou como solista no \u00e1lbum &#8220;La Nueva Escuela de Guitarra Flamenca&#8221;, nomeado como Melhor \u00c1lbum de Flamenco nos Pr\u00e9mios Grammy Latino 2003.<\/p>\n<p>Jes\u00fas de Rosario, depois de uma longa carreira, apresentou o seu \u00e1lbum &#8220;Sin Tanto&#8221;, a sua estreia a solo, onde oferece um repert\u00f3rio que inclui buler\u00edas, ronde\u00f1as e rumbas. Um trabalho que conta com as colabora\u00e7\u00f5es de Sara Baras, Tomatito, Antonio Carmona e Bernardo Parrilla entre outros.<\/p>","protected":false},"featured_media":157156,"template":"","meta":{"_acf_changed":false,"inline_featured_image":false},"class_list":["post-135121","artist","type-artist","status-publish","has-post-thumbnail","hentry"],"acf":[],"yoast_head":"<!-- This site is optimized with the Yoast SEO plugin v27.4 - https:\/\/yoast.com\/product\/yoast-seo-wordpress\/ -->\n<title>Jes\u00fas de Rosario - Cardamomo Flamenco Madrid<\/title>\n<meta name=\"robots\" content=\"index, follow, max-snippet:-1, max-image-preview:large, max-video-preview:-1\" \/>\n<link rel=\"canonical\" href=\"\/\" \/>\n<meta property=\"og:locale\" content=\"pt_PT\" \/>\n<meta property=\"og:type\" content=\"article\" \/>\n<meta property=\"og:title\" content=\"Jes\u00fas de Rosario - Cardamomo Flamenco Madrid\" \/>\n<meta property=\"og:description\" content=\"Nasceu em Madrid, no bairro de Ca\u00f1o roto, e come\u00e7ou a tocar guitarra aos cinco anos de idade, sob a orienta\u00e7\u00e3o do seu pai e professor, &#8220;El Entri&#8221;. Aos nove anos, participa num concurso internacional de talentos na televis\u00e3o norueguesa, o que o leva a fazer uma digress\u00e3o pela Europa. Na sua adolesc\u00eancia, come\u00e7a a...\" \/>\n<meta property=\"og:url\" content=\"https:\/\/cardamomo.com\/pt\/artist\/jesus-de-rosario-madrid\/\" \/>\n<meta property=\"og:site_name\" content=\"Cardamomo Flamenco Madrid\" \/>\n<meta property=\"article:modified_time\" content=\"2025-03-12T08:58:17+00:00\" \/>\n<meta property=\"og:image\" content=\"https:\/\/cardamomo.ams3.digitaloceanspaces.com\/wp-content\/uploads\/2023\/12\/12085749\/jesus-de-rosario.jpg\" \/>\n\t<meta property=\"og:image:width\" content=\"600\" \/>\n\t<meta property=\"og:image:height\" content=\"750\" \/>\n\t<meta property=\"og:image:type\" content=\"image\/jpeg\" \/>\n<meta name=\"twitter:card\" content=\"summary_large_image\" \/>\n<meta name=\"twitter:label1\" content=\"Tempo estimado de leitura\" \/>\n\t<meta name=\"twitter:data1\" content=\"2 minutos\" \/>\n<script type=\"application\/ld+json\" class=\"yoast-schema-graph\">{\"@context\":\"https:\\\/\\\/schema.org\",\"@graph\":[{\"@type\":\"WebPage\",\"@id\":\"https:\\\/\\\/cardamomo.com\\\/pt\\\/artist\\\/jesus-de-rosario-madrid\\\/\",\"url\":\"https:\\\/\\\/cardamomo.com\\\/pt\\\/artist\\\/jesus-de-rosario-madrid\\\/\",\"name\":\"Jes\u00fas de Rosario - Cardamomo Flamenco Madrid\",\"isPartOf\":{\"@id\":\"https:\\\/\\\/cardamomo.com\\\/pt\\\/#website\"},\"primaryImageOfPage\":{\"@id\":\"https:\\\/\\\/cardamomo.com\\\/pt\\\/artist\\\/jesus-de-rosario-madrid\\\/#primaryimage\"},\"image\":{\"@id\":\"https:\\\/\\\/cardamomo.com\\\/es\\\/artist\\\/jesus-de-rosario-madrid\\\/#primaryimage\"},\"thumbnailUrl\":\"https:\\\/\\\/cardamomo.ams3.digitaloceanspaces.com\\\/wp-content\\\/uploads\\\/2023\\\/12\\\/12085749\\\/jesus-de-rosario.jpg\",\"datePublished\":\"2023-12-08T19:00:57+00:00\",\"dateModified\":\"2025-03-12T08:58:17+00:00\",\"breadcrumb\":{\"@id\":\"https:\\\/\\\/cardamomo.com\\\/pt\\\/artist\\\/jesus-de-rosario-madrid\\\/#breadcrumb\"},\"inLanguage\":\"pt-PT\",\"potentialAction\":[{\"@type\":\"ReadAction\",\"target\":[[\"https:\\\/\\\/cardamomo.com\\\/pt\\\/artist\\\/jesus-de-rosario-madrid\\\/\"]]}]},{\"@type\":\"ImageObject\",\"inLanguage\":\"pt-PT\",\"@id\":\"https:\\\/\\\/cardamomo.com\\\/pt\\\/artist\\\/jesus-de-rosario-madrid\\\/#primaryimage\",\"url\":\"https:\\\/\\\/cardamomo.ams3.digitaloceanspaces.com\\\/wp-content\\\/uploads\\\/2023\\\/12\\\/12085749\\\/jesus-de-rosario.jpg\",\"contentUrl\":\"https:\\\/\\\/cardamomo.ams3.digitaloceanspaces.com\\\/wp-content\\\/uploads\\\/2023\\\/12\\\/12085749\\\/jesus-de-rosario.jpg\",\"width\":600,\"height\":750,\"caption\":\"Guitarrista Jes\u00fas de Rosario\"},{\"@type\":\"BreadcrumbList\",\"@id\":\"https:\\\/\\\/cardamomo.com\\\/pt\\\/artist\\\/jesus-de-rosario-madrid\\\/#breadcrumb\",\"itemListElement\":[{\"@type\":\"ListItem\",\"position\":1,\"name\":\"Cardamomo\",\"item\":\"https:\\\/\\\/cardamomo.com\\\/pt\\\/\"},{\"@type\":\"ListItem\",\"position\":2,\"name\":\"Artists\",\"item\":\"https:\\\/\\\/cardamomo.com\\\/pt\\\/artist\\\/\"},{\"@type\":\"ListItem\",\"position\":3,\"name\":\"Jes\u00fas de Rosario\"}]},{\"@type\":\"WebSite\",\"@id\":\"https:\\\/\\\/cardamomo.com\\\/pt\\\/#website\",\"url\":\"https:\\\/\\\/cardamomo.com\\\/pt\\\/\",\"name\":\"Cardamomo Flamenco Madrid\",\"description\":\"\",\"potentialAction\":[{\"@type\":\"SearchAction\",\"target\":{\"@type\":\"EntryPoint\",\"urlTemplate\":\"https:\\\/\\\/cardamomo.com\\\/pt\\\/?s={search_term_string}\"},\"query-input\":{\"@type\":\"PropertyValueSpecification\",\"valueRequired\":true,\"valueName\":\"search_term_string\"}}],\"inLanguage\":\"pt-PT\"}]}<\/script>\n<!-- \/ Yoast SEO plugin. -->","yoast_head_json":{"title":"Jes\u00fas de Rosario - Cardamomo Flamenco Madrid","robots":{"index":"index","follow":"follow","max-snippet":"max-snippet:-1","max-image-preview":"max-image-preview:large","max-video-preview":"max-video-preview:-1"},"canonical":"\/","og_locale":"pt_PT","og_type":"article","og_title":"Jes\u00fas de Rosario - Cardamomo Flamenco Madrid","og_description":"Nasceu em Madrid, no bairro de Ca\u00f1o roto, e come\u00e7ou a tocar guitarra aos cinco anos de idade, sob a orienta\u00e7\u00e3o do seu pai e professor, &#8220;El Entri&#8221;. Aos nove anos, participa num concurso internacional de talentos na televis\u00e3o norueguesa, o que o leva a fazer uma digress\u00e3o pela Europa. Na sua adolesc\u00eancia, come\u00e7a a...","og_url":"https:\/\/cardamomo.com\/pt\/artist\/jesus-de-rosario-madrid\/","og_site_name":"Cardamomo Flamenco Madrid","article_modified_time":"2025-03-12T08:58:17+00:00","og_image":[{"width":600,"height":750,"url":"https:\/\/cardamomo.ams3.digitaloceanspaces.com\/wp-content\/uploads\/2023\/12\/12085749\/jesus-de-rosario.jpg","type":"image\/jpeg"}],"twitter_card":"summary_large_image","twitter_misc":{"Tempo estimado de leitura":"2 minutos"},"schema":{"@context":"https:\/\/schema.org","@graph":[{"@type":"WebPage","@id":"https:\/\/cardamomo.com\/pt\/artist\/jesus-de-rosario-madrid\/","url":"https:\/\/cardamomo.com\/pt\/artist\/jesus-de-rosario-madrid\/","name":"Jes\u00fas de Rosario - Cardamomo Flamenco Madrid","isPartOf":{"@id":"https:\/\/cardamomo.com\/pt\/#website"},"primaryImageOfPage":{"@id":"https:\/\/cardamomo.com\/pt\/artist\/jesus-de-rosario-madrid\/#primaryimage"},"image":{"@id":"https:\/\/cardamomo.com\/es\/artist\/jesus-de-rosario-madrid\/#primaryimage"},"thumbnailUrl":"https:\/\/cardamomo.ams3.digitaloceanspaces.com\/wp-content\/uploads\/2023\/12\/12085749\/jesus-de-rosario.jpg","datePublished":"2023-12-08T19:00:57+00:00","dateModified":"2025-03-12T08:58:17+00:00","breadcrumb":{"@id":"https:\/\/cardamomo.com\/pt\/artist\/jesus-de-rosario-madrid\/#breadcrumb"},"inLanguage":"pt-PT","potentialAction":[{"@type":"ReadAction","target":[["https:\/\/cardamomo.com\/pt\/artist\/jesus-de-rosario-madrid\/"]]}]},{"@type":"ImageObject","inLanguage":"pt-PT","@id":"https:\/\/cardamomo.com\/pt\/artist\/jesus-de-rosario-madrid\/#primaryimage","url":"https:\/\/cardamomo.ams3.digitaloceanspaces.com\/wp-content\/uploads\/2023\/12\/12085749\/jesus-de-rosario.jpg","contentUrl":"https:\/\/cardamomo.ams3.digitaloceanspaces.com\/wp-content\/uploads\/2023\/12\/12085749\/jesus-de-rosario.jpg","width":600,"height":750,"caption":"Guitarrista Jes\u00fas de Rosario"},{"@type":"BreadcrumbList","@id":"https:\/\/cardamomo.com\/pt\/artist\/jesus-de-rosario-madrid\/#breadcrumb","itemListElement":[{"@type":"ListItem","position":1,"name":"Cardamomo","item":"https:\/\/cardamomo.com\/pt\/"},{"@type":"ListItem","position":2,"name":"Artists","item":"https:\/\/cardamomo.com\/pt\/artist\/"},{"@type":"ListItem","position":3,"name":"Jes\u00fas de Rosario"}]},{"@type":"WebSite","@id":"https:\/\/cardamomo.com\/pt\/#website","url":"https:\/\/cardamomo.com\/pt\/","name":"Cardamomo Flamenco Madrid","description":"","potentialAction":[{"@type":"SearchAction","target":{"@type":"EntryPoint","urlTemplate":"https:\/\/cardamomo.com\/pt\/?s={search_term_string}"},"query-input":{"@type":"PropertyValueSpecification","valueRequired":true,"valueName":"search_term_string"}}],"inLanguage":"pt-PT"}]}},"_links":{"self":[{"href":"https:\/\/cardamomo.com\/pt\/wp-json\/wp\/v2\/artist\/135121","targetHints":{"allow":["GET"]}}],"collection":[{"href":"https:\/\/cardamomo.com\/pt\/wp-json\/wp\/v2\/artist"}],"about":[{"href":"https:\/\/cardamomo.com\/pt\/wp-json\/wp\/v2\/types\/artist"}],"wp:featuredmedia":[{"embeddable":true,"href":"https:\/\/cardamomo.com\/pt\/wp-json\/wp\/v2\/media\/157156"}],"wp:attachment":[{"href":"https:\/\/cardamomo.com\/pt\/wp-json\/wp\/v2\/media?parent=135121"}],"curies":[{"name":"wp","href":"https:\/\/api.w.org\/{rel}","templated":true}]}}

Jesús de Rosario

<p>Nasceu em Madrid, no bairro de Caño roto, e começou a tocar guitarra aos cinco anos de idade, sob a orientação do seu pai e professor, &#8220;El Entri&#8221;. Aos nove anos, participa num concurso internacional de talentos na televisão norueguesa, o que o leva a fazer uma digressão pela Europa. Na sua adolescência, começa a fazer parte da Companhia do mestre Antonio Canales.</p>
<p>Anos mais tarde, colaborou com a bailarina Merche Esmeralda como diretor musical do espetáculo &#8220;Mujeres&#8221;. Também partilhou o palco com grandes artistas da dança como El Güito, Carmen Cortés, Joaquín Cortés, Rafael Amargo, Juan de Juan ou Eva la Hierbabuena, e com grandes artistas do cante como Potito, Diego El Cigala, José Mercé, Guadiana, Ramón &#8220;El Portugués&#8221;, Miguel Poveda, Montse Cortés, Remedios Amaya e muitos mais.</p>
<p>Em 1998 criou a música para os espectáculos &#8220;Sensaciones&#8221; e &#8220;Sueños&#8221; de Sara Baras, com quem fez uma digressão mundial. Em 2000 compôs a música para a peça &#8220;Juana La Loca&#8221;, três vezes premiada nos Prémios Max, estreada na Bienal de Flamenco de Sevilha, com grande êxito no Japão, México, Chile, Brasil, Venezuela, Grã-Bretanha e França.</p>
<p>Compôs a música para os espectáculos &#8220;Minotauro&#8221; de Antonio Canales e &#8220;También muere el mar&#8221; de Carmen Cortés. Colaborou nos álbuns &#8220;Cuando el río suena&#8221; e &#8220;Brillo de luna&#8221; da cantora Guadiana, e depois continuou a colaborar em &#8220;Direto desde Casa Patas&#8221;, &#8220;Mírame&#8221; de Mercedes Cortés, &#8220;Caído del Cielo&#8221; de Pepe Luis Carmona, &#8220;Sembrando Inquietudes&#8221; de Ramón Jiménez. Dirigiu e produziu &#8220;Juana La Loca, vivir por amor&#8221; de Sara Baras e participou como solista no álbum &#8220;La Nueva Escuela de Guitarra Flamenca&#8221;, nomeado como Melhor Álbum de Flamenco nos Prémios Grammy Latino 2003.</p>
<p>Jesús de Rosario, depois de uma longa carreira, apresentou o seu álbum &#8220;Sin Tanto&#8221;, a sua estreia a solo, onde oferece um repertório que inclui bulerías, rondeñas e rumbas. Um trabalho que conta com as colaborações de Sara Baras, Tomatito, Antonio Carmona e Bernardo Parrilla entre outros.</p>

<!-- This site is optimized with the Yoast SEO plugin v27.4 - https://yoast.com/product/yoast-seo-wordpress/ -->
<title>Jesús de Rosario - Cardamomo Flamenco Madrid</title>
<meta name="robots" content="index, follow, max-snippet:-1, max-image-preview:large, max-video-preview:-1" />
<link rel="canonical" href="/" />
<meta property="og:locale" content="pt_PT" />
<meta property="og:type" content="article" />
<meta property="og:title" content="Jesús de Rosario - Cardamomo Flamenco Madrid" />
<meta property="og:description" content="Nasceu em Madrid, no bairro de Caño roto, e começou a tocar guitarra aos cinco anos de idade, sob a orientação do seu pai e professor, &#8220;El Entri&#8221;. Aos nove anos, participa num concurso internacional de talentos na televisão norueguesa, o que o leva a fazer uma digressão pela Europa. Na sua adolescência, começa a..." />
<meta property="og:url" content="https://cardamomo.com/pt/artist/jesus-de-rosario-madrid/" />
<meta property="og:site_name" content="Cardamomo Flamenco Madrid" />
<meta property="article:modified_time" content="2025-03-12T08:58:17+00:00" />
<meta property="og:image" content="https://cardamomo.ams3.digitaloceanspaces.com/wp-content/uploads/2023/12/12085749/jesus-de-rosario.jpg" />
	<meta property="og:image:width" content="600" />
	<meta property="og:image:height" content="750" />
	<meta property="og:image:type" content="image/jpeg" />
<meta name="twitter:card" content="summary_large_image" />
<meta name="twitter:label1" content="Tempo estimado de leitura" />
	<meta name="twitter:data1" content="2 minutos" />
<script type="application/ld+json" class="yoast-schema-graph">{"@context":"https:\/\/schema.org","@graph":[{"@type":"WebPage","@id":"https:\/\/cardamomo.com\/pt\/artist\/jesus-de-rosario-madrid\/","url":"https:\/\/cardamomo.com\/pt\/artist\/jesus-de-rosario-madrid\/","name":"Jesús de Rosario - Cardamomo Flamenco Madrid","isPartOf":{"@id":"https:\/\/cardamomo.com\/pt\/#website"},"primaryImageOfPage":{"@id":"https:\/\/cardamomo.com\/pt\/artist\/jesus-de-rosario-madrid\/#primaryimage"},"image":{"@id":"https:\/\/cardamomo.com\/es\/artist\/jesus-de-rosario-madrid\/#primaryimage"},"thumbnailUrl":"https:\/\/cardamomo.ams3.digitaloceanspaces.com\/wp-content\/uploads\/2023\/12\/12085749\/jesus-de-rosario.jpg","datePublished":"2023-12-08T19:00:57+00:00","dateModified":"2025-03-12T08:58:17+00:00","breadcrumb":{"@id":"https:\/\/cardamomo.com\/pt\/artist\/jesus-de-rosario-madrid\/#breadcrumb"},"inLanguage":"pt-PT","potentialAction":[{"@type":"ReadAction","target":[["https:\/\/cardamomo.com\/pt\/artist\/jesus-de-rosario-madrid\/"]]}]},{"@type":"ImageObject","inLanguage":"pt-PT","@id":"https:\/\/cardamomo.com\/pt\/artist\/jesus-de-rosario-madrid\/#primaryimage","url":"https:\/\/cardamomo.ams3.digitaloceanspaces.com\/wp-content\/uploads\/2023\/12\/12085749\/jesus-de-rosario.jpg","contentUrl":"https:\/\/cardamomo.ams3.digitaloceanspaces.com\/wp-content\/uploads\/2023\/12\/12085749\/jesus-de-rosario.jpg","width":600,"height":750,"caption":"Guitarrista Jesús de Rosario"},{"@type":"BreadcrumbList","@id":"https:\/\/cardamomo.com\/pt\/artist\/jesus-de-rosario-madrid\/#breadcrumb","itemListElement":[{"@type":"ListItem","position":1,"name":"Cardamomo","item":"https:\/\/cardamomo.com\/pt\/"},{"@type":"ListItem","position":2,"name":"Artists","item":"https:\/\/cardamomo.com\/pt\/artist\/"},{"@type":"ListItem","position":3,"name":"Jesús de Rosario"}]},{"@type":"WebSite","@id":"https:\/\/cardamomo.com\/pt\/#website","url":"https:\/\/cardamomo.com\/pt\/","name":"Cardamomo Flamenco Madrid","description":"","potentialAction":[{"@type":"SearchAction","target":{"@type":"EntryPoint","urlTemplate":"https:\/\/cardamomo.com\/pt\/?s={search_term_string}"},"query-input":{"@type":"PropertyValueSpecification","valueRequired":true,"valueName":"search_term_string"}}],"inLanguage":"pt-PT"}]}</script>
<!-- / Yoast SEO plugin. -->

Jesús de Rosario - Cardamomo Flamenco Madrid

Nasceu em Madrid, no bairro de Caño roto, e começou a tocar guitarra aos cinco anos de idade, sob a orientação do seu pai e professor, &#8220;El Entri&#8221;. Aos nove anos, participa num concurso internacional de talentos na televisão norueguesa, o que o leva a fazer uma digressão pela Europa. Na sua adolescência, começa a...

Guitarrista Jesús de Rosario
