{"id":132943,"date":"2023-10-23T11:47:21","date_gmt":"2023-10-23T09:47:21","guid":{"rendered":"https:\/\/cardamomo.com\/es\/?post_type=artist&#038;p=132943"},"modified":"2025-03-12T09:10:08","modified_gmt":"2025-03-12T09:10:08","slug":"carlos-velazquez","status":"publish","type":"artist","link":"https:\/\/cardamomo.com\/pt\/artist\/carlos-velazquez\/","title":{"rendered":"Carlos Vel\u00e1zquez (Madrid)"},"content":{"rendered":"<p><strong>Carlos Vel\u00e1zquez<\/strong> iniciou a sua carreira formando-se no Real Conservat\u00f3rio de Madrid e na Escuela de Danza Amor de Dios com professores como El G\u00fcito, Rafael de C\u00f3rdoba e Rosa Dur\u00e1n. Desenvolveu uma carreira ao lado de grandes bailarinos como Ciro e Mar\u00eda Magdalena, entre outros. Fez digress\u00f5es pelas principais cidades do mundo integrando as companhias de bailado mais importantes do pa\u00eds, a Companhia Mar\u00eda Carrasco, a Companhia Il Camborio e Luc\u00eda del Real e a Companhia Jos\u00e9 Greco, com a qual percorreu os melhores palcos dos Estados Unidos.<\/p>\n<p>Participou nas obras &#8220;Carmen&#8221; e &#8220;Il Trovatore&#8221; sob as ordens de Franco Zefirelli, juntamente com Bel\u00e9n L\u00f3pez, e foi primeiro bailarino solista com a sua pr\u00f3pria companhia no Teatro Mu\u00f1oz Seca.<\/p>\n<p><strong>Bailaor, core\u00f3grafo, flamenco, Carlos vem ao Cardamomo para nos deliciar com um magn\u00edfico espet\u00e1culo.<\/strong><\/p>","protected":false},"featured_media":157160,"template":"","meta":{"_acf_changed":false,"inline_featured_image":false},"class_list":["post-132943","artist","type-artist","status-publish","has-post-thumbnail","hentry"],"acf":[],"yoast_head":"<!-- This site is optimized with the Yoast SEO plugin v27.4 - https:\/\/yoast.com\/product\/yoast-seo-wordpress\/ -->\n<title>Carlos Vel\u00e1zquez (Madrid) - Cardamomo Flamenco Madrid<\/title>\n<meta name=\"robots\" content=\"index, follow, max-snippet:-1, max-image-preview:large, max-video-preview:-1\" \/>\n<link rel=\"canonical\" href=\"\/\" \/>\n<meta property=\"og:locale\" content=\"pt_PT\" \/>\n<meta property=\"og:type\" content=\"article\" \/>\n<meta property=\"og:title\" content=\"Carlos Vel\u00e1zquez (Madrid) - Cardamomo Flamenco Madrid\" \/>\n<meta property=\"og:description\" content=\"Carlos Vel\u00e1zquez iniciou a sua carreira formando-se no Real Conservat\u00f3rio de Madrid e na Escuela de Danza Amor de Dios com professores como El G\u00fcito, Rafael de C\u00f3rdoba e Rosa Dur\u00e1n. Desenvolveu uma carreira ao lado de grandes bailarinos como Ciro e Mar\u00eda Magdalena, entre outros. Fez digress\u00f5es pelas principais cidades do mundo integrando as...\" \/>\n<meta property=\"og:url\" content=\"https:\/\/cardamomo.com\/pt\/artist\/carlos-velazquez\/\" \/>\n<meta property=\"og:site_name\" content=\"Cardamomo Flamenco Madrid\" \/>\n<meta property=\"article:modified_time\" content=\"2025-03-12T09:10:08+00:00\" \/>\n<meta property=\"og:image\" content=\"https:\/\/cardamomo.ams3.digitaloceanspaces.com\/wp-content\/uploads\/2023\/10\/12090939\/carlos-velazquez.jpg\" \/>\n\t<meta property=\"og:image:width\" content=\"600\" \/>\n\t<meta property=\"og:image:height\" content=\"750\" \/>\n\t<meta property=\"og:image:type\" content=\"image\/jpeg\" \/>\n<meta name=\"twitter:card\" content=\"summary_large_image\" \/>\n<meta name=\"twitter:label1\" content=\"Tempo estimado de leitura\" \/>\n\t<meta name=\"twitter:data1\" content=\"2 minutos\" \/>\n<script type=\"application\/ld+json\" class=\"yoast-schema-graph\">{\"@context\":\"https:\\\/\\\/schema.org\",\"@graph\":[{\"@type\":\"WebPage\",\"@id\":\"https:\\\/\\\/cardamomo.com\\\/pt\\\/artist\\\/carlos-velazquez\\\/\",\"url\":\"https:\\\/\\\/cardamomo.com\\\/pt\\\/artist\\\/carlos-velazquez\\\/\",\"name\":\"Carlos Vel\u00e1zquez (Madrid) - Cardamomo Flamenco Madrid\",\"isPartOf\":{\"@id\":\"https:\\\/\\\/cardamomo.com\\\/pt\\\/#website\"},\"primaryImageOfPage\":{\"@id\":\"https:\\\/\\\/cardamomo.com\\\/pt\\\/artist\\\/carlos-velazquez\\\/#primaryimage\"},\"image\":{\"@id\":\"https:\\\/\\\/cardamomo.com\\\/es\\\/artist\\\/carlos-velazquez\\\/#primaryimage\"},\"thumbnailUrl\":\"https:\\\/\\\/cardamomo.ams3.digitaloceanspaces.com\\\/wp-content\\\/uploads\\\/2023\\\/10\\\/12090939\\\/carlos-velazquez.jpg\",\"datePublished\":\"2023-10-23T09:47:21+00:00\",\"dateModified\":\"2025-03-12T09:10:08+00:00\",\"breadcrumb\":{\"@id\":\"https:\\\/\\\/cardamomo.com\\\/pt\\\/artist\\\/carlos-velazquez\\\/#breadcrumb\"},\"inLanguage\":\"pt-PT\",\"potentialAction\":[{\"@type\":\"ReadAction\",\"target\":[[\"https:\\\/\\\/cardamomo.com\\\/pt\\\/artist\\\/carlos-velazquez\\\/\"]]}]},{\"@type\":\"ImageObject\",\"inLanguage\":\"pt-PT\",\"@id\":\"https:\\\/\\\/cardamomo.com\\\/pt\\\/artist\\\/carlos-velazquez\\\/#primaryimage\",\"url\":\"https:\\\/\\\/cardamomo.ams3.digitaloceanspaces.com\\\/wp-content\\\/uploads\\\/2023\\\/10\\\/12090939\\\/carlos-velazquez.jpg\",\"contentUrl\":\"https:\\\/\\\/cardamomo.ams3.digitaloceanspaces.com\\\/wp-content\\\/uploads\\\/2023\\\/10\\\/12090939\\\/carlos-velazquez.jpg\",\"width\":600,\"height\":750,\"caption\":\"Bailaor Carlos Vel\u00e1zquez (Madrid)\"},{\"@type\":\"BreadcrumbList\",\"@id\":\"https:\\\/\\\/cardamomo.com\\\/pt\\\/artist\\\/carlos-velazquez\\\/#breadcrumb\",\"itemListElement\":[{\"@type\":\"ListItem\",\"position\":1,\"name\":\"Cardamomo\",\"item\":\"https:\\\/\\\/cardamomo.com\\\/pt\\\/\"},{\"@type\":\"ListItem\",\"position\":2,\"name\":\"Artists\",\"item\":\"https:\\\/\\\/cardamomo.com\\\/pt\\\/artist\\\/\"},{\"@type\":\"ListItem\",\"position\":3,\"name\":\"Carlos Vel\u00e1zquez (Madrid)\"}]},{\"@type\":\"WebSite\",\"@id\":\"https:\\\/\\\/cardamomo.com\\\/pt\\\/#website\",\"url\":\"https:\\\/\\\/cardamomo.com\\\/pt\\\/\",\"name\":\"Cardamomo Flamenco Madrid\",\"description\":\"\",\"potentialAction\":[{\"@type\":\"SearchAction\",\"target\":{\"@type\":\"EntryPoint\",\"urlTemplate\":\"https:\\\/\\\/cardamomo.com\\\/pt\\\/?s={search_term_string}\"},\"query-input\":{\"@type\":\"PropertyValueSpecification\",\"valueRequired\":true,\"valueName\":\"search_term_string\"}}],\"inLanguage\":\"pt-PT\"}]}<\/script>\n<!-- \/ Yoast SEO plugin. -->","yoast_head_json":{"title":"Carlos Vel\u00e1zquez (Madrid) - Cardamomo Flamenco Madrid","robots":{"index":"index","follow":"follow","max-snippet":"max-snippet:-1","max-image-preview":"max-image-preview:large","max-video-preview":"max-video-preview:-1"},"canonical":"\/","og_locale":"pt_PT","og_type":"article","og_title":"Carlos Vel\u00e1zquez (Madrid) - Cardamomo Flamenco Madrid","og_description":"Carlos Vel\u00e1zquez iniciou a sua carreira formando-se no Real Conservat\u00f3rio de Madrid e na Escuela de Danza Amor de Dios com professores como El G\u00fcito, Rafael de C\u00f3rdoba e Rosa Dur\u00e1n. Desenvolveu uma carreira ao lado de grandes bailarinos como Ciro e Mar\u00eda Magdalena, entre outros. Fez digress\u00f5es pelas principais cidades do mundo integrando as...","og_url":"https:\/\/cardamomo.com\/pt\/artist\/carlos-velazquez\/","og_site_name":"Cardamomo Flamenco Madrid","article_modified_time":"2025-03-12T09:10:08+00:00","og_image":[{"width":600,"height":750,"url":"https:\/\/cardamomo.ams3.digitaloceanspaces.com\/wp-content\/uploads\/2023\/10\/12090939\/carlos-velazquez.jpg","type":"image\/jpeg"}],"twitter_card":"summary_large_image","twitter_misc":{"Tempo estimado de leitura":"2 minutos"},"schema":{"@context":"https:\/\/schema.org","@graph":[{"@type":"WebPage","@id":"https:\/\/cardamomo.com\/pt\/artist\/carlos-velazquez\/","url":"https:\/\/cardamomo.com\/pt\/artist\/carlos-velazquez\/","name":"Carlos Vel\u00e1zquez (Madrid) - Cardamomo Flamenco Madrid","isPartOf":{"@id":"https:\/\/cardamomo.com\/pt\/#website"},"primaryImageOfPage":{"@id":"https:\/\/cardamomo.com\/pt\/artist\/carlos-velazquez\/#primaryimage"},"image":{"@id":"https:\/\/cardamomo.com\/es\/artist\/carlos-velazquez\/#primaryimage"},"thumbnailUrl":"https:\/\/cardamomo.ams3.digitaloceanspaces.com\/wp-content\/uploads\/2023\/10\/12090939\/carlos-velazquez.jpg","datePublished":"2023-10-23T09:47:21+00:00","dateModified":"2025-03-12T09:10:08+00:00","breadcrumb":{"@id":"https:\/\/cardamomo.com\/pt\/artist\/carlos-velazquez\/#breadcrumb"},"inLanguage":"pt-PT","potentialAction":[{"@type":"ReadAction","target":[["https:\/\/cardamomo.com\/pt\/artist\/carlos-velazquez\/"]]}]},{"@type":"ImageObject","inLanguage":"pt-PT","@id":"https:\/\/cardamomo.com\/pt\/artist\/carlos-velazquez\/#primaryimage","url":"https:\/\/cardamomo.ams3.digitaloceanspaces.com\/wp-content\/uploads\/2023\/10\/12090939\/carlos-velazquez.jpg","contentUrl":"https:\/\/cardamomo.ams3.digitaloceanspaces.com\/wp-content\/uploads\/2023\/10\/12090939\/carlos-velazquez.jpg","width":600,"height":750,"caption":"Bailaor Carlos Vel\u00e1zquez (Madrid)"},{"@type":"BreadcrumbList","@id":"https:\/\/cardamomo.com\/pt\/artist\/carlos-velazquez\/#breadcrumb","itemListElement":[{"@type":"ListItem","position":1,"name":"Cardamomo","item":"https:\/\/cardamomo.com\/pt\/"},{"@type":"ListItem","position":2,"name":"Artists","item":"https:\/\/cardamomo.com\/pt\/artist\/"},{"@type":"ListItem","position":3,"name":"Carlos Vel\u00e1zquez (Madrid)"}]},{"@type":"WebSite","@id":"https:\/\/cardamomo.com\/pt\/#website","url":"https:\/\/cardamomo.com\/pt\/","name":"Cardamomo Flamenco Madrid","description":"","potentialAction":[{"@type":"SearchAction","target":{"@type":"EntryPoint","urlTemplate":"https:\/\/cardamomo.com\/pt\/?s={search_term_string}"},"query-input":{"@type":"PropertyValueSpecification","valueRequired":true,"valueName":"search_term_string"}}],"inLanguage":"pt-PT"}]}},"_links":{"self":[{"href":"https:\/\/cardamomo.com\/pt\/wp-json\/wp\/v2\/artist\/132943","targetHints":{"allow":["GET"]}}],"collection":[{"href":"https:\/\/cardamomo.com\/pt\/wp-json\/wp\/v2\/artist"}],"about":[{"href":"https:\/\/cardamomo.com\/pt\/wp-json\/wp\/v2\/types\/artist"}],"wp:featuredmedia":[{"embeddable":true,"href":"https:\/\/cardamomo.com\/pt\/wp-json\/wp\/v2\/media\/157160"}],"wp:attachment":[{"href":"https:\/\/cardamomo.com\/pt\/wp-json\/wp\/v2\/media?parent=132943"}],"curies":[{"name":"wp","href":"https:\/\/api.w.org\/{rel}","templated":true}]}}

Carlos Velázquez (Madrid)

<p><strong>Carlos Velázquez</strong> iniciou a sua carreira formando-se no Real Conservatório de Madrid e na Escuela de Danza Amor de Dios com professores como El Güito, Rafael de Córdoba e Rosa Durán. Desenvolveu uma carreira ao lado de grandes bailarinos como Ciro e María Magdalena, entre outros. Fez digressões pelas principais cidades do mundo integrando as companhias de bailado mais importantes do país, a Companhia María Carrasco, a Companhia Il Camborio e Lucía del Real e a Companhia José Greco, com a qual percorreu os melhores palcos dos Estados Unidos.</p>
<p>Participou nas obras &#8220;Carmen&#8221; e &#8220;Il Trovatore&#8221; sob as ordens de Franco Zefirelli, juntamente com Belén López, e foi primeiro bailarino solista com a sua própria companhia no Teatro Muñoz Seca.</p>
<p><strong>Bailaor, coreógrafo, flamenco, Carlos vem ao Cardamomo para nos deliciar com um magnífico espetáculo.</strong></p>

<!-- This site is optimized with the Yoast SEO plugin v27.4 - https://yoast.com/product/yoast-seo-wordpress/ -->
<title>Carlos Velázquez (Madrid) - Cardamomo Flamenco Madrid</title>
<meta name="robots" content="index, follow, max-snippet:-1, max-image-preview:large, max-video-preview:-1" />
<link rel="canonical" href="/" />
<meta property="og:locale" content="pt_PT" />
<meta property="og:type" content="article" />
<meta property="og:title" content="Carlos Velázquez (Madrid) - Cardamomo Flamenco Madrid" />
<meta property="og:description" content="Carlos Velázquez iniciou a sua carreira formando-se no Real Conservatório de Madrid e na Escuela de Danza Amor de Dios com professores como El Güito, Rafael de Córdoba e Rosa Durán. Desenvolveu uma carreira ao lado de grandes bailarinos como Ciro e María Magdalena, entre outros. Fez digressões pelas principais cidades do mundo integrando as..." />
<meta property="og:url" content="https://cardamomo.com/pt/artist/carlos-velazquez/" />
<meta property="og:site_name" content="Cardamomo Flamenco Madrid" />
<meta property="article:modified_time" content="2025-03-12T09:10:08+00:00" />
<meta property="og:image" content="https://cardamomo.ams3.digitaloceanspaces.com/wp-content/uploads/2023/10/12090939/carlos-velazquez.jpg" />
	<meta property="og:image:width" content="600" />
	<meta property="og:image:height" content="750" />
	<meta property="og:image:type" content="image/jpeg" />
<meta name="twitter:card" content="summary_large_image" />
<meta name="twitter:label1" content="Tempo estimado de leitura" />
	<meta name="twitter:data1" content="2 minutos" />
<script type="application/ld+json" class="yoast-schema-graph">{"@context":"https:\/\/schema.org","@graph":[{"@type":"WebPage","@id":"https:\/\/cardamomo.com\/pt\/artist\/carlos-velazquez\/","url":"https:\/\/cardamomo.com\/pt\/artist\/carlos-velazquez\/","name":"Carlos Velázquez (Madrid) - Cardamomo Flamenco Madrid","isPartOf":{"@id":"https:\/\/cardamomo.com\/pt\/#website"},"primaryImageOfPage":{"@id":"https:\/\/cardamomo.com\/pt\/artist\/carlos-velazquez\/#primaryimage"},"image":{"@id":"https:\/\/cardamomo.com\/es\/artist\/carlos-velazquez\/#primaryimage"},"thumbnailUrl":"https:\/\/cardamomo.ams3.digitaloceanspaces.com\/wp-content\/uploads\/2023\/10\/12090939\/carlos-velazquez.jpg","datePublished":"2023-10-23T09:47:21+00:00","dateModified":"2025-03-12T09:10:08+00:00","breadcrumb":{"@id":"https:\/\/cardamomo.com\/pt\/artist\/carlos-velazquez\/#breadcrumb"},"inLanguage":"pt-PT","potentialAction":[{"@type":"ReadAction","target":[["https:\/\/cardamomo.com\/pt\/artist\/carlos-velazquez\/"]]}]},{"@type":"ImageObject","inLanguage":"pt-PT","@id":"https:\/\/cardamomo.com\/pt\/artist\/carlos-velazquez\/#primaryimage","url":"https:\/\/cardamomo.ams3.digitaloceanspaces.com\/wp-content\/uploads\/2023\/10\/12090939\/carlos-velazquez.jpg","contentUrl":"https:\/\/cardamomo.ams3.digitaloceanspaces.com\/wp-content\/uploads\/2023\/10\/12090939\/carlos-velazquez.jpg","width":600,"height":750,"caption":"Bailaor Carlos Velázquez (Madrid)"},{"@type":"BreadcrumbList","@id":"https:\/\/cardamomo.com\/pt\/artist\/carlos-velazquez\/#breadcrumb","itemListElement":[{"@type":"ListItem","position":1,"name":"Cardamomo","item":"https:\/\/cardamomo.com\/pt\/"},{"@type":"ListItem","position":2,"name":"Artists","item":"https:\/\/cardamomo.com\/pt\/artist\/"},{"@type":"ListItem","position":3,"name":"Carlos Velázquez (Madrid)"}]},{"@type":"WebSite","@id":"https:\/\/cardamomo.com\/pt\/#website","url":"https:\/\/cardamomo.com\/pt\/","name":"Cardamomo Flamenco Madrid","description":"","potentialAction":[{"@type":"SearchAction","target":{"@type":"EntryPoint","urlTemplate":"https:\/\/cardamomo.com\/pt\/?s={search_term_string}"},"query-input":{"@type":"PropertyValueSpecification","valueRequired":true,"valueName":"search_term_string"}}],"inLanguage":"pt-PT"}]}</script>
<!-- / Yoast SEO plugin. -->

Carlos Velázquez (Madrid) - Cardamomo Flamenco Madrid

Carlos Velázquez iniciou a sua carreira formando-se no Real Conservatório de Madrid e na Escuela de Danza Amor de Dios com professores como El Güito, Rafael de Córdoba e Rosa Durán. Desenvolveu uma carreira ao lado de grandes bailarinos como Ciro e María Magdalena, entre outros. Fez digressões pelas principais cidades do mundo integrando as...

Bailaor Carlos Velázquez (Madrid)
