{"id":115509,"date":"2022-12-29T14:51:15","date_gmt":"2022-12-29T13:51:15","guid":{"rendered":"https:\/\/cardamomo.com\/?post_type=artist&#038;p=115509"},"modified":"2025-03-12T09:30:06","modified_gmt":"2025-03-12T09:30:06","slug":"noelia-ruiz","status":"publish","type":"artist","link":"https:\/\/cardamomo.com\/pt\/artist\/noelia-ruiz\/","title":{"rendered":"Noelia Ruiz"},"content":{"rendered":"<p><\/p>\n<h2>Biografia<\/h2>\n<p>Com apenas 25 anos de idade, n\u00e3o \u00e9 apenas uma bailarina, mas tamb\u00e9m uma Pedagoga de Dan\u00e7a Flamenca. Com apenas 8 anos de idade come\u00e7ou a sua forma\u00e7\u00e3o no Conservat\u00f3rio Profissional de Danza Pepa Flores em M\u00e1laga, mas anos antes, aos 3-4 anos de idade, j\u00e1 estava a ter aulas extracurriculares de flamenco no Colegio Los Angeles em M\u00e1laga.<\/p>\n<p>Fez parte da Companhia de Enrique Vicent e Antonio L\u00f3pez de M\u00e1laga, e da Companhia de Antonio Canales com a grande obra Torero nos Teatros del Canal em 2017 e no M\u00e9xico (Guadalajara) em 2019.<\/p>\n<p>Concluiu o seu n\u00edvel elementar e interm\u00e9dio (especializado em Dan\u00e7a Flamenca) no Conservat\u00f3rio de Dan\u00e7a Profissional Pepa Flores em M\u00e1laga, na Escola de Dan\u00e7a Enrique Vicent e Antonio L\u00f3pez, e no Centro de Dan\u00e7a Andaluza em Sevilha.\u00a0 Em 2019 continuou os seus estudos com o Curso Superior de Pedagogia de Dan\u00e7a Flamenca no Conservatorio Superior de Danza Mar\u00eda de \u00c1vila em Madrid. Nesse mesmo ano, juntou-se ao Ballet Nacional Espanhol como bailarina, sob a direc\u00e7\u00e3o de Rub\u00e9n Olmo.<\/p>\n<p>Partilha v\u00e1rios cursos de dan\u00e7a espanhola e flamenco com numerosos artistas da estatura de: Rub\u00e9n Olmo, Antonio Canales, Miguel \u00c1ngel Corbacho, Ana Morales, Daniel Do\u00f1a, Manuel Li\u00f1\u00e1n, Marcos Flores, Bel\u00e9n L\u00f3pez, Jes\u00fas Carmona, Carmen La Talegona, David Coria, Isabel Bay\u00f3n e Rafaela Carrasco, entre outros.<\/p>\n<h2>Pr\u00e9mios<\/h2>\n<p>&#8211; Pr\u00e9mio Extraordin\u00e1rio de Educa\u00e7\u00e3o Profissional de Dan\u00e7a, especializado em Dan\u00e7a Flamenca, para o ano acad\u00e9mico 2014-2015, Junta de Andaluc\u00eda.<\/p>\n<p>&#8211; Pr\u00e9mio Nacional de Educa\u00e7\u00e3o para a Educa\u00e7\u00e3o de Dan\u00e7a Art\u00edstica 2015<\/p>","protected":false},"featured_media":157167,"template":"","meta":{"_acf_changed":false,"inline_featured_image":false},"class_list":["post-115509","artist","type-artist","status-publish","has-post-thumbnail","hentry"],"acf":[],"yoast_head":"<!-- This site is optimized with the Yoast SEO plugin v27.4 - https:\/\/yoast.com\/product\/yoast-seo-wordpress\/ -->\n<title>Noelia Ruiz - Cardamomo Flamenco Madrid<\/title>\n<meta name=\"robots\" content=\"index, follow, max-snippet:-1, max-image-preview:large, max-video-preview:-1\" \/>\n<link rel=\"canonical\" href=\"\/\" \/>\n<meta property=\"og:locale\" content=\"pt_PT\" \/>\n<meta property=\"og:type\" content=\"article\" \/>\n<meta property=\"og:title\" content=\"Noelia Ruiz - Cardamomo Flamenco Madrid\" \/>\n<meta property=\"og:description\" content=\"Biografia Com apenas 25 anos de idade, n\u00e3o \u00e9 apenas uma bailarina, mas tamb\u00e9m uma Pedagoga de Dan\u00e7a Flamenca. Com apenas 8 anos de idade come\u00e7ou a sua forma\u00e7\u00e3o no Conservat\u00f3rio Profissional de Danza Pepa Flores em M\u00e1laga, mas anos antes, aos 3-4 anos de idade, j\u00e1 estava a ter aulas extracurriculares de flamenco no...\" \/>\n<meta property=\"og:url\" content=\"https:\/\/cardamomo.com\/pt\/artist\/noelia-ruiz\/\" \/>\n<meta property=\"og:site_name\" content=\"Cardamomo Flamenco Madrid\" \/>\n<meta property=\"article:modified_time\" content=\"2025-03-12T09:30:06+00:00\" \/>\n<meta property=\"og:image\" content=\"https:\/\/cardamomo.ams3.digitaloceanspaces.com\/wp-content\/uploads\/2022\/12\/12092835\/noelia-ruiz.jpg\" \/>\n\t<meta property=\"og:image:width\" content=\"600\" \/>\n\t<meta property=\"og:image:height\" content=\"750\" \/>\n\t<meta property=\"og:image:type\" content=\"image\/jpeg\" \/>\n<meta name=\"twitter:card\" content=\"summary_large_image\" \/>\n<meta name=\"twitter:label1\" content=\"Tempo estimado de leitura\" \/>\n\t<meta name=\"twitter:data1\" content=\"2 minutos\" \/>\n<script type=\"application\/ld+json\" class=\"yoast-schema-graph\">{\"@context\":\"https:\\\/\\\/schema.org\",\"@graph\":[{\"@type\":\"WebPage\",\"@id\":\"https:\\\/\\\/cardamomo.com\\\/pt\\\/artist\\\/noelia-ruiz\\\/\",\"url\":\"https:\\\/\\\/cardamomo.com\\\/pt\\\/artist\\\/noelia-ruiz\\\/\",\"name\":\"Noelia Ruiz - Cardamomo Flamenco Madrid\",\"isPartOf\":{\"@id\":\"https:\\\/\\\/cardamomo.com\\\/pt\\\/#website\"},\"primaryImageOfPage\":{\"@id\":\"https:\\\/\\\/cardamomo.com\\\/pt\\\/artist\\\/noelia-ruiz\\\/#primaryimage\"},\"image\":{\"@id\":\"https:\\\/\\\/cardamomo.com\\\/es\\\/artist\\\/noelia-ruiz\\\/#primaryimage\"},\"thumbnailUrl\":\"https:\\\/\\\/cardamomo.ams3.digitaloceanspaces.com\\\/wp-content\\\/uploads\\\/2022\\\/12\\\/12092835\\\/noelia-ruiz.jpg\",\"datePublished\":\"2022-12-29T13:51:15+00:00\",\"dateModified\":\"2025-03-12T09:30:06+00:00\",\"breadcrumb\":{\"@id\":\"https:\\\/\\\/cardamomo.com\\\/pt\\\/artist\\\/noelia-ruiz\\\/#breadcrumb\"},\"inLanguage\":\"pt-PT\",\"potentialAction\":[{\"@type\":\"ReadAction\",\"target\":[[\"https:\\\/\\\/cardamomo.com\\\/pt\\\/artist\\\/noelia-ruiz\\\/\"]]}]},{\"@type\":\"ImageObject\",\"inLanguage\":\"pt-PT\",\"@id\":\"https:\\\/\\\/cardamomo.com\\\/pt\\\/artist\\\/noelia-ruiz\\\/#primaryimage\",\"url\":\"https:\\\/\\\/cardamomo.ams3.digitaloceanspaces.com\\\/wp-content\\\/uploads\\\/2022\\\/12\\\/12092835\\\/noelia-ruiz.jpg\",\"contentUrl\":\"https:\\\/\\\/cardamomo.ams3.digitaloceanspaces.com\\\/wp-content\\\/uploads\\\/2022\\\/12\\\/12092835\\\/noelia-ruiz.jpg\",\"width\":600,\"height\":750,\"caption\":\"Bailaora Noelia Ruiz\"},{\"@type\":\"BreadcrumbList\",\"@id\":\"https:\\\/\\\/cardamomo.com\\\/pt\\\/artist\\\/noelia-ruiz\\\/#breadcrumb\",\"itemListElement\":[{\"@type\":\"ListItem\",\"position\":1,\"name\":\"Cardamomo\",\"item\":\"https:\\\/\\\/cardamomo.com\\\/pt\\\/\"},{\"@type\":\"ListItem\",\"position\":2,\"name\":\"Artists\",\"item\":\"https:\\\/\\\/cardamomo.com\\\/pt\\\/artist\\\/\"},{\"@type\":\"ListItem\",\"position\":3,\"name\":\"Noelia Ruiz\"}]},{\"@type\":\"WebSite\",\"@id\":\"https:\\\/\\\/cardamomo.com\\\/pt\\\/#website\",\"url\":\"https:\\\/\\\/cardamomo.com\\\/pt\\\/\",\"name\":\"Cardamomo Flamenco Madrid\",\"description\":\"\",\"potentialAction\":[{\"@type\":\"SearchAction\",\"target\":{\"@type\":\"EntryPoint\",\"urlTemplate\":\"https:\\\/\\\/cardamomo.com\\\/pt\\\/?s={search_term_string}\"},\"query-input\":{\"@type\":\"PropertyValueSpecification\",\"valueRequired\":true,\"valueName\":\"search_term_string\"}}],\"inLanguage\":\"pt-PT\"}]}<\/script>\n<!-- \/ Yoast SEO plugin. -->","yoast_head_json":{"title":"Noelia Ruiz - Cardamomo Flamenco Madrid","robots":{"index":"index","follow":"follow","max-snippet":"max-snippet:-1","max-image-preview":"max-image-preview:large","max-video-preview":"max-video-preview:-1"},"canonical":"\/","og_locale":"pt_PT","og_type":"article","og_title":"Noelia Ruiz - Cardamomo Flamenco Madrid","og_description":"Biografia Com apenas 25 anos de idade, n\u00e3o \u00e9 apenas uma bailarina, mas tamb\u00e9m uma Pedagoga de Dan\u00e7a Flamenca. Com apenas 8 anos de idade come\u00e7ou a sua forma\u00e7\u00e3o no Conservat\u00f3rio Profissional de Danza Pepa Flores em M\u00e1laga, mas anos antes, aos 3-4 anos de idade, j\u00e1 estava a ter aulas extracurriculares de flamenco no...","og_url":"https:\/\/cardamomo.com\/pt\/artist\/noelia-ruiz\/","og_site_name":"Cardamomo Flamenco Madrid","article_modified_time":"2025-03-12T09:30:06+00:00","og_image":[{"width":600,"height":750,"url":"https:\/\/cardamomo.ams3.digitaloceanspaces.com\/wp-content\/uploads\/2022\/12\/12092835\/noelia-ruiz.jpg","type":"image\/jpeg"}],"twitter_card":"summary_large_image","twitter_misc":{"Tempo estimado de leitura":"2 minutos"},"schema":{"@context":"https:\/\/schema.org","@graph":[{"@type":"WebPage","@id":"https:\/\/cardamomo.com\/pt\/artist\/noelia-ruiz\/","url":"https:\/\/cardamomo.com\/pt\/artist\/noelia-ruiz\/","name":"Noelia Ruiz - Cardamomo Flamenco Madrid","isPartOf":{"@id":"https:\/\/cardamomo.com\/pt\/#website"},"primaryImageOfPage":{"@id":"https:\/\/cardamomo.com\/pt\/artist\/noelia-ruiz\/#primaryimage"},"image":{"@id":"https:\/\/cardamomo.com\/es\/artist\/noelia-ruiz\/#primaryimage"},"thumbnailUrl":"https:\/\/cardamomo.ams3.digitaloceanspaces.com\/wp-content\/uploads\/2022\/12\/12092835\/noelia-ruiz.jpg","datePublished":"2022-12-29T13:51:15+00:00","dateModified":"2025-03-12T09:30:06+00:00","breadcrumb":{"@id":"https:\/\/cardamomo.com\/pt\/artist\/noelia-ruiz\/#breadcrumb"},"inLanguage":"pt-PT","potentialAction":[{"@type":"ReadAction","target":[["https:\/\/cardamomo.com\/pt\/artist\/noelia-ruiz\/"]]}]},{"@type":"ImageObject","inLanguage":"pt-PT","@id":"https:\/\/cardamomo.com\/pt\/artist\/noelia-ruiz\/#primaryimage","url":"https:\/\/cardamomo.ams3.digitaloceanspaces.com\/wp-content\/uploads\/2022\/12\/12092835\/noelia-ruiz.jpg","contentUrl":"https:\/\/cardamomo.ams3.digitaloceanspaces.com\/wp-content\/uploads\/2022\/12\/12092835\/noelia-ruiz.jpg","width":600,"height":750,"caption":"Bailaora Noelia Ruiz"},{"@type":"BreadcrumbList","@id":"https:\/\/cardamomo.com\/pt\/artist\/noelia-ruiz\/#breadcrumb","itemListElement":[{"@type":"ListItem","position":1,"name":"Cardamomo","item":"https:\/\/cardamomo.com\/pt\/"},{"@type":"ListItem","position":2,"name":"Artists","item":"https:\/\/cardamomo.com\/pt\/artist\/"},{"@type":"ListItem","position":3,"name":"Noelia Ruiz"}]},{"@type":"WebSite","@id":"https:\/\/cardamomo.com\/pt\/#website","url":"https:\/\/cardamomo.com\/pt\/","name":"Cardamomo Flamenco Madrid","description":"","potentialAction":[{"@type":"SearchAction","target":{"@type":"EntryPoint","urlTemplate":"https:\/\/cardamomo.com\/pt\/?s={search_term_string}"},"query-input":{"@type":"PropertyValueSpecification","valueRequired":true,"valueName":"search_term_string"}}],"inLanguage":"pt-PT"}]}},"_links":{"self":[{"href":"https:\/\/cardamomo.com\/pt\/wp-json\/wp\/v2\/artist\/115509","targetHints":{"allow":["GET"]}}],"collection":[{"href":"https:\/\/cardamomo.com\/pt\/wp-json\/wp\/v2\/artist"}],"about":[{"href":"https:\/\/cardamomo.com\/pt\/wp-json\/wp\/v2\/types\/artist"}],"wp:featuredmedia":[{"embeddable":true,"href":"https:\/\/cardamomo.com\/pt\/wp-json\/wp\/v2\/media\/157167"}],"wp:attachment":[{"href":"https:\/\/cardamomo.com\/pt\/wp-json\/wp\/v2\/media?parent=115509"}],"curies":[{"name":"wp","href":"https:\/\/api.w.org\/{rel}","templated":true}]}}

<p></p>
<h2>Biografia</h2>
<p>Com apenas 25 anos de idade, não é apenas uma bailarina, mas também uma Pedagoga de Dança Flamenca. Com apenas 8 anos de idade começou a sua formação no Conservatório Profissional de Danza Pepa Flores em Málaga, mas anos antes, aos 3-4 anos de idade, já estava a ter aulas extracurriculares de flamenco no Colegio Los Angeles em Málaga.</p>
<p>Fez parte da Companhia de Enrique Vicent e Antonio López de Málaga, e da Companhia de Antonio Canales com a grande obra Torero nos Teatros del Canal em 2017 e no México (Guadalajara) em 2019.</p>
<p>Concluiu o seu nível elementar e intermédio (especializado em Dança Flamenca) no Conservatório de Dança Profissional Pepa Flores em Málaga, na Escola de Dança Enrique Vicent e Antonio López, e no Centro de Dança Andaluza em Sevilha.  Em 2019 continuou os seus estudos com o Curso Superior de Pedagogia de Dança Flamenca no Conservatorio Superior de Danza María de Ávila em Madrid. Nesse mesmo ano, juntou-se ao Ballet Nacional Espanhol como bailarina, sob a direcção de Rubén Olmo.</p>
<p>Partilha vários cursos de dança espanhola e flamenco com numerosos artistas da estatura de: Rubén Olmo, Antonio Canales, Miguel Ángel Corbacho, Ana Morales, Daniel Doña, Manuel Liñán, Marcos Flores, Belén López, Jesús Carmona, Carmen La Talegona, David Coria, Isabel Bayón e Rafaela Carrasco, entre outros.</p>
<h2>Prémios</h2>
<p>&#8211; Prémio Extraordinário de Educação Profissional de Dança, especializado em Dança Flamenca, para o ano académico 2014-2015, Junta de Andalucía.</p>
<p>&#8211; Prémio Nacional de Educação para a Educação de Dança Artística 2015</p>

<!-- This site is optimized with the Yoast SEO plugin v27.4 - https://yoast.com/product/yoast-seo-wordpress/ -->
<title>Noelia Ruiz - Cardamomo Flamenco Madrid</title>
<meta name="robots" content="index, follow, max-snippet:-1, max-image-preview:large, max-video-preview:-1" />
<link rel="canonical" href="/" />
<meta property="og:locale" content="pt_PT" />
<meta property="og:type" content="article" />
<meta property="og:title" content="Noelia Ruiz - Cardamomo Flamenco Madrid" />
<meta property="og:description" content="Biografia Com apenas 25 anos de idade, não é apenas uma bailarina, mas também uma Pedagoga de Dança Flamenca. Com apenas 8 anos de idade começou a sua formação no Conservatório Profissional de Danza Pepa Flores em Málaga, mas anos antes, aos 3-4 anos de idade, já estava a ter aulas extracurriculares de flamenco no..." />
<meta property="og:url" content="https://cardamomo.com/pt/artist/noelia-ruiz/" />
<meta property="og:site_name" content="Cardamomo Flamenco Madrid" />
<meta property="article:modified_time" content="2025-03-12T09:30:06+00:00" />
<meta property="og:image" content="https://cardamomo.ams3.digitaloceanspaces.com/wp-content/uploads/2022/12/12092835/noelia-ruiz.jpg" />
	<meta property="og:image:width" content="600" />
	<meta property="og:image:height" content="750" />
	<meta property="og:image:type" content="image/jpeg" />
<meta name="twitter:card" content="summary_large_image" />
<meta name="twitter:label1" content="Tempo estimado de leitura" />
	<meta name="twitter:data1" content="2 minutos" />
<script type="application/ld+json" class="yoast-schema-graph">{"@context":"https:\/\/schema.org","@graph":[{"@type":"WebPage","@id":"https:\/\/cardamomo.com\/pt\/artist\/noelia-ruiz\/","url":"https:\/\/cardamomo.com\/pt\/artist\/noelia-ruiz\/","name":"Noelia Ruiz - Cardamomo Flamenco Madrid","isPartOf":{"@id":"https:\/\/cardamomo.com\/pt\/#website"},"primaryImageOfPage":{"@id":"https:\/\/cardamomo.com\/pt\/artist\/noelia-ruiz\/#primaryimage"},"image":{"@id":"https:\/\/cardamomo.com\/es\/artist\/noelia-ruiz\/#primaryimage"},"thumbnailUrl":"https:\/\/cardamomo.ams3.digitaloceanspaces.com\/wp-content\/uploads\/2022\/12\/12092835\/noelia-ruiz.jpg","datePublished":"2022-12-29T13:51:15+00:00","dateModified":"2025-03-12T09:30:06+00:00","breadcrumb":{"@id":"https:\/\/cardamomo.com\/pt\/artist\/noelia-ruiz\/#breadcrumb"},"inLanguage":"pt-PT","potentialAction":[{"@type":"ReadAction","target":[["https:\/\/cardamomo.com\/pt\/artist\/noelia-ruiz\/"]]}]},{"@type":"ImageObject","inLanguage":"pt-PT","@id":"https:\/\/cardamomo.com\/pt\/artist\/noelia-ruiz\/#primaryimage","url":"https:\/\/cardamomo.ams3.digitaloceanspaces.com\/wp-content\/uploads\/2022\/12\/12092835\/noelia-ruiz.jpg","contentUrl":"https:\/\/cardamomo.ams3.digitaloceanspaces.com\/wp-content\/uploads\/2022\/12\/12092835\/noelia-ruiz.jpg","width":600,"height":750,"caption":"Bailaora Noelia Ruiz"},{"@type":"BreadcrumbList","@id":"https:\/\/cardamomo.com\/pt\/artist\/noelia-ruiz\/#breadcrumb","itemListElement":[{"@type":"ListItem","position":1,"name":"Cardamomo","item":"https:\/\/cardamomo.com\/pt\/"},{"@type":"ListItem","position":2,"name":"Artists","item":"https:\/\/cardamomo.com\/pt\/artist\/"},{"@type":"ListItem","position":3,"name":"Noelia Ruiz"}]},{"@type":"WebSite","@id":"https:\/\/cardamomo.com\/pt\/#website","url":"https:\/\/cardamomo.com\/pt\/","name":"Cardamomo Flamenco Madrid","description":"","potentialAction":[{"@type":"SearchAction","target":{"@type":"EntryPoint","urlTemplate":"https:\/\/cardamomo.com\/pt\/?s={search_term_string}"},"query-input":{"@type":"PropertyValueSpecification","valueRequired":true,"valueName":"search_term_string"}}],"inLanguage":"pt-PT"}]}</script>
<!-- / Yoast SEO plugin. -->

Biografia Com apenas 25 anos de idade, não é apenas uma bailarina, mas também uma Pedagoga de Dança Flamenca. Com apenas 8 anos de idade começou a sua formação no Conservatório Profissional de Danza Pepa Flores em Málaga, mas anos antes, aos 3-4 anos de idade, já estava a ter aulas extracurriculares de flamenco no...
