{"id":105580,"date":"2022-07-23T19:00:39","date_gmt":"2022-07-23T17:00:39","guid":{"rendered":"https:\/\/cardamomo.com\/es\/?post_type=artist&#038;p=105580"},"modified":"2025-03-12T10:02:43","modified_gmt":"2025-03-12T10:02:43","slug":"ivan-losada-junior","status":"publish","type":"artist","link":"https:\/\/cardamomo.com\/pt\/artist\/ivan-losada-junior\/","title":{"rendered":"Iv\u00e1n Losada Junior"},"content":{"rendered":"<p><\/p>\n<h4>Biografia<\/h4>\n<p><strong>Iv\u00e1n Losada Junior<\/strong> nasceu em Madrid e come\u00e7ou a mergulhar na percuss\u00e3o flamenca com a sua fam\u00edlia com a idade de 13 anos. A sua primeira viagem foi em It\u00e1lia com o seu av\u00f4 Tito Losada, aos 14 anos de idade. Com a mesma idade, Iv\u00e1n continuou a sua carreira como artista em diferentes tablaos em Espanha. Participou na pe\u00e7a &#8220;Misa Flamenca: Los gitanos cantan a Dios&#8221; dirigida pelo seu av\u00f4 Tito Losada e muitos outros artistas. Este trabalho foi apresentado em v\u00e1rias cidades em Espanha e em todo o mundo tais como Monterrey, Santiago, Lima, Quito, Bogot\u00e1, T\u00f3quio, Nova Iorque e Rabat, entre outras.<\/p>\n<p>Este espect\u00e1culo \u00e9 a \u00fanica missa flamenca do mundo onde uma sinfonia e um coro cl\u00e1ssico de cada pa\u00eds \u00e9 visitado pela companhia do maestro Tito Losada, incorporando os palos de flamenco mais tradicionais.<\/p>\n<p>Iv\u00e1n Junior tamb\u00e9m participou nos espect\u00e1culos do seu pai, o guitarrista Iv\u00e1n Losada, &#8220;La Tarara S\u00ed&#8221;, &#8220;Bailaoras&#8221; e colaborou com Antonio Canales ao longo da sua carreira. Fez digress\u00e3o por todos os teatros de Madrid, e depois levou a sua m\u00fasica da Andaluzia para Mil\u00e3o.<\/p>","protected":false},"featured_media":157172,"template":"","meta":{"_acf_changed":false,"inline_featured_image":false},"class_list":["post-105580","artist","type-artist","status-publish","has-post-thumbnail","hentry"],"acf":[],"yoast_head":"<!-- This site is optimized with the Yoast SEO plugin v27.4 - https:\/\/yoast.com\/product\/yoast-seo-wordpress\/ -->\n<title>Iv\u00e1n Losada Junior - Cardamomo Flamenco Madrid<\/title>\n<meta name=\"description\" content=\"El joven percusionista Iv\u00e1n Losada Junior en el Tablao Flamenco Cardamomo. \u00a1Conoce m\u00e1s sobre este gran artista!\" \/>\n<meta name=\"robots\" content=\"index, follow, max-snippet:-1, max-image-preview:large, max-video-preview:-1\" \/>\n<link rel=\"canonical\" href=\"\/\" \/>\n<meta property=\"og:locale\" content=\"pt_PT\" \/>\n<meta property=\"og:type\" content=\"article\" \/>\n<meta property=\"og:title\" content=\"Iv\u00e1n Losada Junior - Cardamomo Flamenco Madrid\" \/>\n<meta property=\"og:description\" content=\"El joven percusionista Iv\u00e1n Losada Junior en el Tablao Flamenco Cardamomo. \u00a1Conoce m\u00e1s sobre este gran artista!\" \/>\n<meta property=\"og:url\" content=\"https:\/\/cardamomo.com\/pt\/artist\/ivan-losada-junior\/\" \/>\n<meta property=\"og:site_name\" content=\"Cardamomo Flamenco Madrid\" \/>\n<meta property=\"article:modified_time\" content=\"2025-03-12T10:02:43+00:00\" \/>\n<meta property=\"og:image\" content=\"https:\/\/cardamomo.ams3.digitaloceanspaces.com\/wp-content\/uploads\/2022\/07\/12100220\/ivan-losada.jpg\" \/>\n\t<meta property=\"og:image:width\" content=\"600\" \/>\n\t<meta property=\"og:image:height\" content=\"750\" \/>\n\t<meta property=\"og:image:type\" content=\"image\/jpeg\" \/>\n<meta name=\"twitter:card\" content=\"summary_large_image\" \/>\n<meta name=\"twitter:label1\" content=\"Tempo estimado de leitura\" \/>\n\t<meta name=\"twitter:data1\" content=\"2 minutos\" \/>\n<script type=\"application\/ld+json\" class=\"yoast-schema-graph\">{\"@context\":\"https:\\\/\\\/schema.org\",\"@graph\":[{\"@type\":\"WebPage\",\"@id\":\"https:\\\/\\\/cardamomo.com\\\/pt\\\/artist\\\/ivan-losada-junior\\\/\",\"url\":\"https:\\\/\\\/cardamomo.com\\\/pt\\\/artist\\\/ivan-losada-junior\\\/\",\"name\":\"Iv\u00e1n Losada Junior - Cardamomo Flamenco Madrid\",\"isPartOf\":{\"@id\":\"https:\\\/\\\/cardamomo.com\\\/pt\\\/#website\"},\"primaryImageOfPage\":{\"@id\":\"https:\\\/\\\/cardamomo.com\\\/pt\\\/artist\\\/ivan-losada-junior\\\/#primaryimage\"},\"image\":{\"@id\":\"https:\\\/\\\/cardamomo.com\\\/es\\\/artist\\\/ivan-losada-junior\\\/#primaryimage\"},\"thumbnailUrl\":\"https:\\\/\\\/cardamomo.ams3.digitaloceanspaces.com\\\/wp-content\\\/uploads\\\/2022\\\/07\\\/12100220\\\/ivan-losada.jpg\",\"datePublished\":\"2022-07-23T17:00:39+00:00\",\"dateModified\":\"2025-03-12T10:02:43+00:00\",\"description\":\"El joven percusionista Iv\u00e1n Losada Junior en el Tablao Flamenco Cardamomo. \u00a1Conoce m\u00e1s sobre este gran artista!\",\"breadcrumb\":{\"@id\":\"https:\\\/\\\/cardamomo.com\\\/pt\\\/artist\\\/ivan-losada-junior\\\/#breadcrumb\"},\"inLanguage\":\"pt-PT\",\"potentialAction\":[{\"@type\":\"ReadAction\",\"target\":[[\"https:\\\/\\\/cardamomo.com\\\/pt\\\/artist\\\/ivan-losada-junior\\\/\"]]}]},{\"@type\":\"ImageObject\",\"inLanguage\":\"pt-PT\",\"@id\":\"https:\\\/\\\/cardamomo.com\\\/pt\\\/artist\\\/ivan-losada-junior\\\/#primaryimage\",\"url\":\"https:\\\/\\\/cardamomo.ams3.digitaloceanspaces.com\\\/wp-content\\\/uploads\\\/2022\\\/07\\\/12100220\\\/ivan-losada.jpg\",\"contentUrl\":\"https:\\\/\\\/cardamomo.ams3.digitaloceanspaces.com\\\/wp-content\\\/uploads\\\/2022\\\/07\\\/12100220\\\/ivan-losada.jpg\",\"width\":600,\"height\":750,\"caption\":\"Percusionista Iv\u00e1n Losada\"},{\"@type\":\"BreadcrumbList\",\"@id\":\"https:\\\/\\\/cardamomo.com\\\/pt\\\/artist\\\/ivan-losada-junior\\\/#breadcrumb\",\"itemListElement\":[{\"@type\":\"ListItem\",\"position\":1,\"name\":\"Cardamomo\",\"item\":\"https:\\\/\\\/cardamomo.com\\\/pt\\\/\"},{\"@type\":\"ListItem\",\"position\":2,\"name\":\"Artists\",\"item\":\"https:\\\/\\\/cardamomo.com\\\/pt\\\/artist\\\/\"},{\"@type\":\"ListItem\",\"position\":3,\"name\":\"Iv\u00e1n Losada Junior\"}]},{\"@type\":\"WebSite\",\"@id\":\"https:\\\/\\\/cardamomo.com\\\/pt\\\/#website\",\"url\":\"https:\\\/\\\/cardamomo.com\\\/pt\\\/\",\"name\":\"Cardamomo Flamenco Madrid\",\"description\":\"\",\"potentialAction\":[{\"@type\":\"SearchAction\",\"target\":{\"@type\":\"EntryPoint\",\"urlTemplate\":\"https:\\\/\\\/cardamomo.com\\\/pt\\\/?s={search_term_string}\"},\"query-input\":{\"@type\":\"PropertyValueSpecification\",\"valueRequired\":true,\"valueName\":\"search_term_string\"}}],\"inLanguage\":\"pt-PT\"}]}<\/script>\n<!-- \/ Yoast SEO plugin. -->","yoast_head_json":{"title":"Iv\u00e1n Losada Junior - Cardamomo Flamenco Madrid","description":"El joven percusionista Iv\u00e1n Losada Junior en el Tablao Flamenco Cardamomo. \u00a1Conoce m\u00e1s sobre este gran artista!","robots":{"index":"index","follow":"follow","max-snippet":"max-snippet:-1","max-image-preview":"max-image-preview:large","max-video-preview":"max-video-preview:-1"},"canonical":"\/","og_locale":"pt_PT","og_type":"article","og_title":"Iv\u00e1n Losada Junior - Cardamomo Flamenco Madrid","og_description":"El joven percusionista Iv\u00e1n Losada Junior en el Tablao Flamenco Cardamomo. \u00a1Conoce m\u00e1s sobre este gran artista!","og_url":"https:\/\/cardamomo.com\/pt\/artist\/ivan-losada-junior\/","og_site_name":"Cardamomo Flamenco Madrid","article_modified_time":"2025-03-12T10:02:43+00:00","og_image":[{"width":600,"height":750,"url":"https:\/\/cardamomo.ams3.digitaloceanspaces.com\/wp-content\/uploads\/2022\/07\/12100220\/ivan-losada.jpg","type":"image\/jpeg"}],"twitter_card":"summary_large_image","twitter_misc":{"Tempo estimado de leitura":"2 minutos"},"schema":{"@context":"https:\/\/schema.org","@graph":[{"@type":"WebPage","@id":"https:\/\/cardamomo.com\/pt\/artist\/ivan-losada-junior\/","url":"https:\/\/cardamomo.com\/pt\/artist\/ivan-losada-junior\/","name":"Iv\u00e1n Losada Junior - Cardamomo Flamenco Madrid","isPartOf":{"@id":"https:\/\/cardamomo.com\/pt\/#website"},"primaryImageOfPage":{"@id":"https:\/\/cardamomo.com\/pt\/artist\/ivan-losada-junior\/#primaryimage"},"image":{"@id":"https:\/\/cardamomo.com\/es\/artist\/ivan-losada-junior\/#primaryimage"},"thumbnailUrl":"https:\/\/cardamomo.ams3.digitaloceanspaces.com\/wp-content\/uploads\/2022\/07\/12100220\/ivan-losada.jpg","datePublished":"2022-07-23T17:00:39+00:00","dateModified":"2025-03-12T10:02:43+00:00","description":"El joven percusionista Iv\u00e1n Losada Junior en el Tablao Flamenco Cardamomo. \u00a1Conoce m\u00e1s sobre este gran artista!","breadcrumb":{"@id":"https:\/\/cardamomo.com\/pt\/artist\/ivan-losada-junior\/#breadcrumb"},"inLanguage":"pt-PT","potentialAction":[{"@type":"ReadAction","target":[["https:\/\/cardamomo.com\/pt\/artist\/ivan-losada-junior\/"]]}]},{"@type":"ImageObject","inLanguage":"pt-PT","@id":"https:\/\/cardamomo.com\/pt\/artist\/ivan-losada-junior\/#primaryimage","url":"https:\/\/cardamomo.ams3.digitaloceanspaces.com\/wp-content\/uploads\/2022\/07\/12100220\/ivan-losada.jpg","contentUrl":"https:\/\/cardamomo.ams3.digitaloceanspaces.com\/wp-content\/uploads\/2022\/07\/12100220\/ivan-losada.jpg","width":600,"height":750,"caption":"Percusionista Iv\u00e1n Losada"},{"@type":"BreadcrumbList","@id":"https:\/\/cardamomo.com\/pt\/artist\/ivan-losada-junior\/#breadcrumb","itemListElement":[{"@type":"ListItem","position":1,"name":"Cardamomo","item":"https:\/\/cardamomo.com\/pt\/"},{"@type":"ListItem","position":2,"name":"Artists","item":"https:\/\/cardamomo.com\/pt\/artist\/"},{"@type":"ListItem","position":3,"name":"Iv\u00e1n Losada Junior"}]},{"@type":"WebSite","@id":"https:\/\/cardamomo.com\/pt\/#website","url":"https:\/\/cardamomo.com\/pt\/","name":"Cardamomo Flamenco Madrid","description":"","potentialAction":[{"@type":"SearchAction","target":{"@type":"EntryPoint","urlTemplate":"https:\/\/cardamomo.com\/pt\/?s={search_term_string}"},"query-input":{"@type":"PropertyValueSpecification","valueRequired":true,"valueName":"search_term_string"}}],"inLanguage":"pt-PT"}]}},"_links":{"self":[{"href":"https:\/\/cardamomo.com\/pt\/wp-json\/wp\/v2\/artist\/105580","targetHints":{"allow":["GET"]}}],"collection":[{"href":"https:\/\/cardamomo.com\/pt\/wp-json\/wp\/v2\/artist"}],"about":[{"href":"https:\/\/cardamomo.com\/pt\/wp-json\/wp\/v2\/types\/artist"}],"wp:featuredmedia":[{"embeddable":true,"href":"https:\/\/cardamomo.com\/pt\/wp-json\/wp\/v2\/media\/157172"}],"wp:attachment":[{"href":"https:\/\/cardamomo.com\/pt\/wp-json\/wp\/v2\/media?parent=105580"}],"curies":[{"name":"wp","href":"https:\/\/api.w.org\/{rel}","templated":true}]}}

Iván Losada Junior

<p></p>
<h4>Biografia</h4>
<p><strong>Iván Losada Junior</strong> nasceu em Madrid e começou a mergulhar na percussão flamenca com a sua família com a idade de 13 anos. A sua primeira viagem foi em Itália com o seu avô Tito Losada, aos 14 anos de idade. Com a mesma idade, Iván continuou a sua carreira como artista em diferentes tablaos em Espanha. Participou na peça &#8220;Misa Flamenca: Los gitanos cantan a Dios&#8221; dirigida pelo seu avô Tito Losada e muitos outros artistas. Este trabalho foi apresentado em várias cidades em Espanha e em todo o mundo tais como Monterrey, Santiago, Lima, Quito, Bogotá, Tóquio, Nova Iorque e Rabat, entre outras.</p>
<p>Este espectáculo é a única missa flamenca do mundo onde uma sinfonia e um coro clássico de cada país é visitado pela companhia do maestro Tito Losada, incorporando os palos de flamenco mais tradicionais.</p>
<p>Iván Junior também participou nos espectáculos do seu pai, o guitarrista Iván Losada, &#8220;La Tarara Sí&#8221;, &#8220;Bailaoras&#8221; e colaborou com Antonio Canales ao longo da sua carreira. Fez digressão por todos os teatros de Madrid, e depois levou a sua música da Andaluzia para Milão.</p>

<!-- This site is optimized with the Yoast SEO plugin v27.4 - https://yoast.com/product/yoast-seo-wordpress/ -->
<title>Iván Losada Junior - Cardamomo Flamenco Madrid</title>
<meta name="description" content="El joven percusionista Iván Losada Junior en el Tablao Flamenco Cardamomo. ¡Conoce más sobre este gran artista!" />
<meta name="robots" content="index, follow, max-snippet:-1, max-image-preview:large, max-video-preview:-1" />
<link rel="canonical" href="/" />
<meta property="og:locale" content="pt_PT" />
<meta property="og:type" content="article" />
<meta property="og:title" content="Iván Losada Junior - Cardamomo Flamenco Madrid" />
<meta property="og:description" content="El joven percusionista Iván Losada Junior en el Tablao Flamenco Cardamomo. ¡Conoce más sobre este gran artista!" />
<meta property="og:url" content="https://cardamomo.com/pt/artist/ivan-losada-junior/" />
<meta property="og:site_name" content="Cardamomo Flamenco Madrid" />
<meta property="article:modified_time" content="2025-03-12T10:02:43+00:00" />
<meta property="og:image" content="https://cardamomo.ams3.digitaloceanspaces.com/wp-content/uploads/2022/07/12100220/ivan-losada.jpg" />
	<meta property="og:image:width" content="600" />
	<meta property="og:image:height" content="750" />
	<meta property="og:image:type" content="image/jpeg" />
<meta name="twitter:card" content="summary_large_image" />
<meta name="twitter:label1" content="Tempo estimado de leitura" />
	<meta name="twitter:data1" content="2 minutos" />
<script type="application/ld+json" class="yoast-schema-graph">{"@context":"https:\/\/schema.org","@graph":[{"@type":"WebPage","@id":"https:\/\/cardamomo.com\/pt\/artist\/ivan-losada-junior\/","url":"https:\/\/cardamomo.com\/pt\/artist\/ivan-losada-junior\/","name":"Iván Losada Junior - Cardamomo Flamenco Madrid","isPartOf":{"@id":"https:\/\/cardamomo.com\/pt\/#website"},"primaryImageOfPage":{"@id":"https:\/\/cardamomo.com\/pt\/artist\/ivan-losada-junior\/#primaryimage"},"image":{"@id":"https:\/\/cardamomo.com\/es\/artist\/ivan-losada-junior\/#primaryimage"},"thumbnailUrl":"https:\/\/cardamomo.ams3.digitaloceanspaces.com\/wp-content\/uploads\/2022\/07\/12100220\/ivan-losada.jpg","datePublished":"2022-07-23T17:00:39+00:00","dateModified":"2025-03-12T10:02:43+00:00","description":"El joven percusionista Iván Losada Junior en el Tablao Flamenco Cardamomo. ¡Conoce más sobre este gran artista!","breadcrumb":{"@id":"https:\/\/cardamomo.com\/pt\/artist\/ivan-losada-junior\/#breadcrumb"},"inLanguage":"pt-PT","potentialAction":[{"@type":"ReadAction","target":[["https:\/\/cardamomo.com\/pt\/artist\/ivan-losada-junior\/"]]}]},{"@type":"ImageObject","inLanguage":"pt-PT","@id":"https:\/\/cardamomo.com\/pt\/artist\/ivan-losada-junior\/#primaryimage","url":"https:\/\/cardamomo.ams3.digitaloceanspaces.com\/wp-content\/uploads\/2022\/07\/12100220\/ivan-losada.jpg","contentUrl":"https:\/\/cardamomo.ams3.digitaloceanspaces.com\/wp-content\/uploads\/2022\/07\/12100220\/ivan-losada.jpg","width":600,"height":750,"caption":"Percusionista Iván Losada"},{"@type":"BreadcrumbList","@id":"https:\/\/cardamomo.com\/pt\/artist\/ivan-losada-junior\/#breadcrumb","itemListElement":[{"@type":"ListItem","position":1,"name":"Cardamomo","item":"https:\/\/cardamomo.com\/pt\/"},{"@type":"ListItem","position":2,"name":"Artists","item":"https:\/\/cardamomo.com\/pt\/artist\/"},{"@type":"ListItem","position":3,"name":"Iván Losada Junior"}]},{"@type":"WebSite","@id":"https:\/\/cardamomo.com\/pt\/#website","url":"https:\/\/cardamomo.com\/pt\/","name":"Cardamomo Flamenco Madrid","description":"","potentialAction":[{"@type":"SearchAction","target":{"@type":"EntryPoint","urlTemplate":"https:\/\/cardamomo.com\/pt\/?s={search_term_string}"},"query-input":{"@type":"PropertyValueSpecification","valueRequired":true,"valueName":"search_term_string"}}],"inLanguage":"pt-PT"}]}</script>
<!-- / Yoast SEO plugin. -->

Iván Losada Junior - Cardamomo Flamenco Madrid

El joven percusionista Iván Losada Junior en el Tablao Flamenco Cardamomo. ¡Conoce más sobre este gran artista!

Percusionista Iván Losada
