{"id":103251,"date":"2022-06-22T19:54:08","date_gmt":"2022-06-22T17:54:08","guid":{"rendered":"https:\/\/cardamomo.com\/es\/?post_type=artist&#038;p=103251"},"modified":"2025-03-12T10:29:14","modified_gmt":"2025-03-12T10:29:14","slug":"farruquito","status":"publish","type":"artist","link":"https:\/\/cardamomo.com\/pt\/artist\/farruquito\/","title":{"rendered":"Farruquito"},"content":{"rendered":"<p><\/p>\n<h4>Biografia<\/h4>\n<p>Nascido em Sevilha, \u00e9 o filho do cantaor Juan Fern\u00e1ndez Flores <strong>&#8220;El Moreno&#8221;<\/strong> e da bailaora Rosario Montoya Manzano <strong>&#8220;La Farruca&#8221;.<\/strong> Herdeiro de uma escola fundada pelo seu av\u00f4 &#8220;Farruco&#8221;, estreou-se internacionalmente aos cinco anos na Broadway com o espect\u00e1culo &#8220;Flamenco Puro&#8221;, partilhando a conta com a sua fam\u00edlia e as figuras mais lend\u00e1rias do flamenco. Aos oito anos de idade, teve a sua primeira temporada num tablao de Madrid. No ano seguinte, participou na apresenta\u00e7\u00e3o dos Jogos Paraol\u00edmpicos e na Expo 1992 em Sevilha.<\/p>\n<p>Aos onze anos de idade j\u00e1 colaborava com Camar\u00f3n e no ano seguinte participou no filme &#8220;Flamenco&#8221; de Carlos Saura, juntamente com o seu av\u00f4 &#8220;El Farruco&#8221;. Nesse mesmo ano participou na direc\u00e7\u00e3o art\u00edstica e coreogr\u00e1fica do espect\u00e1culo &#8220;Bodas de Gloria&#8221; com a sua fam\u00edlia. Aos quinze anos, criou o seu primeiro espect\u00e1culo, &#8220;Ra\u00edces Flamencas&#8221;, que foi um grande sucesso. Aos 19 anos de idade, j\u00e1 estava a triunfar nos Estados Unidos, iniciando uma carreira internacional que desde o in\u00edcio n\u00e3o deixava margem para d\u00favidas. Depois das suas actua\u00e7\u00f5es nos Estados Unidos, o New York Times considerou-o &#8220;o melhor artista a p\u00f4r os p\u00e9s na Grande Ma\u00e7\u00e3 em 2001&#8221;.<\/p>\n<p>Dentro da improvisa\u00e7\u00e3o, &#8220;Farruquito&#8221; diz-nos que a coreografia \u00e9 como uma frase definida, \u00e9 preciso uma vida inteira para conhecer uma l\u00edngua e para poder expressar o que se est\u00e1 a sentir, n\u00e3o \u00e9 preciso contentar-se com frases definidas.<strong> Flamenco para &#8220;Farruquito&#8221; \u00e9 uma forma de entender a vida.<\/strong><\/p>\n<h4>Obras, Pr\u00e9mios e Festivais<\/h4>\n<p><em>&#8220;Ra\u00edces Flamencas&#8221;<\/em> estreou no Royal Festival Hall em Londres e actuou no Teatro de la Villa e Conde Duque em Madrid, no Teatro Poliorama em Barcelona e fez uma digress\u00e3o internacional em Fran\u00e7a e no Jap\u00e3o.<\/p>\n<p>&#8220;La Len Varo&#8221; no I Festival de Flamenco dos Estados Unidos 2001. No ano seguinte actuou em Sevilha, no Teatro Central.<\/p>\n<p>Participa\u00e7\u00e3o na Gala dos Pr\u00e9mios Max 2002.<\/p>\n<p>Participa\u00e7\u00e3o na terceira edi\u00e7\u00e3o do Festival de Flamenco dos Estados Unidos 2003 com o seu irm\u00e3o Farruco.<\/p>\n<p>Headliner do espect\u00e1culo Por Derecho, visitou onze cidades norte-americanas recebendo excelentes cr\u00edticas.<\/p>\n<p>Participou no Festival de Flamenco de Madrid no Teatro Alb\u00e9niz e no Festival de Flamenco de Jerez no Teatro Villamarta com estrondoso sucesso.<\/p>\n<p>A Academia de M\u00fasica premiou-o pela sua letra &#8220;Dulce Canela&#8221; do \u00e1lbum &#8220;Mar\u00eda&#8221; de Ni\u00f1a Pastori e pelo som dos seus p\u00e9s no \u00e1lbum de homenagem a &#8220;Jeros&#8221;.<\/p>\n<p>Em 2003, estreou tamb\u00e9m com grande sucesso o espect\u00e1culo &#8220;Alma Vieja&#8221; no Teatro de la Maestranza em Sevilha. O sucesso foi repetido no Teatro Alb\u00e9niz em Madrid.<\/p>\n<p>Em Julho de 2008, regressou ao palco com a pe\u00e7a Puro na frente de 2.000 pessoas em Palma de Maiorca.<\/p>\n<p>Em 2015, participou na capital do Foral com &#8220;<em>Improvisao&#8221;.<\/em><\/p>\n<p>Em 2016, realizou um recital na Plaza de la Catedral de Almer\u00eda com a guitarra de Ni\u00f1o &#8220;Josele&#8221; e a voz de Arc\u00e1ngel.<\/p>\n<p>Em Agosto de 2020 libertar\u00e1 &#8220;\u00cdntimo&#8221;, como parte do Flamenco Em Chamas. Com a participa\u00e7\u00e3o de Remedios Amaya, em que combina as ra\u00edzes do flamenco com uma proposta musical mais contempor\u00e2nea, e que nasce das reflex\u00f5es do artista ap\u00f3s mais de trinta anos em palco.<\/p>","protected":false},"featured_media":157181,"template":"","meta":{"_acf_changed":false,"inline_featured_image":false},"class_list":["post-103251","artist","type-artist","status-publish","has-post-thumbnail","hentry"],"acf":[],"yoast_head":"<!-- This site is optimized with the Yoast SEO plugin v27.4 - https:\/\/yoast.com\/product\/yoast-seo-wordpress\/ -->\n<title>Farruquito - Cardamomo Flamenco Madrid<\/title>\n<meta name=\"description\" content=\"\u00a1Farruquito en Cardamomo! Es considerado el mejor bailaor de todos los tiempos. \u00a1Conoce m\u00e1s sobre \u00e9l en nuestra web!\" \/>\n<meta name=\"robots\" content=\"index, follow, max-snippet:-1, max-image-preview:large, max-video-preview:-1\" \/>\n<link rel=\"canonical\" href=\"\/\" \/>\n<meta property=\"og:locale\" content=\"pt_PT\" \/>\n<meta property=\"og:type\" content=\"article\" \/>\n<meta property=\"og:title\" content=\"Farruquito - Cardamomo Flamenco Madrid\" \/>\n<meta property=\"og:description\" content=\"\u00a1Farruquito en Cardamomo! Es considerado el mejor bailaor de todos los tiempos. \u00a1Conoce m\u00e1s sobre \u00e9l en nuestra web!\" \/>\n<meta property=\"og:url\" content=\"https:\/\/cardamomo.com\/pt\/artist\/farruquito\/\" \/>\n<meta property=\"og:site_name\" content=\"Cardamomo Flamenco Madrid\" \/>\n<meta property=\"article:modified_time\" content=\"2025-03-12T10:29:14+00:00\" \/>\n<meta property=\"og:image\" content=\"https:\/\/cardamomo.ams3.digitaloceanspaces.com\/wp-content\/uploads\/2022\/06\/12102901\/farruquito.jpg\" \/>\n\t<meta property=\"og:image:width\" content=\"600\" \/>\n\t<meta property=\"og:image:height\" content=\"750\" \/>\n\t<meta property=\"og:image:type\" content=\"image\/jpeg\" \/>\n<meta name=\"twitter:card\" content=\"summary_large_image\" \/>\n<meta name=\"twitter:label1\" content=\"Tempo estimado de leitura\" \/>\n\t<meta name=\"twitter:data1\" content=\"3 minutos\" \/>\n<script type=\"application\/ld+json\" class=\"yoast-schema-graph\">{\"@context\":\"https:\\\/\\\/schema.org\",\"@graph\":[{\"@type\":\"WebPage\",\"@id\":\"https:\\\/\\\/cardamomo.com\\\/pt\\\/artist\\\/farruquito\\\/\",\"url\":\"https:\\\/\\\/cardamomo.com\\\/pt\\\/artist\\\/farruquito\\\/\",\"name\":\"Farruquito - Cardamomo Flamenco Madrid\",\"isPartOf\":{\"@id\":\"https:\\\/\\\/cardamomo.com\\\/pt\\\/#website\"},\"primaryImageOfPage\":{\"@id\":\"https:\\\/\\\/cardamomo.com\\\/pt\\\/artist\\\/farruquito\\\/#primaryimage\"},\"image\":{\"@id\":\"https:\\\/\\\/cardamomo.com\\\/es\\\/artist\\\/farruquito\\\/#primaryimage\"},\"thumbnailUrl\":\"https:\\\/\\\/cardamomo.ams3.digitaloceanspaces.com\\\/wp-content\\\/uploads\\\/2022\\\/06\\\/12102901\\\/farruquito.jpg\",\"datePublished\":\"2022-06-22T17:54:08+00:00\",\"dateModified\":\"2025-03-12T10:29:14+00:00\",\"description\":\"\u00a1Farruquito en Cardamomo! Es considerado el mejor bailaor de todos los tiempos. \u00a1Conoce m\u00e1s sobre \u00e9l en nuestra web!\",\"breadcrumb\":{\"@id\":\"https:\\\/\\\/cardamomo.com\\\/pt\\\/artist\\\/farruquito\\\/#breadcrumb\"},\"inLanguage\":\"pt-PT\",\"potentialAction\":[{\"@type\":\"ReadAction\",\"target\":[[\"https:\\\/\\\/cardamomo.com\\\/pt\\\/artist\\\/farruquito\\\/\"]]}]},{\"@type\":\"ImageObject\",\"inLanguage\":\"pt-PT\",\"@id\":\"https:\\\/\\\/cardamomo.com\\\/pt\\\/artist\\\/farruquito\\\/#primaryimage\",\"url\":\"https:\\\/\\\/cardamomo.ams3.digitaloceanspaces.com\\\/wp-content\\\/uploads\\\/2022\\\/06\\\/12102901\\\/farruquito.jpg\",\"contentUrl\":\"https:\\\/\\\/cardamomo.ams3.digitaloceanspaces.com\\\/wp-content\\\/uploads\\\/2022\\\/06\\\/12102901\\\/farruquito.jpg\",\"width\":600,\"height\":750,\"caption\":\"Bailaor Farruquito\"},{\"@type\":\"BreadcrumbList\",\"@id\":\"https:\\\/\\\/cardamomo.com\\\/pt\\\/artist\\\/farruquito\\\/#breadcrumb\",\"itemListElement\":[{\"@type\":\"ListItem\",\"position\":1,\"name\":\"Cardamomo\",\"item\":\"https:\\\/\\\/cardamomo.com\\\/pt\\\/\"},{\"@type\":\"ListItem\",\"position\":2,\"name\":\"Artists\",\"item\":\"https:\\\/\\\/cardamomo.com\\\/pt\\\/artist\\\/\"},{\"@type\":\"ListItem\",\"position\":3,\"name\":\"Farruquito\"}]},{\"@type\":\"WebSite\",\"@id\":\"https:\\\/\\\/cardamomo.com\\\/pt\\\/#website\",\"url\":\"https:\\\/\\\/cardamomo.com\\\/pt\\\/\",\"name\":\"Cardamomo Flamenco Madrid\",\"description\":\"\",\"potentialAction\":[{\"@type\":\"SearchAction\",\"target\":{\"@type\":\"EntryPoint\",\"urlTemplate\":\"https:\\\/\\\/cardamomo.com\\\/pt\\\/?s={search_term_string}\"},\"query-input\":{\"@type\":\"PropertyValueSpecification\",\"valueRequired\":true,\"valueName\":\"search_term_string\"}}],\"inLanguage\":\"pt-PT\"}]}<\/script>\n<!-- \/ Yoast SEO plugin. -->","yoast_head_json":{"title":"Farruquito - Cardamomo Flamenco Madrid","description":"\u00a1Farruquito en Cardamomo! Es considerado el mejor bailaor de todos los tiempos. \u00a1Conoce m\u00e1s sobre \u00e9l en nuestra web!","robots":{"index":"index","follow":"follow","max-snippet":"max-snippet:-1","max-image-preview":"max-image-preview:large","max-video-preview":"max-video-preview:-1"},"canonical":"\/","og_locale":"pt_PT","og_type":"article","og_title":"Farruquito - Cardamomo Flamenco Madrid","og_description":"\u00a1Farruquito en Cardamomo! Es considerado el mejor bailaor de todos los tiempos. \u00a1Conoce m\u00e1s sobre \u00e9l en nuestra web!","og_url":"https:\/\/cardamomo.com\/pt\/artist\/farruquito\/","og_site_name":"Cardamomo Flamenco Madrid","article_modified_time":"2025-03-12T10:29:14+00:00","og_image":[{"width":600,"height":750,"url":"https:\/\/cardamomo.ams3.digitaloceanspaces.com\/wp-content\/uploads\/2022\/06\/12102901\/farruquito.jpg","type":"image\/jpeg"}],"twitter_card":"summary_large_image","twitter_misc":{"Tempo estimado de leitura":"3 minutos"},"schema":{"@context":"https:\/\/schema.org","@graph":[{"@type":"WebPage","@id":"https:\/\/cardamomo.com\/pt\/artist\/farruquito\/","url":"https:\/\/cardamomo.com\/pt\/artist\/farruquito\/","name":"Farruquito - Cardamomo Flamenco Madrid","isPartOf":{"@id":"https:\/\/cardamomo.com\/pt\/#website"},"primaryImageOfPage":{"@id":"https:\/\/cardamomo.com\/pt\/artist\/farruquito\/#primaryimage"},"image":{"@id":"https:\/\/cardamomo.com\/es\/artist\/farruquito\/#primaryimage"},"thumbnailUrl":"https:\/\/cardamomo.ams3.digitaloceanspaces.com\/wp-content\/uploads\/2022\/06\/12102901\/farruquito.jpg","datePublished":"2022-06-22T17:54:08+00:00","dateModified":"2025-03-12T10:29:14+00:00","description":"\u00a1Farruquito en Cardamomo! Es considerado el mejor bailaor de todos los tiempos. \u00a1Conoce m\u00e1s sobre \u00e9l en nuestra web!","breadcrumb":{"@id":"https:\/\/cardamomo.com\/pt\/artist\/farruquito\/#breadcrumb"},"inLanguage":"pt-PT","potentialAction":[{"@type":"ReadAction","target":[["https:\/\/cardamomo.com\/pt\/artist\/farruquito\/"]]}]},{"@type":"ImageObject","inLanguage":"pt-PT","@id":"https:\/\/cardamomo.com\/pt\/artist\/farruquito\/#primaryimage","url":"https:\/\/cardamomo.ams3.digitaloceanspaces.com\/wp-content\/uploads\/2022\/06\/12102901\/farruquito.jpg","contentUrl":"https:\/\/cardamomo.ams3.digitaloceanspaces.com\/wp-content\/uploads\/2022\/06\/12102901\/farruquito.jpg","width":600,"height":750,"caption":"Bailaor Farruquito"},{"@type":"BreadcrumbList","@id":"https:\/\/cardamomo.com\/pt\/artist\/farruquito\/#breadcrumb","itemListElement":[{"@type":"ListItem","position":1,"name":"Cardamomo","item":"https:\/\/cardamomo.com\/pt\/"},{"@type":"ListItem","position":2,"name":"Artists","item":"https:\/\/cardamomo.com\/pt\/artist\/"},{"@type":"ListItem","position":3,"name":"Farruquito"}]},{"@type":"WebSite","@id":"https:\/\/cardamomo.com\/pt\/#website","url":"https:\/\/cardamomo.com\/pt\/","name":"Cardamomo Flamenco Madrid","description":"","potentialAction":[{"@type":"SearchAction","target":{"@type":"EntryPoint","urlTemplate":"https:\/\/cardamomo.com\/pt\/?s={search_term_string}"},"query-input":{"@type":"PropertyValueSpecification","valueRequired":true,"valueName":"search_term_string"}}],"inLanguage":"pt-PT"}]}},"_links":{"self":[{"href":"https:\/\/cardamomo.com\/pt\/wp-json\/wp\/v2\/artist\/103251","targetHints":{"allow":["GET"]}}],"collection":[{"href":"https:\/\/cardamomo.com\/pt\/wp-json\/wp\/v2\/artist"}],"about":[{"href":"https:\/\/cardamomo.com\/pt\/wp-json\/wp\/v2\/types\/artist"}],"wp:featuredmedia":[{"embeddable":true,"href":"https:\/\/cardamomo.com\/pt\/wp-json\/wp\/v2\/media\/157181"}],"wp:attachment":[{"href":"https:\/\/cardamomo.com\/pt\/wp-json\/wp\/v2\/media?parent=103251"}],"curies":[{"name":"wp","href":"https:\/\/api.w.org\/{rel}","templated":true}]}}

<p></p>
<h4>Biografia</h4>
<p>Nascido em Sevilha, é o filho do cantaor Juan Fernández Flores <strong>&#8220;El Moreno&#8221;</strong> e da bailaora Rosario Montoya Manzano <strong>&#8220;La Farruca&#8221;.</strong> Herdeiro de uma escola fundada pelo seu avô &#8220;Farruco&#8221;, estreou-se internacionalmente aos cinco anos na Broadway com o espectáculo &#8220;Flamenco Puro&#8221;, partilhando a conta com a sua família e as figuras mais lendárias do flamenco. Aos oito anos de idade, teve a sua primeira temporada num tablao de Madrid. No ano seguinte, participou na apresentação dos Jogos Paraolímpicos e na Expo 1992 em Sevilha.</p>
<p>Aos onze anos de idade já colaborava com Camarón e no ano seguinte participou no filme &#8220;Flamenco&#8221; de Carlos Saura, juntamente com o seu avô &#8220;El Farruco&#8221;. Nesse mesmo ano participou na direcção artística e coreográfica do espectáculo &#8220;Bodas de Gloria&#8221; com a sua família. Aos quinze anos, criou o seu primeiro espectáculo, &#8220;Raíces Flamencas&#8221;, que foi um grande sucesso. Aos 19 anos de idade, já estava a triunfar nos Estados Unidos, iniciando uma carreira internacional que desde o início não deixava margem para dúvidas. Depois das suas actuações nos Estados Unidos, o New York Times considerou-o &#8220;o melhor artista a pôr os pés na Grande Maçã em 2001&#8221;.</p>
<p>Dentro da improvisação, &#8220;Farruquito&#8221; diz-nos que a coreografia é como uma frase definida, é preciso uma vida inteira para conhecer uma língua e para poder expressar o que se está a sentir, não é preciso contentar-se com frases definidas.<strong> Flamenco para &#8220;Farruquito&#8221; é uma forma de entender a vida.</strong></p>
<h4>Obras, Prémios e Festivais</h4>
<p><em>&#8220;Raíces Flamencas&#8221;</em> estreou no Royal Festival Hall em Londres e actuou no Teatro de la Villa e Conde Duque em Madrid, no Teatro Poliorama em Barcelona e fez uma digressão internacional em França e no Japão.</p>
<p>&#8220;La Len Varo&#8221; no I Festival de Flamenco dos Estados Unidos 2001. No ano seguinte actuou em Sevilha, no Teatro Central.</p>
<p>Participação na Gala dos Prémios Max 2002.</p>
<p>Participação na terceira edição do Festival de Flamenco dos Estados Unidos 2003 com o seu irmão Farruco.</p>
<p>Headliner do espectáculo Por Derecho, visitou onze cidades norte-americanas recebendo excelentes críticas.</p>
<p>Participou no Festival de Flamenco de Madrid no Teatro Albéniz e no Festival de Flamenco de Jerez no Teatro Villamarta com estrondoso sucesso.</p>
<p>A Academia de Música premiou-o pela sua letra &#8220;Dulce Canela&#8221; do álbum &#8220;María&#8221; de Niña Pastori e pelo som dos seus pés no álbum de homenagem a &#8220;Jeros&#8221;.</p>
<p>Em 2003, estreou também com grande sucesso o espectáculo &#8220;Alma Vieja&#8221; no Teatro de la Maestranza em Sevilha. O sucesso foi repetido no Teatro Albéniz em Madrid.</p>
<p>Em Julho de 2008, regressou ao palco com a peça Puro na frente de 2.000 pessoas em Palma de Maiorca.</p>
<p>Em 2015, participou na capital do Foral com &#8220;<em>Improvisao&#8221;.</em></p>
<p>Em 2016, realizou um recital na Plaza de la Catedral de Almería com a guitarra de Niño &#8220;Josele&#8221; e a voz de Arcángel.</p>
<p>Em Agosto de 2020 libertará &#8220;Íntimo&#8221;, como parte do Flamenco Em Chamas. Com a participação de Remedios Amaya, em que combina as raízes do flamenco com uma proposta musical mais contemporânea, e que nasce das reflexões do artista após mais de trinta anos em palco.</p>

<!-- This site is optimized with the Yoast SEO plugin v27.4 - https://yoast.com/product/yoast-seo-wordpress/ -->
<title>Farruquito - Cardamomo Flamenco Madrid</title>
<meta name="description" content="¡Farruquito en Cardamomo! Es considerado el mejor bailaor de todos los tiempos. ¡Conoce más sobre él en nuestra web!" />
<meta name="robots" content="index, follow, max-snippet:-1, max-image-preview:large, max-video-preview:-1" />
<link rel="canonical" href="/" />
<meta property="og:locale" content="pt_PT" />
<meta property="og:type" content="article" />
<meta property="og:title" content="Farruquito - Cardamomo Flamenco Madrid" />
<meta property="og:description" content="¡Farruquito en Cardamomo! Es considerado el mejor bailaor de todos los tiempos. ¡Conoce más sobre él en nuestra web!" />
<meta property="og:url" content="https://cardamomo.com/pt/artist/farruquito/" />
<meta property="og:site_name" content="Cardamomo Flamenco Madrid" />
<meta property="article:modified_time" content="2025-03-12T10:29:14+00:00" />
<meta property="og:image" content="https://cardamomo.ams3.digitaloceanspaces.com/wp-content/uploads/2022/06/12102901/farruquito.jpg" />
	<meta property="og:image:width" content="600" />
	<meta property="og:image:height" content="750" />
	<meta property="og:image:type" content="image/jpeg" />
<meta name="twitter:card" content="summary_large_image" />
<meta name="twitter:label1" content="Tempo estimado de leitura" />
	<meta name="twitter:data1" content="3 minutos" />
<script type="application/ld+json" class="yoast-schema-graph">{"@context":"https:\/\/schema.org","@graph":[{"@type":"WebPage","@id":"https:\/\/cardamomo.com\/pt\/artist\/farruquito\/","url":"https:\/\/cardamomo.com\/pt\/artist\/farruquito\/","name":"Farruquito - Cardamomo Flamenco Madrid","isPartOf":{"@id":"https:\/\/cardamomo.com\/pt\/#website"},"primaryImageOfPage":{"@id":"https:\/\/cardamomo.com\/pt\/artist\/farruquito\/#primaryimage"},"image":{"@id":"https:\/\/cardamomo.com\/es\/artist\/farruquito\/#primaryimage"},"thumbnailUrl":"https:\/\/cardamomo.ams3.digitaloceanspaces.com\/wp-content\/uploads\/2022\/06\/12102901\/farruquito.jpg","datePublished":"2022-06-22T17:54:08+00:00","dateModified":"2025-03-12T10:29:14+00:00","description":"¡Farruquito en Cardamomo! Es considerado el mejor bailaor de todos los tiempos. ¡Conoce más sobre él en nuestra web!","breadcrumb":{"@id":"https:\/\/cardamomo.com\/pt\/artist\/farruquito\/#breadcrumb"},"inLanguage":"pt-PT","potentialAction":[{"@type":"ReadAction","target":[["https:\/\/cardamomo.com\/pt\/artist\/farruquito\/"]]}]},{"@type":"ImageObject","inLanguage":"pt-PT","@id":"https:\/\/cardamomo.com\/pt\/artist\/farruquito\/#primaryimage","url":"https:\/\/cardamomo.ams3.digitaloceanspaces.com\/wp-content\/uploads\/2022\/06\/12102901\/farruquito.jpg","contentUrl":"https:\/\/cardamomo.ams3.digitaloceanspaces.com\/wp-content\/uploads\/2022\/06\/12102901\/farruquito.jpg","width":600,"height":750,"caption":"Bailaor Farruquito"},{"@type":"BreadcrumbList","@id":"https:\/\/cardamomo.com\/pt\/artist\/farruquito\/#breadcrumb","itemListElement":[{"@type":"ListItem","position":1,"name":"Cardamomo","item":"https:\/\/cardamomo.com\/pt\/"},{"@type":"ListItem","position":2,"name":"Artists","item":"https:\/\/cardamomo.com\/pt\/artist\/"},{"@type":"ListItem","position":3,"name":"Farruquito"}]},{"@type":"WebSite","@id":"https:\/\/cardamomo.com\/pt\/#website","url":"https:\/\/cardamomo.com\/pt\/","name":"Cardamomo Flamenco Madrid","description":"","potentialAction":[{"@type":"SearchAction","target":{"@type":"EntryPoint","urlTemplate":"https:\/\/cardamomo.com\/pt\/?s={search_term_string}"},"query-input":{"@type":"PropertyValueSpecification","valueRequired":true,"valueName":"search_term_string"}}],"inLanguage":"pt-PT"}]}</script>
<!-- / Yoast SEO plugin. -->

¡Farruquito en Cardamomo! Es considerado el mejor bailaor de todos los tiempos. ¡Conoce más sobre él en nuestra web!
