{"id":102767,"date":"2022-06-17T18:41:41","date_gmt":"2022-06-17T16:41:41","guid":{"rendered":"https:\/\/cardamomo.com\/es\/?post_type=artist&#038;p=102767"},"modified":"2025-03-12T10:32:22","modified_gmt":"2025-03-12T10:32:22","slug":"pastora-galvan","status":"publish","type":"artist","link":"https:\/\/cardamomo.com\/pt\/artist\/pastora-galvan\/","title":{"rendered":"Pastora Galv\u00e1n"},"content":{"rendered":"<p><\/p>\n<h4>Biografia<\/h4>\n<p>Dan\u00e7arina sevilhana, filha de Jos\u00e9 Galv\u00e1n e irm\u00e3 de Isra\u00ebl Galv\u00e1n, de uma fam\u00edlia de dan\u00e7arinos de flamenco de diferentes estilos. \u00a0Em 1990 ela come\u00e7ou a estudar dan\u00e7a espanhola no Conservat\u00f3rio de Sevilha at\u00e9 1998.\u00a0 Aos 15 anos, ela viajou pela primeira vez para os Estados Unidos com uma trupe de flamenco em S\u00e3o Francisco. No ano seguinte, lecionou na Universidade de Stanford e se apresentou na Fran\u00e7a com a empresa de Israel Galv\u00e1n.<\/p>\n<p>Ele realizou sua arte nos principais teatros e tablaos espanh\u00f3is, assim como em v\u00e1rios pa\u00edses europeus, Jap\u00e3o, Estados Unidos, Oriente M\u00e9dio e Cuba, entre outros. Um de seus maiores desafios foi apresentar-se na Bienal em setembro de 2006 com a estr\u00e9ia de La Francesa como bailarina principal de cinco coreografias criadas especialmente para ela por Isra\u00ebl Galv\u00e1n. Seu sucesso foi tal que ela levou o mesmo trabalho a festivais importantes como o Andaluc\u00eda Flamenca em Madri, o Festival de Jerez, o Festival Internacional de Granada e o Montpellier Danse.<\/p>\n<p>Em 2008, ela se apresentou com seu irm\u00e3o como artista convidada na mostra Tres Movimientos de Pedro Sierra. Nesse mesmo ano, ela colaborou com Carmen Linares, Miguel Poveda e o guitarrista Juan Carlos Romero em Cuatro Esquinas, uma obra criada para o festival de flamenco que foi apresentado em v\u00e1rias cidades americanas.<\/p>\n<p>Ao longo de sua carreira, trabalhou com grandes artistas como Fernando Terremoto, Carmen Linares, Eva Yervabuena, Antonio Canales, La Susi, Maria Pag\u00e9s, Jos\u00e9 Luis Rodr\u00edguez, Arcangelo, Joaqu\u00edn Grilo e Pedro Sierra, entre outros. Atualmente ele est\u00e1 colaborando com o pianista e compositor David Pe\u00f1a Dorantes e com a cantaora Esperanza Fern\u00e1ndez.<\/p>\n<h4>Festivais, obras e pr\u00eamios<\/h4>\n<p>Ele j\u00e1 participou de festivais em todo o mundo, como por exemplo:<\/p>\n<p>Bienal de Flamenco, Mon de Marsan.<\/p>\n<p>Festival Corral del Carb\u00f3n em Granada; Alburque, Argeles-sur-Mer e Monterrey (M\u00e9xico).<\/p>\n<p>Festival Flamenco Bajo el Sol em Miami.<\/p>\n<p>Festival de Jerez, Andaluc\u00eda Flamenca, M\u00e1laga en Flamenco, Montpellier Danse.<\/p>\n<p>Festival Internacional de Granada.<\/p>\n<p>Festival Flamenco (EUA).<\/p>\n<p>Bienal de Flamenco na Holanda.<\/p>\n<p>Festival Flamenco em Nimes, Fran\u00e7a.<\/p>\n<p>Festival da Primavera no Cairo ou Beirute.<\/p>\n<p>Festival Flamenc Empiric in El Mercat de les Flors, Barcelona.<\/p>\n<p>Mira\/Los zapatos rojos de Israel Galv\u00e1n.<\/p>\n<p>La Metamorfosis (2000), Galv\u00e1nicas (2002), com o violonista Gerardo N\u00fa\u00f1ez e Dos Hermanos (2004).<\/p>\n<p>Identidades no Teatro Maestranza em Sevilha, dirigido por Antonio Canales.<\/p>\n<p>Moratana, na Torre de Don Fadrique em Sevilha, dirigida por Rub\u00e9n Olmo, organizada pela Bienal de Flamenco de Sevilha 2015.<\/p>\n<p>&#8220;M\u00edrame&#8221;, uma revis\u00e3o dos \u00faltimos dez anos de sua atividade na dan\u00e7a em 2016.<\/p>\n<p>&#8220;La edad de oro&#8221;, um renascimento do espet\u00e1culo de Isra\u00ebl Galv\u00e1n interpretado por Pastora, no qual ela volta \u00e0 pr\u00f3pria ess\u00eancia do flamenco: dan\u00e7a, canto e viol\u00e3o.<\/p>\n<p>La M\u00e1quina de Buler\u00edas na Fundaci\u00f3n Caja Sol em Sevilha, 2019. Pastora Galv\u00e1n sobe ao palco acompanhada por Jos\u00e9 Valencia, artista convidado, ao ritmo de &#8220;Botote&#8221;. Dirigido pelo bailarino Israel Galv\u00e1n.<\/p>","protected":false},"featured_media":157182,"template":"","meta":{"_acf_changed":false,"inline_featured_image":false},"class_list":["post-102767","artist","type-artist","status-publish","has-post-thumbnail","hentry"],"acf":[],"yoast_head":"<!-- This site is optimized with the Yoast SEO plugin v27.4 - https:\/\/yoast.com\/product\/yoast-seo-wordpress\/ -->\n<title>Pastora Galv\u00e1n - Cardamomo Flamenco Madrid<\/title>\n<meta name=\"robots\" content=\"index, follow, max-snippet:-1, max-image-preview:large, max-video-preview:-1\" \/>\n<link rel=\"canonical\" href=\"\/\" \/>\n<meta property=\"og:locale\" content=\"pt_PT\" \/>\n<meta property=\"og:type\" content=\"article\" \/>\n<meta property=\"og:title\" content=\"Pastora Galv\u00e1n - Cardamomo Flamenco Madrid\" \/>\n<meta property=\"og:description\" content=\"Biografia Dan\u00e7arina sevilhana, filha de Jos\u00e9 Galv\u00e1n e irm\u00e3 de Isra\u00ebl Galv\u00e1n, de uma fam\u00edlia de dan\u00e7arinos de flamenco de diferentes estilos. \u00a0Em 1990 ela come\u00e7ou a estudar dan\u00e7a espanhola no Conservat\u00f3rio de Sevilha at\u00e9 1998.\u00a0 Aos 15 anos, ela viajou pela primeira vez para os Estados Unidos com uma trupe de flamenco em S\u00e3o...\" \/>\n<meta property=\"og:url\" content=\"https:\/\/cardamomo.com\/pt\/artist\/pastora-galvan\/\" \/>\n<meta property=\"og:site_name\" content=\"Cardamomo Flamenco Madrid\" \/>\n<meta property=\"article:modified_time\" content=\"2025-03-12T10:32:22+00:00\" \/>\n<meta property=\"og:image\" content=\"https:\/\/cardamomo.ams3.digitaloceanspaces.com\/wp-content\/uploads\/2022\/06\/12103205\/pastora-galvan.jpg\" \/>\n\t<meta property=\"og:image:width\" content=\"600\" \/>\n\t<meta property=\"og:image:height\" content=\"749\" \/>\n\t<meta property=\"og:image:type\" content=\"image\/jpeg\" \/>\n<meta name=\"twitter:card\" content=\"summary_large_image\" \/>\n<meta name=\"twitter:label1\" content=\"Tempo estimado de leitura\" \/>\n\t<meta name=\"twitter:data1\" content=\"3 minutos\" \/>\n<script type=\"application\/ld+json\" class=\"yoast-schema-graph\">{\"@context\":\"https:\\\/\\\/schema.org\",\"@graph\":[{\"@type\":\"WebPage\",\"@id\":\"https:\\\/\\\/cardamomo.com\\\/pt\\\/artist\\\/pastora-galvan\\\/\",\"url\":\"https:\\\/\\\/cardamomo.com\\\/pt\\\/artist\\\/pastora-galvan\\\/\",\"name\":\"Pastora Galv\u00e1n - Cardamomo Flamenco Madrid\",\"isPartOf\":{\"@id\":\"https:\\\/\\\/cardamomo.com\\\/pt\\\/#website\"},\"primaryImageOfPage\":{\"@id\":\"https:\\\/\\\/cardamomo.com\\\/pt\\\/artist\\\/pastora-galvan\\\/#primaryimage\"},\"image\":{\"@id\":\"https:\\\/\\\/cardamomo.com\\\/es\\\/artist\\\/pastora-galvan\\\/#primaryimage\"},\"thumbnailUrl\":\"https:\\\/\\\/cardamomo.ams3.digitaloceanspaces.com\\\/wp-content\\\/uploads\\\/2022\\\/06\\\/12103205\\\/pastora-galvan.jpg\",\"datePublished\":\"2022-06-17T16:41:41+00:00\",\"dateModified\":\"2025-03-12T10:32:22+00:00\",\"breadcrumb\":{\"@id\":\"https:\\\/\\\/cardamomo.com\\\/pt\\\/artist\\\/pastora-galvan\\\/#breadcrumb\"},\"inLanguage\":\"pt-PT\",\"potentialAction\":[{\"@type\":\"ReadAction\",\"target\":[[\"https:\\\/\\\/cardamomo.com\\\/pt\\\/artist\\\/pastora-galvan\\\/\"]]}]},{\"@type\":\"ImageObject\",\"inLanguage\":\"pt-PT\",\"@id\":\"https:\\\/\\\/cardamomo.com\\\/pt\\\/artist\\\/pastora-galvan\\\/#primaryimage\",\"url\":\"https:\\\/\\\/cardamomo.ams3.digitaloceanspaces.com\\\/wp-content\\\/uploads\\\/2022\\\/06\\\/12103205\\\/pastora-galvan.jpg\",\"contentUrl\":\"https:\\\/\\\/cardamomo.ams3.digitaloceanspaces.com\\\/wp-content\\\/uploads\\\/2022\\\/06\\\/12103205\\\/pastora-galvan.jpg\",\"width\":600,\"height\":749,\"caption\":\"Bailaora Pastora Galv\u00e1n\"},{\"@type\":\"BreadcrumbList\",\"@id\":\"https:\\\/\\\/cardamomo.com\\\/pt\\\/artist\\\/pastora-galvan\\\/#breadcrumb\",\"itemListElement\":[{\"@type\":\"ListItem\",\"position\":1,\"name\":\"Cardamomo\",\"item\":\"https:\\\/\\\/cardamomo.com\\\/pt\\\/\"},{\"@type\":\"ListItem\",\"position\":2,\"name\":\"Artists\",\"item\":\"https:\\\/\\\/cardamomo.com\\\/pt\\\/artist\\\/\"},{\"@type\":\"ListItem\",\"position\":3,\"name\":\"Pastora Galv\u00e1n\"}]},{\"@type\":\"WebSite\",\"@id\":\"https:\\\/\\\/cardamomo.com\\\/pt\\\/#website\",\"url\":\"https:\\\/\\\/cardamomo.com\\\/pt\\\/\",\"name\":\"Cardamomo Flamenco Madrid\",\"description\":\"\",\"potentialAction\":[{\"@type\":\"SearchAction\",\"target\":{\"@type\":\"EntryPoint\",\"urlTemplate\":\"https:\\\/\\\/cardamomo.com\\\/pt\\\/?s={search_term_string}\"},\"query-input\":{\"@type\":\"PropertyValueSpecification\",\"valueRequired\":true,\"valueName\":\"search_term_string\"}}],\"inLanguage\":\"pt-PT\"}]}<\/script>\n<!-- \/ Yoast SEO plugin. -->","yoast_head_json":{"title":"Pastora Galv\u00e1n - Cardamomo Flamenco Madrid","robots":{"index":"index","follow":"follow","max-snippet":"max-snippet:-1","max-image-preview":"max-image-preview:large","max-video-preview":"max-video-preview:-1"},"canonical":"\/","og_locale":"pt_PT","og_type":"article","og_title":"Pastora Galv\u00e1n - Cardamomo Flamenco Madrid","og_description":"Biografia Dan\u00e7arina sevilhana, filha de Jos\u00e9 Galv\u00e1n e irm\u00e3 de Isra\u00ebl Galv\u00e1n, de uma fam\u00edlia de dan\u00e7arinos de flamenco de diferentes estilos. \u00a0Em 1990 ela come\u00e7ou a estudar dan\u00e7a espanhola no Conservat\u00f3rio de Sevilha at\u00e9 1998.\u00a0 Aos 15 anos, ela viajou pela primeira vez para os Estados Unidos com uma trupe de flamenco em S\u00e3o...","og_url":"https:\/\/cardamomo.com\/pt\/artist\/pastora-galvan\/","og_site_name":"Cardamomo Flamenco Madrid","article_modified_time":"2025-03-12T10:32:22+00:00","og_image":[{"width":600,"height":749,"url":"https:\/\/cardamomo.ams3.digitaloceanspaces.com\/wp-content\/uploads\/2022\/06\/12103205\/pastora-galvan.jpg","type":"image\/jpeg"}],"twitter_card":"summary_large_image","twitter_misc":{"Tempo estimado de leitura":"3 minutos"},"schema":{"@context":"https:\/\/schema.org","@graph":[{"@type":"WebPage","@id":"https:\/\/cardamomo.com\/pt\/artist\/pastora-galvan\/","url":"https:\/\/cardamomo.com\/pt\/artist\/pastora-galvan\/","name":"Pastora Galv\u00e1n - Cardamomo Flamenco Madrid","isPartOf":{"@id":"https:\/\/cardamomo.com\/pt\/#website"},"primaryImageOfPage":{"@id":"https:\/\/cardamomo.com\/pt\/artist\/pastora-galvan\/#primaryimage"},"image":{"@id":"https:\/\/cardamomo.com\/es\/artist\/pastora-galvan\/#primaryimage"},"thumbnailUrl":"https:\/\/cardamomo.ams3.digitaloceanspaces.com\/wp-content\/uploads\/2022\/06\/12103205\/pastora-galvan.jpg","datePublished":"2022-06-17T16:41:41+00:00","dateModified":"2025-03-12T10:32:22+00:00","breadcrumb":{"@id":"https:\/\/cardamomo.com\/pt\/artist\/pastora-galvan\/#breadcrumb"},"inLanguage":"pt-PT","potentialAction":[{"@type":"ReadAction","target":[["https:\/\/cardamomo.com\/pt\/artist\/pastora-galvan\/"]]}]},{"@type":"ImageObject","inLanguage":"pt-PT","@id":"https:\/\/cardamomo.com\/pt\/artist\/pastora-galvan\/#primaryimage","url":"https:\/\/cardamomo.ams3.digitaloceanspaces.com\/wp-content\/uploads\/2022\/06\/12103205\/pastora-galvan.jpg","contentUrl":"https:\/\/cardamomo.ams3.digitaloceanspaces.com\/wp-content\/uploads\/2022\/06\/12103205\/pastora-galvan.jpg","width":600,"height":749,"caption":"Bailaora Pastora Galv\u00e1n"},{"@type":"BreadcrumbList","@id":"https:\/\/cardamomo.com\/pt\/artist\/pastora-galvan\/#breadcrumb","itemListElement":[{"@type":"ListItem","position":1,"name":"Cardamomo","item":"https:\/\/cardamomo.com\/pt\/"},{"@type":"ListItem","position":2,"name":"Artists","item":"https:\/\/cardamomo.com\/pt\/artist\/"},{"@type":"ListItem","position":3,"name":"Pastora Galv\u00e1n"}]},{"@type":"WebSite","@id":"https:\/\/cardamomo.com\/pt\/#website","url":"https:\/\/cardamomo.com\/pt\/","name":"Cardamomo Flamenco Madrid","description":"","potentialAction":[{"@type":"SearchAction","target":{"@type":"EntryPoint","urlTemplate":"https:\/\/cardamomo.com\/pt\/?s={search_term_string}"},"query-input":{"@type":"PropertyValueSpecification","valueRequired":true,"valueName":"search_term_string"}}],"inLanguage":"pt-PT"}]}},"_links":{"self":[{"href":"https:\/\/cardamomo.com\/pt\/wp-json\/wp\/v2\/artist\/102767","targetHints":{"allow":["GET"]}}],"collection":[{"href":"https:\/\/cardamomo.com\/pt\/wp-json\/wp\/v2\/artist"}],"about":[{"href":"https:\/\/cardamomo.com\/pt\/wp-json\/wp\/v2\/types\/artist"}],"wp:featuredmedia":[{"embeddable":true,"href":"https:\/\/cardamomo.com\/pt\/wp-json\/wp\/v2\/media\/157182"}],"wp:attachment":[{"href":"https:\/\/cardamomo.com\/pt\/wp-json\/wp\/v2\/media?parent=102767"}],"curies":[{"name":"wp","href":"https:\/\/api.w.org\/{rel}","templated":true}]}}

Pastora Galván

<p></p>
<h4>Biografia</h4>
<p>Dançarina sevilhana, filha de José Galván e irmã de Israël Galván, de uma família de dançarinos de flamenco de diferentes estilos.  Em 1990 ela começou a estudar dança espanhola no Conservatório de Sevilha até 1998.  Aos 15 anos, ela viajou pela primeira vez para os Estados Unidos com uma trupe de flamenco em São Francisco. No ano seguinte, lecionou na Universidade de Stanford e se apresentou na França com a empresa de Israel Galván.</p>
<p>Ele realizou sua arte nos principais teatros e tablaos espanhóis, assim como em vários países europeus, Japão, Estados Unidos, Oriente Médio e Cuba, entre outros. Um de seus maiores desafios foi apresentar-se na Bienal em setembro de 2006 com a estréia de La Francesa como bailarina principal de cinco coreografias criadas especialmente para ela por Israël Galván. Seu sucesso foi tal que ela levou o mesmo trabalho a festivais importantes como o Andalucía Flamenca em Madri, o Festival de Jerez, o Festival Internacional de Granada e o Montpellier Danse.</p>
<p>Em 2008, ela se apresentou com seu irmão como artista convidada na mostra Tres Movimientos de Pedro Sierra. Nesse mesmo ano, ela colaborou com Carmen Linares, Miguel Poveda e o guitarrista Juan Carlos Romero em Cuatro Esquinas, uma obra criada para o festival de flamenco que foi apresentado em várias cidades americanas.</p>
<p>Ao longo de sua carreira, trabalhou com grandes artistas como Fernando Terremoto, Carmen Linares, Eva Yervabuena, Antonio Canales, La Susi, Maria Pagés, José Luis Rodríguez, Arcangelo, Joaquín Grilo e Pedro Sierra, entre outros. Atualmente ele está colaborando com o pianista e compositor David Peña Dorantes e com a cantaora Esperanza Fernández.</p>
<h4>Festivais, obras e prêmios</h4>
<p>Ele já participou de festivais em todo o mundo, como por exemplo:</p>
<p>Bienal de Flamenco, Mon de Marsan.</p>
<p>Festival Corral del Carbón em Granada; Alburque, Argeles-sur-Mer e Monterrey (México).</p>
<p>Festival Flamenco Bajo el Sol em Miami.</p>
<p>Festival de Jerez, Andalucía Flamenca, Málaga en Flamenco, Montpellier Danse.</p>
<p>Festival Internacional de Granada.</p>
<p>Festival Flamenco (EUA).</p>
<p>Bienal de Flamenco na Holanda.</p>
<p>Festival Flamenco em Nimes, França.</p>
<p>Festival da Primavera no Cairo ou Beirute.</p>
<p>Festival Flamenc Empiric in El Mercat de les Flors, Barcelona.</p>
<p>Mira/Los zapatos rojos de Israel Galván.</p>
<p>La Metamorfosis (2000), Galvánicas (2002), com o violonista Gerardo Núñez e Dos Hermanos (2004).</p>
<p>Identidades no Teatro Maestranza em Sevilha, dirigido por Antonio Canales.</p>
<p>Moratana, na Torre de Don Fadrique em Sevilha, dirigida por Rubén Olmo, organizada pela Bienal de Flamenco de Sevilha 2015.</p>
<p>&#8220;Mírame&#8221;, uma revisão dos últimos dez anos de sua atividade na dança em 2016.</p>
<p>&#8220;La edad de oro&#8221;, um renascimento do espetáculo de Israël Galván interpretado por Pastora, no qual ela volta à própria essência do flamenco: dança, canto e violão.</p>
<p>La Máquina de Bulerías na Fundación Caja Sol em Sevilha, 2019. Pastora Galván sobe ao palco acompanhada por José Valencia, artista convidado, ao ritmo de &#8220;Botote&#8221;. Dirigido pelo bailarino Israel Galván.</p>

<!-- This site is optimized with the Yoast SEO plugin v27.4 - https://yoast.com/product/yoast-seo-wordpress/ -->
<title>Pastora Galván - Cardamomo Flamenco Madrid</title>
<meta name="robots" content="index, follow, max-snippet:-1, max-image-preview:large, max-video-preview:-1" />
<link rel="canonical" href="/" />
<meta property="og:locale" content="pt_PT" />
<meta property="og:type" content="article" />
<meta property="og:title" content="Pastora Galván - Cardamomo Flamenco Madrid" />
<meta property="og:description" content="Biografia Dançarina sevilhana, filha de José Galván e irmã de Israël Galván, de uma família de dançarinos de flamenco de diferentes estilos.  Em 1990 ela começou a estudar dança espanhola no Conservatório de Sevilha até 1998.  Aos 15 anos, ela viajou pela primeira vez para os Estados Unidos com uma trupe de flamenco em São..." />
<meta property="og:url" content="https://cardamomo.com/pt/artist/pastora-galvan/" />
<meta property="og:site_name" content="Cardamomo Flamenco Madrid" />
<meta property="article:modified_time" content="2025-03-12T10:32:22+00:00" />
<meta property="og:image" content="https://cardamomo.ams3.digitaloceanspaces.com/wp-content/uploads/2022/06/12103205/pastora-galvan.jpg" />
	<meta property="og:image:width" content="600" />
	<meta property="og:image:height" content="749" />
	<meta property="og:image:type" content="image/jpeg" />
<meta name="twitter:card" content="summary_large_image" />
<meta name="twitter:label1" content="Tempo estimado de leitura" />
	<meta name="twitter:data1" content="3 minutos" />
<script type="application/ld+json" class="yoast-schema-graph">{"@context":"https:\/\/schema.org","@graph":[{"@type":"WebPage","@id":"https:\/\/cardamomo.com\/pt\/artist\/pastora-galvan\/","url":"https:\/\/cardamomo.com\/pt\/artist\/pastora-galvan\/","name":"Pastora Galván - Cardamomo Flamenco Madrid","isPartOf":{"@id":"https:\/\/cardamomo.com\/pt\/#website"},"primaryImageOfPage":{"@id":"https:\/\/cardamomo.com\/pt\/artist\/pastora-galvan\/#primaryimage"},"image":{"@id":"https:\/\/cardamomo.com\/es\/artist\/pastora-galvan\/#primaryimage"},"thumbnailUrl":"https:\/\/cardamomo.ams3.digitaloceanspaces.com\/wp-content\/uploads\/2022\/06\/12103205\/pastora-galvan.jpg","datePublished":"2022-06-17T16:41:41+00:00","dateModified":"2025-03-12T10:32:22+00:00","breadcrumb":{"@id":"https:\/\/cardamomo.com\/pt\/artist\/pastora-galvan\/#breadcrumb"},"inLanguage":"pt-PT","potentialAction":[{"@type":"ReadAction","target":[["https:\/\/cardamomo.com\/pt\/artist\/pastora-galvan\/"]]}]},{"@type":"ImageObject","inLanguage":"pt-PT","@id":"https:\/\/cardamomo.com\/pt\/artist\/pastora-galvan\/#primaryimage","url":"https:\/\/cardamomo.ams3.digitaloceanspaces.com\/wp-content\/uploads\/2022\/06\/12103205\/pastora-galvan.jpg","contentUrl":"https:\/\/cardamomo.ams3.digitaloceanspaces.com\/wp-content\/uploads\/2022\/06\/12103205\/pastora-galvan.jpg","width":600,"height":749,"caption":"Bailaora Pastora Galván"},{"@type":"BreadcrumbList","@id":"https:\/\/cardamomo.com\/pt\/artist\/pastora-galvan\/#breadcrumb","itemListElement":[{"@type":"ListItem","position":1,"name":"Cardamomo","item":"https:\/\/cardamomo.com\/pt\/"},{"@type":"ListItem","position":2,"name":"Artists","item":"https:\/\/cardamomo.com\/pt\/artist\/"},{"@type":"ListItem","position":3,"name":"Pastora Galván"}]},{"@type":"WebSite","@id":"https:\/\/cardamomo.com\/pt\/#website","url":"https:\/\/cardamomo.com\/pt\/","name":"Cardamomo Flamenco Madrid","description":"","potentialAction":[{"@type":"SearchAction","target":{"@type":"EntryPoint","urlTemplate":"https:\/\/cardamomo.com\/pt\/?s={search_term_string}"},"query-input":{"@type":"PropertyValueSpecification","valueRequired":true,"valueName":"search_term_string"}}],"inLanguage":"pt-PT"}]}</script>
<!-- / Yoast SEO plugin. -->

Pastora Galván - Cardamomo Flamenco Madrid

Biografia Dançarina sevilhana, filha de José Galván e irmã de Israël Galván, de uma família de dançarinos de flamenco de diferentes estilos.  Em 1990 ela começou a estudar dança espanhola no Conservatório de Sevilha até 1998.  Aos 15 anos, ela viajou pela primeira vez para os Estados Unidos com uma trupe de flamenco em São...

Bailaora Pastora Galván
