{"id":100582,"date":"2022-05-24T19:45:23","date_gmt":"2022-05-24T17:45:23","guid":{"rendered":"https:\/\/cardamomo.com\/es\/?post_type=artist&#038;p=100582"},"modified":"2025-03-18T15:28:19","modified_gmt":"2025-03-18T15:28:19","slug":"nazaret-reyes","status":"publish","type":"artist","link":"https:\/\/cardamomo.com\/pt\/artist\/nazaret-reyes\/","title":{"rendered":"Nazaret Reyes (Sevilla)"},"content":{"rendered":"<p><\/p>\n<h4>Biografia<\/h4>\n<p>Nascida num ambiente de flamenco, Nazaret seguiu o jogo da sua m\u00e3e para se tornar uma bailarina profissional. Aos cinco anos, come\u00e7ou a participar nos espect\u00e1culos em que a sua m\u00e3e dan\u00e7ava na parte &#8220;Fin de Fiesta&#8221;. Aos dez anos de idade, participou na Bienal de Flamenco de Sevilha com o espect\u00e1culo de Carmen Amaya, &#8220;Evocaciones&#8221;, interpretando Carmen ao lado da sua m\u00e3e, Juana Amaya, Rafael Amargo, e outros grandes artistas. Ap\u00f3s uma longa carreira e digress\u00f5es por todo o mundo, \u00e9 actualmente professora na academia de dan\u00e7a Juana Amaya e Crist\u00f3bal Reyes, em Sevilha.<\/p>\n<h4>Festivais e teatros<\/h4>\n<p>Festival de Flamenco no Novo M\u00e9xico (Alburquerque).<br \/>\nMont de Marsan (Fran\u00e7a).<br \/>\nCartaz no Festival de Jerez.<br \/>\nFestival Carmen Amaya, Teatro Coliseo em Barcelona.<br \/>\nBarclay Theatre em Irvine, Calif\u00f3rnia.<br \/>\nFlamenco Viene del Sur no Teatro Central em Sevilha.<br \/>\nFlamenco Joven no Teatro Conde Duque em Madrid.<br \/>\nFlamenco de Sevilla 2018 para &#8220;Gitanas&#8221; no Teatro Maestranza com a sua m\u00e3e Juana Amaya, Juana la del Pipa e Remedios Amaya.<br \/>\nFestival Flamenco Gitano 2019 em S\u00e3o Francisco, EUA.<\/p>\n<p>Nazaret faz parte da nova &#8220;Era Flamenca&#8221; como uma grande revela\u00e7\u00e3o e ess\u00eancia da arte flamenca que \u00e9 claramente vista no momento da sua dan\u00e7a.<\/p>\n<p>&nbsp;<\/p>","protected":false},"featured_media":157201,"template":"","meta":{"_acf_changed":false,"inline_featured_image":false},"class_list":["post-100582","artist","type-artist","status-publish","has-post-thumbnail","hentry"],"acf":[],"yoast_head":"<!-- This site is optimized with the Yoast SEO plugin v27.4 - https:\/\/yoast.com\/product\/yoast-seo-wordpress\/ -->\n<title>Nazaret Reyes (Sevilla) - Cardamomo Flamenco Madrid<\/title>\n<meta name=\"robots\" content=\"index, follow, max-snippet:-1, max-image-preview:large, max-video-preview:-1\" \/>\n<link rel=\"canonical\" href=\"\/\" \/>\n<meta property=\"og:locale\" content=\"pt_PT\" \/>\n<meta property=\"og:type\" content=\"article\" \/>\n<meta property=\"og:title\" content=\"Nazaret Reyes (Sevilla) - Cardamomo Flamenco Madrid\" \/>\n<meta property=\"og:description\" content=\"Biografia Nascida num ambiente de flamenco, Nazaret seguiu o jogo da sua m\u00e3e para se tornar uma bailarina profissional. Aos cinco anos, come\u00e7ou a participar nos espect\u00e1culos em que a sua m\u00e3e dan\u00e7ava na parte &#8220;Fin de Fiesta&#8221;. Aos dez anos de idade, participou na Bienal de Flamenco de Sevilha com o espect\u00e1culo de Carmen...\" \/>\n<meta property=\"og:url\" content=\"https:\/\/cardamomo.com\/pt\/artist\/nazaret-reyez\/\" \/>\n<meta property=\"og:site_name\" content=\"Cardamomo Flamenco Madrid\" \/>\n<meta property=\"article:modified_time\" content=\"2025-03-18T15:28:19+00:00\" \/>\n<meta property=\"og:image\" content=\"https:\/\/cardamomo.ams3.digitaloceanspaces.com\/wp-content\/uploads\/2022\/05\/18152745\/nazaret-reyes.jpg\" \/>\n\t<meta property=\"og:image:width\" content=\"600\" \/>\n\t<meta property=\"og:image:height\" content=\"750\" \/>\n\t<meta property=\"og:image:type\" content=\"image\/jpeg\" \/>\n<meta name=\"twitter:card\" content=\"summary_large_image\" \/>\n<meta name=\"twitter:label1\" content=\"Tempo estimado de leitura\" \/>\n\t<meta name=\"twitter:data1\" content=\"2 minutos\" \/>\n<script type=\"application\/ld+json\" class=\"yoast-schema-graph\">{\"@context\":\"https:\\\/\\\/schema.org\",\"@graph\":[{\"@type\":\"WebPage\",\"@id\":\"https:\\\/\\\/cardamomo.com\\\/pt\\\/artist\\\/nazaret-reyez\\\/\",\"url\":\"https:\\\/\\\/cardamomo.com\\\/pt\\\/artist\\\/nazaret-reyez\\\/\",\"name\":\"Nazaret Reyes (Sevilla) - Cardamomo Flamenco Madrid\",\"isPartOf\":{\"@id\":\"https:\\\/\\\/cardamomo.com\\\/pt\\\/#website\"},\"primaryImageOfPage\":{\"@id\":\"https:\\\/\\\/cardamomo.com\\\/pt\\\/artist\\\/nazaret-reyez\\\/#primaryimage\"},\"image\":{\"@id\":\"https:\\\/\\\/cardamomo.com\\\/es\\\/artist\\\/nazaret-reyez\\\/#primaryimage\"},\"thumbnailUrl\":\"https:\\\/\\\/cardamomo.ams3.digitaloceanspaces.com\\\/wp-content\\\/uploads\\\/2022\\\/05\\\/18152745\\\/nazaret-reyes.jpg\",\"datePublished\":\"2022-05-24T17:45:23+00:00\",\"dateModified\":\"2025-03-18T15:28:19+00:00\",\"breadcrumb\":{\"@id\":\"https:\\\/\\\/cardamomo.com\\\/pt\\\/artist\\\/nazaret-reyez\\\/#breadcrumb\"},\"inLanguage\":\"pt-PT\",\"potentialAction\":[{\"@type\":\"ReadAction\",\"target\":[[\"https:\\\/\\\/cardamomo.com\\\/pt\\\/artist\\\/nazaret-reyez\\\/\"]]}]},{\"@type\":\"ImageObject\",\"inLanguage\":\"pt-PT\",\"@id\":\"https:\\\/\\\/cardamomo.com\\\/pt\\\/artist\\\/nazaret-reyez\\\/#primaryimage\",\"url\":\"https:\\\/\\\/cardamomo.ams3.digitaloceanspaces.com\\\/wp-content\\\/uploads\\\/2022\\\/05\\\/18152745\\\/nazaret-reyes.jpg\",\"contentUrl\":\"https:\\\/\\\/cardamomo.ams3.digitaloceanspaces.com\\\/wp-content\\\/uploads\\\/2022\\\/05\\\/18152745\\\/nazaret-reyes.jpg\",\"width\":600,\"height\":750,\"caption\":\"Bailaora Nazaret Reyes\"},{\"@type\":\"BreadcrumbList\",\"@id\":\"https:\\\/\\\/cardamomo.com\\\/pt\\\/artist\\\/nazaret-reyez\\\/#breadcrumb\",\"itemListElement\":[{\"@type\":\"ListItem\",\"position\":1,\"name\":\"Cardamomo\",\"item\":\"https:\\\/\\\/cardamomo.com\\\/pt\\\/\"},{\"@type\":\"ListItem\",\"position\":2,\"name\":\"Artists\",\"item\":\"https:\\\/\\\/cardamomo.com\\\/pt\\\/artist\\\/\"},{\"@type\":\"ListItem\",\"position\":3,\"name\":\"Nazaret Reyes (Sevilla)\"}]},{\"@type\":\"WebSite\",\"@id\":\"https:\\\/\\\/cardamomo.com\\\/pt\\\/#website\",\"url\":\"https:\\\/\\\/cardamomo.com\\\/pt\\\/\",\"name\":\"Cardamomo Flamenco Madrid\",\"description\":\"\",\"potentialAction\":[{\"@type\":\"SearchAction\",\"target\":{\"@type\":\"EntryPoint\",\"urlTemplate\":\"https:\\\/\\\/cardamomo.com\\\/pt\\\/?s={search_term_string}\"},\"query-input\":{\"@type\":\"PropertyValueSpecification\",\"valueRequired\":true,\"valueName\":\"search_term_string\"}}],\"inLanguage\":\"pt-PT\"}]}<\/script>\n<!-- \/ Yoast SEO plugin. -->","yoast_head_json":{"title":"Nazaret Reyes (Sevilla) - Cardamomo Flamenco Madrid","robots":{"index":"index","follow":"follow","max-snippet":"max-snippet:-1","max-image-preview":"max-image-preview:large","max-video-preview":"max-video-preview:-1"},"canonical":"\/","og_locale":"pt_PT","og_type":"article","og_title":"Nazaret Reyes (Sevilla) - Cardamomo Flamenco Madrid","og_description":"Biografia Nascida num ambiente de flamenco, Nazaret seguiu o jogo da sua m\u00e3e para se tornar uma bailarina profissional. Aos cinco anos, come\u00e7ou a participar nos espect\u00e1culos em que a sua m\u00e3e dan\u00e7ava na parte &#8220;Fin de Fiesta&#8221;. Aos dez anos de idade, participou na Bienal de Flamenco de Sevilha com o espect\u00e1culo de Carmen...","og_url":"https:\/\/cardamomo.com\/pt\/artist\/nazaret-reyez\/","og_site_name":"Cardamomo Flamenco Madrid","article_modified_time":"2025-03-18T15:28:19+00:00","og_image":[{"width":600,"height":750,"url":"https:\/\/cardamomo.ams3.digitaloceanspaces.com\/wp-content\/uploads\/2022\/05\/18152745\/nazaret-reyes.jpg","type":"image\/jpeg"}],"twitter_card":"summary_large_image","twitter_misc":{"Tempo estimado de leitura":"2 minutos"},"schema":{"@context":"https:\/\/schema.org","@graph":[{"@type":"WebPage","@id":"https:\/\/cardamomo.com\/pt\/artist\/nazaret-reyez\/","url":"https:\/\/cardamomo.com\/pt\/artist\/nazaret-reyez\/","name":"Nazaret Reyes (Sevilla) - Cardamomo Flamenco Madrid","isPartOf":{"@id":"https:\/\/cardamomo.com\/pt\/#website"},"primaryImageOfPage":{"@id":"https:\/\/cardamomo.com\/pt\/artist\/nazaret-reyez\/#primaryimage"},"image":{"@id":"https:\/\/cardamomo.com\/es\/artist\/nazaret-reyez\/#primaryimage"},"thumbnailUrl":"https:\/\/cardamomo.ams3.digitaloceanspaces.com\/wp-content\/uploads\/2022\/05\/18152745\/nazaret-reyes.jpg","datePublished":"2022-05-24T17:45:23+00:00","dateModified":"2025-03-18T15:28:19+00:00","breadcrumb":{"@id":"https:\/\/cardamomo.com\/pt\/artist\/nazaret-reyez\/#breadcrumb"},"inLanguage":"pt-PT","potentialAction":[{"@type":"ReadAction","target":[["https:\/\/cardamomo.com\/pt\/artist\/nazaret-reyez\/"]]}]},{"@type":"ImageObject","inLanguage":"pt-PT","@id":"https:\/\/cardamomo.com\/pt\/artist\/nazaret-reyez\/#primaryimage","url":"https:\/\/cardamomo.ams3.digitaloceanspaces.com\/wp-content\/uploads\/2022\/05\/18152745\/nazaret-reyes.jpg","contentUrl":"https:\/\/cardamomo.ams3.digitaloceanspaces.com\/wp-content\/uploads\/2022\/05\/18152745\/nazaret-reyes.jpg","width":600,"height":750,"caption":"Bailaora Nazaret Reyes"},{"@type":"BreadcrumbList","@id":"https:\/\/cardamomo.com\/pt\/artist\/nazaret-reyez\/#breadcrumb","itemListElement":[{"@type":"ListItem","position":1,"name":"Cardamomo","item":"https:\/\/cardamomo.com\/pt\/"},{"@type":"ListItem","position":2,"name":"Artists","item":"https:\/\/cardamomo.com\/pt\/artist\/"},{"@type":"ListItem","position":3,"name":"Nazaret Reyes (Sevilla)"}]},{"@type":"WebSite","@id":"https:\/\/cardamomo.com\/pt\/#website","url":"https:\/\/cardamomo.com\/pt\/","name":"Cardamomo Flamenco Madrid","description":"","potentialAction":[{"@type":"SearchAction","target":{"@type":"EntryPoint","urlTemplate":"https:\/\/cardamomo.com\/pt\/?s={search_term_string}"},"query-input":{"@type":"PropertyValueSpecification","valueRequired":true,"valueName":"search_term_string"}}],"inLanguage":"pt-PT"}]}},"_links":{"self":[{"href":"https:\/\/cardamomo.com\/pt\/wp-json\/wp\/v2\/artist\/100582","targetHints":{"allow":["GET"]}}],"collection":[{"href":"https:\/\/cardamomo.com\/pt\/wp-json\/wp\/v2\/artist"}],"about":[{"href":"https:\/\/cardamomo.com\/pt\/wp-json\/wp\/v2\/types\/artist"}],"wp:featuredmedia":[{"embeddable":true,"href":"https:\/\/cardamomo.com\/pt\/wp-json\/wp\/v2\/media\/157201"}],"wp:attachment":[{"href":"https:\/\/cardamomo.com\/pt\/wp-json\/wp\/v2\/media?parent=100582"}],"curies":[{"name":"wp","href":"https:\/\/api.w.org\/{rel}","templated":true}]}}

<p></p>
<h4>Biografia</h4>
<p>Nascida num ambiente de flamenco, Nazaret seguiu o jogo da sua mãe para se tornar uma bailarina profissional. Aos cinco anos, começou a participar nos espectáculos em que a sua mãe dançava na parte &#8220;Fin de Fiesta&#8221;. Aos dez anos de idade, participou na Bienal de Flamenco de Sevilha com o espectáculo de Carmen Amaya, &#8220;Evocaciones&#8221;, interpretando Carmen ao lado da sua mãe, Juana Amaya, Rafael Amargo, e outros grandes artistas. Após uma longa carreira e digressões por todo o mundo, é actualmente professora na academia de dança Juana Amaya e Cristóbal Reyes, em Sevilha.</p>
<h4>Festivais e teatros</h4>
<p>Festival de Flamenco no Novo México (Alburquerque).<br />
Mont de Marsan (França).<br />
Cartaz no Festival de Jerez.<br />
Festival Carmen Amaya, Teatro Coliseo em Barcelona.<br />
Barclay Theatre em Irvine, Califórnia.<br />
Flamenco Viene del Sur no Teatro Central em Sevilha.<br />
Flamenco Joven no Teatro Conde Duque em Madrid.<br />
Flamenco de Sevilla 2018 para &#8220;Gitanas&#8221; no Teatro Maestranza com a sua mãe Juana Amaya, Juana la del Pipa e Remedios Amaya.<br />
Festival Flamenco Gitano 2019 em São Francisco, EUA.</p>
<p>Nazaret faz parte da nova &#8220;Era Flamenca&#8221; como uma grande revelação e essência da arte flamenca que é claramente vista no momento da sua dança.</p>
<p>&nbsp;</p>

<!-- This site is optimized with the Yoast SEO plugin v27.4 - https://yoast.com/product/yoast-seo-wordpress/ -->
<title>Nazaret Reyes (Sevilla) - Cardamomo Flamenco Madrid</title>
<meta name="robots" content="index, follow, max-snippet:-1, max-image-preview:large, max-video-preview:-1" />
<link rel="canonical" href="/" />
<meta property="og:locale" content="pt_PT" />
<meta property="og:type" content="article" />
<meta property="og:title" content="Nazaret Reyes (Sevilla) - Cardamomo Flamenco Madrid" />
<meta property="og:description" content="Biografia Nascida num ambiente de flamenco, Nazaret seguiu o jogo da sua mãe para se tornar uma bailarina profissional. Aos cinco anos, começou a participar nos espectáculos em que a sua mãe dançava na parte &#8220;Fin de Fiesta&#8221;. Aos dez anos de idade, participou na Bienal de Flamenco de Sevilha com o espectáculo de Carmen..." />
<meta property="og:url" content="https://cardamomo.com/pt/artist/nazaret-reyez/" />
<meta property="og:site_name" content="Cardamomo Flamenco Madrid" />
<meta property="article:modified_time" content="2025-03-18T15:28:19+00:00" />
<meta property="og:image" content="https://cardamomo.ams3.digitaloceanspaces.com/wp-content/uploads/2022/05/18152745/nazaret-reyes.jpg" />
	<meta property="og:image:width" content="600" />
	<meta property="og:image:height" content="750" />
	<meta property="og:image:type" content="image/jpeg" />
<meta name="twitter:card" content="summary_large_image" />
<meta name="twitter:label1" content="Tempo estimado de leitura" />
	<meta name="twitter:data1" content="2 minutos" />
<script type="application/ld+json" class="yoast-schema-graph">{"@context":"https:\/\/schema.org","@graph":[{"@type":"WebPage","@id":"https:\/\/cardamomo.com\/pt\/artist\/nazaret-reyez\/","url":"https:\/\/cardamomo.com\/pt\/artist\/nazaret-reyez\/","name":"Nazaret Reyes (Sevilla) - Cardamomo Flamenco Madrid","isPartOf":{"@id":"https:\/\/cardamomo.com\/pt\/#website"},"primaryImageOfPage":{"@id":"https:\/\/cardamomo.com\/pt\/artist\/nazaret-reyez\/#primaryimage"},"image":{"@id":"https:\/\/cardamomo.com\/es\/artist\/nazaret-reyez\/#primaryimage"},"thumbnailUrl":"https:\/\/cardamomo.ams3.digitaloceanspaces.com\/wp-content\/uploads\/2022\/05\/18152745\/nazaret-reyes.jpg","datePublished":"2022-05-24T17:45:23+00:00","dateModified":"2025-03-18T15:28:19+00:00","breadcrumb":{"@id":"https:\/\/cardamomo.com\/pt\/artist\/nazaret-reyez\/#breadcrumb"},"inLanguage":"pt-PT","potentialAction":[{"@type":"ReadAction","target":[["https:\/\/cardamomo.com\/pt\/artist\/nazaret-reyez\/"]]}]},{"@type":"ImageObject","inLanguage":"pt-PT","@id":"https:\/\/cardamomo.com\/pt\/artist\/nazaret-reyez\/#primaryimage","url":"https:\/\/cardamomo.ams3.digitaloceanspaces.com\/wp-content\/uploads\/2022\/05\/18152745\/nazaret-reyes.jpg","contentUrl":"https:\/\/cardamomo.ams3.digitaloceanspaces.com\/wp-content\/uploads\/2022\/05\/18152745\/nazaret-reyes.jpg","width":600,"height":750,"caption":"Bailaora Nazaret Reyes"},{"@type":"BreadcrumbList","@id":"https:\/\/cardamomo.com\/pt\/artist\/nazaret-reyez\/#breadcrumb","itemListElement":[{"@type":"ListItem","position":1,"name":"Cardamomo","item":"https:\/\/cardamomo.com\/pt\/"},{"@type":"ListItem","position":2,"name":"Artists","item":"https:\/\/cardamomo.com\/pt\/artist\/"},{"@type":"ListItem","position":3,"name":"Nazaret Reyes (Sevilla)"}]},{"@type":"WebSite","@id":"https:\/\/cardamomo.com\/pt\/#website","url":"https:\/\/cardamomo.com\/pt\/","name":"Cardamomo Flamenco Madrid","description":"","potentialAction":[{"@type":"SearchAction","target":{"@type":"EntryPoint","urlTemplate":"https:\/\/cardamomo.com\/pt\/?s={search_term_string}"},"query-input":{"@type":"PropertyValueSpecification","valueRequired":true,"valueName":"search_term_string"}}],"inLanguage":"pt-PT"}]}</script>
<!-- / Yoast SEO plugin. -->

Biografia Nascida num ambiente de flamenco, Nazaret seguiu o jogo da sua mãe para se tornar uma bailarina profissional. Aos cinco anos, começou a participar nos espectáculos em que a sua mãe dançava na parte &#8220;Fin de Fiesta&#8221;. Aos dez anos de idade, participou na Bienal de Flamenco de Sevilha com o espectáculo de Carmen...
