{"id":156826,"date":"2025-01-31T14:21:52","date_gmt":"2025-01-31T14:21:52","guid":{"rendered":"https:\/\/pro.cardamomo.com\/es\/?post_type=show&#038;p=156826"},"modified":"2025-04-21T09:11:55","modified_gmt":"2025-04-21T09:11:55","slug":"la-fuerza-del-flamenco-sobre-el-tablao","status":"publish","type":"show","link":"https:\/\/cardamomo.com\/ja\/show\/la-fuerza-del-flamenco-sobre-el-tablao\/","title":{"rendered":"\u30bf\u30d6\u30e9\u30aa\u306b\u97ff\u304f\u30d5\u30e9\u30e1\u30f3\u30b3\u306e\u529b\u5f37\u3055"},"content":{"rendered":"<p><\/p>\n<p class=\"\" data-start=\"5203\" data-end=\"5306\">\u6bce\u6669\u3001\u30bf\u30d6\u30e9\u30aa\u306f\u547d\u3092\u5439\u304d\u8fbc\u307e\u308c\u305f\u3088\u3046\u306b\u8e8d\u52d5\u3057\u3001\u97f3\u697d\u3001\u6b4c\u3001\u305d\u3057\u3066\u8e0a\u308a\u304c\u3072\u3068\u3064\u306e\u9f13\u52d5\u3068\u306a\u3063\u3066\u878d\u5408\u3057\u307e\u3059\u30021\u65e54\u56de\u306e\u516c\u6f14\u304c\u884c\u308f\u308c\u3001\u53e4\u304f\u304b\u3089\u53d7\u3051\u7d99\u304c\u308c\u308b\u3053\u306e\u82b8\u8853\u306e\u4f1d\u7d71\u3068\u60c5\u71b1\u3092\u30011\u3064\u3072\u3068\u3064\u306e\u97f3\u3068\u52d5\u304d\u304b\u3089\u4f53\u611f\u3067\u304d\u307e\u3059\u3002<\/p>\n<p class=\"\" data-start=\"5308\" data-end=\"5422\">\u30ae\u30bf\u30fc\u306e\u97f3\u304c\u30ea\u30ba\u30e0\u3092\u523b\u307f\u3001\u9b42\u306e\u3053\u3082\u3063\u305f\u6b4c\u58f0\u304c\u6df1\u304f\u611f\u52d5\u7684\u306a\u7269\u8a9e\u3092\u8a9e\u308a\u307e\u3059\u3002\u30a2\u30fc\u30c6\u30a3\u30b9\u30c8\u305f\u3061\u306f\u5168\u8eab\u5168\u970a\u3067\u821e\u53f0\u306b\u7acb\u3061\u3001\u4f1a\u5834\u3092\u5305\u307f\u8fbc\u3080\u3088\u3046\u306a\u71b1\u6c17\u3092\u751f\u307f\u51fa\u3057\u3001\u89b3\u308b\u8005\u3059\u3079\u3066\u3092\u5dfb\u304d\u8fbc\u307f\u306a\u304c\u3089\u3001\u3072\u3068\u3064\u3068\u3057\u3066\u540c\u3058\u3067\u306a\u3044\u552f\u4e00\u7121\u4e8c\u306e\u4f53\u9a13\u3092\u63d0\u4f9b\u3057\u307e\u3059\u3002<\/p>\n<p class=\"\" data-start=\"5424\" data-end=\"5499\">\u30de\u30c9\u30ea\u30fc\u30c9\u3067\u5fc3\u3092\u63fa\u3055\u3076\u308b\u30d5\u30e9\u30e1\u30f3\u30b3\u30b7\u30e7\u30fc\u3092\u304a\u63a2\u3057\u306a\u3089\u3001\u307e\u3055\u306b\u4eca\u304c\u305d\u306e\u6642\u3067\u3059\u3002\u7d14\u7c8b\u306a\u82b8\u8853\u306e\u529b\u3092\u611f\u3058\u3001\u6700\u521d\u306e\u4e00\u62cd\u304b\u3089\u30d5\u30e9\u30e1\u30f3\u30b3\u306e\u9b54\u6cd5\u306b\u9b45\u4e86\u3055\u308c\u3066\u304f\u3060\u3055\u3044\u3002<\/p>\n<p><\/p>","protected":false},"featured_media":157309,"template":"","meta":{"_acf_changed":false,"inline_featured_image":false},"class_list":["post-156826","show","type-show","status-publish","has-post-thumbnail","hentry"],"acf":[],"yoast_head":"<!-- This site is optimized with the Yoast SEO plugin v27.4 - https:\/\/yoast.com\/product\/yoast-seo-wordpress\/ -->\n<title>\u30bf\u30d6\u30e9\u30aa\u306b\u97ff\u304f\u30d5\u30e9\u30e1\u30f3\u30b3\u306e\u529b\u5f37\u3055 - Cardamomo Flamenco Madrid<\/title>\n<meta name=\"description\" content=\"Vive la fuerza del flamenco m\u00e1s aut\u00e9ntico en Cardamomo. Cuatro pases diarios con artistas de primer nivel en el coraz\u00f3n de Madrid.\" \/>\n<meta name=\"robots\" content=\"index, follow, max-snippet:-1, max-image-preview:large, max-video-preview:-1\" \/>\n<link rel=\"canonical\" href=\"\/\" \/>\n<meta property=\"og:locale\" content=\"ja_JP\" \/>\n<meta property=\"og:type\" content=\"article\" \/>\n<meta property=\"og:title\" content=\"\u30bf\u30d6\u30e9\u30aa\u306b\u97ff\u304f\u30d5\u30e9\u30e1\u30f3\u30b3\u306e\u529b\u5f37\u3055 - Cardamomo Flamenco Madrid\" \/>\n<meta property=\"og:description\" content=\"Vive la fuerza del flamenco m\u00e1s aut\u00e9ntico en Cardamomo. Cuatro pases diarios con artistas de primer nivel en el coraz\u00f3n de Madrid.\" \/>\n<meta property=\"og:url\" content=\"https:\/\/cardamomo.com\/ja\/show\/la-fuerza-del-flamenco-sobre-el-tablao\/\" \/>\n<meta property=\"og:site_name\" content=\"Cardamomo Flamenco Madrid\" \/>\n<meta property=\"article:modified_time\" content=\"2025-04-21T09:11:55+00:00\" \/>\n<meta property=\"og:image\" content=\"https:\/\/cardamomo.ams3.digitaloceanspaces.com\/wp-content\/uploads\/2025\/01\/08141249\/programacion-semanal-cardamomo-1.png\" \/>\n\t<meta property=\"og:image:width\" content=\"1800\" \/>\n\t<meta property=\"og:image:height\" content=\"1200\" \/>\n\t<meta property=\"og:image:type\" content=\"image\/png\" \/>\n<meta name=\"twitter:card\" content=\"summary_large_image\" \/>\n<meta name=\"twitter:label1\" content=\"\u63a8\u5b9a\u8aad\u307f\u53d6\u308a\u6642\u9593\" \/>\n\t<meta name=\"twitter:data1\" content=\"1\u5206\" \/>\n<script type=\"application\/ld+json\" class=\"yoast-schema-graph\">{\"@context\":\"https:\\\/\\\/schema.org\",\"@graph\":[{\"@type\":\"WebPage\",\"@id\":\"https:\\\/\\\/cardamomo.com\\\/ja\\\/show\\\/la-fuerza-del-flamenco-sobre-el-tablao\\\/\",\"url\":\"https:\\\/\\\/cardamomo.com\\\/ja\\\/show\\\/la-fuerza-del-flamenco-sobre-el-tablao\\\/\",\"name\":\"\u30bf\u30d6\u30e9\u30aa\u306b\u97ff\u304f\u30d5\u30e9\u30e1\u30f3\u30b3\u306e\u529b\u5f37\u3055 - Cardamomo Flamenco Madrid\",\"isPartOf\":{\"@id\":\"https:\\\/\\\/cardamomo.com\\\/ja\\\/#website\"},\"primaryImageOfPage\":{\"@id\":\"https:\\\/\\\/cardamomo.com\\\/ja\\\/show\\\/la-fuerza-del-flamenco-sobre-el-tablao\\\/#primaryimage\"},\"image\":{\"@id\":\"https:\\\/\\\/cardamomo.com\\\/es\\\/show\\\/la-fuerza-del-flamenco-sobre-el-tablao\\\/#primaryimage\"},\"thumbnailUrl\":\"https:\\\/\\\/cardamomo.ams3.digitaloceanspaces.com\\\/wp-content\\\/uploads\\\/2025\\\/01\\\/08141249\\\/programacion-semanal-cardamomo-1.png\",\"datePublished\":\"2025-01-31T14:21:52+00:00\",\"dateModified\":\"2025-04-21T09:11:55+00:00\",\"description\":\"Vive la fuerza del flamenco m\u00e1s aut\u00e9ntico en Cardamomo. Cuatro pases diarios con artistas de primer nivel en el coraz\u00f3n de Madrid.\",\"breadcrumb\":{\"@id\":\"https:\\\/\\\/cardamomo.com\\\/ja\\\/show\\\/la-fuerza-del-flamenco-sobre-el-tablao\\\/#breadcrumb\"},\"inLanguage\":\"ja\",\"potentialAction\":[{\"@type\":\"ReadAction\",\"target\":[[\"https:\\\/\\\/cardamomo.com\\\/ja\\\/show\\\/la-fuerza-del-flamenco-sobre-el-tablao\\\/\"]]}]},{\"@type\":\"ImageObject\",\"inLanguage\":\"ja\",\"@id\":\"https:\\\/\\\/cardamomo.com\\\/ja\\\/show\\\/la-fuerza-del-flamenco-sobre-el-tablao\\\/#primaryimage\",\"url\":\"https:\\\/\\\/cardamomo.ams3.digitaloceanspaces.com\\\/wp-content\\\/uploads\\\/2025\\\/01\\\/08141249\\\/programacion-semanal-cardamomo-1.png\",\"contentUrl\":\"https:\\\/\\\/cardamomo.ams3.digitaloceanspaces.com\\\/wp-content\\\/uploads\\\/2025\\\/01\\\/08141249\\\/programacion-semanal-cardamomo-1.png\",\"width\":1800,\"height\":1200},{\"@type\":\"BreadcrumbList\",\"@id\":\"https:\\\/\\\/cardamomo.com\\\/ja\\\/show\\\/la-fuerza-del-flamenco-sobre-el-tablao\\\/#breadcrumb\",\"itemListElement\":[{\"@type\":\"ListItem\",\"position\":1,\"name\":\"Cardamomo\",\"item\":\"https:\\\/\\\/cardamomo.com\\\/ja\\\/\"},{\"@type\":\"ListItem\",\"position\":2,\"name\":\"Shows\",\"item\":\"https:\\\/\\\/cardamomo.com\\\/ja\\\/show\\\/\"},{\"@type\":\"ListItem\",\"position\":3,\"name\":\"La Fuerza del Flamenco sobre el tablao\"}]},{\"@type\":\"WebSite\",\"@id\":\"https:\\\/\\\/cardamomo.com\\\/ja\\\/#website\",\"url\":\"https:\\\/\\\/cardamomo.com\\\/ja\\\/\",\"name\":\"Cardamomo Flamenco Madrid\",\"description\":\"\",\"potentialAction\":[{\"@type\":\"SearchAction\",\"target\":{\"@type\":\"EntryPoint\",\"urlTemplate\":\"https:\\\/\\\/cardamomo.com\\\/ja\\\/?s={search_term_string}\"},\"query-input\":{\"@type\":\"PropertyValueSpecification\",\"valueRequired\":true,\"valueName\":\"search_term_string\"}}],\"inLanguage\":\"ja\"}]}<\/script>\n<!-- \/ Yoast SEO plugin. -->","yoast_head_json":{"title":"\u30bf\u30d6\u30e9\u30aa\u306b\u97ff\u304f\u30d5\u30e9\u30e1\u30f3\u30b3\u306e\u529b\u5f37\u3055 - Cardamomo Flamenco Madrid","description":"Vive la fuerza del flamenco m\u00e1s aut\u00e9ntico en Cardamomo. Cuatro pases diarios con artistas de primer nivel en el coraz\u00f3n de Madrid.","robots":{"index":"index","follow":"follow","max-snippet":"max-snippet:-1","max-image-preview":"max-image-preview:large","max-video-preview":"max-video-preview:-1"},"canonical":"\/","og_locale":"ja_JP","og_type":"article","og_title":"\u30bf\u30d6\u30e9\u30aa\u306b\u97ff\u304f\u30d5\u30e9\u30e1\u30f3\u30b3\u306e\u529b\u5f37\u3055 - Cardamomo Flamenco Madrid","og_description":"Vive la fuerza del flamenco m\u00e1s aut\u00e9ntico en Cardamomo. Cuatro pases diarios con artistas de primer nivel en el coraz\u00f3n de Madrid.","og_url":"https:\/\/cardamomo.com\/ja\/show\/la-fuerza-del-flamenco-sobre-el-tablao\/","og_site_name":"Cardamomo Flamenco Madrid","article_modified_time":"2025-04-21T09:11:55+00:00","og_image":[{"width":1800,"height":1200,"url":"https:\/\/cardamomo.ams3.digitaloceanspaces.com\/wp-content\/uploads\/2025\/01\/08141249\/programacion-semanal-cardamomo-1.png","type":"image\/png"}],"twitter_card":"summary_large_image","twitter_misc":{"\u63a8\u5b9a\u8aad\u307f\u53d6\u308a\u6642\u9593":"1\u5206"},"schema":{"@context":"https:\/\/schema.org","@graph":[{"@type":"WebPage","@id":"https:\/\/cardamomo.com\/ja\/show\/la-fuerza-del-flamenco-sobre-el-tablao\/","url":"https:\/\/cardamomo.com\/ja\/show\/la-fuerza-del-flamenco-sobre-el-tablao\/","name":"\u30bf\u30d6\u30e9\u30aa\u306b\u97ff\u304f\u30d5\u30e9\u30e1\u30f3\u30b3\u306e\u529b\u5f37\u3055 - Cardamomo Flamenco Madrid","isPartOf":{"@id":"https:\/\/cardamomo.com\/ja\/#website"},"primaryImageOfPage":{"@id":"https:\/\/cardamomo.com\/ja\/show\/la-fuerza-del-flamenco-sobre-el-tablao\/#primaryimage"},"image":{"@id":"https:\/\/cardamomo.com\/es\/show\/la-fuerza-del-flamenco-sobre-el-tablao\/#primaryimage"},"thumbnailUrl":"https:\/\/cardamomo.ams3.digitaloceanspaces.com\/wp-content\/uploads\/2025\/01\/08141249\/programacion-semanal-cardamomo-1.png","datePublished":"2025-01-31T14:21:52+00:00","dateModified":"2025-04-21T09:11:55+00:00","description":"Vive la fuerza del flamenco m\u00e1s aut\u00e9ntico en Cardamomo. Cuatro pases diarios con artistas de primer nivel en el coraz\u00f3n de Madrid.","breadcrumb":{"@id":"https:\/\/cardamomo.com\/ja\/show\/la-fuerza-del-flamenco-sobre-el-tablao\/#breadcrumb"},"inLanguage":"ja","potentialAction":[{"@type":"ReadAction","target":[["https:\/\/cardamomo.com\/ja\/show\/la-fuerza-del-flamenco-sobre-el-tablao\/"]]}]},{"@type":"ImageObject","inLanguage":"ja","@id":"https:\/\/cardamomo.com\/ja\/show\/la-fuerza-del-flamenco-sobre-el-tablao\/#primaryimage","url":"https:\/\/cardamomo.ams3.digitaloceanspaces.com\/wp-content\/uploads\/2025\/01\/08141249\/programacion-semanal-cardamomo-1.png","contentUrl":"https:\/\/cardamomo.ams3.digitaloceanspaces.com\/wp-content\/uploads\/2025\/01\/08141249\/programacion-semanal-cardamomo-1.png","width":1800,"height":1200},{"@type":"BreadcrumbList","@id":"https:\/\/cardamomo.com\/ja\/show\/la-fuerza-del-flamenco-sobre-el-tablao\/#breadcrumb","itemListElement":[{"@type":"ListItem","position":1,"name":"Cardamomo","item":"https:\/\/cardamomo.com\/ja\/"},{"@type":"ListItem","position":2,"name":"Shows","item":"https:\/\/cardamomo.com\/ja\/show\/"},{"@type":"ListItem","position":3,"name":"La Fuerza del Flamenco sobre el tablao"}]},{"@type":"WebSite","@id":"https:\/\/cardamomo.com\/ja\/#website","url":"https:\/\/cardamomo.com\/ja\/","name":"Cardamomo Flamenco Madrid","description":"","potentialAction":[{"@type":"SearchAction","target":{"@type":"EntryPoint","urlTemplate":"https:\/\/cardamomo.com\/ja\/?s={search_term_string}"},"query-input":{"@type":"PropertyValueSpecification","valueRequired":true,"valueName":"search_term_string"}}],"inLanguage":"ja"}]}},"_links":{"self":[{"href":"https:\/\/cardamomo.com\/ja\/wp-json\/wp\/v2\/show\/156826","targetHints":{"allow":["GET"]}}],"collection":[{"href":"https:\/\/cardamomo.com\/ja\/wp-json\/wp\/v2\/show"}],"about":[{"href":"https:\/\/cardamomo.com\/ja\/wp-json\/wp\/v2\/types\/show"}],"wp:featuredmedia":[{"embeddable":true,"href":"https:\/\/cardamomo.com\/ja\/wp-json\/wp\/v2\/media\/157309"}],"wp:attachment":[{"href":"https:\/\/cardamomo.com\/ja\/wp-json\/wp\/v2\/media?parent=156826"}],"curies":[{"name":"wp","href":"https:\/\/api.w.org\/{rel}","templated":true}]}}

タブラオに響くフラメンコの力強さ

<p></p>
<p class="" data-start="5203" data-end="5306">毎晩、タブラオは命を吹き込まれたように躍動し、音楽、歌、そして踊りがひとつの鼓動となって融合します。1日4回の公演が行われ、古くから受け継がれるこの芸術の伝統と情熱を、1つひとつの音と動きから体感できます。</p>
<p class="" data-start="5308" data-end="5422">ギターの音がリズムを刻み、魂のこもった歌声が深く感動的な物語を語ります。アーティストたちは全身全霊で舞台に立ち、会場を包み込むような熱気を生み出し、観る者すべてを巻き込みながら、ひとつとして同じでない唯一無二の体験を提供します。</p>
<p class="" data-start="5424" data-end="5499">マドリードで心を揺さぶるフラメンコショーをお探しなら、まさに今がその時です。純粋な芸術の力を感じ、最初の一拍からフラメンコの魔法に魅了されてください。</p>
<p></p>

<!-- This site is optimized with the Yoast SEO plugin v27.4 - https://yoast.com/product/yoast-seo-wordpress/ -->
<title>タブラオに響くフラメンコの力強さ - Cardamomo Flamenco Madrid</title>
<meta name="description" content="Vive la fuerza del flamenco más auténtico en Cardamomo. Cuatro pases diarios con artistas de primer nivel en el corazón de Madrid." />
<meta name="robots" content="index, follow, max-snippet:-1, max-image-preview:large, max-video-preview:-1" />
<link rel="canonical" href="/" />
<meta property="og:locale" content="ja_JP" />
<meta property="og:type" content="article" />
<meta property="og:title" content="タブラオに響くフラメンコの力強さ - Cardamomo Flamenco Madrid" />
<meta property="og:description" content="Vive la fuerza del flamenco más auténtico en Cardamomo. Cuatro pases diarios con artistas de primer nivel en el corazón de Madrid." />
<meta property="og:url" content="https://cardamomo.com/ja/show/la-fuerza-del-flamenco-sobre-el-tablao/" />
<meta property="og:site_name" content="Cardamomo Flamenco Madrid" />
<meta property="article:modified_time" content="2025-04-21T09:11:55+00:00" />
<meta property="og:image" content="https://cardamomo.ams3.digitaloceanspaces.com/wp-content/uploads/2025/01/08141249/programacion-semanal-cardamomo-1.png" />
	<meta property="og:image:width" content="1800" />
	<meta property="og:image:height" content="1200" />
	<meta property="og:image:type" content="image/png" />
<meta name="twitter:card" content="summary_large_image" />
<meta name="twitter:label1" content="推定読み取り時間" />
	<meta name="twitter:data1" content="1分" />
<script type="application/ld+json" class="yoast-schema-graph">{"@context":"https:\/\/schema.org","@graph":[{"@type":"WebPage","@id":"https:\/\/cardamomo.com\/ja\/show\/la-fuerza-del-flamenco-sobre-el-tablao\/","url":"https:\/\/cardamomo.com\/ja\/show\/la-fuerza-del-flamenco-sobre-el-tablao\/","name":"タブラオに響くフラメンコの力強さ - Cardamomo Flamenco Madrid","isPartOf":{"@id":"https:\/\/cardamomo.com\/ja\/#website"},"primaryImageOfPage":{"@id":"https:\/\/cardamomo.com\/ja\/show\/la-fuerza-del-flamenco-sobre-el-tablao\/#primaryimage"},"image":{"@id":"https:\/\/cardamomo.com\/es\/show\/la-fuerza-del-flamenco-sobre-el-tablao\/#primaryimage"},"thumbnailUrl":"https:\/\/cardamomo.ams3.digitaloceanspaces.com\/wp-content\/uploads\/2025\/01\/08141249\/programacion-semanal-cardamomo-1.png","datePublished":"2025-01-31T14:21:52+00:00","dateModified":"2025-04-21T09:11:55+00:00","description":"Vive la fuerza del flamenco más auténtico en Cardamomo. Cuatro pases diarios con artistas de primer nivel en el corazón de Madrid.","breadcrumb":{"@id":"https:\/\/cardamomo.com\/ja\/show\/la-fuerza-del-flamenco-sobre-el-tablao\/#breadcrumb"},"inLanguage":"ja","potentialAction":[{"@type":"ReadAction","target":[["https:\/\/cardamomo.com\/ja\/show\/la-fuerza-del-flamenco-sobre-el-tablao\/"]]}]},{"@type":"ImageObject","inLanguage":"ja","@id":"https:\/\/cardamomo.com\/ja\/show\/la-fuerza-del-flamenco-sobre-el-tablao\/#primaryimage","url":"https:\/\/cardamomo.ams3.digitaloceanspaces.com\/wp-content\/uploads\/2025\/01\/08141249\/programacion-semanal-cardamomo-1.png","contentUrl":"https:\/\/cardamomo.ams3.digitaloceanspaces.com\/wp-content\/uploads\/2025\/01\/08141249\/programacion-semanal-cardamomo-1.png","width":1800,"height":1200},{"@type":"BreadcrumbList","@id":"https:\/\/cardamomo.com\/ja\/show\/la-fuerza-del-flamenco-sobre-el-tablao\/#breadcrumb","itemListElement":[{"@type":"ListItem","position":1,"name":"Cardamomo","item":"https:\/\/cardamomo.com\/ja\/"},{"@type":"ListItem","position":2,"name":"Shows","item":"https:\/\/cardamomo.com\/ja\/show\/"},{"@type":"ListItem","position":3,"name":"La Fuerza del Flamenco sobre el tablao"}]},{"@type":"WebSite","@id":"https:\/\/cardamomo.com\/ja\/#website","url":"https:\/\/cardamomo.com\/ja\/","name":"Cardamomo Flamenco Madrid","description":"","potentialAction":[{"@type":"SearchAction","target":{"@type":"EntryPoint","urlTemplate":"https:\/\/cardamomo.com\/ja\/?s={search_term_string}"},"query-input":{"@type":"PropertyValueSpecification","valueRequired":true,"valueName":"search_term_string"}}],"inLanguage":"ja"}]}</script>
<!-- / Yoast SEO plugin. -->

タブラオに響くフラメンコの力強さ - Cardamomo Flamenco Madrid

Vive la fuerza del flamenco más auténtico en Cardamomo. Cuatro pases diarios con artistas de primer nivel en el corazón de Madrid.

1分
