{"id":691,"date":"2016-07-29T12:58:22","date_gmt":"2016-07-29T10:58:22","guid":{"rendered":"http:\/\/cardamomo.fullcircle.es\/?post_type=artist&#038;p=691"},"modified":"2025-04-03T08:16:48","modified_gmt":"2025-04-03T08:16:48","slug":"juan-jimenez-abadia","status":"publish","type":"artist","link":"https:\/\/cardamomo.com\/ja\/artist\/juan-jimenez-abadia-madrid\/","title":{"rendered":"Juan Jim\u00e9nez Abad\u00eda (Madrid)"},"content":{"rendered":"<p>Between 2013 and 2014 his international performances included participations in productions at the Suzanne Dellal Centre of Tel Aviv (Israel) and the Opera Theatre of Rome (Italy). He has also played alongside great singer-songwriters such as Montse Cort\u00e9s, Miguel El Rubio and Guadiana Amador Losada; the renowned flute player Jorge Pardo, as well as artists Alain P\u00e9rez and Jerry Gonz\u00e1lez and great Flamenco dancers such as Farruquito and Farru. His work in the Flamenco dance companies of El Guito and Manolete, with which he toured Spain, is also of note. He currently plays in various production all over Spain with the Flamenco dance company of Jos\u00e9 Porcel.<\/p>","protected":false},"featured_media":157273,"template":"","meta":{"_acf_changed":false,"inline_featured_image":false},"class_list":["post-691","artist","type-artist","status-publish","has-post-thumbnail","hentry"],"acf":[],"yoast_head":"<!-- This site is optimized with the Yoast SEO plugin v27.4 - https:\/\/yoast.com\/product\/yoast-seo-wordpress\/ -->\n<title>Juan Jim\u00e9nez Abad\u00eda (Madrid) - Cardamomo Flamenco Madrid<\/title>\n<meta name=\"robots\" content=\"index, follow, max-snippet:-1, max-image-preview:large, max-video-preview:-1\" \/>\n<link rel=\"canonical\" href=\"\/\" \/>\n<meta property=\"og:locale\" content=\"ja_JP\" \/>\n<meta property=\"og:type\" content=\"article\" \/>\n<meta property=\"og:title\" content=\"Juan Jim\u00e9nez Abad\u00eda (Madrid) - Cardamomo Flamenco Madrid\" \/>\n<meta property=\"og:description\" content=\"Between 2013 and 2014 his international performances included participations in productions at the Suzanne Del...\" \/>\n<meta property=\"og:url\" content=\"https:\/\/cardamomo.com\/ja\/artist\/juan-jimenez-abadia-madrid\/\" \/>\n<meta property=\"og:site_name\" content=\"Cardamomo Flamenco Madrid\" \/>\n<meta property=\"article:modified_time\" content=\"2025-04-03T08:16:48+00:00\" \/>\n<meta property=\"og:image\" content=\"https:\/\/cardamomo.ams3.digitaloceanspaces.com\/wp-content\/uploads\/2016\/07\/03081623\/juan-jimenez-abadia-1.jpg\" \/>\n\t<meta property=\"og:image:width\" content=\"600\" \/>\n\t<meta property=\"og:image:height\" content=\"750\" \/>\n\t<meta property=\"og:image:type\" content=\"image\/jpeg\" \/>\n<meta name=\"twitter:card\" content=\"summary_large_image\" \/>\n<meta name=\"twitter:label1\" content=\"\u63a8\u5b9a\u8aad\u307f\u53d6\u308a\u6642\u9593\" \/>\n\t<meta name=\"twitter:data1\" content=\"1\u5206\" \/>\n<script type=\"application\/ld+json\" class=\"yoast-schema-graph\">{\"@context\":\"https:\\\/\\\/schema.org\",\"@graph\":[{\"@type\":\"WebPage\",\"@id\":\"https:\\\/\\\/cardamomo.com\\\/ja\\\/artist\\\/juan-jimenez-abadia-madrid\\\/\",\"url\":\"https:\\\/\\\/cardamomo.com\\\/ja\\\/artist\\\/juan-jimenez-abadia-madrid\\\/\",\"name\":\"Juan Jim\u00e9nez Abad\u00eda (Madrid) - Cardamomo Flamenco Madrid\",\"isPartOf\":{\"@id\":\"https:\\\/\\\/cardamomo.com\\\/ja\\\/#website\"},\"primaryImageOfPage\":{\"@id\":\"https:\\\/\\\/cardamomo.com\\\/ja\\\/artist\\\/juan-jimenez-abadia-madrid\\\/#primaryimage\"},\"image\":{\"@id\":\"https:\\\/\\\/cardamomo.com\\\/es\\\/artist\\\/juan-jimenez-abadia-madrid\\\/#primaryimage\"},\"thumbnailUrl\":\"https:\\\/\\\/cardamomo.ams3.digitaloceanspaces.com\\\/wp-content\\\/uploads\\\/2016\\\/07\\\/03081623\\\/juan-jimenez-abadia-1.jpg\",\"datePublished\":\"2016-07-29T10:58:22+00:00\",\"dateModified\":\"2025-04-03T08:16:48+00:00\",\"breadcrumb\":{\"@id\":\"https:\\\/\\\/cardamomo.com\\\/ja\\\/artist\\\/juan-jimenez-abadia-madrid\\\/#breadcrumb\"},\"inLanguage\":\"ja\",\"potentialAction\":[{\"@type\":\"ReadAction\",\"target\":[[\"https:\\\/\\\/cardamomo.com\\\/ja\\\/artist\\\/juan-jimenez-abadia-madrid\\\/\"]]}]},{\"@type\":\"ImageObject\",\"inLanguage\":\"ja\",\"@id\":\"https:\\\/\\\/cardamomo.com\\\/ja\\\/artist\\\/juan-jimenez-abadia-madrid\\\/#primaryimage\",\"url\":\"https:\\\/\\\/cardamomo.ams3.digitaloceanspaces.com\\\/wp-content\\\/uploads\\\/2016\\\/07\\\/03081623\\\/juan-jimenez-abadia-1.jpg\",\"contentUrl\":\"https:\\\/\\\/cardamomo.ams3.digitaloceanspaces.com\\\/wp-content\\\/uploads\\\/2016\\\/07\\\/03081623\\\/juan-jimenez-abadia-1.jpg\",\"width\":600,\"height\":750,\"caption\":\"Guitarrista Juan Jim\u00e9nez Abad\u00eda (Madrid)\"},{\"@type\":\"BreadcrumbList\",\"@id\":\"https:\\\/\\\/cardamomo.com\\\/ja\\\/artist\\\/juan-jimenez-abadia-madrid\\\/#breadcrumb\",\"itemListElement\":[{\"@type\":\"ListItem\",\"position\":1,\"name\":\"Cardamomo\",\"item\":\"https:\\\/\\\/cardamomo.com\\\/ja\\\/\"},{\"@type\":\"ListItem\",\"position\":2,\"name\":\"Artists\",\"item\":\"https:\\\/\\\/cardamomo.com\\\/ja\\\/artist\\\/\"},{\"@type\":\"ListItem\",\"position\":3,\"name\":\"Juan Jim\u00e9nez Abad\u00eda (Madrid)\"}]},{\"@type\":\"WebSite\",\"@id\":\"https:\\\/\\\/cardamomo.com\\\/ja\\\/#website\",\"url\":\"https:\\\/\\\/cardamomo.com\\\/ja\\\/\",\"name\":\"Cardamomo Flamenco Madrid\",\"description\":\"\",\"potentialAction\":[{\"@type\":\"SearchAction\",\"target\":{\"@type\":\"EntryPoint\",\"urlTemplate\":\"https:\\\/\\\/cardamomo.com\\\/ja\\\/?s={search_term_string}\"},\"query-input\":{\"@type\":\"PropertyValueSpecification\",\"valueRequired\":true,\"valueName\":\"search_term_string\"}}],\"inLanguage\":\"ja\"}]}<\/script>\n<!-- \/ Yoast SEO plugin. -->","yoast_head_json":{"title":"Juan Jim\u00e9nez Abad\u00eda (Madrid) - Cardamomo Flamenco Madrid","robots":{"index":"index","follow":"follow","max-snippet":"max-snippet:-1","max-image-preview":"max-image-preview:large","max-video-preview":"max-video-preview:-1"},"canonical":"\/","og_locale":"ja_JP","og_type":"article","og_title":"Juan Jim\u00e9nez Abad\u00eda (Madrid) - Cardamomo Flamenco Madrid","og_description":"Between 2013 and 2014 his international performances included participations in productions at the Suzanne Del...","og_url":"https:\/\/cardamomo.com\/ja\/artist\/juan-jimenez-abadia-madrid\/","og_site_name":"Cardamomo Flamenco Madrid","article_modified_time":"2025-04-03T08:16:48+00:00","og_image":[{"width":600,"height":750,"url":"https:\/\/cardamomo.ams3.digitaloceanspaces.com\/wp-content\/uploads\/2016\/07\/03081623\/juan-jimenez-abadia-1.jpg","type":"image\/jpeg"}],"twitter_card":"summary_large_image","twitter_misc":{"\u63a8\u5b9a\u8aad\u307f\u53d6\u308a\u6642\u9593":"1\u5206"},"schema":{"@context":"https:\/\/schema.org","@graph":[{"@type":"WebPage","@id":"https:\/\/cardamomo.com\/ja\/artist\/juan-jimenez-abadia-madrid\/","url":"https:\/\/cardamomo.com\/ja\/artist\/juan-jimenez-abadia-madrid\/","name":"Juan Jim\u00e9nez Abad\u00eda (Madrid) - Cardamomo Flamenco Madrid","isPartOf":{"@id":"https:\/\/cardamomo.com\/ja\/#website"},"primaryImageOfPage":{"@id":"https:\/\/cardamomo.com\/ja\/artist\/juan-jimenez-abadia-madrid\/#primaryimage"},"image":{"@id":"https:\/\/cardamomo.com\/es\/artist\/juan-jimenez-abadia-madrid\/#primaryimage"},"thumbnailUrl":"https:\/\/cardamomo.ams3.digitaloceanspaces.com\/wp-content\/uploads\/2016\/07\/03081623\/juan-jimenez-abadia-1.jpg","datePublished":"2016-07-29T10:58:22+00:00","dateModified":"2025-04-03T08:16:48+00:00","breadcrumb":{"@id":"https:\/\/cardamomo.com\/ja\/artist\/juan-jimenez-abadia-madrid\/#breadcrumb"},"inLanguage":"ja","potentialAction":[{"@type":"ReadAction","target":[["https:\/\/cardamomo.com\/ja\/artist\/juan-jimenez-abadia-madrid\/"]]}]},{"@type":"ImageObject","inLanguage":"ja","@id":"https:\/\/cardamomo.com\/ja\/artist\/juan-jimenez-abadia-madrid\/#primaryimage","url":"https:\/\/cardamomo.ams3.digitaloceanspaces.com\/wp-content\/uploads\/2016\/07\/03081623\/juan-jimenez-abadia-1.jpg","contentUrl":"https:\/\/cardamomo.ams3.digitaloceanspaces.com\/wp-content\/uploads\/2016\/07\/03081623\/juan-jimenez-abadia-1.jpg","width":600,"height":750,"caption":"Guitarrista Juan Jim\u00e9nez Abad\u00eda (Madrid)"},{"@type":"BreadcrumbList","@id":"https:\/\/cardamomo.com\/ja\/artist\/juan-jimenez-abadia-madrid\/#breadcrumb","itemListElement":[{"@type":"ListItem","position":1,"name":"Cardamomo","item":"https:\/\/cardamomo.com\/ja\/"},{"@type":"ListItem","position":2,"name":"Artists","item":"https:\/\/cardamomo.com\/ja\/artist\/"},{"@type":"ListItem","position":3,"name":"Juan Jim\u00e9nez Abad\u00eda (Madrid)"}]},{"@type":"WebSite","@id":"https:\/\/cardamomo.com\/ja\/#website","url":"https:\/\/cardamomo.com\/ja\/","name":"Cardamomo Flamenco Madrid","description":"","potentialAction":[{"@type":"SearchAction","target":{"@type":"EntryPoint","urlTemplate":"https:\/\/cardamomo.com\/ja\/?s={search_term_string}"},"query-input":{"@type":"PropertyValueSpecification","valueRequired":true,"valueName":"search_term_string"}}],"inLanguage":"ja"}]}},"_links":{"self":[{"href":"https:\/\/cardamomo.com\/ja\/wp-json\/wp\/v2\/artist\/691","targetHints":{"allow":["GET"]}}],"collection":[{"href":"https:\/\/cardamomo.com\/ja\/wp-json\/wp\/v2\/artist"}],"about":[{"href":"https:\/\/cardamomo.com\/ja\/wp-json\/wp\/v2\/types\/artist"}],"wp:featuredmedia":[{"embeddable":true,"href":"https:\/\/cardamomo.com\/ja\/wp-json\/wp\/v2\/media\/157273"}],"wp:attachment":[{"href":"https:\/\/cardamomo.com\/ja\/wp-json\/wp\/v2\/media?parent=691"}],"curies":[{"name":"wp","href":"https:\/\/api.w.org\/{rel}","templated":true}]}}

Juan Jiménez Abadía (Madrid)

<p>Between 2013 and 2014 his international performances included participations in productions at the Suzanne Dellal Centre of Tel Aviv (Israel) and the Opera Theatre of Rome (Italy). He has also played alongside great singer-songwriters such as Montse Cortés, Miguel El Rubio and Guadiana Amador Losada; the renowned flute player Jorge Pardo, as well as artists Alain Pérez and Jerry González and great Flamenco dancers such as Farruquito and Farru. His work in the Flamenco dance companies of El Guito and Manolete, with which he toured Spain, is also of note. He currently plays in various production all over Spain with the Flamenco dance company of José Porcel.</p>

<!-- This site is optimized with the Yoast SEO plugin v27.4 - https://yoast.com/product/yoast-seo-wordpress/ -->
<title>Juan Jiménez Abadía (Madrid) - Cardamomo Flamenco Madrid</title>
<meta name="robots" content="index, follow, max-snippet:-1, max-image-preview:large, max-video-preview:-1" />
<link rel="canonical" href="/" />
<meta property="og:locale" content="ja_JP" />
<meta property="og:type" content="article" />
<meta property="og:title" content="Juan Jiménez Abadía (Madrid) - Cardamomo Flamenco Madrid" />
<meta property="og:description" content="Between 2013 and 2014 his international performances included participations in productions at the Suzanne Del..." />
<meta property="og:url" content="https://cardamomo.com/ja/artist/juan-jimenez-abadia-madrid/" />
<meta property="og:site_name" content="Cardamomo Flamenco Madrid" />
<meta property="article:modified_time" content="2025-04-03T08:16:48+00:00" />
<meta property="og:image" content="https://cardamomo.ams3.digitaloceanspaces.com/wp-content/uploads/2016/07/03081623/juan-jimenez-abadia-1.jpg" />
	<meta property="og:image:width" content="600" />
	<meta property="og:image:height" content="750" />
	<meta property="og:image:type" content="image/jpeg" />
<meta name="twitter:card" content="summary_large_image" />
<meta name="twitter:label1" content="推定読み取り時間" />
	<meta name="twitter:data1" content="1分" />
<script type="application/ld+json" class="yoast-schema-graph">{"@context":"https:\/\/schema.org","@graph":[{"@type":"WebPage","@id":"https:\/\/cardamomo.com\/ja\/artist\/juan-jimenez-abadia-madrid\/","url":"https:\/\/cardamomo.com\/ja\/artist\/juan-jimenez-abadia-madrid\/","name":"Juan Jiménez Abadía (Madrid) - Cardamomo Flamenco Madrid","isPartOf":{"@id":"https:\/\/cardamomo.com\/ja\/#website"},"primaryImageOfPage":{"@id":"https:\/\/cardamomo.com\/ja\/artist\/juan-jimenez-abadia-madrid\/#primaryimage"},"image":{"@id":"https:\/\/cardamomo.com\/es\/artist\/juan-jimenez-abadia-madrid\/#primaryimage"},"thumbnailUrl":"https:\/\/cardamomo.ams3.digitaloceanspaces.com\/wp-content\/uploads\/2016\/07\/03081623\/juan-jimenez-abadia-1.jpg","datePublished":"2016-07-29T10:58:22+00:00","dateModified":"2025-04-03T08:16:48+00:00","breadcrumb":{"@id":"https:\/\/cardamomo.com\/ja\/artist\/juan-jimenez-abadia-madrid\/#breadcrumb"},"inLanguage":"ja","potentialAction":[{"@type":"ReadAction","target":[["https:\/\/cardamomo.com\/ja\/artist\/juan-jimenez-abadia-madrid\/"]]}]},{"@type":"ImageObject","inLanguage":"ja","@id":"https:\/\/cardamomo.com\/ja\/artist\/juan-jimenez-abadia-madrid\/#primaryimage","url":"https:\/\/cardamomo.ams3.digitaloceanspaces.com\/wp-content\/uploads\/2016\/07\/03081623\/juan-jimenez-abadia-1.jpg","contentUrl":"https:\/\/cardamomo.ams3.digitaloceanspaces.com\/wp-content\/uploads\/2016\/07\/03081623\/juan-jimenez-abadia-1.jpg","width":600,"height":750,"caption":"Guitarrista Juan Jiménez Abadía (Madrid)"},{"@type":"BreadcrumbList","@id":"https:\/\/cardamomo.com\/ja\/artist\/juan-jimenez-abadia-madrid\/#breadcrumb","itemListElement":[{"@type":"ListItem","position":1,"name":"Cardamomo","item":"https:\/\/cardamomo.com\/ja\/"},{"@type":"ListItem","position":2,"name":"Artists","item":"https:\/\/cardamomo.com\/ja\/artist\/"},{"@type":"ListItem","position":3,"name":"Juan Jiménez Abadía (Madrid)"}]},{"@type":"WebSite","@id":"https:\/\/cardamomo.com\/ja\/#website","url":"https:\/\/cardamomo.com\/ja\/","name":"Cardamomo Flamenco Madrid","description":"","potentialAction":[{"@type":"SearchAction","target":{"@type":"EntryPoint","urlTemplate":"https:\/\/cardamomo.com\/ja\/?s={search_term_string}"},"query-input":{"@type":"PropertyValueSpecification","valueRequired":true,"valueName":"search_term_string"}}],"inLanguage":"ja"}]}</script>
<!-- / Yoast SEO plugin. -->

Juan Jiménez Abadía (Madrid) - Cardamomo Flamenco Madrid

1分

Guitarrista Juan Jiménez Abadía (Madrid)
