{"id":95900,"date":"2022-03-25T21:45:05","date_gmt":"2022-03-25T21:45:05","guid":{"rendered":"https:\/\/cardamomo.com\/es\/?post_type=show&#038;p=95900"},"modified":"2024-12-26T21:59:05","modified_gmt":"2024-12-26T21:59:05","slug":"el-bailaor-y-coreografo-alfonso-losa-aterriza-en-cardamomo","status":"publish","type":"show","link":"https:\/\/cardamomo.com\/it\/show\/il-bailaor-e-coreografo-alfonso-losa-ci-fa-visita-nel-periodo-natalizio\/","title":{"rendered":"Il bailaor e coreografo Alfonso Losa ci fa visita nel periodo natalizio"},"content":{"rendered":"<p><strong>L&#8217;artista madrileno,<\/strong> noto per essere l&#8217;autore di molti spettacoli che hanno girato il nostro paese, \u00e8 stato premiato in numerose occasioni grazie alla sua tecnica, stile e professionalit\u00e0. Alcuni dei premi pi\u00f9 importanti sono: Premio El Desplante al Festival del Cante de las Minas; Premio El G\u00fcito por sole\u00e1 al Concorso di Arte Flamenca di Cordoba 2007; Premio Outstanding Dancer al Concorso di Coreografia di Madrid, tra gli altri.<\/p>\n<p><strong>Inoltre, Alfonso Losa<\/strong> ha sperimentato un cambiamento nel modo di esprimere la sua arte con il suo spettacolo Con-secuencia. Questo \u00e8 stato presentato al Festival de Jerez 2018. Il suo lavoro ha segnato un prima e un dopo nella sua carriera di artista. Sostenuto dal lavoro scenico del regista Florencio Campos, Losa ricapitola ci\u00f2 che ha imparato per lanciarsi in una nuova esperienza: la ricerca dell&#8217;improvvisazione e la gestione dell&#8217;energia scenica, in tempo reale. Una sfida che pochissimi artisti possono affrontare.<\/p>\n<p>Scopri un nuovo modo di guardare l&#8217;arte con il nostro artista ospite.<\/p>\n<p>Acquistate subito i biglietti!<\/p>\n<p>???? reservas@cardamomo.com<\/p>\n<p>\u260e\ufe0f ( +34) 91 805 1038\/ (+34) 691 02 21 17<\/p>\n<p>???? cardamomo.com<\/p>","protected":false},"featured_media":98943,"template":"","meta":{"_acf_changed":false,"inline_featured_image":false},"class_list":["post-95900","show","type-show","status-publish","has-post-thumbnail","hentry"],"acf":[],"yoast_head":"<!-- This site is optimized with the Yoast SEO plugin v27.4 - https:\/\/yoast.com\/product\/yoast-seo-wordpress\/ -->\n<title>Il bailaor e coreografo Alfonso Losa ci fa visita nel periodo natalizio - Cardamomo Flamenco Madrid<\/title>\n<meta name=\"robots\" content=\"index, follow, max-snippet:-1, max-image-preview:large, max-video-preview:-1\" \/>\n<link rel=\"canonical\" href=\"\/\" \/>\n<meta property=\"og:locale\" content=\"it_IT\" \/>\n<meta property=\"og:type\" content=\"article\" \/>\n<meta property=\"og:title\" content=\"Il bailaor e coreografo Alfonso Losa ci fa visita nel periodo natalizio - Cardamomo Flamenco Madrid\" \/>\n<meta property=\"og:description\" content=\"L&#8217;artista madrileno, noto per essere l&#8217;autore di molti spettacoli che hanno girato il nostro paese, \u00e8 stato premiato in numerose occasioni grazie alla sua tecnica, stile e professionalit\u00e0. Alcuni dei premi pi\u00f9 importanti sono: Premio El Desplante al Festival del Cante de las Minas; Premio El G\u00fcito por sole\u00e1 al Concorso di Arte Flamenca di...\" \/>\n<meta property=\"og:url\" content=\"https:\/\/cardamomo.com\/it\/show\/el-bailaor-y-coreografo-alfonso-losa-nos-visita-en-navidad\/\" \/>\n<meta property=\"og:site_name\" content=\"Cardamomo Flamenco Madrid\" \/>\n<meta property=\"article:modified_time\" content=\"2024-12-26T21:59:05+00:00\" \/>\n<meta name=\"twitter:card\" content=\"summary_large_image\" \/>\n<meta name=\"twitter:label1\" content=\"Tempo di lettura stimato\" \/>\n\t<meta name=\"twitter:data1\" content=\"2 minuti\" \/>\n<script type=\"application\/ld+json\" class=\"yoast-schema-graph\">{\"@context\":\"https:\\\/\\\/schema.org\",\"@graph\":[{\"@type\":\"WebPage\",\"@id\":\"https:\\\/\\\/cardamomo.com\\\/it\\\/show\\\/el-bailaor-y-coreografo-alfonso-losa-nos-visita-en-navidad\\\/\",\"url\":\"https:\\\/\\\/cardamomo.com\\\/it\\\/show\\\/el-bailaor-y-coreografo-alfonso-losa-nos-visita-en-navidad\\\/\",\"name\":\"Il bailaor e coreografo Alfonso Losa ci fa visita nel periodo natalizio - Cardamomo Flamenco Madrid\",\"isPartOf\":{\"@id\":\"https:\\\/\\\/cardamomo.com\\\/it\\\/#website\"},\"primaryImageOfPage\":{\"@id\":\"https:\\\/\\\/cardamomo.com\\\/it\\\/show\\\/el-bailaor-y-coreografo-alfonso-losa-nos-visita-en-navidad\\\/#primaryimage\"},\"image\":{\"@id\":\"https:\\\/\\\/cardamomo.com\\\/es\\\/show\\\/el-bailaor-y-coreografo-alfonso-losa-nos-visita-en-navidad\\\/#primaryimage\"},\"thumbnailUrl\":\"\",\"datePublished\":\"2022-03-25T21:45:05+00:00\",\"dateModified\":\"2024-12-26T21:59:05+00:00\",\"breadcrumb\":{\"@id\":\"https:\\\/\\\/cardamomo.com\\\/it\\\/show\\\/el-bailaor-y-coreografo-alfonso-losa-nos-visita-en-navidad\\\/#breadcrumb\"},\"inLanguage\":\"it-IT\",\"potentialAction\":[{\"@type\":\"ReadAction\",\"target\":[[\"https:\\\/\\\/cardamomo.com\\\/it\\\/show\\\/el-bailaor-y-coreografo-alfonso-losa-nos-visita-en-navidad\\\/\"]]}]},{\"@type\":\"ImageObject\",\"inLanguage\":\"it-IT\",\"@id\":\"https:\\\/\\\/cardamomo.com\\\/it\\\/show\\\/el-bailaor-y-coreografo-alfonso-losa-nos-visita-en-navidad\\\/#primaryimage\",\"url\":\"\",\"contentUrl\":\"\"},{\"@type\":\"BreadcrumbList\",\"@id\":\"https:\\\/\\\/cardamomo.com\\\/it\\\/show\\\/el-bailaor-y-coreografo-alfonso-losa-nos-visita-en-navidad\\\/#breadcrumb\",\"itemListElement\":[{\"@type\":\"ListItem\",\"position\":1,\"name\":\"Cardamomo\",\"item\":\"https:\\\/\\\/cardamomo.com\\\/it\\\/\"},{\"@type\":\"ListItem\",\"position\":2,\"name\":\"Shows\",\"item\":\"https:\\\/\\\/cardamomo.com\\\/it\\\/show\\\/\"},{\"@type\":\"ListItem\",\"position\":3,\"name\":\"El bailaor y core\u00f3grafo Alfonso Losa nos visita en Navidad\"}]},{\"@type\":\"WebSite\",\"@id\":\"https:\\\/\\\/cardamomo.com\\\/it\\\/#website\",\"url\":\"https:\\\/\\\/cardamomo.com\\\/it\\\/\",\"name\":\"Cardamomo Flamenco Madrid\",\"description\":\"\",\"potentialAction\":[{\"@type\":\"SearchAction\",\"target\":{\"@type\":\"EntryPoint\",\"urlTemplate\":\"https:\\\/\\\/cardamomo.com\\\/it\\\/?s={search_term_string}\"},\"query-input\":{\"@type\":\"PropertyValueSpecification\",\"valueRequired\":true,\"valueName\":\"search_term_string\"}}],\"inLanguage\":\"it-IT\"}]}<\/script>\n<!-- \/ Yoast SEO plugin. -->","yoast_head_json":{"title":"Il bailaor e coreografo Alfonso Losa ci fa visita nel periodo natalizio - Cardamomo Flamenco Madrid","robots":{"index":"index","follow":"follow","max-snippet":"max-snippet:-1","max-image-preview":"max-image-preview:large","max-video-preview":"max-video-preview:-1"},"canonical":"\/","og_locale":"it_IT","og_type":"article","og_title":"Il bailaor e coreografo Alfonso Losa ci fa visita nel periodo natalizio - Cardamomo Flamenco Madrid","og_description":"L&#8217;artista madrileno, noto per essere l&#8217;autore di molti spettacoli che hanno girato il nostro paese, \u00e8 stato premiato in numerose occasioni grazie alla sua tecnica, stile e professionalit\u00e0. Alcuni dei premi pi\u00f9 importanti sono: Premio El Desplante al Festival del Cante de las Minas; Premio El G\u00fcito por sole\u00e1 al Concorso di Arte Flamenca di...","og_url":"https:\/\/cardamomo.com\/it\/show\/el-bailaor-y-coreografo-alfonso-losa-nos-visita-en-navidad\/","og_site_name":"Cardamomo Flamenco Madrid","article_modified_time":"2024-12-26T21:59:05+00:00","twitter_card":"summary_large_image","twitter_misc":{"Tempo di lettura stimato":"2 minuti"},"schema":{"@context":"https:\/\/schema.org","@graph":[{"@type":"WebPage","@id":"https:\/\/cardamomo.com\/it\/show\/el-bailaor-y-coreografo-alfonso-losa-nos-visita-en-navidad\/","url":"https:\/\/cardamomo.com\/it\/show\/el-bailaor-y-coreografo-alfonso-losa-nos-visita-en-navidad\/","name":"Il bailaor e coreografo Alfonso Losa ci fa visita nel periodo natalizio - Cardamomo Flamenco Madrid","isPartOf":{"@id":"https:\/\/cardamomo.com\/it\/#website"},"primaryImageOfPage":{"@id":"https:\/\/cardamomo.com\/it\/show\/el-bailaor-y-coreografo-alfonso-losa-nos-visita-en-navidad\/#primaryimage"},"image":{"@id":"https:\/\/cardamomo.com\/es\/show\/el-bailaor-y-coreografo-alfonso-losa-nos-visita-en-navidad\/#primaryimage"},"thumbnailUrl":"","datePublished":"2022-03-25T21:45:05+00:00","dateModified":"2024-12-26T21:59:05+00:00","breadcrumb":{"@id":"https:\/\/cardamomo.com\/it\/show\/el-bailaor-y-coreografo-alfonso-losa-nos-visita-en-navidad\/#breadcrumb"},"inLanguage":"it-IT","potentialAction":[{"@type":"ReadAction","target":[["https:\/\/cardamomo.com\/it\/show\/el-bailaor-y-coreografo-alfonso-losa-nos-visita-en-navidad\/"]]}]},{"@type":"ImageObject","inLanguage":"it-IT","@id":"https:\/\/cardamomo.com\/it\/show\/el-bailaor-y-coreografo-alfonso-losa-nos-visita-en-navidad\/#primaryimage","url":"","contentUrl":""},{"@type":"BreadcrumbList","@id":"https:\/\/cardamomo.com\/it\/show\/el-bailaor-y-coreografo-alfonso-losa-nos-visita-en-navidad\/#breadcrumb","itemListElement":[{"@type":"ListItem","position":1,"name":"Cardamomo","item":"https:\/\/cardamomo.com\/it\/"},{"@type":"ListItem","position":2,"name":"Shows","item":"https:\/\/cardamomo.com\/it\/show\/"},{"@type":"ListItem","position":3,"name":"El bailaor y core\u00f3grafo Alfonso Losa nos visita en Navidad"}]},{"@type":"WebSite","@id":"https:\/\/cardamomo.com\/it\/#website","url":"https:\/\/cardamomo.com\/it\/","name":"Cardamomo Flamenco Madrid","description":"","potentialAction":[{"@type":"SearchAction","target":{"@type":"EntryPoint","urlTemplate":"https:\/\/cardamomo.com\/it\/?s={search_term_string}"},"query-input":{"@type":"PropertyValueSpecification","valueRequired":true,"valueName":"search_term_string"}}],"inLanguage":"it-IT"}]}},"_links":{"self":[{"href":"https:\/\/cardamomo.com\/it\/wp-json\/wp\/v2\/show\/95900","targetHints":{"allow":["GET"]}}],"collection":[{"href":"https:\/\/cardamomo.com\/it\/wp-json\/wp\/v2\/show"}],"about":[{"href":"https:\/\/cardamomo.com\/it\/wp-json\/wp\/v2\/types\/show"}],"wp:featuredmedia":[{"embeddable":true,"href":"https:\/\/cardamomo.com\/it\/wp-json\/"}],"wp:attachment":[{"href":"https:\/\/cardamomo.com\/it\/wp-json\/wp\/v2\/media?parent=95900"}],"curies":[{"name":"wp","href":"https:\/\/api.w.org\/{rel}","templated":true}]}}

<p><strong>L&#8217;artista madrileno,</strong> noto per essere l&#8217;autore di molti spettacoli che hanno girato il nostro paese, è stato premiato in numerose occasioni grazie alla sua tecnica, stile e professionalità. Alcuni dei premi più importanti sono: Premio El Desplante al Festival del Cante de las Minas; Premio El Güito por soleá al Concorso di Arte Flamenca di Cordoba 2007; Premio Outstanding Dancer al Concorso di Coreografia di Madrid, tra gli altri.</p>
<p><strong>Inoltre, Alfonso Losa</strong> ha sperimentato un cambiamento nel modo di esprimere la sua arte con il suo spettacolo Con-secuencia. Questo è stato presentato al Festival de Jerez 2018. Il suo lavoro ha segnato un prima e un dopo nella sua carriera di artista. Sostenuto dal lavoro scenico del regista Florencio Campos, Losa ricapitola ciò che ha imparato per lanciarsi in una nuova esperienza: la ricerca dell&#8217;improvvisazione e la gestione dell&#8217;energia scenica, in tempo reale. Una sfida che pochissimi artisti possono affrontare.</p>
<p>Scopri un nuovo modo di guardare l&#8217;arte con il nostro artista ospite.</p>
<p>Acquistate subito i biglietti!</p>
<p>???? reservas@cardamomo.com</p>
<p>☎️ ( +34) 91 805 1038/ (+34) 691 02 21 17</p>
<p>???? cardamomo.com</p>

<!-- This site is optimized with the Yoast SEO plugin v27.4 - https://yoast.com/product/yoast-seo-wordpress/ -->
<title>Il bailaor e coreografo Alfonso Losa ci fa visita nel periodo natalizio - Cardamomo Flamenco Madrid</title>
<meta name="robots" content="index, follow, max-snippet:-1, max-image-preview:large, max-video-preview:-1" />
<link rel="canonical" href="/" />
<meta property="og:locale" content="it_IT" />
<meta property="og:type" content="article" />
<meta property="og:title" content="Il bailaor e coreografo Alfonso Losa ci fa visita nel periodo natalizio - Cardamomo Flamenco Madrid" />
<meta property="og:description" content="L&#8217;artista madrileno, noto per essere l&#8217;autore di molti spettacoli che hanno girato il nostro paese, è stato premiato in numerose occasioni grazie alla sua tecnica, stile e professionalità. Alcuni dei premi più importanti sono: Premio El Desplante al Festival del Cante de las Minas; Premio El Güito por soleá al Concorso di Arte Flamenca di..." />
<meta property="og:url" content="https://cardamomo.com/it/show/el-bailaor-y-coreografo-alfonso-losa-nos-visita-en-navidad/" />
<meta property="og:site_name" content="Cardamomo Flamenco Madrid" />
<meta property="article:modified_time" content="2024-12-26T21:59:05+00:00" />
<meta name="twitter:card" content="summary_large_image" />
<meta name="twitter:label1" content="Tempo di lettura stimato" />
	<meta name="twitter:data1" content="2 minuti" />
<script type="application/ld+json" class="yoast-schema-graph">{"@context":"https:\/\/schema.org","@graph":[{"@type":"WebPage","@id":"https:\/\/cardamomo.com\/it\/show\/el-bailaor-y-coreografo-alfonso-losa-nos-visita-en-navidad\/","url":"https:\/\/cardamomo.com\/it\/show\/el-bailaor-y-coreografo-alfonso-losa-nos-visita-en-navidad\/","name":"Il bailaor e coreografo Alfonso Losa ci fa visita nel periodo natalizio - Cardamomo Flamenco Madrid","isPartOf":{"@id":"https:\/\/cardamomo.com\/it\/#website"},"primaryImageOfPage":{"@id":"https:\/\/cardamomo.com\/it\/show\/el-bailaor-y-coreografo-alfonso-losa-nos-visita-en-navidad\/#primaryimage"},"image":{"@id":"https:\/\/cardamomo.com\/es\/show\/el-bailaor-y-coreografo-alfonso-losa-nos-visita-en-navidad\/#primaryimage"},"thumbnailUrl":"","datePublished":"2022-03-25T21:45:05+00:00","dateModified":"2024-12-26T21:59:05+00:00","breadcrumb":{"@id":"https:\/\/cardamomo.com\/it\/show\/el-bailaor-y-coreografo-alfonso-losa-nos-visita-en-navidad\/#breadcrumb"},"inLanguage":"it-IT","potentialAction":[{"@type":"ReadAction","target":[["https:\/\/cardamomo.com\/it\/show\/el-bailaor-y-coreografo-alfonso-losa-nos-visita-en-navidad\/"]]}]},{"@type":"ImageObject","inLanguage":"it-IT","@id":"https:\/\/cardamomo.com\/it\/show\/el-bailaor-y-coreografo-alfonso-losa-nos-visita-en-navidad\/#primaryimage","url":"","contentUrl":""},{"@type":"BreadcrumbList","@id":"https:\/\/cardamomo.com\/it\/show\/el-bailaor-y-coreografo-alfonso-losa-nos-visita-en-navidad\/#breadcrumb","itemListElement":[{"@type":"ListItem","position":1,"name":"Cardamomo","item":"https:\/\/cardamomo.com\/it\/"},{"@type":"ListItem","position":2,"name":"Shows","item":"https:\/\/cardamomo.com\/it\/show\/"},{"@type":"ListItem","position":3,"name":"El bailaor y coreógrafo Alfonso Losa nos visita en Navidad"}]},{"@type":"WebSite","@id":"https:\/\/cardamomo.com\/it\/#website","url":"https:\/\/cardamomo.com\/it\/","name":"Cardamomo Flamenco Madrid","description":"","potentialAction":[{"@type":"SearchAction","target":{"@type":"EntryPoint","urlTemplate":"https:\/\/cardamomo.com\/it\/?s={search_term_string}"},"query-input":{"@type":"PropertyValueSpecification","valueRequired":true,"valueName":"search_term_string"}}],"inLanguage":"it-IT"}]}</script>
<!-- / Yoast SEO plugin. -->

L&#8217;artista madrileno, noto per essere l&#8217;autore di molti spettacoli che hanno girato il nostro paese, è stato premiato in numerose occasioni grazie alla sua tecnica, stile e professionalità. Alcuni dei premi più importanti sono: Premio El Desplante al Festival del Cante de las Minas; Premio El Güito por soleá al Concorso di Arte Flamenca di...

El bailaor y coreógrafo Alfonso Losa nos visita en Navidad
