{"id":84858,"date":"2022-03-15T13:58:13","date_gmt":"2022-03-15T12:58:13","guid":{"rendered":"https:\/\/cardamomo.com\/es\/?post_type=show&amp;p=84858"},"modified":"2022-03-15T13:58:13","modified_gmt":"2022-03-15T12:58:13","slug":"el-yiyo-19-al-22-de-agosto","status":"publish","type":"show","link":"https:\/\/cardamomo.com\/it\/show\/el-yiyo-ritorna-a-cardamomo\/","title":{"rendered":"&#8221;El Yiyo&#8221; ritorna a Cardamomo"},"content":{"rendered":"<p><br \/>\n@media only screen and (max-width: 600px) {<br \/>\n.banner_dsk {<br \/>\ndisplay:none;<br \/>\n}<br \/>\n.row {<br \/>\ndisplay:flex;<br \/>\nflex-direction: column-reverse;<br \/>\n}<br \/>\n}<br \/>\n@media only screen and (min-width: 601px) {<br \/>\n.banner_mb {<br \/>\ndisplay:none;<br \/>\n}<br \/>\n}<\/p>\n<h2 id=\"tw-target-text\" class=\"tw-data-text tw-text-large XcVN5d tw-ta\" dir=\"ltr\" data-placeholder=\"Traducci\u00f3n\">Il giovane ballerino ritorna con pi\u00f9 arte che mai<\/h2>\n<p>Fin da bambino, il bailaor catalano \u00e8 un amante del ballo flamenco, dice che ha imparato a ballare prima di imparare a camminare&#8230; E non c&#8217;\u00e8 da stupirsi, lo fa in modo brillante! Il bailaor riempie i tablaos di arte, magia e passione da pi\u00f9 di 17 anni. Prima che diventasse maggiorenne, el Yiyo divideva gi\u00e0 il conto con grandi artisti di flamenco come Estrella Morente, Miguel Poveda, Duquende, tra gli altri.<\/p>\n<p>Ispirato dai grandi come Eduardo Serrano &#8220;El Guiso&#8221;, Joaquin Cortes, Farruquito e Antonio Canales, il giovane ballerino continua a lavorare duramente per migliorare la sua tecnica e condividere la sua arte con il mondo. Con la sua danza, emana un&#8217;energia unica capace di trasmettere sensazioni e storie con la sua impronta caratteristica e personale.\u00a0 Grazie al suo stile caratteristico, \u00e8 diventato un&#8217;icona nel mondo del flamenco, potendo far parte di grandi progetti artistici nel mondo della musica, del cinema e del fashion design.<\/p>\n<p><a href=\"https:\/\/cardamomo.com\/it\/comprare-i-biglietti\/\"><br \/>\n<img decoding=\"async\" class=\"banner_mb\" src=\"https:\/\/cardamomo.com\/wp-content\/uploads\/2024\/03\/banner_2_mb_it.jpg\" width=\"100%\" alt=\"Ottieni Biglietti per il Flamenco a Madrid: Scopri l'Anima della Spagna al Cardamomo\" \/><br \/>\n<img decoding=\"async\" class=\"banner_dsk\" src=\"https:\/\/cardamomo.com\/wp-content\/uploads\/2024\/03\/banner_2_it.jpg\" width=\"100%\" alt=\"Ottieni Biglietti per il Flamenco a Madrid: Scopri l'Anima della Spagna al Cardamomo\" \/><br \/>\n<\/a><\/p>\n<p>Senza dubbio, El Yiyo \u00e8 uno dei ballerini con la pi\u00f9 grande proiezione al momento, dentro e fuori i tablaos e i teatri.<\/p>\n<p>Possiamo dire che \u00e8 nata una stella, vero? Non perdetevi i suoi spettacoli questo settembre al Cardamomo.<\/p>\n<p>Vi stiamo aspettando!<\/p>\n<p>Prenotazioni:<\/p>\n<p><span class=\"s1\">???? <\/span>reservas@cardamomo.com<\/p>\n<p class=\"p2\">\u260e\ufe0f (\u200b +34) 91 805 1038\/ (+34) 691 02 21 17<\/p>\n<p class=\"p1\"><span class=\"s1\">???? <\/span>cardamomo.com<\/p>\n<p><img loading=\"lazy\" decoding=\"async\" class=\"alignnone wp-image-110199\" src=\"https:\/\/cardamomo.com\/wp-content\/uploads\/2022\/03\/log_comunidad_m.jpg\" alt=\"\" width=\"38\" height=\"54\" \/><img loading=\"lazy\" decoding=\"async\" class=\"alignnone wp-image-110187\" src=\"https:\/\/cardamomo.com\/wp-content\/uploads\/2022\/03\/firma_madrid_negro-300x82.png\" alt=\"\" width=\"227\" height=\"62\" \/><img loading=\"lazy\" decoding=\"async\" class=\"alignnone wp-image-110186\" src=\"https:\/\/cardamomo.com\/wp-content\/uploads\/2022\/03\/inaem-02-cajetin-rojo-300x53.png\" alt=\"\" width=\"294\" height=\"52\" \/><\/p>","protected":false},"featured_media":98954,"template":"","meta":{"_acf_changed":false,"inline_featured_image":false},"class_list":["post-84858","show","type-show","status-publish","has-post-thumbnail","hentry"],"acf":[],"yoast_head":"<!-- This site is optimized with the Yoast SEO plugin v27.4 - https:\/\/yoast.com\/product\/yoast-seo-wordpress\/ -->\n<title>El Yiyo torna a Cardamomo<\/title>\n<meta name=\"description\" content=\"\u00a1El Yiyo vuelve a Cardamomo! No te pierdas todos los detalles del espect\u00e1culo de este joven figura del baile flamenco.\" \/>\n<meta name=\"robots\" content=\"index, follow, max-snippet:-1, max-image-preview:large, max-video-preview:-1\" \/>\n<link rel=\"canonical\" href=\"\/\" \/>\n<meta property=\"og:locale\" content=\"it_IT\" \/>\n<meta property=\"og:type\" content=\"article\" \/>\n<meta property=\"og:title\" content=\"El Yiyo torna a Cardamomo\" \/>\n<meta property=\"og:description\" content=\"\u00a1El Yiyo vuelve a Cardamomo! No te pierdas todos los detalles del espect\u00e1culo de este joven figura del baile flamenco.\" \/>\n<meta property=\"og:url\" content=\"https:\/\/cardamomo.com\/it\/show\/el-yiyo-vuelve-a-cardamomo\/\" \/>\n<meta property=\"og:site_name\" content=\"Cardamomo Flamenco Madrid\" \/>\n<meta name=\"twitter:card\" content=\"summary_large_image\" \/>\n<meta name=\"twitter:label1\" content=\"Tempo di lettura stimato\" \/>\n\t<meta name=\"twitter:data1\" content=\"3 minuti\" \/>\n<script type=\"application\/ld+json\" class=\"yoast-schema-graph\">{\"@context\":\"https:\\\/\\\/schema.org\",\"@graph\":[{\"@type\":\"WebPage\",\"@id\":\"https:\\\/\\\/cardamomo.com\\\/it\\\/show\\\/el-yiyo-vuelve-a-cardamomo\\\/\",\"url\":\"https:\\\/\\\/cardamomo.com\\\/it\\\/show\\\/el-yiyo-vuelve-a-cardamomo\\\/\",\"name\":\"El Yiyo torna a Cardamomo\",\"isPartOf\":{\"@id\":\"https:\\\/\\\/cardamomo.com\\\/it\\\/#website\"},\"primaryImageOfPage\":{\"@id\":\"https:\\\/\\\/cardamomo.com\\\/it\\\/show\\\/el-yiyo-vuelve-a-cardamomo\\\/#primaryimage\"},\"image\":{\"@id\":\"https:\\\/\\\/cardamomo.com\\\/es\\\/show\\\/el-yiyo-vuelve-a-cardamomo\\\/#primaryimage\"},\"thumbnailUrl\":\"\",\"datePublished\":\"2022-03-15T12:58:13+00:00\",\"description\":\"\u00a1El Yiyo vuelve a Cardamomo! No te pierdas todos los detalles del espect\u00e1culo de este joven figura del baile flamenco.\",\"breadcrumb\":{\"@id\":\"https:\\\/\\\/cardamomo.com\\\/it\\\/show\\\/el-yiyo-vuelve-a-cardamomo\\\/#breadcrumb\"},\"inLanguage\":\"it-IT\",\"potentialAction\":[{\"@type\":\"ReadAction\",\"target\":[[\"https:\\\/\\\/cardamomo.com\\\/it\\\/show\\\/el-yiyo-vuelve-a-cardamomo\\\/\"]]}]},{\"@type\":\"ImageObject\",\"inLanguage\":\"it-IT\",\"@id\":\"https:\\\/\\\/cardamomo.com\\\/it\\\/show\\\/el-yiyo-vuelve-a-cardamomo\\\/#primaryimage\",\"url\":\"\",\"contentUrl\":\"\"},{\"@type\":\"BreadcrumbList\",\"@id\":\"https:\\\/\\\/cardamomo.com\\\/it\\\/show\\\/el-yiyo-vuelve-a-cardamomo\\\/#breadcrumb\",\"itemListElement\":[{\"@type\":\"ListItem\",\"position\":1,\"name\":\"Cardamomo\",\"item\":\"https:\\\/\\\/cardamomo.com\\\/it\\\/\"},{\"@type\":\"ListItem\",\"position\":2,\"name\":\"Shows\",\"item\":\"https:\\\/\\\/cardamomo.com\\\/it\\\/show\\\/\"},{\"@type\":\"ListItem\",\"position\":3,\"name\":\"El Yiyo vuelve a Cardamomo\"}]},{\"@type\":\"WebSite\",\"@id\":\"https:\\\/\\\/cardamomo.com\\\/it\\\/#website\",\"url\":\"https:\\\/\\\/cardamomo.com\\\/it\\\/\",\"name\":\"Cardamomo Flamenco Madrid\",\"description\":\"\",\"potentialAction\":[{\"@type\":\"SearchAction\",\"target\":{\"@type\":\"EntryPoint\",\"urlTemplate\":\"https:\\\/\\\/cardamomo.com\\\/it\\\/?s={search_term_string}\"},\"query-input\":{\"@type\":\"PropertyValueSpecification\",\"valueRequired\":true,\"valueName\":\"search_term_string\"}}],\"inLanguage\":\"it-IT\"}]}<\/script>\n<!-- \/ Yoast SEO plugin. -->","yoast_head_json":{"title":"El Yiyo torna a Cardamomo","description":"\u00a1El Yiyo vuelve a Cardamomo! No te pierdas todos los detalles del espect\u00e1culo de este joven figura del baile flamenco.","robots":{"index":"index","follow":"follow","max-snippet":"max-snippet:-1","max-image-preview":"max-image-preview:large","max-video-preview":"max-video-preview:-1"},"canonical":"\/","og_locale":"it_IT","og_type":"article","og_title":"El Yiyo torna a Cardamomo","og_description":"\u00a1El Yiyo vuelve a Cardamomo! No te pierdas todos los detalles del espect\u00e1culo de este joven figura del baile flamenco.","og_url":"https:\/\/cardamomo.com\/it\/show\/el-yiyo-vuelve-a-cardamomo\/","og_site_name":"Cardamomo Flamenco Madrid","twitter_card":"summary_large_image","twitter_misc":{"Tempo di lettura stimato":"3 minuti"},"schema":{"@context":"https:\/\/schema.org","@graph":[{"@type":"WebPage","@id":"https:\/\/cardamomo.com\/it\/show\/el-yiyo-vuelve-a-cardamomo\/","url":"https:\/\/cardamomo.com\/it\/show\/el-yiyo-vuelve-a-cardamomo\/","name":"El Yiyo torna a Cardamomo","isPartOf":{"@id":"https:\/\/cardamomo.com\/it\/#website"},"primaryImageOfPage":{"@id":"https:\/\/cardamomo.com\/it\/show\/el-yiyo-vuelve-a-cardamomo\/#primaryimage"},"image":{"@id":"https:\/\/cardamomo.com\/es\/show\/el-yiyo-vuelve-a-cardamomo\/#primaryimage"},"thumbnailUrl":"","datePublished":"2022-03-15T12:58:13+00:00","description":"\u00a1El Yiyo vuelve a Cardamomo! No te pierdas todos los detalles del espect\u00e1culo de este joven figura del baile flamenco.","breadcrumb":{"@id":"https:\/\/cardamomo.com\/it\/show\/el-yiyo-vuelve-a-cardamomo\/#breadcrumb"},"inLanguage":"it-IT","potentialAction":[{"@type":"ReadAction","target":[["https:\/\/cardamomo.com\/it\/show\/el-yiyo-vuelve-a-cardamomo\/"]]}]},{"@type":"ImageObject","inLanguage":"it-IT","@id":"https:\/\/cardamomo.com\/it\/show\/el-yiyo-vuelve-a-cardamomo\/#primaryimage","url":"","contentUrl":""},{"@type":"BreadcrumbList","@id":"https:\/\/cardamomo.com\/it\/show\/el-yiyo-vuelve-a-cardamomo\/#breadcrumb","itemListElement":[{"@type":"ListItem","position":1,"name":"Cardamomo","item":"https:\/\/cardamomo.com\/it\/"},{"@type":"ListItem","position":2,"name":"Shows","item":"https:\/\/cardamomo.com\/it\/show\/"},{"@type":"ListItem","position":3,"name":"El Yiyo vuelve a Cardamomo"}]},{"@type":"WebSite","@id":"https:\/\/cardamomo.com\/it\/#website","url":"https:\/\/cardamomo.com\/it\/","name":"Cardamomo Flamenco Madrid","description":"","potentialAction":[{"@type":"SearchAction","target":{"@type":"EntryPoint","urlTemplate":"https:\/\/cardamomo.com\/it\/?s={search_term_string}"},"query-input":{"@type":"PropertyValueSpecification","valueRequired":true,"valueName":"search_term_string"}}],"inLanguage":"it-IT"}]}},"_links":{"self":[{"href":"https:\/\/cardamomo.com\/it\/wp-json\/wp\/v2\/show\/84858","targetHints":{"allow":["GET"]}}],"collection":[{"href":"https:\/\/cardamomo.com\/it\/wp-json\/wp\/v2\/show"}],"about":[{"href":"https:\/\/cardamomo.com\/it\/wp-json\/wp\/v2\/types\/show"}],"wp:featuredmedia":[{"embeddable":true,"href":"https:\/\/cardamomo.com\/it\/wp-json\/"}],"wp:attachment":[{"href":"https:\/\/cardamomo.com\/it\/wp-json\/wp\/v2\/media?parent=84858"}],"curies":[{"name":"wp","href":"https:\/\/api.w.org\/{rel}","templated":true}]}}

<p><br />
@media only screen and (max-width: 600px) {<br />
.banner_dsk {<br />
display:none;<br />
}<br />
.row {<br />
display:flex;<br />
flex-direction: column-reverse;<br />
}<br />
}<br />
@media only screen and (min-width: 601px) {<br />
.banner_mb {<br />
display:none;<br />
}<br />
}</p>
<h2 id="tw-target-text" class="tw-data-text tw-text-large XcVN5d tw-ta" dir="ltr" data-placeholder="Traducción">Il giovane ballerino ritorna con più arte che mai</h2>
<p>Fin da bambino, il bailaor catalano è un amante del ballo flamenco, dice che ha imparato a ballare prima di imparare a camminare&#8230; E non c&#8217;è da stupirsi, lo fa in modo brillante! Il bailaor riempie i tablaos di arte, magia e passione da più di 17 anni. Prima che diventasse maggiorenne, el Yiyo divideva già il conto con grandi artisti di flamenco come Estrella Morente, Miguel Poveda, Duquende, tra gli altri.</p>
<p>Ispirato dai grandi come Eduardo Serrano &#8220;El Guiso&#8221;, Joaquin Cortes, Farruquito e Antonio Canales, il giovane ballerino continua a lavorare duramente per migliorare la sua tecnica e condividere la sua arte con il mondo. Con la sua danza, emana un&#8217;energia unica capace di trasmettere sensazioni e storie con la sua impronta caratteristica e personale.  Grazie al suo stile caratteristico, è diventato un&#8217;icona nel mondo del flamenco, potendo far parte di grandi progetti artistici nel mondo della musica, del cinema e del fashion design.</p>
<p><a href="https://cardamomo.com/it/comprare-i-biglietti/"><br />
<img decoding="async" class="banner_mb" src="https://cardamomo.com/wp-content/uploads/2024/03/banner_2_mb_it.jpg" width="100%" alt="Ottieni Biglietti per il Flamenco a Madrid: Scopri l'Anima della Spagna al Cardamomo" /><br />
<img decoding="async" class="banner_dsk" src="https://cardamomo.com/wp-content/uploads/2024/03/banner_2_it.jpg" width="100%" alt="Ottieni Biglietti per il Flamenco a Madrid: Scopri l'Anima della Spagna al Cardamomo" /><br />
</a></p>
<p>Senza dubbio, El Yiyo è uno dei ballerini con la più grande proiezione al momento, dentro e fuori i tablaos e i teatri.</p>
<p>Possiamo dire che è nata una stella, vero? Non perdetevi i suoi spettacoli questo settembre al Cardamomo.</p>
<p>Vi stiamo aspettando!</p>
<p>Prenotazioni:</p>
<p><span class="s1">???? </span>reservas@cardamomo.com</p>
<p class="p2">☎️ (​ +34) 91 805 1038/ (+34) 691 02 21 17</p>
<p class="p1"><span class="s1">???? </span>cardamomo.com</p>
<p><img loading="lazy" decoding="async" class="alignnone wp-image-110199" src="https://cardamomo.com/wp-content/uploads/2022/03/log_comunidad_m.jpg" alt="" width="38" height="54" /><img loading="lazy" decoding="async" class="alignnone wp-image-110187" src="https://cardamomo.com/wp-content/uploads/2022/03/firma_madrid_negro-300x82.png" alt="" width="227" height="62" /><img loading="lazy" decoding="async" class="alignnone wp-image-110186" src="https://cardamomo.com/wp-content/uploads/2022/03/inaem-02-cajetin-rojo-300x53.png" alt="" width="294" height="52" /></p>

<!-- This site is optimized with the Yoast SEO plugin v27.4 - https://yoast.com/product/yoast-seo-wordpress/ -->
<title>El Yiyo torna a Cardamomo</title>
<meta name="description" content="¡El Yiyo vuelve a Cardamomo! No te pierdas todos los detalles del espectáculo de este joven figura del baile flamenco." />
<meta name="robots" content="index, follow, max-snippet:-1, max-image-preview:large, max-video-preview:-1" />
<link rel="canonical" href="/" />
<meta property="og:locale" content="it_IT" />
<meta property="og:type" content="article" />
<meta property="og:title" content="El Yiyo torna a Cardamomo" />
<meta property="og:description" content="¡El Yiyo vuelve a Cardamomo! No te pierdas todos los detalles del espectáculo de este joven figura del baile flamenco." />
<meta property="og:url" content="https://cardamomo.com/it/show/el-yiyo-vuelve-a-cardamomo/" />
<meta property="og:site_name" content="Cardamomo Flamenco Madrid" />
<meta name="twitter:card" content="summary_large_image" />
<meta name="twitter:label1" content="Tempo di lettura stimato" />
	<meta name="twitter:data1" content="3 minuti" />
<script type="application/ld+json" class="yoast-schema-graph">{"@context":"https:\/\/schema.org","@graph":[{"@type":"WebPage","@id":"https:\/\/cardamomo.com\/it\/show\/el-yiyo-vuelve-a-cardamomo\/","url":"https:\/\/cardamomo.com\/it\/show\/el-yiyo-vuelve-a-cardamomo\/","name":"El Yiyo torna a Cardamomo","isPartOf":{"@id":"https:\/\/cardamomo.com\/it\/#website"},"primaryImageOfPage":{"@id":"https:\/\/cardamomo.com\/it\/show\/el-yiyo-vuelve-a-cardamomo\/#primaryimage"},"image":{"@id":"https:\/\/cardamomo.com\/es\/show\/el-yiyo-vuelve-a-cardamomo\/#primaryimage"},"thumbnailUrl":"","datePublished":"2022-03-15T12:58:13+00:00","description":"¡El Yiyo vuelve a Cardamomo! No te pierdas todos los detalles del espectáculo de este joven figura del baile flamenco.","breadcrumb":{"@id":"https:\/\/cardamomo.com\/it\/show\/el-yiyo-vuelve-a-cardamomo\/#breadcrumb"},"inLanguage":"it-IT","potentialAction":[{"@type":"ReadAction","target":[["https:\/\/cardamomo.com\/it\/show\/el-yiyo-vuelve-a-cardamomo\/"]]}]},{"@type":"ImageObject","inLanguage":"it-IT","@id":"https:\/\/cardamomo.com\/it\/show\/el-yiyo-vuelve-a-cardamomo\/#primaryimage","url":"","contentUrl":""},{"@type":"BreadcrumbList","@id":"https:\/\/cardamomo.com\/it\/show\/el-yiyo-vuelve-a-cardamomo\/#breadcrumb","itemListElement":[{"@type":"ListItem","position":1,"name":"Cardamomo","item":"https:\/\/cardamomo.com\/it\/"},{"@type":"ListItem","position":2,"name":"Shows","item":"https:\/\/cardamomo.com\/it\/show\/"},{"@type":"ListItem","position":3,"name":"El Yiyo vuelve a Cardamomo"}]},{"@type":"WebSite","@id":"https:\/\/cardamomo.com\/it\/#website","url":"https:\/\/cardamomo.com\/it\/","name":"Cardamomo Flamenco Madrid","description":"","potentialAction":[{"@type":"SearchAction","target":{"@type":"EntryPoint","urlTemplate":"https:\/\/cardamomo.com\/it\/?s={search_term_string}"},"query-input":{"@type":"PropertyValueSpecification","valueRequired":true,"valueName":"search_term_string"}}],"inLanguage":"it-IT"}]}</script>
<!-- / Yoast SEO plugin. -->

¡El Yiyo vuelve a Cardamomo! No te pierdas todos los detalles del espectáculo de este joven figura del baile flamenco.
