{"id":157979,"date":"2025-11-21T15:18:45","date_gmt":"2025-11-21T14:18:45","guid":{"rendered":"https:\/\/cardamomo.com\/es\/?post_type=show&#038;p=157979"},"modified":"2025-12-03T11:40:07","modified_gmt":"2025-12-03T10:40:07","slug":"noviembre-nos-deja-con-flamenco-en-cardamomo","status":"publish","type":"show","link":"https:\/\/cardamomo.com\/it\/show\/novembre-flamenco-2\/","title":{"rendered":"Novembre ci saluta con flamenco al Cardamomo."},"content":{"rendered":"<p><\/p>\n<p data-start=\"7107\" data-end=\"7452\">Questa ultima settimana di <strong data-start=\"7134\" data-end=\"7146\">novembre<\/strong>, al <strong data-start=\"7151\" data-end=\"7164\">Cardamomo<\/strong>, torniamo all\u2019essenza, alla forza del gruppo. Abbiamo riunito un cast che \u00e8 pura famiglia, artisti che si conoscono, si rispettano e si cercano sul palcoscenico per creare quella magia che non si pu\u00f2 provare. Durante questi giorni, il nostro palco accoglier\u00e0 artisti che fanno la storia.<\/p>\n<p data-start=\"7454\" data-end=\"7849\">Preparati, perch\u00e9 il <strong data-start=\"7475\" data-end=\"7484\">baile<\/strong> sar\u00e0 un vero turbine. Riuniamo un trio di assi che toglie il fiato, una combinazione perfetta di forza, eleganza e duende: la grinta di <strong data-start=\"7621\" data-end=\"7638\">Vanesa Coloma<\/strong>, l\u2019arte e il comp\u00e1s della nostra direttrice artistica <strong data-start=\"7693\" data-end=\"7719\">Paula Rodr\u00edguez L\u00e1zaro<\/strong>, e la velocit\u00e0 inconfondibile del maestro <strong data-start=\"7762\" data-end=\"7779\">Jose Escarp\u00edn<\/strong>. Averli insieme \u00e8 un lusso, e la loro complicit\u00e0 incendier\u00e0 il palco.<\/p>\n<p data-start=\"7851\" data-end=\"8216\">L\u2019architetto del suono, colui che tesser\u00e0 il tappeto sonoro di queste notti alla <strong data-start=\"7932\" data-end=\"7944\">chitarra<\/strong>, \u00e8 il grande <strong data-start=\"7958\" data-end=\"7977\">Ricardo V\u00e1zquez<\/strong>. Il suo tocco \u00e8 il cuscino perfetto affinch\u00e9 canto e danza possano spiccare il volo. E colui che porta il battito, il motore che segna il ritmo di questa festa, \u00e8 una vera leggenda delle <strong data-start=\"8165\" data-end=\"8180\">percussioni<\/strong>: l\u2019inconfondibile <strong data-start=\"8199\" data-end=\"8215\">Lucky Losada<\/strong>.<\/p>\n<p data-start=\"8218\" data-end=\"8515\">E le voci\u2026 preparati, perch\u00e9 questa settimana il <strong data-start=\"8267\" data-end=\"8276\">cante<\/strong> \u00e8 una sfilata di giganti. Sul nostro palco passeranno le voci del grande <strong data-start=\"8350\" data-end=\"8359\">Cancu<\/strong>, il metallo e la jondura del maestro <strong data-start=\"8397\" data-end=\"8413\">Diego Amador<\/strong>, e il profondo eco di <strong data-start=\"8436\" data-end=\"8454\">Jos\u00e9 del Calli<\/strong>. Una locandina di cante capace di far scoppiare una camicia.<\/p>\n<p data-start=\"8517\" data-end=\"8725\">In sintesi, una settimana per sentire il flamenco allo stato puro, nato dalla complicit\u00e0 e dal rispetto tra artisti che si ammirano. Questo non \u00e8 uno spettacolo, \u00e8 una riunione di famiglia. E tu sei invitato.<\/p>\n<p data-start=\"8517\" data-end=\"8725\"><a href=\"https:\/\/cardamomo.com\/it\/comprare-i-biglietti\/\"><strong data-start=\"663\" data-end=\"702\">Ti aspettiamo a casa, da Cardamomo.<\/strong><\/a><\/p>\n<p><\/p>","protected":false},"featured_media":157980,"template":"","meta":{"_acf_changed":false,"inline_featured_image":false},"class_list":["post-157979","show","type-show","status-publish","has-post-thumbnail","hentry"],"acf":[],"yoast_head":"<!-- This site is optimized with the Yoast SEO plugin v27.4 - https:\/\/yoast.com\/product\/yoast-seo-wordpress\/ -->\n<title>Novembre ci saluta con flamenco al Cardamomo. - Cardamomo Flamenco Madrid<\/title>\n<meta name=\"description\" content=\"Vivi una settimana indimenticabile al Cardamomo: arte pura, emozioni forti e un cast destinato a fare storia. Prenota ora.\" \/>\n<meta name=\"robots\" content=\"index, follow, max-snippet:-1, max-image-preview:large, max-video-preview:-1\" \/>\n<link rel=\"canonical\" href=\"\/\" \/>\n<meta property=\"og:locale\" content=\"it_IT\" \/>\n<meta property=\"og:type\" content=\"article\" \/>\n<meta property=\"og:title\" content=\"Novembre ci saluta con flamenco al Cardamomo. - Cardamomo Flamenco Madrid\" \/>\n<meta property=\"og:description\" content=\"Vivi una settimana indimenticabile al Cardamomo: arte pura, emozioni forti e un cast destinato a fare storia. Prenota ora.\" \/>\n<meta property=\"og:url\" content=\"https:\/\/cardamomo.com\/it\/show\/noviembre-flamenco-2\/\" \/>\n<meta property=\"og:site_name\" content=\"Cardamomo Flamenco Madrid\" \/>\n<meta property=\"article:modified_time\" content=\"2025-12-03T10:40:07+00:00\" \/>\n<meta property=\"og:image\" content=\"https:\/\/cardamomo.ams3.digitaloceanspaces.com\/wp-content\/uploads\/2025\/11\/21153541\/programacion-artistica-cardamomo-24-30-noviembre.jpg\" \/>\n\t<meta property=\"og:image:width\" content=\"1200\" \/>\n\t<meta property=\"og:image:height\" content=\"800\" \/>\n\t<meta property=\"og:image:type\" content=\"image\/jpeg\" \/>\n<meta name=\"twitter:card\" content=\"summary_large_image\" \/>\n<meta name=\"twitter:label1\" content=\"Tempo di lettura stimato\" \/>\n\t<meta name=\"twitter:data1\" content=\"2 minuti\" \/>\n<script type=\"application\/ld+json\" class=\"yoast-schema-graph\">{\"@context\":\"https:\\\/\\\/schema.org\",\"@graph\":[{\"@type\":\"WebPage\",\"@id\":\"https:\\\/\\\/cardamomo.com\\\/it\\\/show\\\/noviembre-flamenco-2\\\/\",\"url\":\"https:\\\/\\\/cardamomo.com\\\/it\\\/show\\\/noviembre-flamenco-2\\\/\",\"name\":\"Novembre ci saluta con flamenco al Cardamomo. - Cardamomo Flamenco Madrid\",\"isPartOf\":{\"@id\":\"https:\\\/\\\/cardamomo.com\\\/it\\\/#website\"},\"primaryImageOfPage\":{\"@id\":\"https:\\\/\\\/cardamomo.com\\\/it\\\/show\\\/noviembre-flamenco-2\\\/#primaryimage\"},\"image\":{\"@id\":\"https:\\\/\\\/cardamomo.com\\\/es\\\/show\\\/noviembre-flamenco-2\\\/#primaryimage\"},\"thumbnailUrl\":\"https:\\\/\\\/cardamomo.ams3.digitaloceanspaces.com\\\/wp-content\\\/uploads\\\/2025\\\/11\\\/21153541\\\/programacion-artistica-cardamomo-24-30-noviembre.jpg\",\"datePublished\":\"2025-11-21T14:18:45+00:00\",\"dateModified\":\"2025-12-03T10:40:07+00:00\",\"description\":\"Vivi una settimana indimenticabile al Cardamomo: arte pura, emozioni forti e un cast destinato a fare storia. Prenota ora.\",\"breadcrumb\":{\"@id\":\"https:\\\/\\\/cardamomo.com\\\/it\\\/show\\\/noviembre-flamenco-2\\\/#breadcrumb\"},\"inLanguage\":\"it-IT\",\"potentialAction\":[{\"@type\":\"ReadAction\",\"target\":[[\"https:\\\/\\\/cardamomo.com\\\/it\\\/show\\\/noviembre-flamenco-2\\\/\"]]}]},{\"@type\":\"ImageObject\",\"inLanguage\":\"it-IT\",\"@id\":\"https:\\\/\\\/cardamomo.com\\\/it\\\/show\\\/noviembre-flamenco-2\\\/#primaryimage\",\"url\":\"https:\\\/\\\/cardamomo.ams3.digitaloceanspaces.com\\\/wp-content\\\/uploads\\\/2025\\\/11\\\/21153541\\\/programacion-artistica-cardamomo-24-30-noviembre.jpg\",\"contentUrl\":\"https:\\\/\\\/cardamomo.ams3.digitaloceanspaces.com\\\/wp-content\\\/uploads\\\/2025\\\/11\\\/21153541\\\/programacion-artistica-cardamomo-24-30-noviembre.jpg\",\"width\":1200,\"height\":800,\"caption\":\"Programacio\u0301n Arti\u0301stica Cardamomo 24-30 Noviembre\"},{\"@type\":\"BreadcrumbList\",\"@id\":\"https:\\\/\\\/cardamomo.com\\\/it\\\/show\\\/noviembre-flamenco-2\\\/#breadcrumb\",\"itemListElement\":[{\"@type\":\"ListItem\",\"position\":1,\"name\":\"Cardamomo\",\"item\":\"https:\\\/\\\/cardamomo.com\\\/it\\\/\"},{\"@type\":\"ListItem\",\"position\":2,\"name\":\"Shows\",\"item\":\"https:\\\/\\\/cardamomo.com\\\/it\\\/show\\\/\"},{\"@type\":\"ListItem\",\"position\":3,\"name\":\"Noviembre nos deja con Flamenco en Cardamomo\"}]},{\"@type\":\"WebSite\",\"@id\":\"https:\\\/\\\/cardamomo.com\\\/it\\\/#website\",\"url\":\"https:\\\/\\\/cardamomo.com\\\/it\\\/\",\"name\":\"Cardamomo Flamenco Madrid\",\"description\":\"\",\"potentialAction\":[{\"@type\":\"SearchAction\",\"target\":{\"@type\":\"EntryPoint\",\"urlTemplate\":\"https:\\\/\\\/cardamomo.com\\\/it\\\/?s={search_term_string}\"},\"query-input\":{\"@type\":\"PropertyValueSpecification\",\"valueRequired\":true,\"valueName\":\"search_term_string\"}}],\"inLanguage\":\"it-IT\"}]}<\/script>\n<!-- \/ Yoast SEO plugin. -->","yoast_head_json":{"title":"Novembre ci saluta con flamenco al Cardamomo. - Cardamomo Flamenco Madrid","description":"Vivi una settimana indimenticabile al Cardamomo: arte pura, emozioni forti e un cast destinato a fare storia. Prenota ora.","robots":{"index":"index","follow":"follow","max-snippet":"max-snippet:-1","max-image-preview":"max-image-preview:large","max-video-preview":"max-video-preview:-1"},"canonical":"\/","og_locale":"it_IT","og_type":"article","og_title":"Novembre ci saluta con flamenco al Cardamomo. - Cardamomo Flamenco Madrid","og_description":"Vivi una settimana indimenticabile al Cardamomo: arte pura, emozioni forti e un cast destinato a fare storia. Prenota ora.","og_url":"https:\/\/cardamomo.com\/it\/show\/noviembre-flamenco-2\/","og_site_name":"Cardamomo Flamenco Madrid","article_modified_time":"2025-12-03T10:40:07+00:00","og_image":[{"width":1200,"height":800,"url":"https:\/\/cardamomo.ams3.digitaloceanspaces.com\/wp-content\/uploads\/2025\/11\/21153541\/programacion-artistica-cardamomo-24-30-noviembre.jpg","type":"image\/jpeg"}],"twitter_card":"summary_large_image","twitter_misc":{"Tempo di lettura stimato":"2 minuti"},"schema":{"@context":"https:\/\/schema.org","@graph":[{"@type":"WebPage","@id":"https:\/\/cardamomo.com\/it\/show\/noviembre-flamenco-2\/","url":"https:\/\/cardamomo.com\/it\/show\/noviembre-flamenco-2\/","name":"Novembre ci saluta con flamenco al Cardamomo. - Cardamomo Flamenco Madrid","isPartOf":{"@id":"https:\/\/cardamomo.com\/it\/#website"},"primaryImageOfPage":{"@id":"https:\/\/cardamomo.com\/it\/show\/noviembre-flamenco-2\/#primaryimage"},"image":{"@id":"https:\/\/cardamomo.com\/es\/show\/noviembre-flamenco-2\/#primaryimage"},"thumbnailUrl":"https:\/\/cardamomo.ams3.digitaloceanspaces.com\/wp-content\/uploads\/2025\/11\/21153541\/programacion-artistica-cardamomo-24-30-noviembre.jpg","datePublished":"2025-11-21T14:18:45+00:00","dateModified":"2025-12-03T10:40:07+00:00","description":"Vivi una settimana indimenticabile al Cardamomo: arte pura, emozioni forti e un cast destinato a fare storia. Prenota ora.","breadcrumb":{"@id":"https:\/\/cardamomo.com\/it\/show\/noviembre-flamenco-2\/#breadcrumb"},"inLanguage":"it-IT","potentialAction":[{"@type":"ReadAction","target":[["https:\/\/cardamomo.com\/it\/show\/noviembre-flamenco-2\/"]]}]},{"@type":"ImageObject","inLanguage":"it-IT","@id":"https:\/\/cardamomo.com\/it\/show\/noviembre-flamenco-2\/#primaryimage","url":"https:\/\/cardamomo.ams3.digitaloceanspaces.com\/wp-content\/uploads\/2025\/11\/21153541\/programacion-artistica-cardamomo-24-30-noviembre.jpg","contentUrl":"https:\/\/cardamomo.ams3.digitaloceanspaces.com\/wp-content\/uploads\/2025\/11\/21153541\/programacion-artistica-cardamomo-24-30-noviembre.jpg","width":1200,"height":800,"caption":"Programacio\u0301n Arti\u0301stica Cardamomo 24-30 Noviembre"},{"@type":"BreadcrumbList","@id":"https:\/\/cardamomo.com\/it\/show\/noviembre-flamenco-2\/#breadcrumb","itemListElement":[{"@type":"ListItem","position":1,"name":"Cardamomo","item":"https:\/\/cardamomo.com\/it\/"},{"@type":"ListItem","position":2,"name":"Shows","item":"https:\/\/cardamomo.com\/it\/show\/"},{"@type":"ListItem","position":3,"name":"Noviembre nos deja con Flamenco en Cardamomo"}]},{"@type":"WebSite","@id":"https:\/\/cardamomo.com\/it\/#website","url":"https:\/\/cardamomo.com\/it\/","name":"Cardamomo Flamenco Madrid","description":"","potentialAction":[{"@type":"SearchAction","target":{"@type":"EntryPoint","urlTemplate":"https:\/\/cardamomo.com\/it\/?s={search_term_string}"},"query-input":{"@type":"PropertyValueSpecification","valueRequired":true,"valueName":"search_term_string"}}],"inLanguage":"it-IT"}]}},"_links":{"self":[{"href":"https:\/\/cardamomo.com\/it\/wp-json\/wp\/v2\/show\/157979","targetHints":{"allow":["GET"]}}],"collection":[{"href":"https:\/\/cardamomo.com\/it\/wp-json\/wp\/v2\/show"}],"about":[{"href":"https:\/\/cardamomo.com\/it\/wp-json\/wp\/v2\/types\/show"}],"wp:featuredmedia":[{"embeddable":true,"href":"https:\/\/cardamomo.com\/it\/wp-json\/wp\/v2\/media\/157980"}],"wp:attachment":[{"href":"https:\/\/cardamomo.com\/it\/wp-json\/wp\/v2\/media?parent=157979"}],"curies":[{"name":"wp","href":"https:\/\/api.w.org\/{rel}","templated":true}]}}

<p></p>
<p data-start="7107" data-end="7452">Questa ultima settimana di <strong data-start="7134" data-end="7146">novembre</strong>, al <strong data-start="7151" data-end="7164">Cardamomo</strong>, torniamo all’essenza, alla forza del gruppo. Abbiamo riunito un cast che è pura famiglia, artisti che si conoscono, si rispettano e si cercano sul palcoscenico per creare quella magia che non si può provare. Durante questi giorni, il nostro palco accoglierà artisti che fanno la storia.</p>
<p data-start="7454" data-end="7849">Preparati, perché il <strong data-start="7475" data-end="7484">baile</strong> sarà un vero turbine. Riuniamo un trio di assi che toglie il fiato, una combinazione perfetta di forza, eleganza e duende: la grinta di <strong data-start="7621" data-end="7638">Vanesa Coloma</strong>, l’arte e il compás della nostra direttrice artistica <strong data-start="7693" data-end="7719">Paula Rodríguez Lázaro</strong>, e la velocità inconfondibile del maestro <strong data-start="7762" data-end="7779">Jose Escarpín</strong>. Averli insieme è un lusso, e la loro complicità incendierà il palco.</p>
<p data-start="7851" data-end="8216">L’architetto del suono, colui che tesserà il tappeto sonoro di queste notti alla <strong data-start="7932" data-end="7944">chitarra</strong>, è il grande <strong data-start="7958" data-end="7977">Ricardo Vázquez</strong>. Il suo tocco è il cuscino perfetto affinché canto e danza possano spiccare il volo. E colui che porta il battito, il motore che segna il ritmo di questa festa, è una vera leggenda delle <strong data-start="8165" data-end="8180">percussioni</strong>: l’inconfondibile <strong data-start="8199" data-end="8215">Lucky Losada</strong>.</p>
<p data-start="8218" data-end="8515">E le voci… preparati, perché questa settimana il <strong data-start="8267" data-end="8276">cante</strong> è una sfilata di giganti. Sul nostro palco passeranno le voci del grande <strong data-start="8350" data-end="8359">Cancu</strong>, il metallo e la jondura del maestro <strong data-start="8397" data-end="8413">Diego Amador</strong>, e il profondo eco di <strong data-start="8436" data-end="8454">José del Calli</strong>. Una locandina di cante capace di far scoppiare una camicia.</p>
<p data-start="8517" data-end="8725">In sintesi, una settimana per sentire il flamenco allo stato puro, nato dalla complicità e dal rispetto tra artisti che si ammirano. Questo non è uno spettacolo, è una riunione di famiglia. E tu sei invitato.</p>
<p data-start="8517" data-end="8725"><a href="https://cardamomo.com/it/comprare-i-biglietti/"><strong data-start="663" data-end="702">Ti aspettiamo a casa, da Cardamomo.</strong></a></p>
<p></p>
