{"id":157974,"date":"2025-11-17T10:26:01","date_gmt":"2025-11-17T09:26:01","guid":{"rendered":"https:\/\/cardamomo.com\/es\/?post_type=show&#038;p=157974"},"modified":"2025-11-27T14:11:04","modified_gmt":"2025-11-27T13:11:04","slug":"esta-semana-cardamomo-presenta-un-vendaval-de-talento-flamenco","status":"publish","type":"show","link":"https:\/\/cardamomo.com\/it\/show\/settimana-tempesta-flamenco\/","title":{"rendered":"Questa settimana, Cardamomo presenta un vortice di talento flamenco."},"content":{"rendered":"<p><\/p>\n<p data-start=\"3972\" data-end=\"4314\">Questa settimana, dal <strong data-start=\"3994\" data-end=\"4015\">17 al 23 novembre<\/strong>, il palcoscenico di <strong data-start=\"4036\" data-end=\"4049\">Cardamomo<\/strong> diventa un punto d\u2019incontro, un crocevia dove si ritroveranno alcuni dei nomi pi\u00f9 potenti del flamenco. Abbiamo riunito una famiglia di artisti straordinari, un team di fuoriclasse che garantisce ogni sera un\u2019occasione unica per vivere la magia di questo incontro.<\/p>\n<p data-start=\"4316\" data-end=\"4774\">Preparati, perch\u00e9 il <strong data-start=\"4337\" data-end=\"4346\">baile<\/strong> sar\u00e0 un autentico vortice. Durante questi sette giorni, sulle nostre tavole sfiler\u00e0 una parata di titani: la forza travolgente di <strong data-start=\"4477\" data-end=\"4485\">Yiyo<\/strong>, il fuoco di <strong data-start=\"4499\" data-end=\"4509\">Rapico<\/strong>, l\u2019eleganza di <strong data-start=\"4525\" data-end=\"4551\">Paula Rodr\u00edguez L\u00e1zaro<\/strong>, l\u2019arte di <strong data-start=\"4563\" data-end=\"4586\">Angelita Espa\u00f1adero<\/strong>, la maestria di <strong data-start=\"4603\" data-end=\"4624\">Estefan\u00eda Narv\u00e1ez<\/strong>, la potenza di <strong data-start=\"4640\" data-end=\"4659\">Clara Guti\u00e9rrez<\/strong> e la scintilla di <strong data-start=\"4678\" data-end=\"4687\">Tachu<\/strong>. Immagina cosa succeder\u00e0 quando tutti questi artisti condivideranno lo stesso respiro.<\/p>\n<p data-start=\"4776\" data-end=\"5015\">Il filo conduttore di questa follia, il paesaggio sonoro che render\u00e0 tutto possibile, sar\u00e0 nelle mani di un maestro della <strong data-start=\"4898\" data-end=\"4910\">chitarra<\/strong>: il grande <strong data-start=\"4922\" data-end=\"4939\">Mario Montoya<\/strong>. Sar\u00e0 lui a tessere i suoni che faranno volare libero tutto questo talento.<\/p>\n<p data-start=\"5017\" data-end=\"5309\">E le voci\u2026 ah, le voci! Il <strong data-start=\"5044\" data-end=\"5053\">cante<\/strong> sar\u00e0 un dialogo continuo tra anime gitane. Il nostro palco accoglier\u00e0 l\u2019eco profondo di <strong data-start=\"5142\" data-end=\"5158\">Jacob Quir\u00f3s<\/strong>, l\u2019emozione di <strong data-start=\"5174\" data-end=\"5196\">Antonio de Manuela<\/strong>, il fuoco di <strong data-start=\"5210\" data-end=\"5223\">Jua\u00f1arito<\/strong> e la forza vocale di <strong data-start=\"5245\" data-end=\"5254\">Calli<\/strong>. Un programma di cante che far\u00e0 venire la pelle d\u2019oca.<\/p>\n<p data-start=\"5311\" data-end=\"5509\">Il battito che guider\u00e0 il comp\u00e1s sar\u00e0 affidato a due giganti delle <strong data-start=\"5378\" data-end=\"5393\">percussioni<\/strong>: <strong data-start=\"5395\" data-end=\"5410\">Iv\u00e1n Losada<\/strong> e il maestro <strong data-start=\"5424\" data-end=\"5434\">Lamela<\/strong>, due garanzie assolute capaci di far vibrare il cuore a ritmo di buler\u00edas.<\/p>\n<p data-start=\"5511\" data-end=\"5665\">In sintesi: una settimana per tenere occhi e orecchie spalancati, perch\u00e9 il talento traboccher\u00e0 dal palco. Questo \u00e8 flamenco puro. Questo \u00e8 <strong data-start=\"5651\" data-end=\"5664\">Cardamomo<\/strong>.<\/p>\n<p data-start=\"384\" data-end=\"418\"><a href=\"https:\/\/cardamomo.com\/it\/comprare-i-biglietti\/\"><strong>Vieni a trovarci questa settimana.<\/strong><\/a><\/p>\n<h2 data-start=\"420\" data-end=\"454\"><\/h2>\n<p><\/p>","protected":false},"featured_media":157975,"template":"","meta":{"_acf_changed":false,"inline_featured_image":false},"class_list":["post-157974","show","type-show","status-publish","has-post-thumbnail","hentry"],"acf":[],"yoast_head":"<!-- This site is optimized with the Yoast SEO plugin v27.4 - https:\/\/yoast.com\/product\/yoast-seo-wordpress\/ -->\n<title>Questa settimana, Cardamomo presenta un vortice di talento flamenco. - Cardamomo Flamenco Madrid<\/title>\n<meta name=\"robots\" content=\"index, follow, max-snippet:-1, max-image-preview:large, max-video-preview:-1\" \/>\n<link rel=\"canonical\" href=\"\/\" \/>\n<meta property=\"og:locale\" content=\"it_IT\" \/>\n<meta property=\"og:type\" content=\"article\" \/>\n<meta property=\"og:title\" content=\"Questa settimana, Cardamomo presenta un vortice di talento flamenco. - Cardamomo Flamenco Madrid\" \/>\n<meta property=\"og:description\" content=\"Questa settimana, dal 17 al 23 novembre, il palcoscenico di Cardamomo diventa un punto d\u2019incontro, un crocevia dove si ritroveranno alcuni dei nomi pi\u00f9 potenti del flamenco. Abbiamo riunito una famiglia di artisti straordinari, un team di fuoriclasse che garantisce ogni sera un\u2019occasione unica per vivere la magia di questo incontro. Preparati, perch\u00e9 il baile...\" \/>\n<meta property=\"og:url\" content=\"https:\/\/cardamomo.com\/it\/show\/semana-vendaval-flamenco\/\" \/>\n<meta property=\"og:site_name\" content=\"Cardamomo Flamenco Madrid\" \/>\n<meta property=\"article:modified_time\" content=\"2025-11-27T13:11:04+00:00\" \/>\n<meta property=\"og:image\" content=\"https:\/\/cardamomo.ams3.digitaloceanspaces.com\/wp-content\/uploads\/2025\/11\/17102554\/programacion-cardamomo-17-23-noviembre.jpg\" \/>\n\t<meta property=\"og:image:width\" content=\"1200\" \/>\n\t<meta property=\"og:image:height\" content=\"800\" \/>\n\t<meta property=\"og:image:type\" content=\"image\/jpeg\" \/>\n<meta name=\"twitter:card\" content=\"summary_large_image\" \/>\n<meta name=\"twitter:label1\" content=\"Tempo di lettura stimato\" \/>\n\t<meta name=\"twitter:data1\" content=\"1 minuto\" \/>\n<script type=\"application\/ld+json\" class=\"yoast-schema-graph\">{\"@context\":\"https:\\\/\\\/schema.org\",\"@graph\":[{\"@type\":\"WebPage\",\"@id\":\"https:\\\/\\\/cardamomo.com\\\/it\\\/show\\\/semana-vendaval-flamenco\\\/\",\"url\":\"https:\\\/\\\/cardamomo.com\\\/it\\\/show\\\/semana-vendaval-flamenco\\\/\",\"name\":\"Questa settimana, Cardamomo presenta un vortice di talento flamenco. - Cardamomo Flamenco Madrid\",\"isPartOf\":{\"@id\":\"https:\\\/\\\/cardamomo.com\\\/it\\\/#website\"},\"primaryImageOfPage\":{\"@id\":\"https:\\\/\\\/cardamomo.com\\\/it\\\/show\\\/semana-vendaval-flamenco\\\/#primaryimage\"},\"image\":{\"@id\":\"https:\\\/\\\/cardamomo.com\\\/es\\\/show\\\/semana-vendaval-flamenco\\\/#primaryimage\"},\"thumbnailUrl\":\"https:\\\/\\\/cardamomo.ams3.digitaloceanspaces.com\\\/wp-content\\\/uploads\\\/2025\\\/11\\\/17102554\\\/programacion-cardamomo-17-23-noviembre.jpg\",\"datePublished\":\"2025-11-17T09:26:01+00:00\",\"dateModified\":\"2025-11-27T13:11:04+00:00\",\"breadcrumb\":{\"@id\":\"https:\\\/\\\/cardamomo.com\\\/it\\\/show\\\/semana-vendaval-flamenco\\\/#breadcrumb\"},\"inLanguage\":\"it-IT\",\"potentialAction\":[{\"@type\":\"ReadAction\",\"target\":[[\"https:\\\/\\\/cardamomo.com\\\/it\\\/show\\\/semana-vendaval-flamenco\\\/\"]]}]},{\"@type\":\"ImageObject\",\"inLanguage\":\"it-IT\",\"@id\":\"https:\\\/\\\/cardamomo.com\\\/it\\\/show\\\/semana-vendaval-flamenco\\\/#primaryimage\",\"url\":\"https:\\\/\\\/cardamomo.ams3.digitaloceanspaces.com\\\/wp-content\\\/uploads\\\/2025\\\/11\\\/17102554\\\/programacion-cardamomo-17-23-noviembre.jpg\",\"contentUrl\":\"https:\\\/\\\/cardamomo.ams3.digitaloceanspaces.com\\\/wp-content\\\/uploads\\\/2025\\\/11\\\/17102554\\\/programacion-cardamomo-17-23-noviembre.jpg\",\"width\":1200,\"height\":800,\"caption\":\"Programacio\u0301n Cardamomo 17-23 Noviembre\"},{\"@type\":\"BreadcrumbList\",\"@id\":\"https:\\\/\\\/cardamomo.com\\\/it\\\/show\\\/semana-vendaval-flamenco\\\/#breadcrumb\",\"itemListElement\":[{\"@type\":\"ListItem\",\"position\":1,\"name\":\"Cardamomo\",\"item\":\"https:\\\/\\\/cardamomo.com\\\/it\\\/\"},{\"@type\":\"ListItem\",\"position\":2,\"name\":\"Shows\",\"item\":\"https:\\\/\\\/cardamomo.com\\\/it\\\/show\\\/\"},{\"@type\":\"ListItem\",\"position\":3,\"name\":\"Esta semana Cardamomo presenta un vendaval de talento Flamenco\"}]},{\"@type\":\"WebSite\",\"@id\":\"https:\\\/\\\/cardamomo.com\\\/it\\\/#website\",\"url\":\"https:\\\/\\\/cardamomo.com\\\/it\\\/\",\"name\":\"Cardamomo Flamenco Madrid\",\"description\":\"\",\"potentialAction\":[{\"@type\":\"SearchAction\",\"target\":{\"@type\":\"EntryPoint\",\"urlTemplate\":\"https:\\\/\\\/cardamomo.com\\\/it\\\/?s={search_term_string}\"},\"query-input\":{\"@type\":\"PropertyValueSpecification\",\"valueRequired\":true,\"valueName\":\"search_term_string\"}}],\"inLanguage\":\"it-IT\"}]}<\/script>\n<!-- \/ Yoast SEO plugin. -->","yoast_head_json":{"title":"Questa settimana, Cardamomo presenta un vortice di talento flamenco. - Cardamomo Flamenco Madrid","robots":{"index":"index","follow":"follow","max-snippet":"max-snippet:-1","max-image-preview":"max-image-preview:large","max-video-preview":"max-video-preview:-1"},"canonical":"\/","og_locale":"it_IT","og_type":"article","og_title":"Questa settimana, Cardamomo presenta un vortice di talento flamenco. - Cardamomo Flamenco Madrid","og_description":"Questa settimana, dal 17 al 23 novembre, il palcoscenico di Cardamomo diventa un punto d\u2019incontro, un crocevia dove si ritroveranno alcuni dei nomi pi\u00f9 potenti del flamenco. Abbiamo riunito una famiglia di artisti straordinari, un team di fuoriclasse che garantisce ogni sera un\u2019occasione unica per vivere la magia di questo incontro. Preparati, perch\u00e9 il baile...","og_url":"https:\/\/cardamomo.com\/it\/show\/semana-vendaval-flamenco\/","og_site_name":"Cardamomo Flamenco Madrid","article_modified_time":"2025-11-27T13:11:04+00:00","og_image":[{"width":1200,"height":800,"url":"https:\/\/cardamomo.ams3.digitaloceanspaces.com\/wp-content\/uploads\/2025\/11\/17102554\/programacion-cardamomo-17-23-noviembre.jpg","type":"image\/jpeg"}],"twitter_card":"summary_large_image","twitter_misc":{"Tempo di lettura stimato":"1 minuto"},"schema":{"@context":"https:\/\/schema.org","@graph":[{"@type":"WebPage","@id":"https:\/\/cardamomo.com\/it\/show\/semana-vendaval-flamenco\/","url":"https:\/\/cardamomo.com\/it\/show\/semana-vendaval-flamenco\/","name":"Questa settimana, Cardamomo presenta un vortice di talento flamenco. - Cardamomo Flamenco Madrid","isPartOf":{"@id":"https:\/\/cardamomo.com\/it\/#website"},"primaryImageOfPage":{"@id":"https:\/\/cardamomo.com\/it\/show\/semana-vendaval-flamenco\/#primaryimage"},"image":{"@id":"https:\/\/cardamomo.com\/es\/show\/semana-vendaval-flamenco\/#primaryimage"},"thumbnailUrl":"https:\/\/cardamomo.ams3.digitaloceanspaces.com\/wp-content\/uploads\/2025\/11\/17102554\/programacion-cardamomo-17-23-noviembre.jpg","datePublished":"2025-11-17T09:26:01+00:00","dateModified":"2025-11-27T13:11:04+00:00","breadcrumb":{"@id":"https:\/\/cardamomo.com\/it\/show\/semana-vendaval-flamenco\/#breadcrumb"},"inLanguage":"it-IT","potentialAction":[{"@type":"ReadAction","target":[["https:\/\/cardamomo.com\/it\/show\/semana-vendaval-flamenco\/"]]}]},{"@type":"ImageObject","inLanguage":"it-IT","@id":"https:\/\/cardamomo.com\/it\/show\/semana-vendaval-flamenco\/#primaryimage","url":"https:\/\/cardamomo.ams3.digitaloceanspaces.com\/wp-content\/uploads\/2025\/11\/17102554\/programacion-cardamomo-17-23-noviembre.jpg","contentUrl":"https:\/\/cardamomo.ams3.digitaloceanspaces.com\/wp-content\/uploads\/2025\/11\/17102554\/programacion-cardamomo-17-23-noviembre.jpg","width":1200,"height":800,"caption":"Programacio\u0301n Cardamomo 17-23 Noviembre"},{"@type":"BreadcrumbList","@id":"https:\/\/cardamomo.com\/it\/show\/semana-vendaval-flamenco\/#breadcrumb","itemListElement":[{"@type":"ListItem","position":1,"name":"Cardamomo","item":"https:\/\/cardamomo.com\/it\/"},{"@type":"ListItem","position":2,"name":"Shows","item":"https:\/\/cardamomo.com\/it\/show\/"},{"@type":"ListItem","position":3,"name":"Esta semana Cardamomo presenta un vendaval de talento Flamenco"}]},{"@type":"WebSite","@id":"https:\/\/cardamomo.com\/it\/#website","url":"https:\/\/cardamomo.com\/it\/","name":"Cardamomo Flamenco Madrid","description":"","potentialAction":[{"@type":"SearchAction","target":{"@type":"EntryPoint","urlTemplate":"https:\/\/cardamomo.com\/it\/?s={search_term_string}"},"query-input":{"@type":"PropertyValueSpecification","valueRequired":true,"valueName":"search_term_string"}}],"inLanguage":"it-IT"}]}},"_links":{"self":[{"href":"https:\/\/cardamomo.com\/it\/wp-json\/wp\/v2\/show\/157974","targetHints":{"allow":["GET"]}}],"collection":[{"href":"https:\/\/cardamomo.com\/it\/wp-json\/wp\/v2\/show"}],"about":[{"href":"https:\/\/cardamomo.com\/it\/wp-json\/wp\/v2\/types\/show"}],"wp:featuredmedia":[{"embeddable":true,"href":"https:\/\/cardamomo.com\/it\/wp-json\/wp\/v2\/media\/157975"}],"wp:attachment":[{"href":"https:\/\/cardamomo.com\/it\/wp-json\/wp\/v2\/media?parent=157974"}],"curies":[{"name":"wp","href":"https:\/\/api.w.org\/{rel}","templated":true}]}}

<p></p>
<p data-start="3972" data-end="4314">Questa settimana, dal <strong data-start="3994" data-end="4015">17 al 23 novembre</strong>, il palcoscenico di <strong data-start="4036" data-end="4049">Cardamomo</strong> diventa un punto d’incontro, un crocevia dove si ritroveranno alcuni dei nomi più potenti del flamenco. Abbiamo riunito una famiglia di artisti straordinari, un team di fuoriclasse che garantisce ogni sera un’occasione unica per vivere la magia di questo incontro.</p>
<p data-start="4316" data-end="4774">Preparati, perché il <strong data-start="4337" data-end="4346">baile</strong> sarà un autentico vortice. Durante questi sette giorni, sulle nostre tavole sfilerà una parata di titani: la forza travolgente di <strong data-start="4477" data-end="4485">Yiyo</strong>, il fuoco di <strong data-start="4499" data-end="4509">Rapico</strong>, l’eleganza di <strong data-start="4525" data-end="4551">Paula Rodríguez Lázaro</strong>, l’arte di <strong data-start="4563" data-end="4586">Angelita Españadero</strong>, la maestria di <strong data-start="4603" data-end="4624">Estefanía Narváez</strong>, la potenza di <strong data-start="4640" data-end="4659">Clara Gutiérrez</strong> e la scintilla di <strong data-start="4678" data-end="4687">Tachu</strong>. Immagina cosa succederà quando tutti questi artisti condivideranno lo stesso respiro.</p>
<p data-start="4776" data-end="5015">Il filo conduttore di questa follia, il paesaggio sonoro che renderà tutto possibile, sarà nelle mani di un maestro della <strong data-start="4898" data-end="4910">chitarra</strong>: il grande <strong data-start="4922" data-end="4939">Mario Montoya</strong>. Sarà lui a tessere i suoni che faranno volare libero tutto questo talento.</p>
<p data-start="5017" data-end="5309">E le voci… ah, le voci! Il <strong data-start="5044" data-end="5053">cante</strong> sarà un dialogo continuo tra anime gitane. Il nostro palco accoglierà l’eco profondo di <strong data-start="5142" data-end="5158">Jacob Quirós</strong>, l’emozione di <strong data-start="5174" data-end="5196">Antonio de Manuela</strong>, il fuoco di <strong data-start="5210" data-end="5223">Juañarito</strong> e la forza vocale di <strong data-start="5245" data-end="5254">Calli</strong>. Un programma di cante che farà venire la pelle d’oca.</p>
<p data-start="5311" data-end="5509">Il battito che guiderà il compás sarà affidato a due giganti delle <strong data-start="5378" data-end="5393">percussioni</strong>: <strong data-start="5395" data-end="5410">Iván Losada</strong> e il maestro <strong data-start="5424" data-end="5434">Lamela</strong>, due garanzie assolute capaci di far vibrare il cuore a ritmo di bulerías.</p>
<p data-start="5511" data-end="5665">In sintesi: una settimana per tenere occhi e orecchie spalancati, perché il talento traboccherà dal palco. Questo è flamenco puro. Questo è <strong data-start="5651" data-end="5664">Cardamomo</strong>.</p>
<p data-start="384" data-end="418"><a href="https://cardamomo.com/it/comprare-i-biglietti/"><strong>Vieni a trovarci questa settimana.</strong></a></p>
<h2 data-start="420" data-end="454"></h2>
<p></p>

<!-- This site is optimized with the Yoast SEO plugin v27.4 - https://yoast.com/product/yoast-seo-wordpress/ -->
<title>Questa settimana, Cardamomo presenta un vortice di talento flamenco. - Cardamomo Flamenco Madrid</title>
<meta name="robots" content="index, follow, max-snippet:-1, max-image-preview:large, max-video-preview:-1" />
<link rel="canonical" href="/" />
<meta property="og:locale" content="it_IT" />
<meta property="og:type" content="article" />
<meta property="og:title" content="Questa settimana, Cardamomo presenta un vortice di talento flamenco. - Cardamomo Flamenco Madrid" />
<meta property="og:description" content="Questa settimana, dal 17 al 23 novembre, il palcoscenico di Cardamomo diventa un punto d’incontro, un crocevia dove si ritroveranno alcuni dei nomi più potenti del flamenco. Abbiamo riunito una famiglia di artisti straordinari, un team di fuoriclasse che garantisce ogni sera un’occasione unica per vivere la magia di questo incontro. Preparati, perché il baile..." />
<meta property="og:url" content="https://cardamomo.com/it/show/semana-vendaval-flamenco/" />
<meta property="og:site_name" content="Cardamomo Flamenco Madrid" />
<meta property="article:modified_time" content="2025-11-27T13:11:04+00:00" />
<meta property="og:image" content="https://cardamomo.ams3.digitaloceanspaces.com/wp-content/uploads/2025/11/17102554/programacion-cardamomo-17-23-noviembre.jpg" />
	<meta property="og:image:width" content="1200" />
	<meta property="og:image:height" content="800" />
	<meta property="og:image:type" content="image/jpeg" />
<meta name="twitter:card" content="summary_large_image" />
<meta name="twitter:label1" content="Tempo di lettura stimato" />
	<meta name="twitter:data1" content="1 minuto" />
<script type="application/ld+json" class="yoast-schema-graph">{"@context":"https:\/\/schema.org","@graph":[{"@type":"WebPage","@id":"https:\/\/cardamomo.com\/it\/show\/semana-vendaval-flamenco\/","url":"https:\/\/cardamomo.com\/it\/show\/semana-vendaval-flamenco\/","name":"Questa settimana, Cardamomo presenta un vortice di talento flamenco. - Cardamomo Flamenco Madrid","isPartOf":{"@id":"https:\/\/cardamomo.com\/it\/#website"},"primaryImageOfPage":{"@id":"https:\/\/cardamomo.com\/it\/show\/semana-vendaval-flamenco\/#primaryimage"},"image":{"@id":"https:\/\/cardamomo.com\/es\/show\/semana-vendaval-flamenco\/#primaryimage"},"thumbnailUrl":"https:\/\/cardamomo.ams3.digitaloceanspaces.com\/wp-content\/uploads\/2025\/11\/17102554\/programacion-cardamomo-17-23-noviembre.jpg","datePublished":"2025-11-17T09:26:01+00:00","dateModified":"2025-11-27T13:11:04+00:00","breadcrumb":{"@id":"https:\/\/cardamomo.com\/it\/show\/semana-vendaval-flamenco\/#breadcrumb"},"inLanguage":"it-IT","potentialAction":[{"@type":"ReadAction","target":[["https:\/\/cardamomo.com\/it\/show\/semana-vendaval-flamenco\/"]]}]},{"@type":"ImageObject","inLanguage":"it-IT","@id":"https:\/\/cardamomo.com\/it\/show\/semana-vendaval-flamenco\/#primaryimage","url":"https:\/\/cardamomo.ams3.digitaloceanspaces.com\/wp-content\/uploads\/2025\/11\/17102554\/programacion-cardamomo-17-23-noviembre.jpg","contentUrl":"https:\/\/cardamomo.ams3.digitaloceanspaces.com\/wp-content\/uploads\/2025\/11\/17102554\/programacion-cardamomo-17-23-noviembre.jpg","width":1200,"height":800,"caption":"Programación Cardamomo 17-23 Noviembre"},{"@type":"BreadcrumbList","@id":"https:\/\/cardamomo.com\/it\/show\/semana-vendaval-flamenco\/#breadcrumb","itemListElement":[{"@type":"ListItem","position":1,"name":"Cardamomo","item":"https:\/\/cardamomo.com\/it\/"},{"@type":"ListItem","position":2,"name":"Shows","item":"https:\/\/cardamomo.com\/it\/show\/"},{"@type":"ListItem","position":3,"name":"Esta semana Cardamomo presenta un vendaval de talento Flamenco"}]},{"@type":"WebSite","@id":"https:\/\/cardamomo.com\/it\/#website","url":"https:\/\/cardamomo.com\/it\/","name":"Cardamomo Flamenco Madrid","description":"","potentialAction":[{"@type":"SearchAction","target":{"@type":"EntryPoint","urlTemplate":"https:\/\/cardamomo.com\/it\/?s={search_term_string}"},"query-input":{"@type":"PropertyValueSpecification","valueRequired":true,"valueName":"search_term_string"}}],"inLanguage":"it-IT"}]}</script>
<!-- / Yoast SEO plugin. -->

Questa settimana, dal 17 al 23 novembre, il palcoscenico di Cardamomo diventa un punto d’incontro, un crocevia dove si ritroveranno alcuni dei nomi più potenti del flamenco. Abbiamo riunito una famiglia di artisti straordinari, un team di fuoriclasse che garantisce ogni sera un’occasione unica per vivere la magia di questo incontro. Preparati, perché il baile...
