{"id":157899,"date":"2025-11-02T11:03:21","date_gmt":"2025-11-02T10:03:21","guid":{"rendered":"https:\/\/cardamomo.com\/es\/?post_type=show&#038;p=157899"},"modified":"2025-11-17T10:45:56","modified_gmt":"2025-11-17T09:45:56","slug":"llega-noviembre-con-el-mejor-flamenco-en-cardamomo","status":"publish","type":"show","link":"https:\/\/cardamomo.com\/it\/show\/novembre-flamenco\/","title":{"rendered":"A novembre arriva il miglior flamenco al Cardamomo"},"content":{"rendered":"<p><\/p>\n<p data-start=\"1712\" data-end=\"1980\">Questa settimana, dal <strong data-start=\"1734\" data-end=\"1753\">3 al 9 novembre<\/strong>, al <strong data-start=\"1758\" data-end=\"1771\">Cardamomo<\/strong> abbiamo riunito un gruppo di artisti che lasciano senza fiato. La magia sta nel vedere come si incontrano, come dialogano e quali scintille scoccano sul palco ogni sera. Ogni notte sar\u00e0 unica, irripetibile.<\/p>\n<p data-start=\"1982\" data-end=\"2206\">Pensa al dialogo che nascer\u00e0 nella <strong data-start=\"2017\" data-end=\"2026\">danza<\/strong>: la forza di <strong data-start=\"2040\" data-end=\"2058\">Mariano Lozano<\/strong>, la passione di <strong data-start=\"2075\" data-end=\"2094\">Nerea Fern\u00e1ndez<\/strong>, il comp\u00e1s di <strong>Alejandra Hern\u00e1ndez<\/strong> e l\u2019eleganza di <strong data-start=\"2111\" data-end=\"2129\">Nerea Carrasco<\/strong>. Immagina la magia quando le loro strade si incrociano sotto i riflettori.<\/p>\n<p data-start=\"2208\" data-end=\"2445\">E per dare voce a questa storia, preparati: portiamo un\u2019armata di voci che ti lasceranno senza parole. Durante la settimana, <strong data-start=\"2333\" data-end=\"2378\">Sa\u00fal Quir\u00f3s, Antonio de Manuela, El Perre<\/strong> e <strong data-start=\"2381\" data-end=\"2393\">El Cancu<\/strong> saliranno sul palco a turno per toccarti l\u2019anima.<\/p>\n<p data-start=\"2447\" data-end=\"2606\">Le corde della <strong data-start=\"2462\" data-end=\"2474\">chitarra<\/strong> vibreranno grazie alla sensibilit\u00e0 di <strong data-start=\"2513\" data-end=\"2524\">Parrana<\/strong> e <strong data-start=\"2527\" data-end=\"2544\">Mario Montoya<\/strong>, due maestri che tessono le melodie dove nasce il <em data-start=\"2595\" data-end=\"2603\">duende<\/em>.<\/p>\n<p data-start=\"2608\" data-end=\"2756\">Il battito del cuore sar\u00e0 segnato dal grande <strong data-start=\"2653\" data-end=\"2668\">Iv\u00e1n Losada<\/strong>, il cui caj\u00f3n d\u00e0 vita al ritmo e ci ricorda che il flamenco \u00e8 un\u2019arte viva e sincera.<\/p>\n<p data-start=\"2758\" data-end=\"2944\">E per far s\u00ec che tutto si unisca in perfetta armonia, abbiamo la direzione artistica di <strong data-start=\"2846\" data-end=\"2872\">Paula Rodr\u00edguez L\u00e1zaro<\/strong>, la cui visione garantisce che ogni sera l\u2019emozione sia protagonista.<\/p>\n<p data-start=\"2946\" data-end=\"3078\">In breve: non \u00e8 un programma fisso, ma un invito a entrare nella cucina dell\u2019arte \u2014 a vedere come si prepara il flamenco pi\u00f9 puro.<\/p>\n<p data-start=\"3080\" data-end=\"3135\"><a href=\"https:\/\/cardamomo.com\/it\/comprare-i-biglietti\/\"><strong data-start=\"3080\" data-end=\"3135\">Ti aspettiamo a casa, al Cardamomo Flamenco Madrid.<\/strong><\/a><\/p>\n<p><\/p>","protected":false},"featured_media":157956,"template":"","meta":{"_acf_changed":false,"inline_featured_image":false},"class_list":["post-157899","show","type-show","status-publish","has-post-thumbnail","hentry"],"acf":[],"yoast_head":"<!-- This site is optimized with the Yoast SEO plugin v27.4 - https:\/\/yoast.com\/product\/yoast-seo-wordpress\/ -->\n<title>A novembre arriva il miglior flamenco al Cardamomo - Cardamomo Flamenco Madrid<\/title>\n<meta name=\"description\" content=\"Dal 3 al 9 novembre, vivi il miglior flamenco di Madrid. Arte e passione ogni sera. Prenota ora i tuoi biglietti!\" \/>\n<meta name=\"robots\" content=\"index, follow, max-snippet:-1, max-image-preview:large, max-video-preview:-1\" \/>\n<link rel=\"canonical\" href=\"\/\" \/>\n<meta property=\"og:locale\" content=\"it_IT\" \/>\n<meta property=\"og:type\" content=\"article\" \/>\n<meta property=\"og:title\" content=\"A novembre arriva il miglior flamenco al Cardamomo - Cardamomo Flamenco Madrid\" \/>\n<meta property=\"og:description\" content=\"Dal 3 al 9 novembre, vivi il miglior flamenco di Madrid. Arte e passione ogni sera. Prenota ora i tuoi biglietti!\" \/>\n<meta property=\"og:url\" content=\"https:\/\/cardamomo.com\/it\/show\/noviembre-flamenco\/\" \/>\n<meta property=\"og:site_name\" content=\"Cardamomo Flamenco Madrid\" \/>\n<meta property=\"article:modified_time\" content=\"2025-11-17T09:45:56+00:00\" \/>\n<meta property=\"og:image\" content=\"https:\/\/cardamomo.ams3.digitaloceanspaces.com\/wp-content\/uploads\/2025\/11\/11131557\/programacion-cardamomo-3-9-noviembre.jpg\" \/>\n\t<meta property=\"og:image:width\" content=\"1200\" \/>\n\t<meta property=\"og:image:height\" content=\"800\" \/>\n\t<meta property=\"og:image:type\" content=\"image\/jpeg\" \/>\n<meta name=\"twitter:card\" content=\"summary_large_image\" \/>\n<meta name=\"twitter:label1\" content=\"Tempo di lettura stimato\" \/>\n\t<meta name=\"twitter:data1\" content=\"2 minuti\" \/>\n<script type=\"application\/ld+json\" class=\"yoast-schema-graph\">{\"@context\":\"https:\\\/\\\/schema.org\",\"@graph\":[{\"@type\":\"WebPage\",\"@id\":\"https:\\\/\\\/cardamomo.com\\\/it\\\/show\\\/noviembre-flamenco\\\/\",\"url\":\"https:\\\/\\\/cardamomo.com\\\/it\\\/show\\\/noviembre-flamenco\\\/\",\"name\":\"A novembre arriva il miglior flamenco al Cardamomo - Cardamomo Flamenco Madrid\",\"isPartOf\":{\"@id\":\"https:\\\/\\\/cardamomo.com\\\/it\\\/#website\"},\"primaryImageOfPage\":{\"@id\":\"https:\\\/\\\/cardamomo.com\\\/it\\\/show\\\/noviembre-flamenco\\\/#primaryimage\"},\"image\":{\"@id\":\"https:\\\/\\\/cardamomo.com\\\/es\\\/show\\\/noviembre-flamenco\\\/#primaryimage\"},\"thumbnailUrl\":\"https:\\\/\\\/cardamomo.ams3.digitaloceanspaces.com\\\/wp-content\\\/uploads\\\/2025\\\/11\\\/11131557\\\/programacion-cardamomo-3-9-noviembre.jpg\",\"datePublished\":\"2025-11-02T10:03:21+00:00\",\"dateModified\":\"2025-11-17T09:45:56+00:00\",\"description\":\"Dal 3 al 9 novembre, vivi il miglior flamenco di Madrid. Arte e passione ogni sera. Prenota ora i tuoi biglietti!\",\"breadcrumb\":{\"@id\":\"https:\\\/\\\/cardamomo.com\\\/it\\\/show\\\/noviembre-flamenco\\\/#breadcrumb\"},\"inLanguage\":\"it-IT\",\"potentialAction\":[{\"@type\":\"ReadAction\",\"target\":[[\"https:\\\/\\\/cardamomo.com\\\/it\\\/show\\\/noviembre-flamenco\\\/\"]]}]},{\"@type\":\"ImageObject\",\"inLanguage\":\"it-IT\",\"@id\":\"https:\\\/\\\/cardamomo.com\\\/it\\\/show\\\/noviembre-flamenco\\\/#primaryimage\",\"url\":\"https:\\\/\\\/cardamomo.ams3.digitaloceanspaces.com\\\/wp-content\\\/uploads\\\/2025\\\/11\\\/11131557\\\/programacion-cardamomo-3-9-noviembre.jpg\",\"contentUrl\":\"https:\\\/\\\/cardamomo.ams3.digitaloceanspaces.com\\\/wp-content\\\/uploads\\\/2025\\\/11\\\/11131557\\\/programacion-cardamomo-3-9-noviembre.jpg\",\"width\":1200,\"height\":800,\"caption\":\"Programacio\u0301n Cardamomo 3-9 Noviembre\"},{\"@type\":\"BreadcrumbList\",\"@id\":\"https:\\\/\\\/cardamomo.com\\\/it\\\/show\\\/noviembre-flamenco\\\/#breadcrumb\",\"itemListElement\":[{\"@type\":\"ListItem\",\"position\":1,\"name\":\"Cardamomo\",\"item\":\"https:\\\/\\\/cardamomo.com\\\/it\\\/\"},{\"@type\":\"ListItem\",\"position\":2,\"name\":\"Shows\",\"item\":\"https:\\\/\\\/cardamomo.com\\\/it\\\/show\\\/\"},{\"@type\":\"ListItem\",\"position\":3,\"name\":\"Llega Noviembre con el Mejor Flamenco en Cardamomo\"}]},{\"@type\":\"WebSite\",\"@id\":\"https:\\\/\\\/cardamomo.com\\\/it\\\/#website\",\"url\":\"https:\\\/\\\/cardamomo.com\\\/it\\\/\",\"name\":\"Cardamomo Flamenco Madrid\",\"description\":\"\",\"potentialAction\":[{\"@type\":\"SearchAction\",\"target\":{\"@type\":\"EntryPoint\",\"urlTemplate\":\"https:\\\/\\\/cardamomo.com\\\/it\\\/?s={search_term_string}\"},\"query-input\":{\"@type\":\"PropertyValueSpecification\",\"valueRequired\":true,\"valueName\":\"search_term_string\"}}],\"inLanguage\":\"it-IT\"}]}<\/script>\n<!-- \/ Yoast SEO plugin. -->","yoast_head_json":{"title":"A novembre arriva il miglior flamenco al Cardamomo - Cardamomo Flamenco Madrid","description":"Dal 3 al 9 novembre, vivi il miglior flamenco di Madrid. Arte e passione ogni sera. Prenota ora i tuoi biglietti!","robots":{"index":"index","follow":"follow","max-snippet":"max-snippet:-1","max-image-preview":"max-image-preview:large","max-video-preview":"max-video-preview:-1"},"canonical":"\/","og_locale":"it_IT","og_type":"article","og_title":"A novembre arriva il miglior flamenco al Cardamomo - Cardamomo Flamenco Madrid","og_description":"Dal 3 al 9 novembre, vivi il miglior flamenco di Madrid. Arte e passione ogni sera. Prenota ora i tuoi biglietti!","og_url":"https:\/\/cardamomo.com\/it\/show\/noviembre-flamenco\/","og_site_name":"Cardamomo Flamenco Madrid","article_modified_time":"2025-11-17T09:45:56+00:00","og_image":[{"width":1200,"height":800,"url":"https:\/\/cardamomo.ams3.digitaloceanspaces.com\/wp-content\/uploads\/2025\/11\/11131557\/programacion-cardamomo-3-9-noviembre.jpg","type":"image\/jpeg"}],"twitter_card":"summary_large_image","twitter_misc":{"Tempo di lettura stimato":"2 minuti"},"schema":{"@context":"https:\/\/schema.org","@graph":[{"@type":"WebPage","@id":"https:\/\/cardamomo.com\/it\/show\/noviembre-flamenco\/","url":"https:\/\/cardamomo.com\/it\/show\/noviembre-flamenco\/","name":"A novembre arriva il miglior flamenco al Cardamomo - Cardamomo Flamenco Madrid","isPartOf":{"@id":"https:\/\/cardamomo.com\/it\/#website"},"primaryImageOfPage":{"@id":"https:\/\/cardamomo.com\/it\/show\/noviembre-flamenco\/#primaryimage"},"image":{"@id":"https:\/\/cardamomo.com\/es\/show\/noviembre-flamenco\/#primaryimage"},"thumbnailUrl":"https:\/\/cardamomo.ams3.digitaloceanspaces.com\/wp-content\/uploads\/2025\/11\/11131557\/programacion-cardamomo-3-9-noviembre.jpg","datePublished":"2025-11-02T10:03:21+00:00","dateModified":"2025-11-17T09:45:56+00:00","description":"Dal 3 al 9 novembre, vivi il miglior flamenco di Madrid. Arte e passione ogni sera. Prenota ora i tuoi biglietti!","breadcrumb":{"@id":"https:\/\/cardamomo.com\/it\/show\/noviembre-flamenco\/#breadcrumb"},"inLanguage":"it-IT","potentialAction":[{"@type":"ReadAction","target":[["https:\/\/cardamomo.com\/it\/show\/noviembre-flamenco\/"]]}]},{"@type":"ImageObject","inLanguage":"it-IT","@id":"https:\/\/cardamomo.com\/it\/show\/noviembre-flamenco\/#primaryimage","url":"https:\/\/cardamomo.ams3.digitaloceanspaces.com\/wp-content\/uploads\/2025\/11\/11131557\/programacion-cardamomo-3-9-noviembre.jpg","contentUrl":"https:\/\/cardamomo.ams3.digitaloceanspaces.com\/wp-content\/uploads\/2025\/11\/11131557\/programacion-cardamomo-3-9-noviembre.jpg","width":1200,"height":800,"caption":"Programacio\u0301n Cardamomo 3-9 Noviembre"},{"@type":"BreadcrumbList","@id":"https:\/\/cardamomo.com\/it\/show\/noviembre-flamenco\/#breadcrumb","itemListElement":[{"@type":"ListItem","position":1,"name":"Cardamomo","item":"https:\/\/cardamomo.com\/it\/"},{"@type":"ListItem","position":2,"name":"Shows","item":"https:\/\/cardamomo.com\/it\/show\/"},{"@type":"ListItem","position":3,"name":"Llega Noviembre con el Mejor Flamenco en Cardamomo"}]},{"@type":"WebSite","@id":"https:\/\/cardamomo.com\/it\/#website","url":"https:\/\/cardamomo.com\/it\/","name":"Cardamomo Flamenco Madrid","description":"","potentialAction":[{"@type":"SearchAction","target":{"@type":"EntryPoint","urlTemplate":"https:\/\/cardamomo.com\/it\/?s={search_term_string}"},"query-input":{"@type":"PropertyValueSpecification","valueRequired":true,"valueName":"search_term_string"}}],"inLanguage":"it-IT"}]}},"_links":{"self":[{"href":"https:\/\/cardamomo.com\/it\/wp-json\/wp\/v2\/show\/157899","targetHints":{"allow":["GET"]}}],"collection":[{"href":"https:\/\/cardamomo.com\/it\/wp-json\/wp\/v2\/show"}],"about":[{"href":"https:\/\/cardamomo.com\/it\/wp-json\/wp\/v2\/types\/show"}],"wp:featuredmedia":[{"embeddable":true,"href":"https:\/\/cardamomo.com\/it\/wp-json\/wp\/v2\/media\/157956"}],"wp:attachment":[{"href":"https:\/\/cardamomo.com\/it\/wp-json\/wp\/v2\/media?parent=157899"}],"curies":[{"name":"wp","href":"https:\/\/api.w.org\/{rel}","templated":true}]}}

<p></p>
<p data-start="1712" data-end="1980">Questa settimana, dal <strong data-start="1734" data-end="1753">3 al 9 novembre</strong>, al <strong data-start="1758" data-end="1771">Cardamomo</strong> abbiamo riunito un gruppo di artisti che lasciano senza fiato. La magia sta nel vedere come si incontrano, come dialogano e quali scintille scoccano sul palco ogni sera. Ogni notte sarà unica, irripetibile.</p>
<p data-start="1982" data-end="2206">Pensa al dialogo che nascerà nella <strong data-start="2017" data-end="2026">danza</strong>: la forza di <strong data-start="2040" data-end="2058">Mariano Lozano</strong>, la passione di <strong data-start="2075" data-end="2094">Nerea Fernández</strong>, il compás di <strong>Alejandra Hernández</strong> e l’eleganza di <strong data-start="2111" data-end="2129">Nerea Carrasco</strong>. Immagina la magia quando le loro strade si incrociano sotto i riflettori.</p>
<p data-start="2208" data-end="2445">E per dare voce a questa storia, preparati: portiamo un’armata di voci che ti lasceranno senza parole. Durante la settimana, <strong data-start="2333" data-end="2378">Saúl Quirós, Antonio de Manuela, El Perre</strong> e <strong data-start="2381" data-end="2393">El Cancu</strong> saliranno sul palco a turno per toccarti l’anima.</p>
<p data-start="2447" data-end="2606">Le corde della <strong data-start="2462" data-end="2474">chitarra</strong> vibreranno grazie alla sensibilità di <strong data-start="2513" data-end="2524">Parrana</strong> e <strong data-start="2527" data-end="2544">Mario Montoya</strong>, due maestri che tessono le melodie dove nasce il <em data-start="2595" data-end="2603">duende</em>.</p>
<p data-start="2608" data-end="2756">Il battito del cuore sarà segnato dal grande <strong data-start="2653" data-end="2668">Iván Losada</strong>, il cui cajón dà vita al ritmo e ci ricorda che il flamenco è un’arte viva e sincera.</p>
<p data-start="2758" data-end="2944">E per far sì che tutto si unisca in perfetta armonia, abbiamo la direzione artistica di <strong data-start="2846" data-end="2872">Paula Rodríguez Lázaro</strong>, la cui visione garantisce che ogni sera l’emozione sia protagonista.</p>
<p data-start="2946" data-end="3078">In breve: non è un programma fisso, ma un invito a entrare nella cucina dell’arte — a vedere come si prepara il flamenco più puro.</p>
<p data-start="3080" data-end="3135"><a href="https://cardamomo.com/it/comprare-i-biglietti/"><strong data-start="3080" data-end="3135">Ti aspettiamo a casa, al Cardamomo Flamenco Madrid.</strong></a></p>
<p></p>
