{"id":138903,"date":"2024-03-11T15:36:29","date_gmt":"2024-03-11T14:36:29","guid":{"rendered":"https:\/\/cardamomo.com\/es\/?post_type=show&#038;p=138903"},"modified":"2025-02-01T14:00:31","modified_gmt":"2025-02-01T14:00:31","slug":"juan-jose-villar-en-cardamomo","status":"publish","type":"show","link":"https:\/\/cardamomo.com\/it\/show\/juan-jose-villar-en-cardamomo\/","title":{"rendered":"Juan Jos\u00e9 Villar a Cardamomo"},"content":{"rendered":"<p><strong>Juan Jos\u00e9 Villar al Cardamomo!<\/strong> Solo per questa settimana \u00e8 possibile conoscere il grande ballerino di Cadice.<\/p>\n<p>Appartiene alla saga de &#8220;los Villar&#8221; ed \u00e8 un grande appassionato di danza flamenca e di percussioni, che determinano il suo grande feeling ritmico.<\/p>\n<h2>Juan Jos\u00e9 Villar, <a href=\"https:\/\/cardamomo.com\/es\/comprar-entradas\/\">spettacolo ritmico.<\/a><\/h2>\n<p>Ha iniziato la sua carriera all&#8217;et\u00e0 di 10 anni con la sua prima tourn\u00e9e in Giappone e l&#8217;ha proseguita in Spagna, dove si \u00e8 esibito in tablaos come El Arenal, El Cordob\u00e9s e Tablao del Carmen, tra gli altri. La sua passione per il flamenco gli ha permesso di condividere il palco con grandi ballerini di flamenco come <strong>Farruquito, Pepe Torres, Bel\u00e9n L\u00f3pez, Karime Amaya,<\/strong> tra gli altri.<\/p>\n<p>La lunga carriera di questo giovane ballerino, che attualmente si esibisce con <a href=\"https:\/\/rosariofloresoficial.com\/\">Rosario Flores<\/a>, \u00e8 la prova del suo virtuosismo e della sua grande abilit\u00e0 sul palco. \u00c8 un artista che ipnotizza con i suoi piedi. Un modo speciale di ballare, da non perdere.<\/p>\n<p><strong>Questo ballerino ha un forte senso del ritmo in ogni sua esibizione, quindi venite a godervi Juan Jos\u00e9 Villar al Cardamomo!<\/strong><\/p>\n<h4><a href=\"https:\/\/cardamomo.com\/es\/comprar-entradas\/\">Prenotate un appuntamento!<\/a><\/h4>\n<p><\/p>","protected":false},"featured_media":156606,"template":"","meta":{"_acf_changed":false,"inline_featured_image":false},"class_list":["post-138903","show","type-show","status-publish","has-post-thumbnail","hentry"],"acf":[],"yoast_head":"<!-- This site is optimized with the Yoast SEO plugin v27.4 - https:\/\/yoast.com\/product\/yoast-seo-wordpress\/ -->\n<title>Juan Jos\u00e9 Villar a Cardamomo<\/title>\n<meta name=\"description\" content=\"\u00a1Juan Jos\u00e9 Villar en Cardamomo! Bailaor procedente de una importante saga de artistas flamencos \u00a1No te lo pierdas!\" \/>\n<meta name=\"robots\" content=\"index, follow, max-snippet:-1, max-image-preview:large, max-video-preview:-1\" \/>\n<link rel=\"canonical\" href=\"\/\" \/>\n<meta property=\"og:locale\" content=\"it_IT\" \/>\n<meta property=\"og:type\" content=\"article\" \/>\n<meta property=\"og:title\" content=\"Juan Jos\u00e9 Villar a Cardamomo\" \/>\n<meta property=\"og:description\" content=\"\u00a1Juan Jos\u00e9 Villar en Cardamomo! Bailaor procedente de una importante saga de artistas flamencos \u00a1No te lo pierdas!\" \/>\n<meta property=\"og:url\" content=\"https:\/\/cardamomo.com\/it\/show\/juan-jose-villar-en-cardamomo\/\" \/>\n<meta property=\"og:site_name\" content=\"Cardamomo Flamenco Madrid\" \/>\n<meta property=\"article:modified_time\" content=\"2025-02-01T14:00:31+00:00\" \/>\n<meta property=\"og:image\" content=\"https:\/\/cardamomo.ams3.digitaloceanspaces.com\/wp-content\/uploads\/2025\/01\/11133341\/juan-jose-villar.jpg\" \/>\n\t<meta property=\"og:image:width\" content=\"1400\" \/>\n\t<meta property=\"og:image:height\" content=\"800\" \/>\n\t<meta property=\"og:image:type\" content=\"image\/jpeg\" \/>\n<meta name=\"twitter:card\" content=\"summary_large_image\" \/>\n<meta name=\"twitter:label1\" content=\"Tempo di lettura stimato\" \/>\n\t<meta name=\"twitter:data1\" content=\"1 minuto\" \/>\n<script type=\"application\/ld+json\" class=\"yoast-schema-graph\">{\"@context\":\"https:\\\/\\\/schema.org\",\"@graph\":[{\"@type\":\"WebPage\",\"@id\":\"https:\\\/\\\/cardamomo.com\\\/it\\\/show\\\/juan-jose-villar-en-cardamomo\\\/\",\"url\":\"https:\\\/\\\/cardamomo.com\\\/it\\\/show\\\/juan-jose-villar-en-cardamomo\\\/\",\"name\":\"Juan Jos\u00e9 Villar a Cardamomo\",\"isPartOf\":{\"@id\":\"https:\\\/\\\/cardamomo.com\\\/it\\\/#website\"},\"primaryImageOfPage\":{\"@id\":\"https:\\\/\\\/cardamomo.com\\\/it\\\/show\\\/juan-jose-villar-en-cardamomo\\\/#primaryimage\"},\"image\":{\"@id\":\"https:\\\/\\\/cardamomo.com\\\/es\\\/show\\\/juan-jose-villar-en-cardamomo\\\/#primaryimage\"},\"thumbnailUrl\":\"https:\\\/\\\/cardamomo.ams3.digitaloceanspaces.com\\\/wp-content\\\/uploads\\\/2025\\\/01\\\/11133341\\\/juan-jose-villar.jpg\",\"datePublished\":\"2024-03-11T14:36:29+00:00\",\"dateModified\":\"2025-02-01T14:00:31+00:00\",\"description\":\"\u00a1Juan Jos\u00e9 Villar en Cardamomo! Bailaor procedente de una importante saga de artistas flamencos \u00a1No te lo pierdas!\",\"breadcrumb\":{\"@id\":\"https:\\\/\\\/cardamomo.com\\\/it\\\/show\\\/juan-jose-villar-en-cardamomo\\\/#breadcrumb\"},\"inLanguage\":\"it-IT\",\"potentialAction\":[{\"@type\":\"ReadAction\",\"target\":[[\"https:\\\/\\\/cardamomo.com\\\/it\\\/show\\\/juan-jose-villar-en-cardamomo\\\/\"]]}]},{\"@type\":\"ImageObject\",\"inLanguage\":\"it-IT\",\"@id\":\"https:\\\/\\\/cardamomo.com\\\/it\\\/show\\\/juan-jose-villar-en-cardamomo\\\/#primaryimage\",\"url\":\"https:\\\/\\\/cardamomo.ams3.digitaloceanspaces.com\\\/wp-content\\\/uploads\\\/2025\\\/01\\\/11133341\\\/juan-jose-villar.jpg\",\"contentUrl\":\"https:\\\/\\\/cardamomo.ams3.digitaloceanspaces.com\\\/wp-content\\\/uploads\\\/2025\\\/01\\\/11133341\\\/juan-jose-villar.jpg\",\"width\":1400,\"height\":800,\"caption\":\"Bailaor Juan Jos\u00e9 Villar\"},{\"@type\":\"BreadcrumbList\",\"@id\":\"https:\\\/\\\/cardamomo.com\\\/it\\\/show\\\/juan-jose-villar-en-cardamomo\\\/#breadcrumb\",\"itemListElement\":[{\"@type\":\"ListItem\",\"position\":1,\"name\":\"Cardamomo\",\"item\":\"https:\\\/\\\/cardamomo.com\\\/it\\\/\"},{\"@type\":\"ListItem\",\"position\":2,\"name\":\"Shows\",\"item\":\"https:\\\/\\\/cardamomo.com\\\/it\\\/show\\\/\"},{\"@type\":\"ListItem\",\"position\":3,\"name\":\"Juan Jos\u00e9 Villar en Cardamomo\"}]},{\"@type\":\"WebSite\",\"@id\":\"https:\\\/\\\/cardamomo.com\\\/it\\\/#website\",\"url\":\"https:\\\/\\\/cardamomo.com\\\/it\\\/\",\"name\":\"Cardamomo Flamenco Madrid\",\"description\":\"\",\"potentialAction\":[{\"@type\":\"SearchAction\",\"target\":{\"@type\":\"EntryPoint\",\"urlTemplate\":\"https:\\\/\\\/cardamomo.com\\\/it\\\/?s={search_term_string}\"},\"query-input\":{\"@type\":\"PropertyValueSpecification\",\"valueRequired\":true,\"valueName\":\"search_term_string\"}}],\"inLanguage\":\"it-IT\"}]}<\/script>\n<!-- \/ Yoast SEO plugin. -->","yoast_head_json":{"title":"Juan Jos\u00e9 Villar a Cardamomo","description":"\u00a1Juan Jos\u00e9 Villar en Cardamomo! Bailaor procedente de una importante saga de artistas flamencos \u00a1No te lo pierdas!","robots":{"index":"index","follow":"follow","max-snippet":"max-snippet:-1","max-image-preview":"max-image-preview:large","max-video-preview":"max-video-preview:-1"},"canonical":"\/","og_locale":"it_IT","og_type":"article","og_title":"Juan Jos\u00e9 Villar a Cardamomo","og_description":"\u00a1Juan Jos\u00e9 Villar en Cardamomo! Bailaor procedente de una importante saga de artistas flamencos \u00a1No te lo pierdas!","og_url":"https:\/\/cardamomo.com\/it\/show\/juan-jose-villar-en-cardamomo\/","og_site_name":"Cardamomo Flamenco Madrid","article_modified_time":"2025-02-01T14:00:31+00:00","og_image":[{"width":1400,"height":800,"url":"https:\/\/cardamomo.ams3.digitaloceanspaces.com\/wp-content\/uploads\/2025\/01\/11133341\/juan-jose-villar.jpg","type":"image\/jpeg"}],"twitter_card":"summary_large_image","twitter_misc":{"Tempo di lettura stimato":"1 minuto"},"schema":{"@context":"https:\/\/schema.org","@graph":[{"@type":"WebPage","@id":"https:\/\/cardamomo.com\/it\/show\/juan-jose-villar-en-cardamomo\/","url":"https:\/\/cardamomo.com\/it\/show\/juan-jose-villar-en-cardamomo\/","name":"Juan Jos\u00e9 Villar a Cardamomo","isPartOf":{"@id":"https:\/\/cardamomo.com\/it\/#website"},"primaryImageOfPage":{"@id":"https:\/\/cardamomo.com\/it\/show\/juan-jose-villar-en-cardamomo\/#primaryimage"},"image":{"@id":"https:\/\/cardamomo.com\/es\/show\/juan-jose-villar-en-cardamomo\/#primaryimage"},"thumbnailUrl":"https:\/\/cardamomo.ams3.digitaloceanspaces.com\/wp-content\/uploads\/2025\/01\/11133341\/juan-jose-villar.jpg","datePublished":"2024-03-11T14:36:29+00:00","dateModified":"2025-02-01T14:00:31+00:00","description":"\u00a1Juan Jos\u00e9 Villar en Cardamomo! Bailaor procedente de una importante saga de artistas flamencos \u00a1No te lo pierdas!","breadcrumb":{"@id":"https:\/\/cardamomo.com\/it\/show\/juan-jose-villar-en-cardamomo\/#breadcrumb"},"inLanguage":"it-IT","potentialAction":[{"@type":"ReadAction","target":[["https:\/\/cardamomo.com\/it\/show\/juan-jose-villar-en-cardamomo\/"]]}]},{"@type":"ImageObject","inLanguage":"it-IT","@id":"https:\/\/cardamomo.com\/it\/show\/juan-jose-villar-en-cardamomo\/#primaryimage","url":"https:\/\/cardamomo.ams3.digitaloceanspaces.com\/wp-content\/uploads\/2025\/01\/11133341\/juan-jose-villar.jpg","contentUrl":"https:\/\/cardamomo.ams3.digitaloceanspaces.com\/wp-content\/uploads\/2025\/01\/11133341\/juan-jose-villar.jpg","width":1400,"height":800,"caption":"Bailaor Juan Jos\u00e9 Villar"},{"@type":"BreadcrumbList","@id":"https:\/\/cardamomo.com\/it\/show\/juan-jose-villar-en-cardamomo\/#breadcrumb","itemListElement":[{"@type":"ListItem","position":1,"name":"Cardamomo","item":"https:\/\/cardamomo.com\/it\/"},{"@type":"ListItem","position":2,"name":"Shows","item":"https:\/\/cardamomo.com\/it\/show\/"},{"@type":"ListItem","position":3,"name":"Juan Jos\u00e9 Villar en Cardamomo"}]},{"@type":"WebSite","@id":"https:\/\/cardamomo.com\/it\/#website","url":"https:\/\/cardamomo.com\/it\/","name":"Cardamomo Flamenco Madrid","description":"","potentialAction":[{"@type":"SearchAction","target":{"@type":"EntryPoint","urlTemplate":"https:\/\/cardamomo.com\/it\/?s={search_term_string}"},"query-input":{"@type":"PropertyValueSpecification","valueRequired":true,"valueName":"search_term_string"}}],"inLanguage":"it-IT"}]}},"_links":{"self":[{"href":"https:\/\/cardamomo.com\/it\/wp-json\/wp\/v2\/show\/138903","targetHints":{"allow":["GET"]}}],"collection":[{"href":"https:\/\/cardamomo.com\/it\/wp-json\/wp\/v2\/show"}],"about":[{"href":"https:\/\/cardamomo.com\/it\/wp-json\/wp\/v2\/types\/show"}],"wp:featuredmedia":[{"embeddable":true,"href":"https:\/\/cardamomo.com\/it\/wp-json\/wp\/v2\/media\/156606"}],"wp:attachment":[{"href":"https:\/\/cardamomo.com\/it\/wp-json\/wp\/v2\/media?parent=138903"}],"curies":[{"name":"wp","href":"https:\/\/api.w.org\/{rel}","templated":true}]}}

Juan José Villar a Cardamomo

<p><strong>Juan José Villar al Cardamomo!</strong> Solo per questa settimana è possibile conoscere il grande ballerino di Cadice.</p>
<p>Appartiene alla saga de &#8220;los Villar&#8221; ed è un grande appassionato di danza flamenca e di percussioni, che determinano il suo grande feeling ritmico.</p>
<h2>Juan José Villar, <a href="https://cardamomo.com/es/comprar-entradas/">spettacolo ritmico.</a></h2>
<p>Ha iniziato la sua carriera all&#8217;età di 10 anni con la sua prima tournée in Giappone e l&#8217;ha proseguita in Spagna, dove si è esibito in tablaos come El Arenal, El Cordobés e Tablao del Carmen, tra gli altri. La sua passione per il flamenco gli ha permesso di condividere il palco con grandi ballerini di flamenco come <strong>Farruquito, Pepe Torres, Belén López, Karime Amaya,</strong> tra gli altri.</p>
<p>La lunga carriera di questo giovane ballerino, che attualmente si esibisce con <a href="https://rosariofloresoficial.com/">Rosario Flores</a>, è la prova del suo virtuosismo e della sua grande abilità sul palco. È un artista che ipnotizza con i suoi piedi. Un modo speciale di ballare, da non perdere.</p>
<p><strong>Questo ballerino ha un forte senso del ritmo in ogni sua esibizione, quindi venite a godervi Juan José Villar al Cardamomo!</strong></p>
<h4><a href="https://cardamomo.com/es/comprar-entradas/">Prenotate un appuntamento!</a></h4>
<p></p>

<!-- This site is optimized with the Yoast SEO plugin v27.4 - https://yoast.com/product/yoast-seo-wordpress/ -->
<title>Juan José Villar a Cardamomo</title>
<meta name="description" content="¡Juan José Villar en Cardamomo! Bailaor procedente de una importante saga de artistas flamencos ¡No te lo pierdas!" />
<meta name="robots" content="index, follow, max-snippet:-1, max-image-preview:large, max-video-preview:-1" />
<link rel="canonical" href="/" />
<meta property="og:locale" content="it_IT" />
<meta property="og:type" content="article" />
<meta property="og:title" content="Juan José Villar a Cardamomo" />
<meta property="og:description" content="¡Juan José Villar en Cardamomo! Bailaor procedente de una importante saga de artistas flamencos ¡No te lo pierdas!" />
<meta property="og:url" content="https://cardamomo.com/it/show/juan-jose-villar-en-cardamomo/" />
<meta property="og:site_name" content="Cardamomo Flamenco Madrid" />
<meta property="article:modified_time" content="2025-02-01T14:00:31+00:00" />
<meta property="og:image" content="https://cardamomo.ams3.digitaloceanspaces.com/wp-content/uploads/2025/01/11133341/juan-jose-villar.jpg" />
	<meta property="og:image:width" content="1400" />
	<meta property="og:image:height" content="800" />
	<meta property="og:image:type" content="image/jpeg" />
<meta name="twitter:card" content="summary_large_image" />
<meta name="twitter:label1" content="Tempo di lettura stimato" />
	<meta name="twitter:data1" content="1 minuto" />
<script type="application/ld+json" class="yoast-schema-graph">{"@context":"https:\/\/schema.org","@graph":[{"@type":"WebPage","@id":"https:\/\/cardamomo.com\/it\/show\/juan-jose-villar-en-cardamomo\/","url":"https:\/\/cardamomo.com\/it\/show\/juan-jose-villar-en-cardamomo\/","name":"Juan José Villar a Cardamomo","isPartOf":{"@id":"https:\/\/cardamomo.com\/it\/#website"},"primaryImageOfPage":{"@id":"https:\/\/cardamomo.com\/it\/show\/juan-jose-villar-en-cardamomo\/#primaryimage"},"image":{"@id":"https:\/\/cardamomo.com\/es\/show\/juan-jose-villar-en-cardamomo\/#primaryimage"},"thumbnailUrl":"https:\/\/cardamomo.ams3.digitaloceanspaces.com\/wp-content\/uploads\/2025\/01\/11133341\/juan-jose-villar.jpg","datePublished":"2024-03-11T14:36:29+00:00","dateModified":"2025-02-01T14:00:31+00:00","description":"¡Juan José Villar en Cardamomo! Bailaor procedente de una importante saga de artistas flamencos ¡No te lo pierdas!","breadcrumb":{"@id":"https:\/\/cardamomo.com\/it\/show\/juan-jose-villar-en-cardamomo\/#breadcrumb"},"inLanguage":"it-IT","potentialAction":[{"@type":"ReadAction","target":[["https:\/\/cardamomo.com\/it\/show\/juan-jose-villar-en-cardamomo\/"]]}]},{"@type":"ImageObject","inLanguage":"it-IT","@id":"https:\/\/cardamomo.com\/it\/show\/juan-jose-villar-en-cardamomo\/#primaryimage","url":"https:\/\/cardamomo.ams3.digitaloceanspaces.com\/wp-content\/uploads\/2025\/01\/11133341\/juan-jose-villar.jpg","contentUrl":"https:\/\/cardamomo.ams3.digitaloceanspaces.com\/wp-content\/uploads\/2025\/01\/11133341\/juan-jose-villar.jpg","width":1400,"height":800,"caption":"Bailaor Juan José Villar"},{"@type":"BreadcrumbList","@id":"https:\/\/cardamomo.com\/it\/show\/juan-jose-villar-en-cardamomo\/#breadcrumb","itemListElement":[{"@type":"ListItem","position":1,"name":"Cardamomo","item":"https:\/\/cardamomo.com\/it\/"},{"@type":"ListItem","position":2,"name":"Shows","item":"https:\/\/cardamomo.com\/it\/show\/"},{"@type":"ListItem","position":3,"name":"Juan José Villar en Cardamomo"}]},{"@type":"WebSite","@id":"https:\/\/cardamomo.com\/it\/#website","url":"https:\/\/cardamomo.com\/it\/","name":"Cardamomo Flamenco Madrid","description":"","potentialAction":[{"@type":"SearchAction","target":{"@type":"EntryPoint","urlTemplate":"https:\/\/cardamomo.com\/it\/?s={search_term_string}"},"query-input":{"@type":"PropertyValueSpecification","valueRequired":true,"valueName":"search_term_string"}}],"inLanguage":"it-IT"}]}</script>
<!-- / Yoast SEO plugin. -->

¡Juan José Villar en Cardamomo! Bailaor procedente de una importante saga de artistas flamencos ¡No te lo pierdas!

Bailaor Juan José Villar

Juan José Villar en Cardamomo
