{"id":131124,"date":"2023-09-24T19:13:27","date_gmt":"2023-09-24T17:13:27","guid":{"rendered":"https:\/\/cardamomo.com\/es\/?post_type=show&#038;p=131124"},"modified":"2025-02-01T14:01:13","modified_gmt":"2025-02-01T14:01:13","slug":"jose-maya-en-cardamomo","status":"publish","type":"show","link":"https:\/\/cardamomo.com\/it\/show\/jose-maya-en-cardamomo\/","title":{"rendered":"Jos\u00e9 maya a Cardamomo"},"content":{"rendered":"<p>Jos\u00e9 Maya (Joselillo Romero) \u00e8 uno dei pochi artisti di flamenco che si impone sugli altri artisti. \u00c8 un ballerino dell&#8217;\u00e9lite del flamenco, alla pari di star come Rafael Amargo o Farruquito.<\/p>\n<p>Proviene da una famiglia gitana di artisti (pittori, scrittori, attori) con antenati come la storica bailaora Fernanda Romero o il cantaor Rafael Romero &#8220;El Gallina&#8221;. Come tutti i grandi talenti del flamenco, inizia la sua carriera alla tenera et\u00e0 di 9 anni al fianco di personaggi come Antonio Canales e Joaqu\u00edn Grilo. Da adolescente si unisce alla compagnia di &#8220;El G\u00fcito&#8221;. Da quel momento in poi, ha fatto una serie di apparizioni indimenticabili che vanno dai tour internazionali in tutto il mondo all&#8217;apertura per artisti come Marc Anthony e Beyonc\u00e9.<\/p>\n<p>Al Cardamomo siamo onorati di poterlo ospitare sul nostro palco e di offrire un&#8217;opportunit\u00e0 unica ai nostri visitatori.<\/p>\n<p>Non mancate!<\/p>","protected":false},"featured_media":0,"template":"","meta":{"_acf_changed":false,"inline_featured_image":false},"class_list":["post-131124","show","type-show","status-publish","hentry"],"acf":[],"yoast_head":"<!-- This site is optimized with the Yoast SEO plugin v27.4 - https:\/\/yoast.com\/product\/yoast-seo-wordpress\/ -->\n<title>Jos\u00e9 maya a Cardamomo - Cardamomo Flamenco Madrid<\/title>\n<meta name=\"robots\" content=\"index, follow, max-snippet:-1, max-image-preview:large, max-video-preview:-1\" \/>\n<link rel=\"canonical\" href=\"\/\" \/>\n<meta property=\"og:locale\" content=\"it_IT\" \/>\n<meta property=\"og:type\" content=\"article\" \/>\n<meta property=\"og:title\" content=\"Jos\u00e9 maya a Cardamomo - Cardamomo Flamenco Madrid\" \/>\n<meta property=\"og:description\" content=\"Jos\u00e9 Maya (Joselillo Romero) \u00e8 uno dei pochi artisti di flamenco che si impone sugli altri artisti. \u00c8 un ballerino dell&#8217;\u00e9lite del flamenco, alla pari di star come Rafael Amargo o Farruquito. Proviene da una famiglia gitana di artisti (pittori, scrittori, attori) con antenati come la storica bailaora Fernanda Romero o il cantaor Rafael Romero...\" \/>\n<meta property=\"og:url\" content=\"https:\/\/cardamomo.com\/it\/show\/jose-maya-en-cardamomo\/\" \/>\n<meta property=\"og:site_name\" content=\"Cardamomo Flamenco Madrid\" \/>\n<meta property=\"article:modified_time\" content=\"2025-02-01T14:01:13+00:00\" \/>\n<meta property=\"og:image\" content=\"https:\/\/cardamomo.com\/wp-content\/uploads\/2022\/03\/log_comunidad_m.jpg\" \/>\n<meta name=\"twitter:card\" content=\"summary_large_image\" \/>\n<meta name=\"twitter:label1\" content=\"Tempo di lettura stimato\" \/>\n\t<meta name=\"twitter:data1\" content=\"2 minuti\" \/>\n<script type=\"application\/ld+json\" class=\"yoast-schema-graph\">{\"@context\":\"https:\\\/\\\/schema.org\",\"@graph\":[{\"@type\":\"WebPage\",\"@id\":\"https:\\\/\\\/cardamomo.com\\\/it\\\/show\\\/jose-maya-en-cardamomo\\\/\",\"url\":\"https:\\\/\\\/cardamomo.com\\\/it\\\/show\\\/jose-maya-en-cardamomo\\\/\",\"name\":\"Jos\u00e9 maya a Cardamomo - Cardamomo Flamenco Madrid\",\"isPartOf\":{\"@id\":\"https:\\\/\\\/cardamomo.com\\\/it\\\/#website\"},\"primaryImageOfPage\":{\"@id\":\"https:\\\/\\\/cardamomo.com\\\/it\\\/show\\\/jose-maya-en-cardamomo\\\/#primaryimage\"},\"image\":{\"@id\":\"https:\\\/\\\/cardamomo.com\\\/es\\\/show\\\/jose-maya-en-cardamomo\\\/#primaryimage\"},\"thumbnailUrl\":\"https:\\\/\\\/cardamomo.com\\\/wp-content\\\/uploads\\\/2022\\\/03\\\/log_comunidad_m.jpg\",\"datePublished\":\"2023-09-24T17:13:27+00:00\",\"dateModified\":\"2025-02-01T14:01:13+00:00\",\"breadcrumb\":{\"@id\":\"https:\\\/\\\/cardamomo.com\\\/it\\\/show\\\/jose-maya-en-cardamomo\\\/#breadcrumb\"},\"inLanguage\":\"it-IT\",\"potentialAction\":[{\"@type\":\"ReadAction\",\"target\":[[\"https:\\\/\\\/cardamomo.com\\\/it\\\/show\\\/jose-maya-en-cardamomo\\\/\"]]}]},{\"@type\":\"ImageObject\",\"inLanguage\":\"it-IT\",\"@id\":\"https:\\\/\\\/cardamomo.com\\\/it\\\/show\\\/jose-maya-en-cardamomo\\\/#primaryimage\",\"url\":\"https:\\\/\\\/cardamomo.com\\\/wp-content\\\/uploads\\\/2022\\\/03\\\/log_comunidad_m.jpg\",\"contentUrl\":\"https:\\\/\\\/cardamomo.com\\\/wp-content\\\/uploads\\\/2022\\\/03\\\/log_comunidad_m.jpg\"},{\"@type\":\"BreadcrumbList\",\"@id\":\"https:\\\/\\\/cardamomo.com\\\/it\\\/show\\\/jose-maya-en-cardamomo\\\/#breadcrumb\",\"itemListElement\":[{\"@type\":\"ListItem\",\"position\":1,\"name\":\"Cardamomo\",\"item\":\"https:\\\/\\\/cardamomo.com\\\/it\\\/\"},{\"@type\":\"ListItem\",\"position\":2,\"name\":\"Shows\",\"item\":\"https:\\\/\\\/cardamomo.com\\\/it\\\/show\\\/\"},{\"@type\":\"ListItem\",\"position\":3,\"name\":\"Jos\u00e9 Maya en Cardamomo\"}]},{\"@type\":\"WebSite\",\"@id\":\"https:\\\/\\\/cardamomo.com\\\/it\\\/#website\",\"url\":\"https:\\\/\\\/cardamomo.com\\\/it\\\/\",\"name\":\"Cardamomo Flamenco Madrid\",\"description\":\"\",\"potentialAction\":[{\"@type\":\"SearchAction\",\"target\":{\"@type\":\"EntryPoint\",\"urlTemplate\":\"https:\\\/\\\/cardamomo.com\\\/it\\\/?s={search_term_string}\"},\"query-input\":{\"@type\":\"PropertyValueSpecification\",\"valueRequired\":true,\"valueName\":\"search_term_string\"}}],\"inLanguage\":\"it-IT\"}]}<\/script>\n<!-- \/ Yoast SEO plugin. -->","yoast_head_json":{"title":"Jos\u00e9 maya a Cardamomo - Cardamomo Flamenco Madrid","robots":{"index":"index","follow":"follow","max-snippet":"max-snippet:-1","max-image-preview":"max-image-preview:large","max-video-preview":"max-video-preview:-1"},"canonical":"\/","og_locale":"it_IT","og_type":"article","og_title":"Jos\u00e9 maya a Cardamomo - Cardamomo Flamenco Madrid","og_description":"Jos\u00e9 Maya (Joselillo Romero) \u00e8 uno dei pochi artisti di flamenco che si impone sugli altri artisti. \u00c8 un ballerino dell&#8217;\u00e9lite del flamenco, alla pari di star come Rafael Amargo o Farruquito. Proviene da una famiglia gitana di artisti (pittori, scrittori, attori) con antenati come la storica bailaora Fernanda Romero o il cantaor Rafael Romero...","og_url":"https:\/\/cardamomo.com\/it\/show\/jose-maya-en-cardamomo\/","og_site_name":"Cardamomo Flamenco Madrid","article_modified_time":"2025-02-01T14:01:13+00:00","og_image":[{"url":"https:\/\/cardamomo.com\/wp-content\/uploads\/2022\/03\/log_comunidad_m.jpg","type":"","width":"","height":""}],"twitter_card":"summary_large_image","twitter_misc":{"Tempo di lettura stimato":"2 minuti"},"schema":{"@context":"https:\/\/schema.org","@graph":[{"@type":"WebPage","@id":"https:\/\/cardamomo.com\/it\/show\/jose-maya-en-cardamomo\/","url":"https:\/\/cardamomo.com\/it\/show\/jose-maya-en-cardamomo\/","name":"Jos\u00e9 maya a Cardamomo - Cardamomo Flamenco Madrid","isPartOf":{"@id":"https:\/\/cardamomo.com\/it\/#website"},"primaryImageOfPage":{"@id":"https:\/\/cardamomo.com\/it\/show\/jose-maya-en-cardamomo\/#primaryimage"},"image":{"@id":"https:\/\/cardamomo.com\/es\/show\/jose-maya-en-cardamomo\/#primaryimage"},"thumbnailUrl":"https:\/\/cardamomo.com\/wp-content\/uploads\/2022\/03\/log_comunidad_m.jpg","datePublished":"2023-09-24T17:13:27+00:00","dateModified":"2025-02-01T14:01:13+00:00","breadcrumb":{"@id":"https:\/\/cardamomo.com\/it\/show\/jose-maya-en-cardamomo\/#breadcrumb"},"inLanguage":"it-IT","potentialAction":[{"@type":"ReadAction","target":[["https:\/\/cardamomo.com\/it\/show\/jose-maya-en-cardamomo\/"]]}]},{"@type":"ImageObject","inLanguage":"it-IT","@id":"https:\/\/cardamomo.com\/it\/show\/jose-maya-en-cardamomo\/#primaryimage","url":"https:\/\/cardamomo.com\/wp-content\/uploads\/2022\/03\/log_comunidad_m.jpg","contentUrl":"https:\/\/cardamomo.com\/wp-content\/uploads\/2022\/03\/log_comunidad_m.jpg"},{"@type":"BreadcrumbList","@id":"https:\/\/cardamomo.com\/it\/show\/jose-maya-en-cardamomo\/#breadcrumb","itemListElement":[{"@type":"ListItem","position":1,"name":"Cardamomo","item":"https:\/\/cardamomo.com\/it\/"},{"@type":"ListItem","position":2,"name":"Shows","item":"https:\/\/cardamomo.com\/it\/show\/"},{"@type":"ListItem","position":3,"name":"Jos\u00e9 Maya en Cardamomo"}]},{"@type":"WebSite","@id":"https:\/\/cardamomo.com\/it\/#website","url":"https:\/\/cardamomo.com\/it\/","name":"Cardamomo Flamenco Madrid","description":"","potentialAction":[{"@type":"SearchAction","target":{"@type":"EntryPoint","urlTemplate":"https:\/\/cardamomo.com\/it\/?s={search_term_string}"},"query-input":{"@type":"PropertyValueSpecification","valueRequired":true,"valueName":"search_term_string"}}],"inLanguage":"it-IT"}]}},"_links":{"self":[{"href":"https:\/\/cardamomo.com\/it\/wp-json\/wp\/v2\/show\/131124","targetHints":{"allow":["GET"]}}],"collection":[{"href":"https:\/\/cardamomo.com\/it\/wp-json\/wp\/v2\/show"}],"about":[{"href":"https:\/\/cardamomo.com\/it\/wp-json\/wp\/v2\/types\/show"}],"wp:attachment":[{"href":"https:\/\/cardamomo.com\/it\/wp-json\/wp\/v2\/media?parent=131124"}],"curies":[{"name":"wp","href":"https:\/\/api.w.org\/{rel}","templated":true}]}}

José maya a Cardamomo

<p>José Maya (Joselillo Romero) è uno dei pochi artisti di flamenco che si impone sugli altri artisti. È un ballerino dell&#8217;élite del flamenco, alla pari di star come Rafael Amargo o Farruquito.</p>
<p>Proviene da una famiglia gitana di artisti (pittori, scrittori, attori) con antenati come la storica bailaora Fernanda Romero o il cantaor Rafael Romero &#8220;El Gallina&#8221;. Come tutti i grandi talenti del flamenco, inizia la sua carriera alla tenera età di 9 anni al fianco di personaggi come Antonio Canales e Joaquín Grilo. Da adolescente si unisce alla compagnia di &#8220;El Güito&#8221;. Da quel momento in poi, ha fatto una serie di apparizioni indimenticabili che vanno dai tour internazionali in tutto il mondo all&#8217;apertura per artisti come Marc Anthony e Beyoncé.</p>
<p>Al Cardamomo siamo onorati di poterlo ospitare sul nostro palco e di offrire un&#8217;opportunità unica ai nostri visitatori.</p>
<p>Non mancate!</p>

<!-- This site is optimized with the Yoast SEO plugin v27.4 - https://yoast.com/product/yoast-seo-wordpress/ -->
<title>José maya a Cardamomo - Cardamomo Flamenco Madrid</title>
<meta name="robots" content="index, follow, max-snippet:-1, max-image-preview:large, max-video-preview:-1" />
<link rel="canonical" href="/" />
<meta property="og:locale" content="it_IT" />
<meta property="og:type" content="article" />
<meta property="og:title" content="José maya a Cardamomo - Cardamomo Flamenco Madrid" />
<meta property="og:description" content="José Maya (Joselillo Romero) è uno dei pochi artisti di flamenco che si impone sugli altri artisti. È un ballerino dell&#8217;élite del flamenco, alla pari di star come Rafael Amargo o Farruquito. Proviene da una famiglia gitana di artisti (pittori, scrittori, attori) con antenati come la storica bailaora Fernanda Romero o il cantaor Rafael Romero..." />
<meta property="og:url" content="https://cardamomo.com/it/show/jose-maya-en-cardamomo/" />
<meta property="og:site_name" content="Cardamomo Flamenco Madrid" />
<meta property="article:modified_time" content="2025-02-01T14:01:13+00:00" />
<meta property="og:image" content="https://cardamomo.com/wp-content/uploads/2022/03/log_comunidad_m.jpg" />
<meta name="twitter:card" content="summary_large_image" />
<meta name="twitter:label1" content="Tempo di lettura stimato" />
	<meta name="twitter:data1" content="2 minuti" />
<script type="application/ld+json" class="yoast-schema-graph">{"@context":"https:\/\/schema.org","@graph":[{"@type":"WebPage","@id":"https:\/\/cardamomo.com\/it\/show\/jose-maya-en-cardamomo\/","url":"https:\/\/cardamomo.com\/it\/show\/jose-maya-en-cardamomo\/","name":"José maya a Cardamomo - Cardamomo Flamenco Madrid","isPartOf":{"@id":"https:\/\/cardamomo.com\/it\/#website"},"primaryImageOfPage":{"@id":"https:\/\/cardamomo.com\/it\/show\/jose-maya-en-cardamomo\/#primaryimage"},"image":{"@id":"https:\/\/cardamomo.com\/es\/show\/jose-maya-en-cardamomo\/#primaryimage"},"thumbnailUrl":"https:\/\/cardamomo.com\/wp-content\/uploads\/2022\/03\/log_comunidad_m.jpg","datePublished":"2023-09-24T17:13:27+00:00","dateModified":"2025-02-01T14:01:13+00:00","breadcrumb":{"@id":"https:\/\/cardamomo.com\/it\/show\/jose-maya-en-cardamomo\/#breadcrumb"},"inLanguage":"it-IT","potentialAction":[{"@type":"ReadAction","target":[["https:\/\/cardamomo.com\/it\/show\/jose-maya-en-cardamomo\/"]]}]},{"@type":"ImageObject","inLanguage":"it-IT","@id":"https:\/\/cardamomo.com\/it\/show\/jose-maya-en-cardamomo\/#primaryimage","url":"https:\/\/cardamomo.com\/wp-content\/uploads\/2022\/03\/log_comunidad_m.jpg","contentUrl":"https:\/\/cardamomo.com\/wp-content\/uploads\/2022\/03\/log_comunidad_m.jpg"},{"@type":"BreadcrumbList","@id":"https:\/\/cardamomo.com\/it\/show\/jose-maya-en-cardamomo\/#breadcrumb","itemListElement":[{"@type":"ListItem","position":1,"name":"Cardamomo","item":"https:\/\/cardamomo.com\/it\/"},{"@type":"ListItem","position":2,"name":"Shows","item":"https:\/\/cardamomo.com\/it\/show\/"},{"@type":"ListItem","position":3,"name":"José Maya en Cardamomo"}]},{"@type":"WebSite","@id":"https:\/\/cardamomo.com\/it\/#website","url":"https:\/\/cardamomo.com\/it\/","name":"Cardamomo Flamenco Madrid","description":"","potentialAction":[{"@type":"SearchAction","target":{"@type":"EntryPoint","urlTemplate":"https:\/\/cardamomo.com\/it\/?s={search_term_string}"},"query-input":{"@type":"PropertyValueSpecification","valueRequired":true,"valueName":"search_term_string"}}],"inLanguage":"it-IT"}]}</script>
<!-- / Yoast SEO plugin. -->

José maya a Cardamomo - Cardamomo Flamenco Madrid

José Maya (Joselillo Romero) è uno dei pochi artisti di flamenco che si impone sugli altri artisti. È un ballerino dell&#8217;élite del flamenco, alla pari di star come Rafael Amargo o Farruquito. Proviene da una famiglia gitana di artisti (pittori, scrittori, attori) con antenati come la storica bailaora Fernanda Romero o il cantaor Rafael Romero...

José Maya en Cardamomo
