{"id":158829,"date":"2026-04-01T15:57:48","date_gmt":"2026-04-01T13:57:48","guid":{"rendered":"https:\/\/cardamomo.com\/es\/?post_type=routine&#038;p=158829"},"modified":"2026-04-01T17:07:19","modified_gmt":"2026-04-01T15:07:19","slug":"bambera","status":"publish","type":"routine","link":"https:\/\/cardamomo.com\/it\/routine\/bambera\/","title":{"rendered":"Bambera"},"content":{"rendered":"<p><\/p>\n<p data-path-to-node=\"18\">Una <b data-path-to-node=\"18\" data-index-in-node=\"4\">bambera<\/b> (nota anche come <i data-path-to-node=\"18\" data-index-in-node=\"29\">cante de columpio<\/i>) \u00e8 uno stile di flamenco con un&#8217;origine molto folkloristica e fortemente radicato nella tradizione andalusa.<\/p>\n<p data-path-to-node=\"19\">Ecco i punti chiave per capire di cosa si tratta:<\/p>\n<ul data-path-to-node=\"20\">\n<li>\n<p data-path-to-node=\"20,0,0\"><b data-path-to-node=\"20,0,0\" data-index-in-node=\"0\">L&#8217;origine:<\/b> Nasce dalle canzoni popolari contadine che si cantavano nei villaggi durante la primavera. Le strofe venivano intonate mentre le donne si dondolavano su un&#8217;altalena, che tradizionalmente veniva chiamata &#8220;bamba&#8221;.<\/p>\n<\/li>\n<li>\n<p data-path-to-node=\"20,1,0\"><b data-path-to-node=\"20,1,0\" data-index-in-node=\"0\">Il passaggio al flamenco:<\/b> Fu la leggendaria cantante <b data-path-to-node=\"20,1,0\" data-index-in-node=\"53\">La Ni\u00f1a de los Peines<\/b> (Pastora Pav\u00f3n) a occuparsi di &#8220;aflamencar&#8221; queste melodie folkloristiche nella prima met\u00e0 del XX secolo, portandole dalla pura tradizione orale al repertorio professionale del flamenco.<\/p>\n<\/li>\n<li>\n<p data-path-to-node=\"20,2,0\"><b data-path-to-node=\"20,2,0\" data-index-in-node=\"0\">Il ritmo:<\/b> Musicalmente, le bamberas vengono solitamente adattate al ritmo di dodici tempi della <b data-path-to-node=\"20,2,0\" data-index-in-node=\"96\">sole\u00e1<\/b> (o sole\u00e1 por buler\u00edas). Questo conferisce loro un ritmo maestoso, solenne e di grande profondit\u00e0.<\/p>\n<\/li>\n<li>\n<p data-path-to-node=\"20,3,0\"><b data-path-to-node=\"20,3,0\" data-index-in-node=\"0\">I testi:<\/b> Tradizionalmente sono strofe di quattro versi ottosillabi. Le tematiche ruotano solitamente attorno ai romanzi, alla gelosia, al corteggiamento e, naturalmente, a riferimenti diretti al dondolio dell&#8217;altalena e al vento.<\/p>\n<\/li>\n<\/ul>\n<p><\/p>","protected":false},"featured_media":0,"template":"","meta":{"_acf_changed":false,"inline_featured_image":false},"class_list":["post-158829","routine","type-routine","status-publish","hentry"],"acf":[],"yoast_head":"<!-- This site is optimized with the Yoast SEO plugin v27.4 - https:\/\/yoast.com\/product\/yoast-seo-wordpress\/ -->\n<title>Bambera: Il Canto dell&#039;Altalena e le sue Origini | Cardamomo<\/title>\n<meta name=\"description\" content=\"Scopri la bambera, lo stile flamenco che nasce dal dondolio delle altalene e fu reso popolare da La Ni\u00f1a de los Peines.\" \/>\n<meta name=\"robots\" content=\"index, follow, max-snippet:-1, max-image-preview:large, max-video-preview:-1\" \/>\n<link rel=\"canonical\" href=\"\/\" \/>\n<meta property=\"og:locale\" content=\"it_IT\" \/>\n<meta property=\"og:type\" content=\"article\" \/>\n<meta property=\"og:title\" content=\"Bambera: Il Canto dell&#039;Altalena e le sue Origini | Cardamomo\" \/>\n<meta property=\"og:description\" content=\"Scopri la bambera, lo stile flamenco che nasce dal dondolio delle altalene e fu reso popolare da La Ni\u00f1a de los Peines.\" \/>\n<meta property=\"og:url\" content=\"https:\/\/cardamomo.com\/it\/routine\/bambera\/\" \/>\n<meta property=\"og:site_name\" content=\"Cardamomo Flamenco Madrid\" \/>\n<meta property=\"article:modified_time\" content=\"2026-04-01T15:07:19+00:00\" \/>\n<meta name=\"twitter:card\" content=\"summary_large_image\" \/>\n<meta name=\"twitter:label1\" content=\"Tempo di lettura stimato\" \/>\n\t<meta name=\"twitter:data1\" content=\"1 minuto\" \/>\n<script type=\"application\/ld+json\" class=\"yoast-schema-graph\">{\"@context\":\"https:\\\/\\\/schema.org\",\"@graph\":[{\"@type\":\"WebPage\",\"@id\":\"https:\\\/\\\/cardamomo.com\\\/it\\\/routine\\\/bambera\\\/\",\"url\":\"https:\\\/\\\/cardamomo.com\\\/it\\\/routine\\\/bambera\\\/\",\"name\":\"Bambera: Il Canto dell'Altalena e le sue Origini | Cardamomo\",\"isPartOf\":{\"@id\":\"https:\\\/\\\/cardamomo.com\\\/it\\\/#website\"},\"datePublished\":\"2026-04-01T13:57:48+00:00\",\"dateModified\":\"2026-04-01T15:07:19+00:00\",\"description\":\"Scopri la bambera, lo stile flamenco che nasce dal dondolio delle altalene e fu reso popolare da La Ni\u00f1a de los Peines.\",\"breadcrumb\":{\"@id\":\"https:\\\/\\\/cardamomo.com\\\/it\\\/routine\\\/bambera\\\/#breadcrumb\"},\"inLanguage\":\"it-IT\",\"potentialAction\":[{\"@type\":\"ReadAction\",\"target\":[[\"https:\\\/\\\/cardamomo.com\\\/it\\\/routine\\\/bambera\\\/\"]]}]},{\"@type\":\"BreadcrumbList\",\"@id\":\"https:\\\/\\\/cardamomo.com\\\/it\\\/routine\\\/bambera\\\/#breadcrumb\",\"itemListElement\":[{\"@type\":\"ListItem\",\"position\":1,\"name\":\"Cardamomo\",\"item\":\"https:\\\/\\\/cardamomo.com\\\/it\\\/\"},{\"@type\":\"ListItem\",\"position\":2,\"name\":\"Routines\",\"item\":\"https:\\\/\\\/cardamomo.com\\\/it\\\/routine\\\/\"},{\"@type\":\"ListItem\",\"position\":3,\"name\":\"Bambera\"}]},{\"@type\":\"WebSite\",\"@id\":\"https:\\\/\\\/cardamomo.com\\\/it\\\/#website\",\"url\":\"https:\\\/\\\/cardamomo.com\\\/it\\\/\",\"name\":\"Cardamomo Flamenco Madrid\",\"description\":\"\",\"potentialAction\":[{\"@type\":\"SearchAction\",\"target\":{\"@type\":\"EntryPoint\",\"urlTemplate\":\"https:\\\/\\\/cardamomo.com\\\/it\\\/?s={search_term_string}\"},\"query-input\":{\"@type\":\"PropertyValueSpecification\",\"valueRequired\":true,\"valueName\":\"search_term_string\"}}],\"inLanguage\":\"it-IT\"}]}<\/script>\n<!-- \/ Yoast SEO plugin. -->","yoast_head_json":{"title":"Bambera: Il Canto dell'Altalena e le sue Origini | Cardamomo","description":"Scopri la bambera, lo stile flamenco che nasce dal dondolio delle altalene e fu reso popolare da La Ni\u00f1a de los Peines.","robots":{"index":"index","follow":"follow","max-snippet":"max-snippet:-1","max-image-preview":"max-image-preview:large","max-video-preview":"max-video-preview:-1"},"canonical":"\/","og_locale":"it_IT","og_type":"article","og_title":"Bambera: Il Canto dell'Altalena e le sue Origini | Cardamomo","og_description":"Scopri la bambera, lo stile flamenco che nasce dal dondolio delle altalene e fu reso popolare da La Ni\u00f1a de los Peines.","og_url":"https:\/\/cardamomo.com\/it\/routine\/bambera\/","og_site_name":"Cardamomo Flamenco Madrid","article_modified_time":"2026-04-01T15:07:19+00:00","twitter_card":"summary_large_image","twitter_misc":{"Tempo di lettura stimato":"1 minuto"},"schema":{"@context":"https:\/\/schema.org","@graph":[{"@type":"WebPage","@id":"https:\/\/cardamomo.com\/it\/routine\/bambera\/","url":"https:\/\/cardamomo.com\/it\/routine\/bambera\/","name":"Bambera: Il Canto dell'Altalena e le sue Origini | Cardamomo","isPartOf":{"@id":"https:\/\/cardamomo.com\/it\/#website"},"datePublished":"2026-04-01T13:57:48+00:00","dateModified":"2026-04-01T15:07:19+00:00","description":"Scopri la bambera, lo stile flamenco che nasce dal dondolio delle altalene e fu reso popolare da La Ni\u00f1a de los Peines.","breadcrumb":{"@id":"https:\/\/cardamomo.com\/it\/routine\/bambera\/#breadcrumb"},"inLanguage":"it-IT","potentialAction":[{"@type":"ReadAction","target":[["https:\/\/cardamomo.com\/it\/routine\/bambera\/"]]}]},{"@type":"BreadcrumbList","@id":"https:\/\/cardamomo.com\/it\/routine\/bambera\/#breadcrumb","itemListElement":[{"@type":"ListItem","position":1,"name":"Cardamomo","item":"https:\/\/cardamomo.com\/it\/"},{"@type":"ListItem","position":2,"name":"Routines","item":"https:\/\/cardamomo.com\/it\/routine\/"},{"@type":"ListItem","position":3,"name":"Bambera"}]},{"@type":"WebSite","@id":"https:\/\/cardamomo.com\/it\/#website","url":"https:\/\/cardamomo.com\/it\/","name":"Cardamomo Flamenco Madrid","description":"","potentialAction":[{"@type":"SearchAction","target":{"@type":"EntryPoint","urlTemplate":"https:\/\/cardamomo.com\/it\/?s={search_term_string}"},"query-input":{"@type":"PropertyValueSpecification","valueRequired":true,"valueName":"search_term_string"}}],"inLanguage":"it-IT"}]}},"_links":{"self":[{"href":"https:\/\/cardamomo.com\/it\/wp-json\/wp\/v2\/routine\/158829","targetHints":{"allow":["GET"]}}],"collection":[{"href":"https:\/\/cardamomo.com\/it\/wp-json\/wp\/v2\/routine"}],"about":[{"href":"https:\/\/cardamomo.com\/it\/wp-json\/wp\/v2\/types\/routine"}],"wp:attachment":[{"href":"https:\/\/cardamomo.com\/it\/wp-json\/wp\/v2\/media?parent=158829"}],"curies":[{"name":"wp","href":"https:\/\/api.w.org\/{rel}","templated":true}]}}

<p></p>
<p data-path-to-node="18">Una <b data-path-to-node="18" data-index-in-node="4">bambera</b> (nota anche come <i data-path-to-node="18" data-index-in-node="29">cante de columpio</i>) è uno stile di flamenco con un&#8217;origine molto folkloristica e fortemente radicato nella tradizione andalusa.</p>
<p data-path-to-node="19">Ecco i punti chiave per capire di cosa si tratta:</p>
<ul data-path-to-node="20">
<li>
<p data-path-to-node="20,0,0"><b data-path-to-node="20,0,0" data-index-in-node="0">L&#8217;origine:</b> Nasce dalle canzoni popolari contadine che si cantavano nei villaggi durante la primavera. Le strofe venivano intonate mentre le donne si dondolavano su un&#8217;altalena, che tradizionalmente veniva chiamata &#8220;bamba&#8221;.</p>
</li>
<li>
<p data-path-to-node="20,1,0"><b data-path-to-node="20,1,0" data-index-in-node="0">Il passaggio al flamenco:</b> Fu la leggendaria cantante <b data-path-to-node="20,1,0" data-index-in-node="53">La Niña de los Peines</b> (Pastora Pavón) a occuparsi di &#8220;aflamencar&#8221; queste melodie folkloristiche nella prima metà del XX secolo, portandole dalla pura tradizione orale al repertorio professionale del flamenco.</p>
</li>
<li>
<p data-path-to-node="20,2,0"><b data-path-to-node="20,2,0" data-index-in-node="0">Il ritmo:</b> Musicalmente, le bamberas vengono solitamente adattate al ritmo di dodici tempi della <b data-path-to-node="20,2,0" data-index-in-node="96">soleá</b> (o soleá por bulerías). Questo conferisce loro un ritmo maestoso, solenne e di grande profondità.</p>
</li>
<li>
<p data-path-to-node="20,3,0"><b data-path-to-node="20,3,0" data-index-in-node="0">I testi:</b> Tradizionalmente sono strofe di quattro versi ottosillabi. Le tematiche ruotano solitamente attorno ai romanzi, alla gelosia, al corteggiamento e, naturalmente, a riferimenti diretti al dondolio dell&#8217;altalena e al vento.</p>
</li>
</ul>
<p></p>

<!-- This site is optimized with the Yoast SEO plugin v27.4 - https://yoast.com/product/yoast-seo-wordpress/ -->
<title>Bambera: Il Canto dell&#039;Altalena e le sue Origini | Cardamomo</title>
<meta name="description" content="Scopri la bambera, lo stile flamenco che nasce dal dondolio delle altalene e fu reso popolare da La Niña de los Peines." />
<meta name="robots" content="index, follow, max-snippet:-1, max-image-preview:large, max-video-preview:-1" />
<link rel="canonical" href="/" />
<meta property="og:locale" content="it_IT" />
<meta property="og:type" content="article" />
<meta property="og:title" content="Bambera: Il Canto dell&#039;Altalena e le sue Origini | Cardamomo" />
<meta property="og:description" content="Scopri la bambera, lo stile flamenco che nasce dal dondolio delle altalene e fu reso popolare da La Niña de los Peines." />
<meta property="og:url" content="https://cardamomo.com/it/routine/bambera/" />
<meta property="og:site_name" content="Cardamomo Flamenco Madrid" />
<meta property="article:modified_time" content="2026-04-01T15:07:19+00:00" />
<meta name="twitter:card" content="summary_large_image" />
<meta name="twitter:label1" content="Tempo di lettura stimato" />
	<meta name="twitter:data1" content="1 minuto" />
<script type="application/ld+json" class="yoast-schema-graph">{"@context":"https:\/\/schema.org","@graph":[{"@type":"WebPage","@id":"https:\/\/cardamomo.com\/it\/routine\/bambera\/","url":"https:\/\/cardamomo.com\/it\/routine\/bambera\/","name":"Bambera: Il Canto dell'Altalena e le sue Origini | Cardamomo","isPartOf":{"@id":"https:\/\/cardamomo.com\/it\/#website"},"datePublished":"2026-04-01T13:57:48+00:00","dateModified":"2026-04-01T15:07:19+00:00","description":"Scopri la bambera, lo stile flamenco che nasce dal dondolio delle altalene e fu reso popolare da La Niña de los Peines.","breadcrumb":{"@id":"https:\/\/cardamomo.com\/it\/routine\/bambera\/#breadcrumb"},"inLanguage":"it-IT","potentialAction":[{"@type":"ReadAction","target":[["https:\/\/cardamomo.com\/it\/routine\/bambera\/"]]}]},{"@type":"BreadcrumbList","@id":"https:\/\/cardamomo.com\/it\/routine\/bambera\/#breadcrumb","itemListElement":[{"@type":"ListItem","position":1,"name":"Cardamomo","item":"https:\/\/cardamomo.com\/it\/"},{"@type":"ListItem","position":2,"name":"Routines","item":"https:\/\/cardamomo.com\/it\/routine\/"},{"@type":"ListItem","position":3,"name":"Bambera"}]},{"@type":"WebSite","@id":"https:\/\/cardamomo.com\/it\/#website","url":"https:\/\/cardamomo.com\/it\/","name":"Cardamomo Flamenco Madrid","description":"","potentialAction":[{"@type":"SearchAction","target":{"@type":"EntryPoint","urlTemplate":"https:\/\/cardamomo.com\/it\/?s={search_term_string}"},"query-input":{"@type":"PropertyValueSpecification","valueRequired":true,"valueName":"search_term_string"}}],"inLanguage":"it-IT"}]}</script>
<!-- / Yoast SEO plugin. -->

Scopri la bambera, lo stile flamenco che nasce dal dondolio delle altalene e fu reso popolare da La Niña de los Peines.
