{"id":80,"date":"2024-12-02T15:41:52","date_gmt":"2024-12-02T15:41:52","guid":{"rendered":"http:\/\/cardamomo.local\/?page_id=80"},"modified":"2026-01-29T12:24:49","modified_gmt":"2026-01-29T11:24:49","slug":"artistas-2","status":"publish","type":"page","link":"https:\/\/cardamomo.com\/it\/artisti\/","title":{"rendered":"Artisti"},"content":{"rendered":"<p>In uno <strong>spettacolo di flamenco dal vivo<\/strong>, la connessione tra gli artisti \u00e8 fondamentale. Il canto segna il ritmo emotivo, la danza interpreta il comp\u00e1s con il corpo e la chitarra sostiene ogni momento con precisione e sensibilit\u00e0.<\/p>\n<p>Al Tablao Flamenco Cardamomo, questo incontro tra artisti avviene ogni sera, dando vita a uno spettacolo di flamenco puro e senza artifici.<br \/>\n<\/p>","protected":false},"excerpt":{"rendered":"In uno spettacolo di flamenco dal vivo, la connessione tra gli artisti \u00e8 fondamentale. Il canto segna il ritmo emotivo, la danza interpreta il comp\u00e1s con il corpo e la chitarra sostiene ogni momento con precisione e sensibilit\u00e0. Al Tablao Flamenco Cardamomo, questo incontro tra artisti avviene ogni sera, dando vita a uno spettacolo di&#8230;","protected":false},"author":1,"featured_media":158522,"parent":0,"menu_order":3,"comment_status":"closed","ping_status":"closed","template":"templates\/03-artists.php","meta":{"_acf_changed":false,"inline_featured_image":false,"footnotes":""},"class_list":["post-80","page","type-page","status-publish","has-post-thumbnail","hentry"],"acf":{"display":"default","hero_intro":"M\u00e1s de 6 artistas en el escenario, cantaores y bailaores de flamenco en directo","hero_heading":"h2","generic_slider":null},"yoast_head":"<!-- This site is optimized with the Yoast SEO plugin v27.4 - https:\/\/yoast.com\/product\/yoast-seo-wordpress\/ -->\n<title>Artisti di flamenco: cantanti, ballerini e altro | Cardamomo<\/title>\n<meta name=\"description\" content=\"Scopri gli artisti di flamenco pi\u00f9 rappresentativi: cantanti, ballerini e chitarristi che mantengono vivo il flamenco.\" \/>\n<meta name=\"robots\" content=\"index, follow, max-snippet:-1, max-image-preview:large, max-video-preview:-1\" \/>\n<link rel=\"canonical\" href=\"\/\" \/>\n<meta property=\"og:locale\" content=\"it_IT\" \/>\n<meta property=\"og:type\" content=\"article\" \/>\n<meta property=\"og:title\" content=\"Artisti di flamenco: cantanti, ballerini e altro | Cardamomo\" \/>\n<meta property=\"og:description\" content=\"Scopri gli artisti di flamenco pi\u00f9 rappresentativi: cantanti, ballerini e chitarristi che mantengono vivo il flamenco.\" \/>\n<meta property=\"og:url\" content=\"https:\/\/cardamomo.com\/it\/artistas\/\" \/>\n<meta property=\"og:site_name\" content=\"Cardamomo Flamenco Madrid\" \/>\n<meta property=\"article:modified_time\" content=\"2026-01-29T11:24:49+00:00\" \/>\n<meta property=\"og:image\" content=\"https:\/\/cardamomo.ams3.digitaloceanspaces.com\/wp-content\/uploads\/2026\/01\/29120146\/artistas-flamencos.jpg\" \/>\n\t<meta property=\"og:image:width\" content=\"1600\" \/>\n\t<meta property=\"og:image:height\" content=\"1067\" \/>\n\t<meta property=\"og:image:type\" content=\"image\/jpeg\" \/>\n<meta name=\"twitter:card\" content=\"summary_large_image\" \/>\n<meta name=\"twitter:label1\" content=\"Tempo di lettura stimato\" \/>\n\t<meta name=\"twitter:data1\" content=\"1 minuto\" \/>\n<script type=\"application\/ld+json\" class=\"yoast-schema-graph\">{\"@context\":\"https:\\\/\\\/schema.org\",\"@graph\":[{\"@type\":\"WebPage\",\"@id\":\"https:\\\/\\\/cardamomo.com\\\/it\\\/artistas\\\/\",\"url\":\"https:\\\/\\\/cardamomo.com\\\/it\\\/artistas\\\/\",\"name\":\"Artisti di flamenco: cantanti, ballerini e altro | Cardamomo\",\"isPartOf\":{\"@id\":\"https:\\\/\\\/cardamomo.com\\\/it\\\/#website\"},\"primaryImageOfPage\":{\"@id\":\"https:\\\/\\\/cardamomo.com\\\/it\\\/artistas\\\/#primaryimage\"},\"image\":{\"@id\":\"https:\\\/\\\/cardamomo.com\\\/es\\\/artistas\\\/#primaryimage\"},\"thumbnailUrl\":\"https:\\\/\\\/cardamomo.ams3.digitaloceanspaces.com\\\/wp-content\\\/uploads\\\/2026\\\/01\\\/29120146\\\/artistas-flamencos.jpg\",\"datePublished\":\"2024-12-02T15:41:52+00:00\",\"dateModified\":\"2026-01-29T11:24:49+00:00\",\"description\":\"Scopri gli artisti di flamenco pi\u00f9 rappresentativi: cantanti, ballerini e chitarristi che mantengono vivo il flamenco.\",\"breadcrumb\":{\"@id\":\"https:\\\/\\\/cardamomo.com\\\/it\\\/artistas\\\/#breadcrumb\"},\"inLanguage\":\"it-IT\",\"potentialAction\":[{\"@type\":\"ReadAction\",\"target\":[[\"https:\\\/\\\/cardamomo.com\\\/it\\\/artistas\\\/\"]]}]},{\"@type\":\"ImageObject\",\"inLanguage\":\"it-IT\",\"@id\":\"https:\\\/\\\/cardamomo.com\\\/it\\\/artistas\\\/#primaryimage\",\"url\":\"https:\\\/\\\/cardamomo.ams3.digitaloceanspaces.com\\\/wp-content\\\/uploads\\\/2026\\\/01\\\/29120146\\\/artistas-flamencos.jpg\",\"contentUrl\":\"https:\\\/\\\/cardamomo.ams3.digitaloceanspaces.com\\\/wp-content\\\/uploads\\\/2026\\\/01\\\/29120146\\\/artistas-flamencos.jpg\",\"width\":1600,\"height\":1067,\"caption\":\"Grupos de artistas, dos guitarristas, un percusionista y dos cantantes\"},{\"@type\":\"BreadcrumbList\",\"@id\":\"https:\\\/\\\/cardamomo.com\\\/it\\\/artistas\\\/#breadcrumb\",\"itemListElement\":[{\"@type\":\"ListItem\",\"position\":1,\"name\":\"Cardamomo\",\"item\":\"https:\\\/\\\/cardamomo.com\\\/it\\\/\"},{\"@type\":\"ListItem\",\"position\":2,\"name\":\"Artistas flamencos\"}]},{\"@type\":\"WebSite\",\"@id\":\"https:\\\/\\\/cardamomo.com\\\/it\\\/#website\",\"url\":\"https:\\\/\\\/cardamomo.com\\\/it\\\/\",\"name\":\"Cardamomo Flamenco Madrid\",\"description\":\"\",\"potentialAction\":[{\"@type\":\"SearchAction\",\"target\":{\"@type\":\"EntryPoint\",\"urlTemplate\":\"https:\\\/\\\/cardamomo.com\\\/it\\\/?s={search_term_string}\"},\"query-input\":{\"@type\":\"PropertyValueSpecification\",\"valueRequired\":true,\"valueName\":\"search_term_string\"}}],\"inLanguage\":\"it-IT\"}]}<\/script>\n<!-- \/ Yoast SEO plugin. -->","yoast_head_json":{"title":"Artisti di flamenco: cantanti, ballerini e altro | Cardamomo","description":"Scopri gli artisti di flamenco pi\u00f9 rappresentativi: cantanti, ballerini e chitarristi che mantengono vivo il flamenco.","robots":{"index":"index","follow":"follow","max-snippet":"max-snippet:-1","max-image-preview":"max-image-preview:large","max-video-preview":"max-video-preview:-1"},"canonical":"\/","og_locale":"it_IT","og_type":"article","og_title":"Artisti di flamenco: cantanti, ballerini e altro | Cardamomo","og_description":"Scopri gli artisti di flamenco pi\u00f9 rappresentativi: cantanti, ballerini e chitarristi che mantengono vivo il flamenco.","og_url":"https:\/\/cardamomo.com\/it\/artistas\/","og_site_name":"Cardamomo Flamenco Madrid","article_modified_time":"2026-01-29T11:24:49+00:00","og_image":[{"width":1600,"height":1067,"url":"https:\/\/cardamomo.ams3.digitaloceanspaces.com\/wp-content\/uploads\/2026\/01\/29120146\/artistas-flamencos.jpg","type":"image\/jpeg"}],"twitter_card":"summary_large_image","twitter_misc":{"Tempo di lettura stimato":"1 minuto"},"schema":{"@context":"https:\/\/schema.org","@graph":[{"@type":"WebPage","@id":"https:\/\/cardamomo.com\/it\/artistas\/","url":"https:\/\/cardamomo.com\/it\/artistas\/","name":"Artisti di flamenco: cantanti, ballerini e altro | Cardamomo","isPartOf":{"@id":"https:\/\/cardamomo.com\/it\/#website"},"primaryImageOfPage":{"@id":"https:\/\/cardamomo.com\/it\/artistas\/#primaryimage"},"image":{"@id":"https:\/\/cardamomo.com\/es\/artistas\/#primaryimage"},"thumbnailUrl":"https:\/\/cardamomo.ams3.digitaloceanspaces.com\/wp-content\/uploads\/2026\/01\/29120146\/artistas-flamencos.jpg","datePublished":"2024-12-02T15:41:52+00:00","dateModified":"2026-01-29T11:24:49+00:00","description":"Scopri gli artisti di flamenco pi\u00f9 rappresentativi: cantanti, ballerini e chitarristi che mantengono vivo il flamenco.","breadcrumb":{"@id":"https:\/\/cardamomo.com\/it\/artistas\/#breadcrumb"},"inLanguage":"it-IT","potentialAction":[{"@type":"ReadAction","target":[["https:\/\/cardamomo.com\/it\/artistas\/"]]}]},{"@type":"ImageObject","inLanguage":"it-IT","@id":"https:\/\/cardamomo.com\/it\/artistas\/#primaryimage","url":"https:\/\/cardamomo.ams3.digitaloceanspaces.com\/wp-content\/uploads\/2026\/01\/29120146\/artistas-flamencos.jpg","contentUrl":"https:\/\/cardamomo.ams3.digitaloceanspaces.com\/wp-content\/uploads\/2026\/01\/29120146\/artistas-flamencos.jpg","width":1600,"height":1067,"caption":"Grupos de artistas, dos guitarristas, un percusionista y dos cantantes"},{"@type":"BreadcrumbList","@id":"https:\/\/cardamomo.com\/it\/artistas\/#breadcrumb","itemListElement":[{"@type":"ListItem","position":1,"name":"Cardamomo","item":"https:\/\/cardamomo.com\/it\/"},{"@type":"ListItem","position":2,"name":"Artistas flamencos"}]},{"@type":"WebSite","@id":"https:\/\/cardamomo.com\/it\/#website","url":"https:\/\/cardamomo.com\/it\/","name":"Cardamomo Flamenco Madrid","description":"","potentialAction":[{"@type":"SearchAction","target":{"@type":"EntryPoint","urlTemplate":"https:\/\/cardamomo.com\/it\/?s={search_term_string}"},"query-input":{"@type":"PropertyValueSpecification","valueRequired":true,"valueName":"search_term_string"}}],"inLanguage":"it-IT"}]}},"_links":{"self":[{"href":"https:\/\/cardamomo.com\/it\/wp-json\/wp\/v2\/pages\/80","targetHints":{"allow":["GET"]}}],"collection":[{"href":"https:\/\/cardamomo.com\/it\/wp-json\/wp\/v2\/pages"}],"about":[{"href":"https:\/\/cardamomo.com\/it\/wp-json\/wp\/v2\/types\/page"}],"author":[{"embeddable":true,"href":"https:\/\/cardamomo.com\/it\/wp-json\/wp\/v2\/users\/1"}],"replies":[{"embeddable":true,"href":"https:\/\/cardamomo.com\/it\/wp-json\/wp\/v2\/comments?post=80"}],"version-history":[{"count":9,"href":"https:\/\/cardamomo.com\/it\/wp-json\/wp\/v2\/pages\/80\/revisions"}],"predecessor-version":[{"id":158521,"href":"https:\/\/cardamomo.com\/it\/wp-json\/wp\/v2\/pages\/80\/revisions\/158521"}],"wp:featuredmedia":[{"embeddable":true,"href":"https:\/\/cardamomo.com\/it\/wp-json\/wp\/v2\/media\/158522"}],"wp:attachment":[{"href":"https:\/\/cardamomo.com\/it\/wp-json\/wp\/v2\/media?parent=80"}],"curies":[{"name":"wp","href":"https:\/\/api.w.org\/{rel}","templated":true}]}}

<p>In uno <strong>spettacolo di flamenco dal vivo</strong>, la connessione tra gli artisti è fondamentale. Il canto segna il ritmo emotivo, la danza interpreta il compás con il corpo e la chitarra sostiene ogni momento con precisione e sensibilità.</p>
<p>Al Tablao Flamenco Cardamomo, questo incontro tra artisti avviene ogni sera, dando vita a uno spettacolo di flamenco puro e senza artifici.<br />
</p>

In uno spettacolo di flamenco dal vivo, la connessione tra gli artisti è fondamentale. Il canto segna il ritmo emotivo, la danza interpreta il compás con il corpo e la chitarra sostiene ogni momento con precisione e sensibilità. Al Tablao Flamenco Cardamomo, questo incontro tra artisti avviene ogni sera, dando vita a uno spettacolo di&#8230;

Más de 6 artistas en el escenario, cantaores y bailaores de flamenco en directo

<!-- This site is optimized with the Yoast SEO plugin v27.4 - https://yoast.com/product/yoast-seo-wordpress/ -->
<title>Artisti di flamenco: cantanti, ballerini e altro | Cardamomo</title>
<meta name="description" content="Scopri gli artisti di flamenco più rappresentativi: cantanti, ballerini e chitarristi che mantengono vivo il flamenco." />
<meta name="robots" content="index, follow, max-snippet:-1, max-image-preview:large, max-video-preview:-1" />
<link rel="canonical" href="/" />
<meta property="og:locale" content="it_IT" />
<meta property="og:type" content="article" />
<meta property="og:title" content="Artisti di flamenco: cantanti, ballerini e altro | Cardamomo" />
<meta property="og:description" content="Scopri gli artisti di flamenco più rappresentativi: cantanti, ballerini e chitarristi che mantengono vivo il flamenco." />
<meta property="og:url" content="https://cardamomo.com/it/artistas/" />
<meta property="og:site_name" content="Cardamomo Flamenco Madrid" />
<meta property="article:modified_time" content="2026-01-29T11:24:49+00:00" />
<meta property="og:image" content="https://cardamomo.ams3.digitaloceanspaces.com/wp-content/uploads/2026/01/29120146/artistas-flamencos.jpg" />
	<meta property="og:image:width" content="1600" />
	<meta property="og:image:height" content="1067" />
	<meta property="og:image:type" content="image/jpeg" />
<meta name="twitter:card" content="summary_large_image" />
<meta name="twitter:label1" content="Tempo di lettura stimato" />
	<meta name="twitter:data1" content="1 minuto" />
<script type="application/ld+json" class="yoast-schema-graph">{"@context":"https:\/\/schema.org","@graph":[{"@type":"WebPage","@id":"https:\/\/cardamomo.com\/it\/artistas\/","url":"https:\/\/cardamomo.com\/it\/artistas\/","name":"Artisti di flamenco: cantanti, ballerini e altro | Cardamomo","isPartOf":{"@id":"https:\/\/cardamomo.com\/it\/#website"},"primaryImageOfPage":{"@id":"https:\/\/cardamomo.com\/it\/artistas\/#primaryimage"},"image":{"@id":"https:\/\/cardamomo.com\/es\/artistas\/#primaryimage"},"thumbnailUrl":"https:\/\/cardamomo.ams3.digitaloceanspaces.com\/wp-content\/uploads\/2026\/01\/29120146\/artistas-flamencos.jpg","datePublished":"2024-12-02T15:41:52+00:00","dateModified":"2026-01-29T11:24:49+00:00","description":"Scopri gli artisti di flamenco più rappresentativi: cantanti, ballerini e chitarristi che mantengono vivo il flamenco.","breadcrumb":{"@id":"https:\/\/cardamomo.com\/it\/artistas\/#breadcrumb"},"inLanguage":"it-IT","potentialAction":[{"@type":"ReadAction","target":[["https:\/\/cardamomo.com\/it\/artistas\/"]]}]},{"@type":"ImageObject","inLanguage":"it-IT","@id":"https:\/\/cardamomo.com\/it\/artistas\/#primaryimage","url":"https:\/\/cardamomo.ams3.digitaloceanspaces.com\/wp-content\/uploads\/2026\/01\/29120146\/artistas-flamencos.jpg","contentUrl":"https:\/\/cardamomo.ams3.digitaloceanspaces.com\/wp-content\/uploads\/2026\/01\/29120146\/artistas-flamencos.jpg","width":1600,"height":1067,"caption":"Grupos de artistas, dos guitarristas, un percusionista y dos cantantes"},{"@type":"BreadcrumbList","@id":"https:\/\/cardamomo.com\/it\/artistas\/#breadcrumb","itemListElement":[{"@type":"ListItem","position":1,"name":"Cardamomo","item":"https:\/\/cardamomo.com\/it\/"},{"@type":"ListItem","position":2,"name":"Artistas flamencos"}]},{"@type":"WebSite","@id":"https:\/\/cardamomo.com\/it\/#website","url":"https:\/\/cardamomo.com\/it\/","name":"Cardamomo Flamenco Madrid","description":"","potentialAction":[{"@type":"SearchAction","target":{"@type":"EntryPoint","urlTemplate":"https:\/\/cardamomo.com\/it\/?s={search_term_string}"},"query-input":{"@type":"PropertyValueSpecification","valueRequired":true,"valueName":"search_term_string"}}],"inLanguage":"it-IT"}]}</script>
<!-- / Yoast SEO plugin. -->

Scopri gli artisti di flamenco più rappresentativi: cantanti, ballerini e chitarristi che mantengono vivo il flamenco.
