{"id":98664,"date":"2022-04-30T17:31:01","date_gmt":"2022-04-30T15:31:01","guid":{"rendered":"https:\/\/cardamomo.com\/es\/?post_type=artist&#038;p=98664"},"modified":"2025-03-18T16:17:54","modified_gmt":"2025-03-18T16:17:54","slug":"karime-amaya","status":"publish","type":"artist","link":"https:\/\/cardamomo.com\/it\/artist\/karime-amaya\/","title":{"rendered":"Karime Amaya"},"content":{"rendered":"<p><\/p>\n<h4>Traiettoria<\/h4>\n<p>Durante la sua carriera, la ballerina Karime Amaya ha partecipato a numerosi festival internazionali. Tra questi ci sono il Festival Internazionale di Flamenco di Albuquerque (Stati Uniti), il Festival dell&#8217;Arte Flamenca di Monterrey (Messico) e il Festival dell&#8217;Arte Flamenca di Mont-de-Marsan (Francia) tra gli altri. Ha partecipato a diversi tablaos di Tokyo come &#8220;Garlochi&#8221; e &#8220;El Flamenco&#8221; essendo uno dei pi\u00f9 emblematici di questa citt\u00e0. Nel 2007 ha iniziato un tour in Giappone e nel 2011 ha eseguito un tributo ai membri della famiglia Amaya con lo spettacolo &#8220;Amaya Linaje&#8221;.<\/p>\n<h4>\nPremi<\/h4>\n<p>Nel 2013, ha ricevuto il premio come artista rivelazione nel Festival de Jerez con &#8220;Farruquito&#8221;.<\/p>\n<h4>\nAneddoti<\/h4>\n<p>All&#8217;et\u00e0 di undici anni, Karime ha incontrato il suo grande idolo Alejandro Sanz durante un servizio fotografico in Messico. Con sua sorpresa, Alejandro le si avvicin\u00f2, la salut\u00f2 e ballarono insieme una buler\u00eda. Alla fine, Alejandro regala a Karime un braccialetto tipico degli indiani messicani perch\u00e9 sia fortunata ogni volta che esce a ballare.<\/p>","protected":false},"featured_media":157210,"template":"","meta":{"_acf_changed":false,"inline_featured_image":false},"class_list":["post-98664","artist","type-artist","status-publish","has-post-thumbnail","hentry"],"acf":[],"yoast_head":"<!-- This site is optimized with the Yoast SEO plugin v27.4 - https:\/\/yoast.com\/product\/yoast-seo-wordpress\/ -->\n<title>Karime Amaya - Cardamomo Flamenco Madrid<\/title>\n<meta name=\"robots\" content=\"index, follow, max-snippet:-1, max-image-preview:large, max-video-preview:-1\" \/>\n<link rel=\"canonical\" href=\"\/\" \/>\n<meta property=\"og:locale\" content=\"it_IT\" \/>\n<meta property=\"og:type\" content=\"article\" \/>\n<meta property=\"og:title\" content=\"Karime Amaya - Cardamomo Flamenco Madrid\" \/>\n<meta property=\"og:description\" content=\"Traiettoria Durante la sua carriera, la ballerina Karime Amaya ha partecipato a numerosi festival internazionali. Tra questi ci sono il Festival Internazionale di Flamenco di Albuquerque (Stati Uniti), il Festival dell&#8217;Arte Flamenca di Monterrey (Messico) e il Festival dell&#8217;Arte Flamenca di Mont-de-Marsan (Francia) tra gli altri. Ha partecipato a diversi tablaos di Tokyo come &#8220;Garlochi&#8221;...\" \/>\n<meta property=\"og:url\" content=\"https:\/\/cardamomo.com\/it\/artist\/karime-amaya\/\" \/>\n<meta property=\"og:site_name\" content=\"Cardamomo Flamenco Madrid\" \/>\n<meta property=\"article:modified_time\" content=\"2025-03-18T16:17:54+00:00\" \/>\n<meta property=\"og:image\" content=\"https:\/\/cardamomo.ams3.digitaloceanspaces.com\/wp-content\/uploads\/2022\/04\/18161728\/karime-amaya-1.jpg\" \/>\n\t<meta property=\"og:image:width\" content=\"600\" \/>\n\t<meta property=\"og:image:height\" content=\"750\" \/>\n\t<meta property=\"og:image:type\" content=\"image\/jpeg\" \/>\n<meta name=\"twitter:card\" content=\"summary_large_image\" \/>\n<meta name=\"twitter:label1\" content=\"Tempo di lettura stimato\" \/>\n\t<meta name=\"twitter:data1\" content=\"1 minuto\" \/>\n<script type=\"application\/ld+json\" class=\"yoast-schema-graph\">{\"@context\":\"https:\\\/\\\/schema.org\",\"@graph\":[{\"@type\":\"WebPage\",\"@id\":\"https:\\\/\\\/cardamomo.com\\\/it\\\/artist\\\/karime-amaya\\\/\",\"url\":\"https:\\\/\\\/cardamomo.com\\\/it\\\/artist\\\/karime-amaya\\\/\",\"name\":\"Karime Amaya - Cardamomo Flamenco Madrid\",\"isPartOf\":{\"@id\":\"https:\\\/\\\/cardamomo.com\\\/it\\\/#website\"},\"primaryImageOfPage\":{\"@id\":\"https:\\\/\\\/cardamomo.com\\\/it\\\/artist\\\/karime-amaya\\\/#primaryimage\"},\"image\":{\"@id\":\"https:\\\/\\\/cardamomo.com\\\/es\\\/artist\\\/karime-amaya\\\/#primaryimage\"},\"thumbnailUrl\":\"https:\\\/\\\/cardamomo.ams3.digitaloceanspaces.com\\\/wp-content\\\/uploads\\\/2022\\\/04\\\/18161728\\\/karime-amaya-1.jpg\",\"datePublished\":\"2022-04-30T15:31:01+00:00\",\"dateModified\":\"2025-03-18T16:17:54+00:00\",\"breadcrumb\":{\"@id\":\"https:\\\/\\\/cardamomo.com\\\/it\\\/artist\\\/karime-amaya\\\/#breadcrumb\"},\"inLanguage\":\"it-IT\",\"potentialAction\":[{\"@type\":\"ReadAction\",\"target\":[[\"https:\\\/\\\/cardamomo.com\\\/it\\\/artist\\\/karime-amaya\\\/\"]]}]},{\"@type\":\"ImageObject\",\"inLanguage\":\"it-IT\",\"@id\":\"https:\\\/\\\/cardamomo.com\\\/it\\\/artist\\\/karime-amaya\\\/#primaryimage\",\"url\":\"https:\\\/\\\/cardamomo.ams3.digitaloceanspaces.com\\\/wp-content\\\/uploads\\\/2022\\\/04\\\/18161728\\\/karime-amaya-1.jpg\",\"contentUrl\":\"https:\\\/\\\/cardamomo.ams3.digitaloceanspaces.com\\\/wp-content\\\/uploads\\\/2022\\\/04\\\/18161728\\\/karime-amaya-1.jpg\",\"width\":600,\"height\":750,\"caption\":\"Bailaora Karime Amaya\"},{\"@type\":\"BreadcrumbList\",\"@id\":\"https:\\\/\\\/cardamomo.com\\\/it\\\/artist\\\/karime-amaya\\\/#breadcrumb\",\"itemListElement\":[{\"@type\":\"ListItem\",\"position\":1,\"name\":\"Cardamomo\",\"item\":\"https:\\\/\\\/cardamomo.com\\\/it\\\/\"},{\"@type\":\"ListItem\",\"position\":2,\"name\":\"Artists\",\"item\":\"https:\\\/\\\/cardamomo.com\\\/it\\\/artist\\\/\"},{\"@type\":\"ListItem\",\"position\":3,\"name\":\"Karime Amaya\"}]},{\"@type\":\"WebSite\",\"@id\":\"https:\\\/\\\/cardamomo.com\\\/it\\\/#website\",\"url\":\"https:\\\/\\\/cardamomo.com\\\/it\\\/\",\"name\":\"Cardamomo Flamenco Madrid\",\"description\":\"\",\"potentialAction\":[{\"@type\":\"SearchAction\",\"target\":{\"@type\":\"EntryPoint\",\"urlTemplate\":\"https:\\\/\\\/cardamomo.com\\\/it\\\/?s={search_term_string}\"},\"query-input\":{\"@type\":\"PropertyValueSpecification\",\"valueRequired\":true,\"valueName\":\"search_term_string\"}}],\"inLanguage\":\"it-IT\"}]}<\/script>\n<!-- \/ Yoast SEO plugin. -->","yoast_head_json":{"title":"Karime Amaya - Cardamomo Flamenco Madrid","robots":{"index":"index","follow":"follow","max-snippet":"max-snippet:-1","max-image-preview":"max-image-preview:large","max-video-preview":"max-video-preview:-1"},"canonical":"\/","og_locale":"it_IT","og_type":"article","og_title":"Karime Amaya - Cardamomo Flamenco Madrid","og_description":"Traiettoria Durante la sua carriera, la ballerina Karime Amaya ha partecipato a numerosi festival internazionali. Tra questi ci sono il Festival Internazionale di Flamenco di Albuquerque (Stati Uniti), il Festival dell&#8217;Arte Flamenca di Monterrey (Messico) e il Festival dell&#8217;Arte Flamenca di Mont-de-Marsan (Francia) tra gli altri. Ha partecipato a diversi tablaos di Tokyo come &#8220;Garlochi&#8221;...","og_url":"https:\/\/cardamomo.com\/it\/artist\/karime-amaya\/","og_site_name":"Cardamomo Flamenco Madrid","article_modified_time":"2025-03-18T16:17:54+00:00","og_image":[{"width":600,"height":750,"url":"https:\/\/cardamomo.ams3.digitaloceanspaces.com\/wp-content\/uploads\/2022\/04\/18161728\/karime-amaya-1.jpg","type":"image\/jpeg"}],"twitter_card":"summary_large_image","twitter_misc":{"Tempo di lettura stimato":"1 minuto"},"schema":{"@context":"https:\/\/schema.org","@graph":[{"@type":"WebPage","@id":"https:\/\/cardamomo.com\/it\/artist\/karime-amaya\/","url":"https:\/\/cardamomo.com\/it\/artist\/karime-amaya\/","name":"Karime Amaya - Cardamomo Flamenco Madrid","isPartOf":{"@id":"https:\/\/cardamomo.com\/it\/#website"},"primaryImageOfPage":{"@id":"https:\/\/cardamomo.com\/it\/artist\/karime-amaya\/#primaryimage"},"image":{"@id":"https:\/\/cardamomo.com\/es\/artist\/karime-amaya\/#primaryimage"},"thumbnailUrl":"https:\/\/cardamomo.ams3.digitaloceanspaces.com\/wp-content\/uploads\/2022\/04\/18161728\/karime-amaya-1.jpg","datePublished":"2022-04-30T15:31:01+00:00","dateModified":"2025-03-18T16:17:54+00:00","breadcrumb":{"@id":"https:\/\/cardamomo.com\/it\/artist\/karime-amaya\/#breadcrumb"},"inLanguage":"it-IT","potentialAction":[{"@type":"ReadAction","target":[["https:\/\/cardamomo.com\/it\/artist\/karime-amaya\/"]]}]},{"@type":"ImageObject","inLanguage":"it-IT","@id":"https:\/\/cardamomo.com\/it\/artist\/karime-amaya\/#primaryimage","url":"https:\/\/cardamomo.ams3.digitaloceanspaces.com\/wp-content\/uploads\/2022\/04\/18161728\/karime-amaya-1.jpg","contentUrl":"https:\/\/cardamomo.ams3.digitaloceanspaces.com\/wp-content\/uploads\/2022\/04\/18161728\/karime-amaya-1.jpg","width":600,"height":750,"caption":"Bailaora Karime Amaya"},{"@type":"BreadcrumbList","@id":"https:\/\/cardamomo.com\/it\/artist\/karime-amaya\/#breadcrumb","itemListElement":[{"@type":"ListItem","position":1,"name":"Cardamomo","item":"https:\/\/cardamomo.com\/it\/"},{"@type":"ListItem","position":2,"name":"Artists","item":"https:\/\/cardamomo.com\/it\/artist\/"},{"@type":"ListItem","position":3,"name":"Karime Amaya"}]},{"@type":"WebSite","@id":"https:\/\/cardamomo.com\/it\/#website","url":"https:\/\/cardamomo.com\/it\/","name":"Cardamomo Flamenco Madrid","description":"","potentialAction":[{"@type":"SearchAction","target":{"@type":"EntryPoint","urlTemplate":"https:\/\/cardamomo.com\/it\/?s={search_term_string}"},"query-input":{"@type":"PropertyValueSpecification","valueRequired":true,"valueName":"search_term_string"}}],"inLanguage":"it-IT"}]}},"_links":{"self":[{"href":"https:\/\/cardamomo.com\/it\/wp-json\/wp\/v2\/artist\/98664","targetHints":{"allow":["GET"]}}],"collection":[{"href":"https:\/\/cardamomo.com\/it\/wp-json\/wp\/v2\/artist"}],"about":[{"href":"https:\/\/cardamomo.com\/it\/wp-json\/wp\/v2\/types\/artist"}],"wp:featuredmedia":[{"embeddable":true,"href":"https:\/\/cardamomo.com\/it\/wp-json\/wp\/v2\/media\/157210"}],"wp:attachment":[{"href":"https:\/\/cardamomo.com\/it\/wp-json\/wp\/v2\/media?parent=98664"}],"curies":[{"name":"wp","href":"https:\/\/api.w.org\/{rel}","templated":true}]}}

<p></p>
<h4>Traiettoria</h4>
<p>Durante la sua carriera, la ballerina Karime Amaya ha partecipato a numerosi festival internazionali. Tra questi ci sono il Festival Internazionale di Flamenco di Albuquerque (Stati Uniti), il Festival dell&#8217;Arte Flamenca di Monterrey (Messico) e il Festival dell&#8217;Arte Flamenca di Mont-de-Marsan (Francia) tra gli altri. Ha partecipato a diversi tablaos di Tokyo come &#8220;Garlochi&#8221; e &#8220;El Flamenco&#8221; essendo uno dei più emblematici di questa città. Nel 2007 ha iniziato un tour in Giappone e nel 2011 ha eseguito un tributo ai membri della famiglia Amaya con lo spettacolo &#8220;Amaya Linaje&#8221;.</p>
<h4>
Premi</h4>
<p>Nel 2013, ha ricevuto il premio come artista rivelazione nel Festival de Jerez con &#8220;Farruquito&#8221;.</p>
<h4>
Aneddoti</h4>
<p>All&#8217;età di undici anni, Karime ha incontrato il suo grande idolo Alejandro Sanz durante un servizio fotografico in Messico. Con sua sorpresa, Alejandro le si avvicinò, la salutò e ballarono insieme una bulería. Alla fine, Alejandro regala a Karime un braccialetto tipico degli indiani messicani perché sia fortunata ogni volta che esce a ballare.</p>
