{"id":700,"date":"2016-07-29T14:27:50","date_gmt":"2016-07-29T12:27:50","guid":{"rendered":"http:\/\/cardamomo.fullcircle.es\/?post_type=artist&#038;p=700"},"modified":"2025-04-02T16:07:19","modified_gmt":"2025-04-02T16:07:19","slug":"cristian-perez","status":"publish","type":"artist","link":"https:\/\/cardamomo.com\/it\/artist\/cristian-perez-madrid\/","title":{"rendered":"Cristian P\u00e9rez (Madrid)"},"content":{"rendered":"<p>Fino al 2011 ha fatto parte del gruppo di danza Study Workshop National Ballet of Spain. Dal 2011 al 2012 ha introdotto la sua coreografia \u201cCoffee Cantante\u201d; ha ballato come solista nello spettacolo \u201cNi aqu\u00ed ni llet Espa\u00f1ol all\u00e1\u201d di Pepa Molina; ha anche ballato nella compagnia di Cecilia G\u00f3mez in \u201cCayetana, su pasi\u00f3n\u201d e \u00e8 andato in tour in Canada a rappresentare lo show \u201cDon Juan\u201d.<\/p>\n<p>Insegna coreografia al Flamenco Art Center and Spanish Dance, \u201cAmor de Dios&#8221; e al Conservatory of Dance Maribel Gallardo in C\u00e1diz; insegna coreografia anche all\u2019Academia Flamenquer\u00eda di Mosca. Nel 2011 crea differenti coreografie lavorando al New National Theatre di Tokio, nel 2014 lavora come ballerino e coreografo nella compagnia \u201cSpanish Ballet\u201d di Yoko Komatsubara. Ha anche lavorato con Cecilia Gomez in \u201cCupaima\u201d, in vari teatri spagnoli, nel festival latino-americano in Bogot\u00e1 e nella scuola Bolera di Elisa Su\u00e1rez. Il suo talento venne acclamato in numerose occasioni: Best Performance al National Dance Competition Davalos-Fletcher Foundation (2009); Best Direction in Spanish Dance Choreography Alamo (2010); Exceptional Dancer AISGE e Jacaranda Prize da parte della European University (2012); First Prize Andaluz for Young Flamenco (2013) e First National Award Alegr\u00edas de la Perla di C\u00e1diz (2014).<\/p>\n<p>&nbsp;<\/p>","protected":false},"featured_media":157265,"template":"","meta":{"_acf_changed":false,"inline_featured_image":false},"class_list":["post-700","artist","type-artist","status-publish","has-post-thumbnail","hentry"],"acf":[],"yoast_head":"<!-- This site is optimized with the Yoast SEO plugin v27.4 - https:\/\/yoast.com\/product\/yoast-seo-wordpress\/ -->\n<title>Cristian P\u00e9rez (Madrid) - Cardamomo Flamenco Madrid<\/title>\n<meta name=\"robots\" content=\"index, follow, max-snippet:-1, max-image-preview:large, max-video-preview:-1\" \/>\n<link rel=\"canonical\" href=\"\/\" \/>\n<meta property=\"og:locale\" content=\"it_IT\" \/>\n<meta property=\"og:type\" content=\"article\" \/>\n<meta property=\"og:title\" content=\"Cristian P\u00e9rez (Madrid) - Cardamomo Flamenco Madrid\" \/>\n<meta property=\"og:description\" content=\"Fino al 2011 ha fatto parte del gruppo di danza Study Workshop National Ballet of Spain. Dal 2011 al 2012 ha introdotto la sua coreografia \u201cCoffee Cantante\u201d; ha ballato come solista nello spettacolo \u201cNi aqu\u00ed ni llet Espa\u00f1ol all\u00e1\u201d di Pepa Molina; ha anche ballato nella compagnia di Cecilia G\u00f3mez in \u201cCayetana, su pasi\u00f3n\u201d e...\" \/>\n<meta property=\"og:url\" content=\"https:\/\/cardamomo.com\/it\/artist\/cristian-perez-madrid\/\" \/>\n<meta property=\"og:site_name\" content=\"Cardamomo Flamenco Madrid\" \/>\n<meta property=\"article:modified_time\" content=\"2025-04-02T16:07:19+00:00\" \/>\n<meta property=\"og:image\" content=\"https:\/\/cardamomo.ams3.digitaloceanspaces.com\/wp-content\/uploads\/2016\/07\/02160653\/cristian-perez-1.jpg\" \/>\n\t<meta property=\"og:image:width\" content=\"600\" \/>\n\t<meta property=\"og:image:height\" content=\"749\" \/>\n\t<meta property=\"og:image:type\" content=\"image\/jpeg\" \/>\n<meta name=\"twitter:card\" content=\"summary_large_image\" \/>\n<meta name=\"twitter:label1\" content=\"Tempo di lettura stimato\" \/>\n\t<meta name=\"twitter:data1\" content=\"2 minuti\" \/>\n<script type=\"application\/ld+json\" class=\"yoast-schema-graph\">{\"@context\":\"https:\\\/\\\/schema.org\",\"@graph\":[{\"@type\":\"WebPage\",\"@id\":\"https:\\\/\\\/cardamomo.com\\\/it\\\/artist\\\/cristian-perez-madrid\\\/\",\"url\":\"https:\\\/\\\/cardamomo.com\\\/it\\\/artist\\\/cristian-perez-madrid\\\/\",\"name\":\"Cristian P\u00e9rez (Madrid) - Cardamomo Flamenco Madrid\",\"isPartOf\":{\"@id\":\"https:\\\/\\\/cardamomo.com\\\/it\\\/#website\"},\"primaryImageOfPage\":{\"@id\":\"https:\\\/\\\/cardamomo.com\\\/it\\\/artist\\\/cristian-perez-madrid\\\/#primaryimage\"},\"image\":{\"@id\":\"https:\\\/\\\/cardamomo.com\\\/es\\\/artist\\\/cristian-perez-madrid\\\/#primaryimage\"},\"thumbnailUrl\":\"https:\\\/\\\/cardamomo.ams3.digitaloceanspaces.com\\\/wp-content\\\/uploads\\\/2016\\\/07\\\/02160653\\\/cristian-perez-1.jpg\",\"datePublished\":\"2016-07-29T12:27:50+00:00\",\"dateModified\":\"2025-04-02T16:07:19+00:00\",\"breadcrumb\":{\"@id\":\"https:\\\/\\\/cardamomo.com\\\/it\\\/artist\\\/cristian-perez-madrid\\\/#breadcrumb\"},\"inLanguage\":\"it-IT\",\"potentialAction\":[{\"@type\":\"ReadAction\",\"target\":[[\"https:\\\/\\\/cardamomo.com\\\/it\\\/artist\\\/cristian-perez-madrid\\\/\"]]}]},{\"@type\":\"ImageObject\",\"inLanguage\":\"it-IT\",\"@id\":\"https:\\\/\\\/cardamomo.com\\\/it\\\/artist\\\/cristian-perez-madrid\\\/#primaryimage\",\"url\":\"https:\\\/\\\/cardamomo.ams3.digitaloceanspaces.com\\\/wp-content\\\/uploads\\\/2016\\\/07\\\/02160653\\\/cristian-perez-1.jpg\",\"contentUrl\":\"https:\\\/\\\/cardamomo.ams3.digitaloceanspaces.com\\\/wp-content\\\/uploads\\\/2016\\\/07\\\/02160653\\\/cristian-perez-1.jpg\",\"width\":600,\"height\":749,\"caption\":\"Bailaor Cristian P\u00e9rez (Madrid)\"},{\"@type\":\"BreadcrumbList\",\"@id\":\"https:\\\/\\\/cardamomo.com\\\/it\\\/artist\\\/cristian-perez-madrid\\\/#breadcrumb\",\"itemListElement\":[{\"@type\":\"ListItem\",\"position\":1,\"name\":\"Cardamomo\",\"item\":\"https:\\\/\\\/cardamomo.com\\\/it\\\/\"},{\"@type\":\"ListItem\",\"position\":2,\"name\":\"Artists\",\"item\":\"https:\\\/\\\/cardamomo.com\\\/it\\\/artist\\\/\"},{\"@type\":\"ListItem\",\"position\":3,\"name\":\"Cristian P\u00e9rez (Madrid)\"}]},{\"@type\":\"WebSite\",\"@id\":\"https:\\\/\\\/cardamomo.com\\\/it\\\/#website\",\"url\":\"https:\\\/\\\/cardamomo.com\\\/it\\\/\",\"name\":\"Cardamomo Flamenco Madrid\",\"description\":\"\",\"potentialAction\":[{\"@type\":\"SearchAction\",\"target\":{\"@type\":\"EntryPoint\",\"urlTemplate\":\"https:\\\/\\\/cardamomo.com\\\/it\\\/?s={search_term_string}\"},\"query-input\":{\"@type\":\"PropertyValueSpecification\",\"valueRequired\":true,\"valueName\":\"search_term_string\"}}],\"inLanguage\":\"it-IT\"}]}<\/script>\n<!-- \/ Yoast SEO plugin. -->","yoast_head_json":{"title":"Cristian P\u00e9rez (Madrid) - Cardamomo Flamenco Madrid","robots":{"index":"index","follow":"follow","max-snippet":"max-snippet:-1","max-image-preview":"max-image-preview:large","max-video-preview":"max-video-preview:-1"},"canonical":"\/","og_locale":"it_IT","og_type":"article","og_title":"Cristian P\u00e9rez (Madrid) - Cardamomo Flamenco Madrid","og_description":"Fino al 2011 ha fatto parte del gruppo di danza Study Workshop National Ballet of Spain. Dal 2011 al 2012 ha introdotto la sua coreografia \u201cCoffee Cantante\u201d; ha ballato come solista nello spettacolo \u201cNi aqu\u00ed ni llet Espa\u00f1ol all\u00e1\u201d di Pepa Molina; ha anche ballato nella compagnia di Cecilia G\u00f3mez in \u201cCayetana, su pasi\u00f3n\u201d e...","og_url":"https:\/\/cardamomo.com\/it\/artist\/cristian-perez-madrid\/","og_site_name":"Cardamomo Flamenco Madrid","article_modified_time":"2025-04-02T16:07:19+00:00","og_image":[{"width":600,"height":749,"url":"https:\/\/cardamomo.ams3.digitaloceanspaces.com\/wp-content\/uploads\/2016\/07\/02160653\/cristian-perez-1.jpg","type":"image\/jpeg"}],"twitter_card":"summary_large_image","twitter_misc":{"Tempo di lettura stimato":"2 minuti"},"schema":{"@context":"https:\/\/schema.org","@graph":[{"@type":"WebPage","@id":"https:\/\/cardamomo.com\/it\/artist\/cristian-perez-madrid\/","url":"https:\/\/cardamomo.com\/it\/artist\/cristian-perez-madrid\/","name":"Cristian P\u00e9rez (Madrid) - Cardamomo Flamenco Madrid","isPartOf":{"@id":"https:\/\/cardamomo.com\/it\/#website"},"primaryImageOfPage":{"@id":"https:\/\/cardamomo.com\/it\/artist\/cristian-perez-madrid\/#primaryimage"},"image":{"@id":"https:\/\/cardamomo.com\/es\/artist\/cristian-perez-madrid\/#primaryimage"},"thumbnailUrl":"https:\/\/cardamomo.ams3.digitaloceanspaces.com\/wp-content\/uploads\/2016\/07\/02160653\/cristian-perez-1.jpg","datePublished":"2016-07-29T12:27:50+00:00","dateModified":"2025-04-02T16:07:19+00:00","breadcrumb":{"@id":"https:\/\/cardamomo.com\/it\/artist\/cristian-perez-madrid\/#breadcrumb"},"inLanguage":"it-IT","potentialAction":[{"@type":"ReadAction","target":[["https:\/\/cardamomo.com\/it\/artist\/cristian-perez-madrid\/"]]}]},{"@type":"ImageObject","inLanguage":"it-IT","@id":"https:\/\/cardamomo.com\/it\/artist\/cristian-perez-madrid\/#primaryimage","url":"https:\/\/cardamomo.ams3.digitaloceanspaces.com\/wp-content\/uploads\/2016\/07\/02160653\/cristian-perez-1.jpg","contentUrl":"https:\/\/cardamomo.ams3.digitaloceanspaces.com\/wp-content\/uploads\/2016\/07\/02160653\/cristian-perez-1.jpg","width":600,"height":749,"caption":"Bailaor Cristian P\u00e9rez (Madrid)"},{"@type":"BreadcrumbList","@id":"https:\/\/cardamomo.com\/it\/artist\/cristian-perez-madrid\/#breadcrumb","itemListElement":[{"@type":"ListItem","position":1,"name":"Cardamomo","item":"https:\/\/cardamomo.com\/it\/"},{"@type":"ListItem","position":2,"name":"Artists","item":"https:\/\/cardamomo.com\/it\/artist\/"},{"@type":"ListItem","position":3,"name":"Cristian P\u00e9rez (Madrid)"}]},{"@type":"WebSite","@id":"https:\/\/cardamomo.com\/it\/#website","url":"https:\/\/cardamomo.com\/it\/","name":"Cardamomo Flamenco Madrid","description":"","potentialAction":[{"@type":"SearchAction","target":{"@type":"EntryPoint","urlTemplate":"https:\/\/cardamomo.com\/it\/?s={search_term_string}"},"query-input":{"@type":"PropertyValueSpecification","valueRequired":true,"valueName":"search_term_string"}}],"inLanguage":"it-IT"}]}},"_links":{"self":[{"href":"https:\/\/cardamomo.com\/it\/wp-json\/wp\/v2\/artist\/700","targetHints":{"allow":["GET"]}}],"collection":[{"href":"https:\/\/cardamomo.com\/it\/wp-json\/wp\/v2\/artist"}],"about":[{"href":"https:\/\/cardamomo.com\/it\/wp-json\/wp\/v2\/types\/artist"}],"wp:featuredmedia":[{"embeddable":true,"href":"https:\/\/cardamomo.com\/it\/wp-json\/wp\/v2\/media\/157265"}],"wp:attachment":[{"href":"https:\/\/cardamomo.com\/it\/wp-json\/wp\/v2\/media?parent=700"}],"curies":[{"name":"wp","href":"https:\/\/api.w.org\/{rel}","templated":true}]}}

Cristian Pérez (Madrid)

<p>Fino al 2011 ha fatto parte del gruppo di danza Study Workshop National Ballet of Spain. Dal 2011 al 2012 ha introdotto la sua coreografia “Coffee Cantante”; ha ballato come solista nello spettacolo “Ni aquí ni llet Español allá” di Pepa Molina; ha anche ballato nella compagnia di Cecilia Gómez in “Cayetana, su pasión” e è andato in tour in Canada a rappresentare lo show “Don Juan”.</p>
<p>Insegna coreografia al Flamenco Art Center and Spanish Dance, “Amor de Dios&#8221; e al Conservatory of Dance Maribel Gallardo in Cádiz; insegna coreografia anche all’Academia Flamenquería di Mosca. Nel 2011 crea differenti coreografie lavorando al New National Theatre di Tokio, nel 2014 lavora come ballerino e coreografo nella compagnia “Spanish Ballet” di Yoko Komatsubara. Ha anche lavorato con Cecilia Gomez in “Cupaima”, in vari teatri spagnoli, nel festival latino-americano in Bogotá e nella scuola Bolera di Elisa Suárez. Il suo talento venne acclamato in numerose occasioni: Best Performance al National Dance Competition Davalos-Fletcher Foundation (2009); Best Direction in Spanish Dance Choreography Alamo (2010); Exceptional Dancer AISGE e Jacaranda Prize da parte della European University (2012); First Prize Andaluz for Young Flamenco (2013) e First National Award Alegrías de la Perla di Cádiz (2014).</p>
<p>&nbsp;</p>

<!-- This site is optimized with the Yoast SEO plugin v27.4 - https://yoast.com/product/yoast-seo-wordpress/ -->
<title>Cristian Pérez (Madrid) - Cardamomo Flamenco Madrid</title>
<meta name="robots" content="index, follow, max-snippet:-1, max-image-preview:large, max-video-preview:-1" />
<link rel="canonical" href="/" />
<meta property="og:locale" content="it_IT" />
<meta property="og:type" content="article" />
<meta property="og:title" content="Cristian Pérez (Madrid) - Cardamomo Flamenco Madrid" />
<meta property="og:description" content="Fino al 2011 ha fatto parte del gruppo di danza Study Workshop National Ballet of Spain. Dal 2011 al 2012 ha introdotto la sua coreografia “Coffee Cantante”; ha ballato come solista nello spettacolo “Ni aquí ni llet Español allá” di Pepa Molina; ha anche ballato nella compagnia di Cecilia Gómez in “Cayetana, su pasión” e..." />
<meta property="og:url" content="https://cardamomo.com/it/artist/cristian-perez-madrid/" />
<meta property="og:site_name" content="Cardamomo Flamenco Madrid" />
<meta property="article:modified_time" content="2025-04-02T16:07:19+00:00" />
<meta property="og:image" content="https://cardamomo.ams3.digitaloceanspaces.com/wp-content/uploads/2016/07/02160653/cristian-perez-1.jpg" />
	<meta property="og:image:width" content="600" />
	<meta property="og:image:height" content="749" />
	<meta property="og:image:type" content="image/jpeg" />
<meta name="twitter:card" content="summary_large_image" />
<meta name="twitter:label1" content="Tempo di lettura stimato" />
	<meta name="twitter:data1" content="2 minuti" />
<script type="application/ld+json" class="yoast-schema-graph">{"@context":"https:\/\/schema.org","@graph":[{"@type":"WebPage","@id":"https:\/\/cardamomo.com\/it\/artist\/cristian-perez-madrid\/","url":"https:\/\/cardamomo.com\/it\/artist\/cristian-perez-madrid\/","name":"Cristian Pérez (Madrid) - Cardamomo Flamenco Madrid","isPartOf":{"@id":"https:\/\/cardamomo.com\/it\/#website"},"primaryImageOfPage":{"@id":"https:\/\/cardamomo.com\/it\/artist\/cristian-perez-madrid\/#primaryimage"},"image":{"@id":"https:\/\/cardamomo.com\/es\/artist\/cristian-perez-madrid\/#primaryimage"},"thumbnailUrl":"https:\/\/cardamomo.ams3.digitaloceanspaces.com\/wp-content\/uploads\/2016\/07\/02160653\/cristian-perez-1.jpg","datePublished":"2016-07-29T12:27:50+00:00","dateModified":"2025-04-02T16:07:19+00:00","breadcrumb":{"@id":"https:\/\/cardamomo.com\/it\/artist\/cristian-perez-madrid\/#breadcrumb"},"inLanguage":"it-IT","potentialAction":[{"@type":"ReadAction","target":[["https:\/\/cardamomo.com\/it\/artist\/cristian-perez-madrid\/"]]}]},{"@type":"ImageObject","inLanguage":"it-IT","@id":"https:\/\/cardamomo.com\/it\/artist\/cristian-perez-madrid\/#primaryimage","url":"https:\/\/cardamomo.ams3.digitaloceanspaces.com\/wp-content\/uploads\/2016\/07\/02160653\/cristian-perez-1.jpg","contentUrl":"https:\/\/cardamomo.ams3.digitaloceanspaces.com\/wp-content\/uploads\/2016\/07\/02160653\/cristian-perez-1.jpg","width":600,"height":749,"caption":"Bailaor Cristian Pérez (Madrid)"},{"@type":"BreadcrumbList","@id":"https:\/\/cardamomo.com\/it\/artist\/cristian-perez-madrid\/#breadcrumb","itemListElement":[{"@type":"ListItem","position":1,"name":"Cardamomo","item":"https:\/\/cardamomo.com\/it\/"},{"@type":"ListItem","position":2,"name":"Artists","item":"https:\/\/cardamomo.com\/it\/artist\/"},{"@type":"ListItem","position":3,"name":"Cristian Pérez (Madrid)"}]},{"@type":"WebSite","@id":"https:\/\/cardamomo.com\/it\/#website","url":"https:\/\/cardamomo.com\/it\/","name":"Cardamomo Flamenco Madrid","description":"","potentialAction":[{"@type":"SearchAction","target":{"@type":"EntryPoint","urlTemplate":"https:\/\/cardamomo.com\/it\/?s={search_term_string}"},"query-input":{"@type":"PropertyValueSpecification","valueRequired":true,"valueName":"search_term_string"}}],"inLanguage":"it-IT"}]}</script>
<!-- / Yoast SEO plugin. -->

Cristian Pérez (Madrid) - Cardamomo Flamenco Madrid

Fino al 2011 ha fatto parte del gruppo di danza Study Workshop National Ballet of Spain. Dal 2011 al 2012 ha introdotto la sua coreografia “Coffee Cantante”; ha ballato come solista nello spettacolo “Ni aquí ni llet Español allá” di Pepa Molina; ha anche ballato nella compagnia di Cecilia Gómez in “Cayetana, su pasión” e...

Bailaor Cristian Pérez (Madrid)
