{"id":24031,"date":"2016-11-04T10:03:23","date_gmt":"2016-11-04T09:03:23","guid":{"rendered":"https:\/\/cardamomo.com\/es\/?post_type=artist&#038;p=24031"},"modified":"2025-04-02T10:32:15","modified_gmt":"2025-04-02T10:32:15","slug":"claudia-cruz-cadiz","status":"publish","type":"artist","link":"https:\/\/cardamomo.com\/it\/artist\/claudia-cruz\/","title":{"rendered":"Claudia Cruz (C\u00e1diz)"},"content":{"rendered":"<p><\/p>\n<h4>Biografia<\/h4>\n<p>Nata a Cadice nel 1986, all&#8217;et\u00e0 di 5 anni ha iniziato a prendere lezioni di flamenco, e successivamente, all&#8217;et\u00e0 di 10 anni, ha iniziato le prime lezioni di danza classica e di spagnolo nella scuola di danza di Cadice.<br \/>\naccademia Cibayi, diretto da Charo Cruz. Oggi Claudia Cruz \u00e8 una delle giovani ballerine di flamenco in ascesa. Combina le sue performance in festival e teatri nazionali e internazionali con esibizioni nei migliori tablaos della Spagna.<\/p>\n<ul>\n<li>Nel 2001 ha realizzato una collaborazione speciale come membro dello spettacolo del Proclama del Carnevale di Cadice con Sara Baras. Nel 2003, poi, ha collaborato con la compagnia teatrale &#8220;Los Ulen&#8221;, insieme al Balletto di Monaco, mettendo in scena &#8220;Carmen de Bizet&#8221;.<\/li>\n<li>Nel 2005 ha iniziato una tourn\u00e9e in Giappone con lo spettacolo &#8220;Pasi\u00f3n Flamenca&#8221;, dividendo il cartellone con Enrique el Extreme\u00f1o, La Tobala, Pedro Sierra e molti altri. Nello stesso anno \u00e8 stato in tourn\u00e9e con Turismo Andaluz per rappresentare il flamenco andaluso in Europa.<\/li>\n<li>Nel 2007 ha partecipato al Festival di Flamenco di Granada &#8220;Corral del Carb\u00f3n&#8221; ottenendo un favoloso successo e buone recensioni. L&#8217;anno successivo partecipa alla compagnia &#8220;Cadiz&#8221; diretta dall&#8217;Agenzia Andalusa per lo sviluppo del Flamenco, condividendo il palco con artisti come: Mariana Cornejo, David Palomar, El Junco, Ana Salazar, Rosario Toledo e molti altri.<\/li>\n<li>Nel 2009 ha presentato il suo primo spettacolo &#8220;Con Alma&#8221; nella Sala Central Lechera di Cadice, con Enrique el Extreme\u00f1o come artista ospite a livello provinciale.<\/li>\n<li>Nel 2011 \u00e8 stata in tourn\u00e9e come artista ospite nello spettacolo &#8220;Ni\u00f1a Pastori en Navidad&#8221;, la prima volta che Ni\u00f1a Pastori ha incluso una figura di danza nel suo spettacolo.<\/li>\n<li>Nel 2012 si \u00e8 unita alla compagnia di Antonio &#8220;El Pipa&#8221;, come ballerina principale, essendo la sua partner di danza. Nello stesso anno presenta il suo spettacolo &#8220;Claudia Cruz&#8221;, aprendo il cartellone del Bicentenario delle Cortes de C\u00e1diz. \u00c8 artista ospite dello spettacolo &#8220;Ayer y Hoy&#8221; con il maestro &#8220;Rancapino&#8221;. Ha collaborato in modo speciale allo spettacolo del Proclama del Carnevale di Cadice &#8220;La Pepa&#8221; con Ni\u00f1a Pastori. \u00c8 prima ballerina nei cicli &#8220;La Aristocracia del Flamenco&#8221; nel Tablao Cordob\u00e9s, collaborando con figure come: Duquende, Carrete de M\u00e1laga, Remedios Amaya, La Susi.<\/li>\n<li>Nel 2013 \u00e8 stata ballerina solista nello spettacolo &#8220;Jereg\u00fce\u00f1o&#8221; di Antonio el Pipa alla Biennale di Flamenco di Malaga e nello stesso anno ha partecipato al Festival Multiculturale &#8220;Art Unites Generations&#8221; a Wroclaw, in Polonia. Successivamente \u00e8 stata ballerina solista nello spettacolo &#8220;Vivencias&#8221; di Antonio el Pipa insieme a T\u00eda Juana del Pipa, Concha Vargas e Carmen Ledesma. Ha inoltre partecipato allo spettacolo &#8220;En la Ra\u00edz del Flamenco&#8221; che ha debuttato al Teatro Lope de Vega di Siviglia con artisti di spicco come: &#8220;Dorantes&#8221;, Remedio Amaya, Farruquito, Ca\u00f1eta de M\u00e1laga, tra gli altri.<br \/>\nMalaga, tra gli altri.<\/li>\n<li>Nel 2014 ha partecipato al III Festival de Flamenco de Jap\u00f3n, condividendo il palco con artisti come Pastora Galv\u00e1n, Mercedes Ruiz, La Moneta, Patricia Guerrero, Jairo Barrul, Jes\u00fas Carmona tra gli altri. Nello stesso anno presenta lo spettacolo &#8220;Ni la hambre la vamo a sent\u00ed&#8221;, patrocinato dal Comune di Cadice, al Centro Munincipal de Arte Flamenco La Merced.<\/li>\n<li>Nel 2015 ha presentato in anteprima il suo spettacolo &#8220;C\u00e1diz &#8211; Sevilla, Qu\u00e9 Maravilla&#8221; alla XIX edizione del Festival de Jerez.<\/li>\n<li>Nel 2016 ha realizzato una collaborazione speciale nello spettacolo &#8220;Entrar al Juego&#8221; di Marco Flores presentato in anteprima alla XX edizione del Festival de Jerez. Ha collaborato anche con Josemi Carmona, membro del famoso gruppo Ketama.<\/li>\n<\/ul>\n<p>Dalla sua biografia si evince che \u00e8 una ballerina particolarmente ricca, con una lunga carriera che oggi d\u00e0 molto da raccontare.<\/p>","protected":false},"featured_media":157247,"template":"","meta":{"_acf_changed":false,"inline_featured_image":false},"class_list":["post-24031","artist","type-artist","status-publish","has-post-thumbnail","hentry"],"acf":[],"yoast_head":"<!-- This site is optimized with the Yoast SEO plugin v27.4 - https:\/\/yoast.com\/product\/yoast-seo-wordpress\/ -->\n<title>Claudia Cruz (C\u00e1diz) - Cardamomo Flamenco Madrid<\/title>\n<meta name=\"robots\" content=\"index, follow, max-snippet:-1, max-image-preview:large, max-video-preview:-1\" \/>\n<link rel=\"canonical\" href=\"\/\" \/>\n<meta property=\"og:locale\" content=\"it_IT\" \/>\n<meta property=\"og:type\" content=\"article\" \/>\n<meta property=\"og:title\" content=\"Claudia Cruz (C\u00e1diz) - Cardamomo Flamenco Madrid\" \/>\n<meta property=\"og:description\" content=\"Biografia Nata a Cadice nel 1986, all&#8217;et\u00e0 di 5 anni ha iniziato a prendere lezioni di flamenco, e successivamente, all&#8217;et\u00e0 di 10 anni, ha iniziato le prime lezioni di danza classica e di spagnolo nella scuola di danza di Cadice. accademia Cibayi, diretto da Charo Cruz. Oggi Claudia Cruz \u00e8 una delle giovani ballerine di...\" \/>\n<meta property=\"og:url\" content=\"https:\/\/cardamomo.com\/it\/artist\/claudia-cruz\/\" \/>\n<meta property=\"og:site_name\" content=\"Cardamomo Flamenco Madrid\" \/>\n<meta property=\"article:modified_time\" content=\"2025-04-02T10:32:15+00:00\" \/>\n<meta property=\"og:image\" content=\"https:\/\/cardamomo.ams3.digitaloceanspaces.com\/wp-content\/uploads\/2016\/11\/02103152\/claudia-cruz.jpg\" \/>\n\t<meta property=\"og:image:width\" content=\"600\" \/>\n\t<meta property=\"og:image:height\" content=\"750\" \/>\n\t<meta property=\"og:image:type\" content=\"image\/jpeg\" \/>\n<meta name=\"twitter:card\" content=\"summary_large_image\" \/>\n<meta name=\"twitter:label1\" content=\"Tempo di lettura stimato\" \/>\n\t<meta name=\"twitter:data1\" content=\"4 minuti\" \/>\n<script type=\"application\/ld+json\" class=\"yoast-schema-graph\">{\"@context\":\"https:\\\/\\\/schema.org\",\"@graph\":[{\"@type\":\"WebPage\",\"@id\":\"https:\\\/\\\/cardamomo.com\\\/it\\\/artist\\\/claudia-cruz\\\/\",\"url\":\"https:\\\/\\\/cardamomo.com\\\/it\\\/artist\\\/claudia-cruz\\\/\",\"name\":\"Claudia Cruz (C\u00e1diz) - Cardamomo Flamenco Madrid\",\"isPartOf\":{\"@id\":\"https:\\\/\\\/cardamomo.com\\\/it\\\/#website\"},\"primaryImageOfPage\":{\"@id\":\"https:\\\/\\\/cardamomo.com\\\/it\\\/artist\\\/claudia-cruz\\\/#primaryimage\"},\"image\":{\"@id\":\"https:\\\/\\\/cardamomo.com\\\/es\\\/artist\\\/claudia-cruz\\\/#primaryimage\"},\"thumbnailUrl\":\"https:\\\/\\\/cardamomo.ams3.digitaloceanspaces.com\\\/wp-content\\\/uploads\\\/2016\\\/11\\\/02103152\\\/claudia-cruz.jpg\",\"datePublished\":\"2016-11-04T09:03:23+00:00\",\"dateModified\":\"2025-04-02T10:32:15+00:00\",\"breadcrumb\":{\"@id\":\"https:\\\/\\\/cardamomo.com\\\/it\\\/artist\\\/claudia-cruz\\\/#breadcrumb\"},\"inLanguage\":\"it-IT\",\"potentialAction\":[{\"@type\":\"ReadAction\",\"target\":[[\"https:\\\/\\\/cardamomo.com\\\/it\\\/artist\\\/claudia-cruz\\\/\"]]}]},{\"@type\":\"ImageObject\",\"inLanguage\":\"it-IT\",\"@id\":\"https:\\\/\\\/cardamomo.com\\\/it\\\/artist\\\/claudia-cruz\\\/#primaryimage\",\"url\":\"https:\\\/\\\/cardamomo.ams3.digitaloceanspaces.com\\\/wp-content\\\/uploads\\\/2016\\\/11\\\/02103152\\\/claudia-cruz.jpg\",\"contentUrl\":\"https:\\\/\\\/cardamomo.ams3.digitaloceanspaces.com\\\/wp-content\\\/uploads\\\/2016\\\/11\\\/02103152\\\/claudia-cruz.jpg\",\"width\":600,\"height\":750,\"caption\":\"Bailaora Claudia Cruz\"},{\"@type\":\"BreadcrumbList\",\"@id\":\"https:\\\/\\\/cardamomo.com\\\/it\\\/artist\\\/claudia-cruz\\\/#breadcrumb\",\"itemListElement\":[{\"@type\":\"ListItem\",\"position\":1,\"name\":\"Cardamomo\",\"item\":\"https:\\\/\\\/cardamomo.com\\\/it\\\/\"},{\"@type\":\"ListItem\",\"position\":2,\"name\":\"Artists\",\"item\":\"https:\\\/\\\/cardamomo.com\\\/it\\\/artist\\\/\"},{\"@type\":\"ListItem\",\"position\":3,\"name\":\"Claudia Cruz (C\u00e1diz)\"}]},{\"@type\":\"WebSite\",\"@id\":\"https:\\\/\\\/cardamomo.com\\\/it\\\/#website\",\"url\":\"https:\\\/\\\/cardamomo.com\\\/it\\\/\",\"name\":\"Cardamomo Flamenco Madrid\",\"description\":\"\",\"potentialAction\":[{\"@type\":\"SearchAction\",\"target\":{\"@type\":\"EntryPoint\",\"urlTemplate\":\"https:\\\/\\\/cardamomo.com\\\/it\\\/?s={search_term_string}\"},\"query-input\":{\"@type\":\"PropertyValueSpecification\",\"valueRequired\":true,\"valueName\":\"search_term_string\"}}],\"inLanguage\":\"it-IT\"}]}<\/script>\n<!-- \/ Yoast SEO plugin. -->","yoast_head_json":{"title":"Claudia Cruz (C\u00e1diz) - Cardamomo Flamenco Madrid","robots":{"index":"index","follow":"follow","max-snippet":"max-snippet:-1","max-image-preview":"max-image-preview:large","max-video-preview":"max-video-preview:-1"},"canonical":"\/","og_locale":"it_IT","og_type":"article","og_title":"Claudia Cruz (C\u00e1diz) - Cardamomo Flamenco Madrid","og_description":"Biografia Nata a Cadice nel 1986, all&#8217;et\u00e0 di 5 anni ha iniziato a prendere lezioni di flamenco, e successivamente, all&#8217;et\u00e0 di 10 anni, ha iniziato le prime lezioni di danza classica e di spagnolo nella scuola di danza di Cadice. accademia Cibayi, diretto da Charo Cruz. Oggi Claudia Cruz \u00e8 una delle giovani ballerine di...","og_url":"https:\/\/cardamomo.com\/it\/artist\/claudia-cruz\/","og_site_name":"Cardamomo Flamenco Madrid","article_modified_time":"2025-04-02T10:32:15+00:00","og_image":[{"width":600,"height":750,"url":"https:\/\/cardamomo.ams3.digitaloceanspaces.com\/wp-content\/uploads\/2016\/11\/02103152\/claudia-cruz.jpg","type":"image\/jpeg"}],"twitter_card":"summary_large_image","twitter_misc":{"Tempo di lettura stimato":"4 minuti"},"schema":{"@context":"https:\/\/schema.org","@graph":[{"@type":"WebPage","@id":"https:\/\/cardamomo.com\/it\/artist\/claudia-cruz\/","url":"https:\/\/cardamomo.com\/it\/artist\/claudia-cruz\/","name":"Claudia Cruz (C\u00e1diz) - Cardamomo Flamenco Madrid","isPartOf":{"@id":"https:\/\/cardamomo.com\/it\/#website"},"primaryImageOfPage":{"@id":"https:\/\/cardamomo.com\/it\/artist\/claudia-cruz\/#primaryimage"},"image":{"@id":"https:\/\/cardamomo.com\/es\/artist\/claudia-cruz\/#primaryimage"},"thumbnailUrl":"https:\/\/cardamomo.ams3.digitaloceanspaces.com\/wp-content\/uploads\/2016\/11\/02103152\/claudia-cruz.jpg","datePublished":"2016-11-04T09:03:23+00:00","dateModified":"2025-04-02T10:32:15+00:00","breadcrumb":{"@id":"https:\/\/cardamomo.com\/it\/artist\/claudia-cruz\/#breadcrumb"},"inLanguage":"it-IT","potentialAction":[{"@type":"ReadAction","target":[["https:\/\/cardamomo.com\/it\/artist\/claudia-cruz\/"]]}]},{"@type":"ImageObject","inLanguage":"it-IT","@id":"https:\/\/cardamomo.com\/it\/artist\/claudia-cruz\/#primaryimage","url":"https:\/\/cardamomo.ams3.digitaloceanspaces.com\/wp-content\/uploads\/2016\/11\/02103152\/claudia-cruz.jpg","contentUrl":"https:\/\/cardamomo.ams3.digitaloceanspaces.com\/wp-content\/uploads\/2016\/11\/02103152\/claudia-cruz.jpg","width":600,"height":750,"caption":"Bailaora Claudia Cruz"},{"@type":"BreadcrumbList","@id":"https:\/\/cardamomo.com\/it\/artist\/claudia-cruz\/#breadcrumb","itemListElement":[{"@type":"ListItem","position":1,"name":"Cardamomo","item":"https:\/\/cardamomo.com\/it\/"},{"@type":"ListItem","position":2,"name":"Artists","item":"https:\/\/cardamomo.com\/it\/artist\/"},{"@type":"ListItem","position":3,"name":"Claudia Cruz (C\u00e1diz)"}]},{"@type":"WebSite","@id":"https:\/\/cardamomo.com\/it\/#website","url":"https:\/\/cardamomo.com\/it\/","name":"Cardamomo Flamenco Madrid","description":"","potentialAction":[{"@type":"SearchAction","target":{"@type":"EntryPoint","urlTemplate":"https:\/\/cardamomo.com\/it\/?s={search_term_string}"},"query-input":{"@type":"PropertyValueSpecification","valueRequired":true,"valueName":"search_term_string"}}],"inLanguage":"it-IT"}]}},"_links":{"self":[{"href":"https:\/\/cardamomo.com\/it\/wp-json\/wp\/v2\/artist\/24031","targetHints":{"allow":["GET"]}}],"collection":[{"href":"https:\/\/cardamomo.com\/it\/wp-json\/wp\/v2\/artist"}],"about":[{"href":"https:\/\/cardamomo.com\/it\/wp-json\/wp\/v2\/types\/artist"}],"wp:featuredmedia":[{"embeddable":true,"href":"https:\/\/cardamomo.com\/it\/wp-json\/wp\/v2\/media\/157247"}],"wp:attachment":[{"href":"https:\/\/cardamomo.com\/it\/wp-json\/wp\/v2\/media?parent=24031"}],"curies":[{"name":"wp","href":"https:\/\/api.w.org\/{rel}","templated":true}]}}

Claudia Cruz (Cádiz)

<p></p>
<h4>Biografia</h4>
<p>Nata a Cadice nel 1986, all&#8217;età di 5 anni ha iniziato a prendere lezioni di flamenco, e successivamente, all&#8217;età di 10 anni, ha iniziato le prime lezioni di danza classica e di spagnolo nella scuola di danza di Cadice.<br />
accademia Cibayi, diretto da Charo Cruz. Oggi Claudia Cruz è una delle giovani ballerine di flamenco in ascesa. Combina le sue performance in festival e teatri nazionali e internazionali con esibizioni nei migliori tablaos della Spagna.</p>
<ul>
<li>Nel 2001 ha realizzato una collaborazione speciale come membro dello spettacolo del Proclama del Carnevale di Cadice con Sara Baras. Nel 2003, poi, ha collaborato con la compagnia teatrale &#8220;Los Ulen&#8221;, insieme al Balletto di Monaco, mettendo in scena &#8220;Carmen de Bizet&#8221;.</li>
<li>Nel 2005 ha iniziato una tournée in Giappone con lo spettacolo &#8220;Pasión Flamenca&#8221;, dividendo il cartellone con Enrique el Extremeño, La Tobala, Pedro Sierra e molti altri. Nello stesso anno è stato in tournée con Turismo Andaluz per rappresentare il flamenco andaluso in Europa.</li>
<li>Nel 2007 ha partecipato al Festival di Flamenco di Granada &#8220;Corral del Carbón&#8221; ottenendo un favoloso successo e buone recensioni. L&#8217;anno successivo partecipa alla compagnia &#8220;Cadiz&#8221; diretta dall&#8217;Agenzia Andalusa per lo sviluppo del Flamenco, condividendo il palco con artisti come: Mariana Cornejo, David Palomar, El Junco, Ana Salazar, Rosario Toledo e molti altri.</li>
<li>Nel 2009 ha presentato il suo primo spettacolo &#8220;Con Alma&#8221; nella Sala Central Lechera di Cadice, con Enrique el Extremeño come artista ospite a livello provinciale.</li>
<li>Nel 2011 è stata in tournée come artista ospite nello spettacolo &#8220;Niña Pastori en Navidad&#8221;, la prima volta che Niña Pastori ha incluso una figura di danza nel suo spettacolo.</li>
<li>Nel 2012 si è unita alla compagnia di Antonio &#8220;El Pipa&#8221;, come ballerina principale, essendo la sua partner di danza. Nello stesso anno presenta il suo spettacolo &#8220;Claudia Cruz&#8221;, aprendo il cartellone del Bicentenario delle Cortes de Cádiz. È artista ospite dello spettacolo &#8220;Ayer y Hoy&#8221; con il maestro &#8220;Rancapino&#8221;. Ha collaborato in modo speciale allo spettacolo del Proclama del Carnevale di Cadice &#8220;La Pepa&#8221; con Niña Pastori. È prima ballerina nei cicli &#8220;La Aristocracia del Flamenco&#8221; nel Tablao Cordobés, collaborando con figure come: Duquende, Carrete de Málaga, Remedios Amaya, La Susi.</li>
<li>Nel 2013 è stata ballerina solista nello spettacolo &#8220;Jeregüeño&#8221; di Antonio el Pipa alla Biennale di Flamenco di Malaga e nello stesso anno ha partecipato al Festival Multiculturale &#8220;Art Unites Generations&#8221; a Wroclaw, in Polonia. Successivamente è stata ballerina solista nello spettacolo &#8220;Vivencias&#8221; di Antonio el Pipa insieme a Tía Juana del Pipa, Concha Vargas e Carmen Ledesma. Ha inoltre partecipato allo spettacolo &#8220;En la Raíz del Flamenco&#8221; che ha debuttato al Teatro Lope de Vega di Siviglia con artisti di spicco come: &#8220;Dorantes&#8221;, Remedio Amaya, Farruquito, Cañeta de Málaga, tra gli altri.<br />
Malaga, tra gli altri.</li>
<li>Nel 2014 ha partecipato al III Festival de Flamenco de Japón, condividendo il palco con artisti come Pastora Galván, Mercedes Ruiz, La Moneta, Patricia Guerrero, Jairo Barrul, Jesús Carmona tra gli altri. Nello stesso anno presenta lo spettacolo &#8220;Ni la hambre la vamo a sentí&#8221;, patrocinato dal Comune di Cadice, al Centro Munincipal de Arte Flamenco La Merced.</li>
<li>Nel 2015 ha presentato in anteprima il suo spettacolo &#8220;Cádiz &#8211; Sevilla, Qué Maravilla&#8221; alla XIX edizione del Festival de Jerez.</li>
<li>Nel 2016 ha realizzato una collaborazione speciale nello spettacolo &#8220;Entrar al Juego&#8221; di Marco Flores presentato in anteprima alla XX edizione del Festival de Jerez. Ha collaborato anche con Josemi Carmona, membro del famoso gruppo Ketama.</li>
</ul>
<p>Dalla sua biografia si evince che è una ballerina particolarmente ricca, con una lunga carriera che oggi dà molto da raccontare.</p>

<!-- This site is optimized with the Yoast SEO plugin v27.4 - https://yoast.com/product/yoast-seo-wordpress/ -->
<title>Claudia Cruz (Cádiz) - Cardamomo Flamenco Madrid</title>
<meta name="robots" content="index, follow, max-snippet:-1, max-image-preview:large, max-video-preview:-1" />
<link rel="canonical" href="/" />
<meta property="og:locale" content="it_IT" />
<meta property="og:type" content="article" />
<meta property="og:title" content="Claudia Cruz (Cádiz) - Cardamomo Flamenco Madrid" />
<meta property="og:description" content="Biografia Nata a Cadice nel 1986, all&#8217;età di 5 anni ha iniziato a prendere lezioni di flamenco, e successivamente, all&#8217;età di 10 anni, ha iniziato le prime lezioni di danza classica e di spagnolo nella scuola di danza di Cadice. accademia Cibayi, diretto da Charo Cruz. Oggi Claudia Cruz è una delle giovani ballerine di..." />
<meta property="og:url" content="https://cardamomo.com/it/artist/claudia-cruz/" />
<meta property="og:site_name" content="Cardamomo Flamenco Madrid" />
<meta property="article:modified_time" content="2025-04-02T10:32:15+00:00" />
<meta property="og:image" content="https://cardamomo.ams3.digitaloceanspaces.com/wp-content/uploads/2016/11/02103152/claudia-cruz.jpg" />
	<meta property="og:image:width" content="600" />
	<meta property="og:image:height" content="750" />
	<meta property="og:image:type" content="image/jpeg" />
<meta name="twitter:card" content="summary_large_image" />
<meta name="twitter:label1" content="Tempo di lettura stimato" />
	<meta name="twitter:data1" content="4 minuti" />
<script type="application/ld+json" class="yoast-schema-graph">{"@context":"https:\/\/schema.org","@graph":[{"@type":"WebPage","@id":"https:\/\/cardamomo.com\/it\/artist\/claudia-cruz\/","url":"https:\/\/cardamomo.com\/it\/artist\/claudia-cruz\/","name":"Claudia Cruz (Cádiz) - Cardamomo Flamenco Madrid","isPartOf":{"@id":"https:\/\/cardamomo.com\/it\/#website"},"primaryImageOfPage":{"@id":"https:\/\/cardamomo.com\/it\/artist\/claudia-cruz\/#primaryimage"},"image":{"@id":"https:\/\/cardamomo.com\/es\/artist\/claudia-cruz\/#primaryimage"},"thumbnailUrl":"https:\/\/cardamomo.ams3.digitaloceanspaces.com\/wp-content\/uploads\/2016\/11\/02103152\/claudia-cruz.jpg","datePublished":"2016-11-04T09:03:23+00:00","dateModified":"2025-04-02T10:32:15+00:00","breadcrumb":{"@id":"https:\/\/cardamomo.com\/it\/artist\/claudia-cruz\/#breadcrumb"},"inLanguage":"it-IT","potentialAction":[{"@type":"ReadAction","target":[["https:\/\/cardamomo.com\/it\/artist\/claudia-cruz\/"]]}]},{"@type":"ImageObject","inLanguage":"it-IT","@id":"https:\/\/cardamomo.com\/it\/artist\/claudia-cruz\/#primaryimage","url":"https:\/\/cardamomo.ams3.digitaloceanspaces.com\/wp-content\/uploads\/2016\/11\/02103152\/claudia-cruz.jpg","contentUrl":"https:\/\/cardamomo.ams3.digitaloceanspaces.com\/wp-content\/uploads\/2016\/11\/02103152\/claudia-cruz.jpg","width":600,"height":750,"caption":"Bailaora Claudia Cruz"},{"@type":"BreadcrumbList","@id":"https:\/\/cardamomo.com\/it\/artist\/claudia-cruz\/#breadcrumb","itemListElement":[{"@type":"ListItem","position":1,"name":"Cardamomo","item":"https:\/\/cardamomo.com\/it\/"},{"@type":"ListItem","position":2,"name":"Artists","item":"https:\/\/cardamomo.com\/it\/artist\/"},{"@type":"ListItem","position":3,"name":"Claudia Cruz (Cádiz)"}]},{"@type":"WebSite","@id":"https:\/\/cardamomo.com\/it\/#website","url":"https:\/\/cardamomo.com\/it\/","name":"Cardamomo Flamenco Madrid","description":"","potentialAction":[{"@type":"SearchAction","target":{"@type":"EntryPoint","urlTemplate":"https:\/\/cardamomo.com\/it\/?s={search_term_string}"},"query-input":{"@type":"PropertyValueSpecification","valueRequired":true,"valueName":"search_term_string"}}],"inLanguage":"it-IT"}]}</script>
<!-- / Yoast SEO plugin. -->

Claudia Cruz (Cádiz) - Cardamomo Flamenco Madrid

Biografia Nata a Cadice nel 1986, all&#8217;età di 5 anni ha iniziato a prendere lezioni di flamenco, e successivamente, all&#8217;età di 10 anni, ha iniziato le prime lezioni di danza classica e di spagnolo nella scuola di danza di Cadice. accademia Cibayi, diretto da Charo Cruz. Oggi Claudia Cruz è una delle giovani ballerine di...
