{"id":135121,"date":"2023-12-08T20:00:57","date_gmt":"2023-12-08T19:00:57","guid":{"rendered":"https:\/\/cardamomo.com\/es\/?post_type=artist&#038;p=135121"},"modified":"2025-03-12T08:58:17","modified_gmt":"2025-03-12T08:58:17","slug":"jesus-de-rosario-madrid","status":"publish","type":"artist","link":"https:\/\/cardamomo.com\/it\/artist\/jesus-de-rosario-madrid\/","title":{"rendered":"Jes\u00fas de Rosario"},"content":{"rendered":"<p>Nato a Madrid, nel quartiere di Ca\u00f1o roto, inizia a suonare la chitarra all&#8217;et\u00e0 di cinque anni, sotto la guida del padre e dell&#8217;insegnante &#8220;El Entri&#8221;. All&#8217;et\u00e0 di nove anni partecipa a un concorso internazionale di talenti della televisione norvegese, che lo porta a fare un tour in tutta Europa. Nell&#8217;adolescenza inizia a far parte della compagnia del maestro Antonio Canales.<\/p>\n<p>Anni dopo, collabora con la ballerina Merche Esmeralda come direttore musicale dello spettacolo &#8220;Mujeres&#8221;. Ha inoltre condiviso il palco con grandi artisti della danza come El G\u00fcito, Carmen Cort\u00e9s, Joaqu\u00edn Cort\u00e9s, Rafael Amargo, Juan de Juan o Eva la Hierbabuena, e con grandi artisti del cante come Potito, Diego El Cigala, Jos\u00e9 Merc\u00e9, Guadiana, Ram\u00f3n &#8220;El Portugu\u00e9s&#8221;, Miguel Poveda, Montse Cort\u00e9s, Remedios Amaya e molti altri.<\/p>\n<p>Nel 1998 ha creato le musiche per gli spettacoli &#8220;Sensaciones&#8221; e &#8220;Sue\u00f1os&#8221; di Sara Baras, con cui ha girato il mondo. Nel 2000 ha composto le musiche per lo spettacolo &#8220;Juana La Loca&#8221;, premiato tre volte ai Max Awards, presentato in anteprima alla Bienal de Flamenco di Siviglia con grande successo sia l\u00ec che in Giappone, Messico, Cile, Brasile, Venezuela, Gran Bretagna e Francia.<\/p>\n<p>Ha composto le musiche per gli spettacoli &#8220;Minotauro&#8221; di Antonio Canales e &#8220;Tambi\u00e9n muere el mar&#8221; di Carmen Cort\u00e9s. Ha collaborato agli album &#8220;Cuando el r\u00edo suena&#8221; e &#8220;Brillo de luna&#8221; della cantante Guadiana, per poi continuare a collaborare a &#8220;Directo desde Casa Patas&#8221;, &#8220;M\u00edrame&#8221; di Mercedes Cort\u00e9s, &#8220;Ca\u00eddo del Cielo&#8221; di Pepe Luis Carmona, &#8220;Sembrando Inquietudes&#8221; di Ram\u00f3n Jim\u00e9nez.\u2028Ha diretto e prodotto &#8220;Juana La Loca, vivir por amor&#8221; di Sara Baras e ha partecipato come solista all&#8217;album &#8220;La Nueva Escuela de Guitarra Flamenca&#8221;, nominato come miglior album di flamenco ai Latin Grammy Awards 2003.<\/p>\n<p>Jes\u00fas de Rosario, dopo una lunga carriera, ha presentato l&#8217;album &#8220;Sin Tanto&#8221;, il suo debutto da solista, dove propone un repertorio che comprende buler\u00edas, ronde\u00f1as e rumbas. Un lavoro che conta la collaborazione, tra gli altri, di Sara Baras, Tomatito, Antonio Carmona e Bernardo Parrilla.<\/p>","protected":false},"featured_media":157156,"template":"","meta":{"_acf_changed":false,"inline_featured_image":false},"class_list":["post-135121","artist","type-artist","status-publish","has-post-thumbnail","hentry"],"acf":[],"yoast_head":"<!-- This site is optimized with the Yoast SEO plugin v27.4 - https:\/\/yoast.com\/product\/yoast-seo-wordpress\/ -->\n<title>Jes\u00fas de Rosario - Cardamomo Flamenco Madrid<\/title>\n<meta name=\"robots\" content=\"index, follow, max-snippet:-1, max-image-preview:large, max-video-preview:-1\" \/>\n<link rel=\"canonical\" href=\"\/\" \/>\n<meta property=\"og:locale\" content=\"it_IT\" \/>\n<meta property=\"og:type\" content=\"article\" \/>\n<meta property=\"og:title\" content=\"Jes\u00fas de Rosario - Cardamomo Flamenco Madrid\" \/>\n<meta property=\"og:description\" content=\"Nato a Madrid, nel quartiere di Ca\u00f1o roto, inizia a suonare la chitarra all&#8217;et\u00e0 di cinque anni, sotto la guida del padre e dell&#8217;insegnante &#8220;El Entri&#8221;. All&#8217;et\u00e0 di nove anni partecipa a un concorso internazionale di talenti della televisione norvegese, che lo porta a fare un tour in tutta Europa. Nell&#8217;adolescenza inizia a far parte...\" \/>\n<meta property=\"og:url\" content=\"https:\/\/cardamomo.com\/it\/artist\/jesus-de-rosario-madrid\/\" \/>\n<meta property=\"og:site_name\" content=\"Cardamomo Flamenco Madrid\" \/>\n<meta property=\"article:modified_time\" content=\"2025-03-12T08:58:17+00:00\" \/>\n<meta property=\"og:image\" content=\"https:\/\/cardamomo.ams3.digitaloceanspaces.com\/wp-content\/uploads\/2023\/12\/12085749\/jesus-de-rosario.jpg\" \/>\n\t<meta property=\"og:image:width\" content=\"600\" \/>\n\t<meta property=\"og:image:height\" content=\"750\" \/>\n\t<meta property=\"og:image:type\" content=\"image\/jpeg\" \/>\n<meta name=\"twitter:card\" content=\"summary_large_image\" \/>\n<meta name=\"twitter:label1\" content=\"Tempo di lettura stimato\" \/>\n\t<meta name=\"twitter:data1\" content=\"2 minuti\" \/>\n<script type=\"application\/ld+json\" class=\"yoast-schema-graph\">{\"@context\":\"https:\\\/\\\/schema.org\",\"@graph\":[{\"@type\":\"WebPage\",\"@id\":\"https:\\\/\\\/cardamomo.com\\\/it\\\/artist\\\/jesus-de-rosario-madrid\\\/\",\"url\":\"https:\\\/\\\/cardamomo.com\\\/it\\\/artist\\\/jesus-de-rosario-madrid\\\/\",\"name\":\"Jes\u00fas de Rosario - Cardamomo Flamenco Madrid\",\"isPartOf\":{\"@id\":\"https:\\\/\\\/cardamomo.com\\\/it\\\/#website\"},\"primaryImageOfPage\":{\"@id\":\"https:\\\/\\\/cardamomo.com\\\/it\\\/artist\\\/jesus-de-rosario-madrid\\\/#primaryimage\"},\"image\":{\"@id\":\"https:\\\/\\\/cardamomo.com\\\/es\\\/artist\\\/jesus-de-rosario-madrid\\\/#primaryimage\"},\"thumbnailUrl\":\"https:\\\/\\\/cardamomo.ams3.digitaloceanspaces.com\\\/wp-content\\\/uploads\\\/2023\\\/12\\\/12085749\\\/jesus-de-rosario.jpg\",\"datePublished\":\"2023-12-08T19:00:57+00:00\",\"dateModified\":\"2025-03-12T08:58:17+00:00\",\"breadcrumb\":{\"@id\":\"https:\\\/\\\/cardamomo.com\\\/it\\\/artist\\\/jesus-de-rosario-madrid\\\/#breadcrumb\"},\"inLanguage\":\"it-IT\",\"potentialAction\":[{\"@type\":\"ReadAction\",\"target\":[[\"https:\\\/\\\/cardamomo.com\\\/it\\\/artist\\\/jesus-de-rosario-madrid\\\/\"]]}]},{\"@type\":\"ImageObject\",\"inLanguage\":\"it-IT\",\"@id\":\"https:\\\/\\\/cardamomo.com\\\/it\\\/artist\\\/jesus-de-rosario-madrid\\\/#primaryimage\",\"url\":\"https:\\\/\\\/cardamomo.ams3.digitaloceanspaces.com\\\/wp-content\\\/uploads\\\/2023\\\/12\\\/12085749\\\/jesus-de-rosario.jpg\",\"contentUrl\":\"https:\\\/\\\/cardamomo.ams3.digitaloceanspaces.com\\\/wp-content\\\/uploads\\\/2023\\\/12\\\/12085749\\\/jesus-de-rosario.jpg\",\"width\":600,\"height\":750,\"caption\":\"Guitarrista Jes\u00fas de Rosario\"},{\"@type\":\"BreadcrumbList\",\"@id\":\"https:\\\/\\\/cardamomo.com\\\/it\\\/artist\\\/jesus-de-rosario-madrid\\\/#breadcrumb\",\"itemListElement\":[{\"@type\":\"ListItem\",\"position\":1,\"name\":\"Cardamomo\",\"item\":\"https:\\\/\\\/cardamomo.com\\\/it\\\/\"},{\"@type\":\"ListItem\",\"position\":2,\"name\":\"Artists\",\"item\":\"https:\\\/\\\/cardamomo.com\\\/it\\\/artist\\\/\"},{\"@type\":\"ListItem\",\"position\":3,\"name\":\"Jes\u00fas de Rosario\"}]},{\"@type\":\"WebSite\",\"@id\":\"https:\\\/\\\/cardamomo.com\\\/it\\\/#website\",\"url\":\"https:\\\/\\\/cardamomo.com\\\/it\\\/\",\"name\":\"Cardamomo Flamenco Madrid\",\"description\":\"\",\"potentialAction\":[{\"@type\":\"SearchAction\",\"target\":{\"@type\":\"EntryPoint\",\"urlTemplate\":\"https:\\\/\\\/cardamomo.com\\\/it\\\/?s={search_term_string}\"},\"query-input\":{\"@type\":\"PropertyValueSpecification\",\"valueRequired\":true,\"valueName\":\"search_term_string\"}}],\"inLanguage\":\"it-IT\"}]}<\/script>\n<!-- \/ Yoast SEO plugin. -->","yoast_head_json":{"title":"Jes\u00fas de Rosario - Cardamomo Flamenco Madrid","robots":{"index":"index","follow":"follow","max-snippet":"max-snippet:-1","max-image-preview":"max-image-preview:large","max-video-preview":"max-video-preview:-1"},"canonical":"\/","og_locale":"it_IT","og_type":"article","og_title":"Jes\u00fas de Rosario - Cardamomo Flamenco Madrid","og_description":"Nato a Madrid, nel quartiere di Ca\u00f1o roto, inizia a suonare la chitarra all&#8217;et\u00e0 di cinque anni, sotto la guida del padre e dell&#8217;insegnante &#8220;El Entri&#8221;. All&#8217;et\u00e0 di nove anni partecipa a un concorso internazionale di talenti della televisione norvegese, che lo porta a fare un tour in tutta Europa. Nell&#8217;adolescenza inizia a far parte...","og_url":"https:\/\/cardamomo.com\/it\/artist\/jesus-de-rosario-madrid\/","og_site_name":"Cardamomo Flamenco Madrid","article_modified_time":"2025-03-12T08:58:17+00:00","og_image":[{"width":600,"height":750,"url":"https:\/\/cardamomo.ams3.digitaloceanspaces.com\/wp-content\/uploads\/2023\/12\/12085749\/jesus-de-rosario.jpg","type":"image\/jpeg"}],"twitter_card":"summary_large_image","twitter_misc":{"Tempo di lettura stimato":"2 minuti"},"schema":{"@context":"https:\/\/schema.org","@graph":[{"@type":"WebPage","@id":"https:\/\/cardamomo.com\/it\/artist\/jesus-de-rosario-madrid\/","url":"https:\/\/cardamomo.com\/it\/artist\/jesus-de-rosario-madrid\/","name":"Jes\u00fas de Rosario - Cardamomo Flamenco Madrid","isPartOf":{"@id":"https:\/\/cardamomo.com\/it\/#website"},"primaryImageOfPage":{"@id":"https:\/\/cardamomo.com\/it\/artist\/jesus-de-rosario-madrid\/#primaryimage"},"image":{"@id":"https:\/\/cardamomo.com\/es\/artist\/jesus-de-rosario-madrid\/#primaryimage"},"thumbnailUrl":"https:\/\/cardamomo.ams3.digitaloceanspaces.com\/wp-content\/uploads\/2023\/12\/12085749\/jesus-de-rosario.jpg","datePublished":"2023-12-08T19:00:57+00:00","dateModified":"2025-03-12T08:58:17+00:00","breadcrumb":{"@id":"https:\/\/cardamomo.com\/it\/artist\/jesus-de-rosario-madrid\/#breadcrumb"},"inLanguage":"it-IT","potentialAction":[{"@type":"ReadAction","target":[["https:\/\/cardamomo.com\/it\/artist\/jesus-de-rosario-madrid\/"]]}]},{"@type":"ImageObject","inLanguage":"it-IT","@id":"https:\/\/cardamomo.com\/it\/artist\/jesus-de-rosario-madrid\/#primaryimage","url":"https:\/\/cardamomo.ams3.digitaloceanspaces.com\/wp-content\/uploads\/2023\/12\/12085749\/jesus-de-rosario.jpg","contentUrl":"https:\/\/cardamomo.ams3.digitaloceanspaces.com\/wp-content\/uploads\/2023\/12\/12085749\/jesus-de-rosario.jpg","width":600,"height":750,"caption":"Guitarrista Jes\u00fas de Rosario"},{"@type":"BreadcrumbList","@id":"https:\/\/cardamomo.com\/it\/artist\/jesus-de-rosario-madrid\/#breadcrumb","itemListElement":[{"@type":"ListItem","position":1,"name":"Cardamomo","item":"https:\/\/cardamomo.com\/it\/"},{"@type":"ListItem","position":2,"name":"Artists","item":"https:\/\/cardamomo.com\/it\/artist\/"},{"@type":"ListItem","position":3,"name":"Jes\u00fas de Rosario"}]},{"@type":"WebSite","@id":"https:\/\/cardamomo.com\/it\/#website","url":"https:\/\/cardamomo.com\/it\/","name":"Cardamomo Flamenco Madrid","description":"","potentialAction":[{"@type":"SearchAction","target":{"@type":"EntryPoint","urlTemplate":"https:\/\/cardamomo.com\/it\/?s={search_term_string}"},"query-input":{"@type":"PropertyValueSpecification","valueRequired":true,"valueName":"search_term_string"}}],"inLanguage":"it-IT"}]}},"_links":{"self":[{"href":"https:\/\/cardamomo.com\/it\/wp-json\/wp\/v2\/artist\/135121","targetHints":{"allow":["GET"]}}],"collection":[{"href":"https:\/\/cardamomo.com\/it\/wp-json\/wp\/v2\/artist"}],"about":[{"href":"https:\/\/cardamomo.com\/it\/wp-json\/wp\/v2\/types\/artist"}],"wp:featuredmedia":[{"embeddable":true,"href":"https:\/\/cardamomo.com\/it\/wp-json\/wp\/v2\/media\/157156"}],"wp:attachment":[{"href":"https:\/\/cardamomo.com\/it\/wp-json\/wp\/v2\/media?parent=135121"}],"curies":[{"name":"wp","href":"https:\/\/api.w.org\/{rel}","templated":true}]}}

Jesús de Rosario

<p>Nato a Madrid, nel quartiere di Caño roto, inizia a suonare la chitarra all&#8217;età di cinque anni, sotto la guida del padre e dell&#8217;insegnante &#8220;El Entri&#8221;. All&#8217;età di nove anni partecipa a un concorso internazionale di talenti della televisione norvegese, che lo porta a fare un tour in tutta Europa. Nell&#8217;adolescenza inizia a far parte della compagnia del maestro Antonio Canales.</p>
<p>Anni dopo, collabora con la ballerina Merche Esmeralda come direttore musicale dello spettacolo &#8220;Mujeres&#8221;. Ha inoltre condiviso il palco con grandi artisti della danza come El Güito, Carmen Cortés, Joaquín Cortés, Rafael Amargo, Juan de Juan o Eva la Hierbabuena, e con grandi artisti del cante come Potito, Diego El Cigala, José Mercé, Guadiana, Ramón &#8220;El Portugués&#8221;, Miguel Poveda, Montse Cortés, Remedios Amaya e molti altri.</p>
<p>Nel 1998 ha creato le musiche per gli spettacoli &#8220;Sensaciones&#8221; e &#8220;Sueños&#8221; di Sara Baras, con cui ha girato il mondo. Nel 2000 ha composto le musiche per lo spettacolo &#8220;Juana La Loca&#8221;, premiato tre volte ai Max Awards, presentato in anteprima alla Bienal de Flamenco di Siviglia con grande successo sia lì che in Giappone, Messico, Cile, Brasile, Venezuela, Gran Bretagna e Francia.</p>
<p>Ha composto le musiche per gli spettacoli &#8220;Minotauro&#8221; di Antonio Canales e &#8220;También muere el mar&#8221; di Carmen Cortés. Ha collaborato agli album &#8220;Cuando el río suena&#8221; e &#8220;Brillo de luna&#8221; della cantante Guadiana, per poi continuare a collaborare a &#8220;Directo desde Casa Patas&#8221;, &#8220;Mírame&#8221; di Mercedes Cortés, &#8220;Caído del Cielo&#8221; di Pepe Luis Carmona, &#8220;Sembrando Inquietudes&#8221; di Ramón Jiménez. Ha diretto e prodotto &#8220;Juana La Loca, vivir por amor&#8221; di Sara Baras e ha partecipato come solista all&#8217;album &#8220;La Nueva Escuela de Guitarra Flamenca&#8221;, nominato come miglior album di flamenco ai Latin Grammy Awards 2003.</p>
<p>Jesús de Rosario, dopo una lunga carriera, ha presentato l&#8217;album &#8220;Sin Tanto&#8221;, il suo debutto da solista, dove propone un repertorio che comprende bulerías, rondeñas e rumbas. Un lavoro che conta la collaborazione, tra gli altri, di Sara Baras, Tomatito, Antonio Carmona e Bernardo Parrilla.</p>

<!-- This site is optimized with the Yoast SEO plugin v27.4 - https://yoast.com/product/yoast-seo-wordpress/ -->
<title>Jesús de Rosario - Cardamomo Flamenco Madrid</title>
<meta name="robots" content="index, follow, max-snippet:-1, max-image-preview:large, max-video-preview:-1" />
<link rel="canonical" href="/" />
<meta property="og:locale" content="it_IT" />
<meta property="og:type" content="article" />
<meta property="og:title" content="Jesús de Rosario - Cardamomo Flamenco Madrid" />
<meta property="og:description" content="Nato a Madrid, nel quartiere di Caño roto, inizia a suonare la chitarra all&#8217;età di cinque anni, sotto la guida del padre e dell&#8217;insegnante &#8220;El Entri&#8221;. All&#8217;età di nove anni partecipa a un concorso internazionale di talenti della televisione norvegese, che lo porta a fare un tour in tutta Europa. Nell&#8217;adolescenza inizia a far parte..." />
<meta property="og:url" content="https://cardamomo.com/it/artist/jesus-de-rosario-madrid/" />
<meta property="og:site_name" content="Cardamomo Flamenco Madrid" />
<meta property="article:modified_time" content="2025-03-12T08:58:17+00:00" />
<meta property="og:image" content="https://cardamomo.ams3.digitaloceanspaces.com/wp-content/uploads/2023/12/12085749/jesus-de-rosario.jpg" />
	<meta property="og:image:width" content="600" />
	<meta property="og:image:height" content="750" />
	<meta property="og:image:type" content="image/jpeg" />
<meta name="twitter:card" content="summary_large_image" />
<meta name="twitter:label1" content="Tempo di lettura stimato" />
	<meta name="twitter:data1" content="2 minuti" />
<script type="application/ld+json" class="yoast-schema-graph">{"@context":"https:\/\/schema.org","@graph":[{"@type":"WebPage","@id":"https:\/\/cardamomo.com\/it\/artist\/jesus-de-rosario-madrid\/","url":"https:\/\/cardamomo.com\/it\/artist\/jesus-de-rosario-madrid\/","name":"Jesús de Rosario - Cardamomo Flamenco Madrid","isPartOf":{"@id":"https:\/\/cardamomo.com\/it\/#website"},"primaryImageOfPage":{"@id":"https:\/\/cardamomo.com\/it\/artist\/jesus-de-rosario-madrid\/#primaryimage"},"image":{"@id":"https:\/\/cardamomo.com\/es\/artist\/jesus-de-rosario-madrid\/#primaryimage"},"thumbnailUrl":"https:\/\/cardamomo.ams3.digitaloceanspaces.com\/wp-content\/uploads\/2023\/12\/12085749\/jesus-de-rosario.jpg","datePublished":"2023-12-08T19:00:57+00:00","dateModified":"2025-03-12T08:58:17+00:00","breadcrumb":{"@id":"https:\/\/cardamomo.com\/it\/artist\/jesus-de-rosario-madrid\/#breadcrumb"},"inLanguage":"it-IT","potentialAction":[{"@type":"ReadAction","target":[["https:\/\/cardamomo.com\/it\/artist\/jesus-de-rosario-madrid\/"]]}]},{"@type":"ImageObject","inLanguage":"it-IT","@id":"https:\/\/cardamomo.com\/it\/artist\/jesus-de-rosario-madrid\/#primaryimage","url":"https:\/\/cardamomo.ams3.digitaloceanspaces.com\/wp-content\/uploads\/2023\/12\/12085749\/jesus-de-rosario.jpg","contentUrl":"https:\/\/cardamomo.ams3.digitaloceanspaces.com\/wp-content\/uploads\/2023\/12\/12085749\/jesus-de-rosario.jpg","width":600,"height":750,"caption":"Guitarrista Jesús de Rosario"},{"@type":"BreadcrumbList","@id":"https:\/\/cardamomo.com\/it\/artist\/jesus-de-rosario-madrid\/#breadcrumb","itemListElement":[{"@type":"ListItem","position":1,"name":"Cardamomo","item":"https:\/\/cardamomo.com\/it\/"},{"@type":"ListItem","position":2,"name":"Artists","item":"https:\/\/cardamomo.com\/it\/artist\/"},{"@type":"ListItem","position":3,"name":"Jesús de Rosario"}]},{"@type":"WebSite","@id":"https:\/\/cardamomo.com\/it\/#website","url":"https:\/\/cardamomo.com\/it\/","name":"Cardamomo Flamenco Madrid","description":"","potentialAction":[{"@type":"SearchAction","target":{"@type":"EntryPoint","urlTemplate":"https:\/\/cardamomo.com\/it\/?s={search_term_string}"},"query-input":{"@type":"PropertyValueSpecification","valueRequired":true,"valueName":"search_term_string"}}],"inLanguage":"it-IT"}]}</script>
<!-- / Yoast SEO plugin. -->

Jesús de Rosario - Cardamomo Flamenco Madrid

Nato a Madrid, nel quartiere di Caño roto, inizia a suonare la chitarra all&#8217;età di cinque anni, sotto la guida del padre e dell&#8217;insegnante &#8220;El Entri&#8221;. All&#8217;età di nove anni partecipa a un concorso internazionale di talenti della televisione norvegese, che lo porta a fare un tour in tutta Europa. Nell&#8217;adolescenza inizia a far parte...

Guitarrista Jesús de Rosario
