{"id":105580,"date":"2022-07-23T19:00:39","date_gmt":"2022-07-23T17:00:39","guid":{"rendered":"https:\/\/cardamomo.com\/es\/?post_type=artist&#038;p=105580"},"modified":"2025-03-12T10:02:43","modified_gmt":"2025-03-12T10:02:43","slug":"ivan-losada-junior","status":"publish","type":"artist","link":"https:\/\/cardamomo.com\/it\/artist\/ivan-losada-junior\/","title":{"rendered":"Iv\u00e1n Losada Junior"},"content":{"rendered":"<p><\/p>\n<h4>Biografia<\/h4>\n<p><strong>Iv\u00e1n Losada Junior<\/strong> \u00e8 nato a Madrid e ha iniziato a immergersi nelle percussioni flamenche con la famiglia all&#8217;et\u00e0 di 13 anni. La sua prima tourn\u00e9e \u00e8 stata in Italia con il nonno Tito Losada, all&#8217;et\u00e0 di 14 anni. Alla stessa et\u00e0, Iv\u00e1n continua la sua carriera di artista in diversi tablaos in Spagna. Ha partecipato allo spettacolo teatrale &#8220;Misa Flamenca: Los gitanos cantan a Dios&#8221; diretto da suo nonno Tito Losada e da molti altri artisti. Questo lavoro \u00e8 stato presentato in diverse citt\u00e0 della Spagna e del mondo, come Monterrey, Santiago, Lima, Quito, Bogot\u00e0, Tokyo, New York e Rabat.<\/p>\n<p>Questo spettacolo \u00e8 l&#8217;unica messa di flamenco al mondo in cui una sinfonia e un coro classico di ogni paese visitato dalla compagnia del maestro Tito Losada, incorporano i palos pi\u00f9 tradizionali del flamenco.<\/p>\n<p>Iv\u00e1n junior ha partecipato anche agli spettacoli del padre, il chitarrista Iv\u00e1n Losada, &#8220;La Tarara S\u00ed&#8221;, &#8220;Bailaoras&#8221; e ha collaborato con Antonio Canales nel corso della sua carriera. Ha girato tutti i teatri di Madrid, per poi portare la sua musica dall&#8217;Andalusia a Milano.<\/p>","protected":false},"featured_media":157172,"template":"","meta":{"_acf_changed":false,"inline_featured_image":false},"class_list":["post-105580","artist","type-artist","status-publish","has-post-thumbnail","hentry"],"acf":[],"yoast_head":"<!-- This site is optimized with the Yoast SEO plugin v27.4 - https:\/\/yoast.com\/product\/yoast-seo-wordpress\/ -->\n<title>Iv\u00e1n Losada Junior - Cardamomo Flamenco Madrid<\/title>\n<meta name=\"description\" content=\"El joven percusionista Iv\u00e1n Losada Junior en el Tablao Flamenco Cardamomo. \u00a1Conoce m\u00e1s sobre este gran artista!\" \/>\n<meta name=\"robots\" content=\"index, follow, max-snippet:-1, max-image-preview:large, max-video-preview:-1\" \/>\n<link rel=\"canonical\" href=\"\/\" \/>\n<meta property=\"og:locale\" content=\"it_IT\" \/>\n<meta property=\"og:type\" content=\"article\" \/>\n<meta property=\"og:title\" content=\"Iv\u00e1n Losada Junior - Cardamomo Flamenco Madrid\" \/>\n<meta property=\"og:description\" content=\"El joven percusionista Iv\u00e1n Losada Junior en el Tablao Flamenco Cardamomo. \u00a1Conoce m\u00e1s sobre este gran artista!\" \/>\n<meta property=\"og:url\" content=\"https:\/\/cardamomo.com\/it\/artist\/ivan-losada-junior\/\" \/>\n<meta property=\"og:site_name\" content=\"Cardamomo Flamenco Madrid\" \/>\n<meta property=\"article:modified_time\" content=\"2025-03-12T10:02:43+00:00\" \/>\n<meta property=\"og:image\" content=\"https:\/\/cardamomo.ams3.digitaloceanspaces.com\/wp-content\/uploads\/2022\/07\/12100220\/ivan-losada.jpg\" \/>\n\t<meta property=\"og:image:width\" content=\"600\" \/>\n\t<meta property=\"og:image:height\" content=\"750\" \/>\n\t<meta property=\"og:image:type\" content=\"image\/jpeg\" \/>\n<meta name=\"twitter:card\" content=\"summary_large_image\" \/>\n<meta name=\"twitter:label1\" content=\"Tempo di lettura stimato\" \/>\n\t<meta name=\"twitter:data1\" content=\"2 minuti\" \/>\n<script type=\"application\/ld+json\" class=\"yoast-schema-graph\">{\"@context\":\"https:\\\/\\\/schema.org\",\"@graph\":[{\"@type\":\"WebPage\",\"@id\":\"https:\\\/\\\/cardamomo.com\\\/it\\\/artist\\\/ivan-losada-junior\\\/\",\"url\":\"https:\\\/\\\/cardamomo.com\\\/it\\\/artist\\\/ivan-losada-junior\\\/\",\"name\":\"Iv\u00e1n Losada Junior - Cardamomo Flamenco Madrid\",\"isPartOf\":{\"@id\":\"https:\\\/\\\/cardamomo.com\\\/it\\\/#website\"},\"primaryImageOfPage\":{\"@id\":\"https:\\\/\\\/cardamomo.com\\\/it\\\/artist\\\/ivan-losada-junior\\\/#primaryimage\"},\"image\":{\"@id\":\"https:\\\/\\\/cardamomo.com\\\/es\\\/artist\\\/ivan-losada-junior\\\/#primaryimage\"},\"thumbnailUrl\":\"https:\\\/\\\/cardamomo.ams3.digitaloceanspaces.com\\\/wp-content\\\/uploads\\\/2022\\\/07\\\/12100220\\\/ivan-losada.jpg\",\"datePublished\":\"2022-07-23T17:00:39+00:00\",\"dateModified\":\"2025-03-12T10:02:43+00:00\",\"description\":\"El joven percusionista Iv\u00e1n Losada Junior en el Tablao Flamenco Cardamomo. \u00a1Conoce m\u00e1s sobre este gran artista!\",\"breadcrumb\":{\"@id\":\"https:\\\/\\\/cardamomo.com\\\/it\\\/artist\\\/ivan-losada-junior\\\/#breadcrumb\"},\"inLanguage\":\"it-IT\",\"potentialAction\":[{\"@type\":\"ReadAction\",\"target\":[[\"https:\\\/\\\/cardamomo.com\\\/it\\\/artist\\\/ivan-losada-junior\\\/\"]]}]},{\"@type\":\"ImageObject\",\"inLanguage\":\"it-IT\",\"@id\":\"https:\\\/\\\/cardamomo.com\\\/it\\\/artist\\\/ivan-losada-junior\\\/#primaryimage\",\"url\":\"https:\\\/\\\/cardamomo.ams3.digitaloceanspaces.com\\\/wp-content\\\/uploads\\\/2022\\\/07\\\/12100220\\\/ivan-losada.jpg\",\"contentUrl\":\"https:\\\/\\\/cardamomo.ams3.digitaloceanspaces.com\\\/wp-content\\\/uploads\\\/2022\\\/07\\\/12100220\\\/ivan-losada.jpg\",\"width\":600,\"height\":750,\"caption\":\"Percusionista Iv\u00e1n Losada\"},{\"@type\":\"BreadcrumbList\",\"@id\":\"https:\\\/\\\/cardamomo.com\\\/it\\\/artist\\\/ivan-losada-junior\\\/#breadcrumb\",\"itemListElement\":[{\"@type\":\"ListItem\",\"position\":1,\"name\":\"Cardamomo\",\"item\":\"https:\\\/\\\/cardamomo.com\\\/it\\\/\"},{\"@type\":\"ListItem\",\"position\":2,\"name\":\"Artists\",\"item\":\"https:\\\/\\\/cardamomo.com\\\/it\\\/artist\\\/\"},{\"@type\":\"ListItem\",\"position\":3,\"name\":\"Iv\u00e1n Losada Junior\"}]},{\"@type\":\"WebSite\",\"@id\":\"https:\\\/\\\/cardamomo.com\\\/it\\\/#website\",\"url\":\"https:\\\/\\\/cardamomo.com\\\/it\\\/\",\"name\":\"Cardamomo Flamenco Madrid\",\"description\":\"\",\"potentialAction\":[{\"@type\":\"SearchAction\",\"target\":{\"@type\":\"EntryPoint\",\"urlTemplate\":\"https:\\\/\\\/cardamomo.com\\\/it\\\/?s={search_term_string}\"},\"query-input\":{\"@type\":\"PropertyValueSpecification\",\"valueRequired\":true,\"valueName\":\"search_term_string\"}}],\"inLanguage\":\"it-IT\"}]}<\/script>\n<!-- \/ Yoast SEO plugin. -->","yoast_head_json":{"title":"Iv\u00e1n Losada Junior - Cardamomo Flamenco Madrid","description":"El joven percusionista Iv\u00e1n Losada Junior en el Tablao Flamenco Cardamomo. \u00a1Conoce m\u00e1s sobre este gran artista!","robots":{"index":"index","follow":"follow","max-snippet":"max-snippet:-1","max-image-preview":"max-image-preview:large","max-video-preview":"max-video-preview:-1"},"canonical":"\/","og_locale":"it_IT","og_type":"article","og_title":"Iv\u00e1n Losada Junior - Cardamomo Flamenco Madrid","og_description":"El joven percusionista Iv\u00e1n Losada Junior en el Tablao Flamenco Cardamomo. \u00a1Conoce m\u00e1s sobre este gran artista!","og_url":"https:\/\/cardamomo.com\/it\/artist\/ivan-losada-junior\/","og_site_name":"Cardamomo Flamenco Madrid","article_modified_time":"2025-03-12T10:02:43+00:00","og_image":[{"width":600,"height":750,"url":"https:\/\/cardamomo.ams3.digitaloceanspaces.com\/wp-content\/uploads\/2022\/07\/12100220\/ivan-losada.jpg","type":"image\/jpeg"}],"twitter_card":"summary_large_image","twitter_misc":{"Tempo di lettura stimato":"2 minuti"},"schema":{"@context":"https:\/\/schema.org","@graph":[{"@type":"WebPage","@id":"https:\/\/cardamomo.com\/it\/artist\/ivan-losada-junior\/","url":"https:\/\/cardamomo.com\/it\/artist\/ivan-losada-junior\/","name":"Iv\u00e1n Losada Junior - Cardamomo Flamenco Madrid","isPartOf":{"@id":"https:\/\/cardamomo.com\/it\/#website"},"primaryImageOfPage":{"@id":"https:\/\/cardamomo.com\/it\/artist\/ivan-losada-junior\/#primaryimage"},"image":{"@id":"https:\/\/cardamomo.com\/es\/artist\/ivan-losada-junior\/#primaryimage"},"thumbnailUrl":"https:\/\/cardamomo.ams3.digitaloceanspaces.com\/wp-content\/uploads\/2022\/07\/12100220\/ivan-losada.jpg","datePublished":"2022-07-23T17:00:39+00:00","dateModified":"2025-03-12T10:02:43+00:00","description":"El joven percusionista Iv\u00e1n Losada Junior en el Tablao Flamenco Cardamomo. \u00a1Conoce m\u00e1s sobre este gran artista!","breadcrumb":{"@id":"https:\/\/cardamomo.com\/it\/artist\/ivan-losada-junior\/#breadcrumb"},"inLanguage":"it-IT","potentialAction":[{"@type":"ReadAction","target":[["https:\/\/cardamomo.com\/it\/artist\/ivan-losada-junior\/"]]}]},{"@type":"ImageObject","inLanguage":"it-IT","@id":"https:\/\/cardamomo.com\/it\/artist\/ivan-losada-junior\/#primaryimage","url":"https:\/\/cardamomo.ams3.digitaloceanspaces.com\/wp-content\/uploads\/2022\/07\/12100220\/ivan-losada.jpg","contentUrl":"https:\/\/cardamomo.ams3.digitaloceanspaces.com\/wp-content\/uploads\/2022\/07\/12100220\/ivan-losada.jpg","width":600,"height":750,"caption":"Percusionista Iv\u00e1n Losada"},{"@type":"BreadcrumbList","@id":"https:\/\/cardamomo.com\/it\/artist\/ivan-losada-junior\/#breadcrumb","itemListElement":[{"@type":"ListItem","position":1,"name":"Cardamomo","item":"https:\/\/cardamomo.com\/it\/"},{"@type":"ListItem","position":2,"name":"Artists","item":"https:\/\/cardamomo.com\/it\/artist\/"},{"@type":"ListItem","position":3,"name":"Iv\u00e1n Losada Junior"}]},{"@type":"WebSite","@id":"https:\/\/cardamomo.com\/it\/#website","url":"https:\/\/cardamomo.com\/it\/","name":"Cardamomo Flamenco Madrid","description":"","potentialAction":[{"@type":"SearchAction","target":{"@type":"EntryPoint","urlTemplate":"https:\/\/cardamomo.com\/it\/?s={search_term_string}"},"query-input":{"@type":"PropertyValueSpecification","valueRequired":true,"valueName":"search_term_string"}}],"inLanguage":"it-IT"}]}},"_links":{"self":[{"href":"https:\/\/cardamomo.com\/it\/wp-json\/wp\/v2\/artist\/105580","targetHints":{"allow":["GET"]}}],"collection":[{"href":"https:\/\/cardamomo.com\/it\/wp-json\/wp\/v2\/artist"}],"about":[{"href":"https:\/\/cardamomo.com\/it\/wp-json\/wp\/v2\/types\/artist"}],"wp:featuredmedia":[{"embeddable":true,"href":"https:\/\/cardamomo.com\/it\/wp-json\/wp\/v2\/media\/157172"}],"wp:attachment":[{"href":"https:\/\/cardamomo.com\/it\/wp-json\/wp\/v2\/media?parent=105580"}],"curies":[{"name":"wp","href":"https:\/\/api.w.org\/{rel}","templated":true}]}}

Iván Losada Junior

<p></p>
<h4>Biografia</h4>
<p><strong>Iván Losada Junior</strong> è nato a Madrid e ha iniziato a immergersi nelle percussioni flamenche con la famiglia all&#8217;età di 13 anni. La sua prima tournée è stata in Italia con il nonno Tito Losada, all&#8217;età di 14 anni. Alla stessa età, Iván continua la sua carriera di artista in diversi tablaos in Spagna. Ha partecipato allo spettacolo teatrale &#8220;Misa Flamenca: Los gitanos cantan a Dios&#8221; diretto da suo nonno Tito Losada e da molti altri artisti. Questo lavoro è stato presentato in diverse città della Spagna e del mondo, come Monterrey, Santiago, Lima, Quito, Bogotà, Tokyo, New York e Rabat.</p>
<p>Questo spettacolo è l&#8217;unica messa di flamenco al mondo in cui una sinfonia e un coro classico di ogni paese visitato dalla compagnia del maestro Tito Losada, incorporano i palos più tradizionali del flamenco.</p>
<p>Iván junior ha partecipato anche agli spettacoli del padre, il chitarrista Iván Losada, &#8220;La Tarara Sí&#8221;, &#8220;Bailaoras&#8221; e ha collaborato con Antonio Canales nel corso della sua carriera. Ha girato tutti i teatri di Madrid, per poi portare la sua musica dall&#8217;Andalusia a Milano.</p>

<!-- This site is optimized with the Yoast SEO plugin v27.4 - https://yoast.com/product/yoast-seo-wordpress/ -->
<title>Iván Losada Junior - Cardamomo Flamenco Madrid</title>
<meta name="description" content="El joven percusionista Iván Losada Junior en el Tablao Flamenco Cardamomo. ¡Conoce más sobre este gran artista!" />
<meta name="robots" content="index, follow, max-snippet:-1, max-image-preview:large, max-video-preview:-1" />
<link rel="canonical" href="/" />
<meta property="og:locale" content="it_IT" />
<meta property="og:type" content="article" />
<meta property="og:title" content="Iván Losada Junior - Cardamomo Flamenco Madrid" />
<meta property="og:description" content="El joven percusionista Iván Losada Junior en el Tablao Flamenco Cardamomo. ¡Conoce más sobre este gran artista!" />
<meta property="og:url" content="https://cardamomo.com/it/artist/ivan-losada-junior/" />
<meta property="og:site_name" content="Cardamomo Flamenco Madrid" />
<meta property="article:modified_time" content="2025-03-12T10:02:43+00:00" />
<meta property="og:image" content="https://cardamomo.ams3.digitaloceanspaces.com/wp-content/uploads/2022/07/12100220/ivan-losada.jpg" />
	<meta property="og:image:width" content="600" />
	<meta property="og:image:height" content="750" />
	<meta property="og:image:type" content="image/jpeg" />
<meta name="twitter:card" content="summary_large_image" />
<meta name="twitter:label1" content="Tempo di lettura stimato" />
	<meta name="twitter:data1" content="2 minuti" />
<script type="application/ld+json" class="yoast-schema-graph">{"@context":"https:\/\/schema.org","@graph":[{"@type":"WebPage","@id":"https:\/\/cardamomo.com\/it\/artist\/ivan-losada-junior\/","url":"https:\/\/cardamomo.com\/it\/artist\/ivan-losada-junior\/","name":"Iván Losada Junior - Cardamomo Flamenco Madrid","isPartOf":{"@id":"https:\/\/cardamomo.com\/it\/#website"},"primaryImageOfPage":{"@id":"https:\/\/cardamomo.com\/it\/artist\/ivan-losada-junior\/#primaryimage"},"image":{"@id":"https:\/\/cardamomo.com\/es\/artist\/ivan-losada-junior\/#primaryimage"},"thumbnailUrl":"https:\/\/cardamomo.ams3.digitaloceanspaces.com\/wp-content\/uploads\/2022\/07\/12100220\/ivan-losada.jpg","datePublished":"2022-07-23T17:00:39+00:00","dateModified":"2025-03-12T10:02:43+00:00","description":"El joven percusionista Iván Losada Junior en el Tablao Flamenco Cardamomo. ¡Conoce más sobre este gran artista!","breadcrumb":{"@id":"https:\/\/cardamomo.com\/it\/artist\/ivan-losada-junior\/#breadcrumb"},"inLanguage":"it-IT","potentialAction":[{"@type":"ReadAction","target":[["https:\/\/cardamomo.com\/it\/artist\/ivan-losada-junior\/"]]}]},{"@type":"ImageObject","inLanguage":"it-IT","@id":"https:\/\/cardamomo.com\/it\/artist\/ivan-losada-junior\/#primaryimage","url":"https:\/\/cardamomo.ams3.digitaloceanspaces.com\/wp-content\/uploads\/2022\/07\/12100220\/ivan-losada.jpg","contentUrl":"https:\/\/cardamomo.ams3.digitaloceanspaces.com\/wp-content\/uploads\/2022\/07\/12100220\/ivan-losada.jpg","width":600,"height":750,"caption":"Percusionista Iván Losada"},{"@type":"BreadcrumbList","@id":"https:\/\/cardamomo.com\/it\/artist\/ivan-losada-junior\/#breadcrumb","itemListElement":[{"@type":"ListItem","position":1,"name":"Cardamomo","item":"https:\/\/cardamomo.com\/it\/"},{"@type":"ListItem","position":2,"name":"Artists","item":"https:\/\/cardamomo.com\/it\/artist\/"},{"@type":"ListItem","position":3,"name":"Iván Losada Junior"}]},{"@type":"WebSite","@id":"https:\/\/cardamomo.com\/it\/#website","url":"https:\/\/cardamomo.com\/it\/","name":"Cardamomo Flamenco Madrid","description":"","potentialAction":[{"@type":"SearchAction","target":{"@type":"EntryPoint","urlTemplate":"https:\/\/cardamomo.com\/it\/?s={search_term_string}"},"query-input":{"@type":"PropertyValueSpecification","valueRequired":true,"valueName":"search_term_string"}}],"inLanguage":"it-IT"}]}</script>
<!-- / Yoast SEO plugin. -->

Iván Losada Junior - Cardamomo Flamenco Madrid

El joven percusionista Iván Losada Junior en el Tablao Flamenco Cardamomo. ¡Conoce más sobre este gran artista!

Percusionista Iván Losada
