{"id":101973,"date":"2022-06-08T17:12:59","date_gmt":"2022-06-08T15:12:59","guid":{"rendered":"https:\/\/cardamomo.com\/es\/?post_type=artist&#038;p=101973"},"modified":"2025-03-12T10:46:27","modified_gmt":"2025-03-12T10:46:27","slug":"juan-fernandez-montoya-barullo","status":"publish","type":"artist","link":"https:\/\/cardamomo.com\/it\/artist\/juan-fernandez-montoya-barullo\/","title":{"rendered":"Juan Fern\u00e1ndez Montoya, \u201cBarullo\u201d"},"content":{"rendered":"<p><\/p>\n<h3>Biografia<\/h3>\n<p>Ballerino gitano, nato a Siviglia nel 1990, ha debuttato all&#8217;et\u00e0 di 5 anni con il nonno &#8216;Farruco&#8217;, essendo anche figlio de &#8216;La Faraona&#8217; e primo cugino del maestro &#8216;Farruquito&#8217;.\u00a0 Insieme a Farruquito, ha partecipato a spettacoli dall&#8217;et\u00e0 di undici anni, come &#8220;Ra\u00edces Flamencas&#8221;, &#8220;Alma Vieja&#8221;, &#8220;Farruquito y Familia&#8221; e molti altri.\u00a0 Con queste opere ha effettuato tourn\u00e9e in diverse parti del mondo, come la Royal Albert Hall di Londra, il Conde Duque di Madrid, il Teatro Poliorama di Barcellona, in tourn\u00e9e in Francia, la City Hall di New York, in tourn\u00e9e negli Stati Uniti e in Europa, e il Teatro Calder\u00f3n di Madrid, tra gli altri.<br \/>\nIl soprannome gli fu dato dal nonno &#8220;Farruco&#8221;, in allusione al fatto che ogni volta che ballava provocava un &#8220;trambusto&#8221; tra il pubblico. Di puro sangue gitano, la famiglia e le tradizioni sono fondamentali per queste ballerino. Tra gli artisti che pi\u00f9 ammira ci sono El primo &#8220;Farruquito&#8221;, Pepe Torres, Jairo Barrull, Jos\u00e9 Maya, Gema Moneo, Alfonso Losa e molti altri.<\/p>\n<p>&nbsp;<\/p>\n<h3>Opere e premi<\/h3>\n<p>Festival de Cante de Las Minas, &#8220;El Desplante&#8221; al miglior ballerino del 2014.<br \/>\nAkharipen (Origen), La Bienal de Flamenco de Sevilla, Espacio Santa Clara 2016.<br \/>\nTeatro de la Maestranza di Siviglia, Sadler&#8217;s Wells Theatre di Londra, Teatro Alb\u00e9niz di Madrid.<br \/>\nPremio nazionale di arte flamenca a Cordoba 2016.<br \/>\n&#8220;Al Natural&#8221; con Antonio &#8220;El Farru&#8221;, Jos\u00e9 Maya.<br \/>\n&#8220;Farruquito e Farruco&#8221;, Teatro de la \u00d3pera.<br \/>\nAprire i concerti di grandi artisti come Beyonce, Bj\u00f6rk e Mark Anthony.<\/p>\n<p>Barullo ci racconta come il flamenco sia per lui uno stile di vita, che vede da un punto di vista conservatore ma non purista. Si pu\u00f2 fare di tutto, ma sempre rispettando il flamenco delle origini, onorando le radici da cui proviene.<\/p>","protected":false},"featured_media":157188,"template":"","meta":{"_acf_changed":false,"inline_featured_image":false},"class_list":["post-101973","artist","type-artist","status-publish","has-post-thumbnail","hentry"],"acf":[],"yoast_head":"<!-- This site is optimized with the Yoast SEO plugin v27.4 - https:\/\/yoast.com\/product\/yoast-seo-wordpress\/ -->\n<title>Juan Fern\u00e1ndez Montoya, \u201cBarullo\u201d - Cardamomo Flamenco Madrid<\/title>\n<meta name=\"robots\" content=\"index, follow, max-snippet:-1, max-image-preview:large, max-video-preview:-1\" \/>\n<link rel=\"canonical\" href=\"\/\" \/>\n<meta property=\"og:locale\" content=\"it_IT\" \/>\n<meta property=\"og:type\" content=\"article\" \/>\n<meta property=\"og:title\" content=\"Juan Fern\u00e1ndez Montoya, \u201cBarullo\u201d - Cardamomo Flamenco Madrid\" \/>\n<meta property=\"og:description\" content=\"Biografia Ballerino gitano, nato a Siviglia nel 1990, ha debuttato all&#8217;et\u00e0 di 5 anni con il nonno &#8216;Farruco&#8217;, essendo anche figlio de &#8216;La Faraona&#8217; e primo cugino del maestro &#8216;Farruquito&#8217;.\u00a0 Insieme a Farruquito, ha partecipato a spettacoli dall&#8217;et\u00e0 di undici anni, come &#8220;Ra\u00edces Flamencas&#8221;, &#8220;Alma Vieja&#8221;, &#8220;Farruquito y Familia&#8221; e molti altri.\u00a0 Con queste opere...\" \/>\n<meta property=\"og:url\" content=\"https:\/\/cardamomo.com\/it\/artist\/juan-fernandez-montoya-barullo\/\" \/>\n<meta property=\"og:site_name\" content=\"Cardamomo Flamenco Madrid\" \/>\n<meta property=\"article:modified_time\" content=\"2025-03-12T10:46:27+00:00\" \/>\n<meta property=\"og:image\" content=\"https:\/\/cardamomo.ams3.digitaloceanspaces.com\/wp-content\/uploads\/2022\/06\/12104558\/juan-fernandez-montoya-barullo.jpg\" \/>\n\t<meta property=\"og:image:width\" content=\"600\" \/>\n\t<meta property=\"og:image:height\" content=\"750\" \/>\n\t<meta property=\"og:image:type\" content=\"image\/jpeg\" \/>\n<meta name=\"twitter:card\" content=\"summary_large_image\" \/>\n<meta name=\"twitter:label1\" content=\"Tempo di lettura stimato\" \/>\n\t<meta name=\"twitter:data1\" content=\"2 minuti\" \/>\n<script type=\"application\/ld+json\" class=\"yoast-schema-graph\">{\"@context\":\"https:\\\/\\\/schema.org\",\"@graph\":[{\"@type\":\"WebPage\",\"@id\":\"https:\\\/\\\/cardamomo.com\\\/it\\\/artist\\\/juan-fernandez-montoya-barullo\\\/\",\"url\":\"https:\\\/\\\/cardamomo.com\\\/it\\\/artist\\\/juan-fernandez-montoya-barullo\\\/\",\"name\":\"Juan Fern\u00e1ndez Montoya, \u201cBarullo\u201d - Cardamomo Flamenco Madrid\",\"isPartOf\":{\"@id\":\"https:\\\/\\\/cardamomo.com\\\/it\\\/#website\"},\"primaryImageOfPage\":{\"@id\":\"https:\\\/\\\/cardamomo.com\\\/it\\\/artist\\\/juan-fernandez-montoya-barullo\\\/#primaryimage\"},\"image\":{\"@id\":\"https:\\\/\\\/cardamomo.com\\\/es\\\/artist\\\/juan-fernandez-montoya-barullo\\\/#primaryimage\"},\"thumbnailUrl\":\"https:\\\/\\\/cardamomo.ams3.digitaloceanspaces.com\\\/wp-content\\\/uploads\\\/2022\\\/06\\\/12104558\\\/juan-fernandez-montoya-barullo.jpg\",\"datePublished\":\"2022-06-08T15:12:59+00:00\",\"dateModified\":\"2025-03-12T10:46:27+00:00\",\"breadcrumb\":{\"@id\":\"https:\\\/\\\/cardamomo.com\\\/it\\\/artist\\\/juan-fernandez-montoya-barullo\\\/#breadcrumb\"},\"inLanguage\":\"it-IT\",\"potentialAction\":[{\"@type\":\"ReadAction\",\"target\":[[\"https:\\\/\\\/cardamomo.com\\\/it\\\/artist\\\/juan-fernandez-montoya-barullo\\\/\"]]}]},{\"@type\":\"ImageObject\",\"inLanguage\":\"it-IT\",\"@id\":\"https:\\\/\\\/cardamomo.com\\\/it\\\/artist\\\/juan-fernandez-montoya-barullo\\\/#primaryimage\",\"url\":\"https:\\\/\\\/cardamomo.ams3.digitaloceanspaces.com\\\/wp-content\\\/uploads\\\/2022\\\/06\\\/12104558\\\/juan-fernandez-montoya-barullo.jpg\",\"contentUrl\":\"https:\\\/\\\/cardamomo.ams3.digitaloceanspaces.com\\\/wp-content\\\/uploads\\\/2022\\\/06\\\/12104558\\\/juan-fernandez-montoya-barullo.jpg\",\"width\":600,\"height\":750,\"caption\":\"Bailaor Juan Fern\u00e1ndez Montoya \\\"Barullo\\\"\"},{\"@type\":\"BreadcrumbList\",\"@id\":\"https:\\\/\\\/cardamomo.com\\\/it\\\/artist\\\/juan-fernandez-montoya-barullo\\\/#breadcrumb\",\"itemListElement\":[{\"@type\":\"ListItem\",\"position\":1,\"name\":\"Cardamomo\",\"item\":\"https:\\\/\\\/cardamomo.com\\\/it\\\/\"},{\"@type\":\"ListItem\",\"position\":2,\"name\":\"Artists\",\"item\":\"https:\\\/\\\/cardamomo.com\\\/it\\\/artist\\\/\"},{\"@type\":\"ListItem\",\"position\":3,\"name\":\"Juan Fern\u00e1ndez Montoya, \u201cBarullo\u201d\"}]},{\"@type\":\"WebSite\",\"@id\":\"https:\\\/\\\/cardamomo.com\\\/it\\\/#website\",\"url\":\"https:\\\/\\\/cardamomo.com\\\/it\\\/\",\"name\":\"Cardamomo Flamenco Madrid\",\"description\":\"\",\"potentialAction\":[{\"@type\":\"SearchAction\",\"target\":{\"@type\":\"EntryPoint\",\"urlTemplate\":\"https:\\\/\\\/cardamomo.com\\\/it\\\/?s={search_term_string}\"},\"query-input\":{\"@type\":\"PropertyValueSpecification\",\"valueRequired\":true,\"valueName\":\"search_term_string\"}}],\"inLanguage\":\"it-IT\"}]}<\/script>\n<!-- \/ Yoast SEO plugin. -->","yoast_head_json":{"title":"Juan Fern\u00e1ndez Montoya, \u201cBarullo\u201d - Cardamomo Flamenco Madrid","robots":{"index":"index","follow":"follow","max-snippet":"max-snippet:-1","max-image-preview":"max-image-preview:large","max-video-preview":"max-video-preview:-1"},"canonical":"\/","og_locale":"it_IT","og_type":"article","og_title":"Juan Fern\u00e1ndez Montoya, \u201cBarullo\u201d - Cardamomo Flamenco Madrid","og_description":"Biografia Ballerino gitano, nato a Siviglia nel 1990, ha debuttato all&#8217;et\u00e0 di 5 anni con il nonno &#8216;Farruco&#8217;, essendo anche figlio de &#8216;La Faraona&#8217; e primo cugino del maestro &#8216;Farruquito&#8217;.\u00a0 Insieme a Farruquito, ha partecipato a spettacoli dall&#8217;et\u00e0 di undici anni, come &#8220;Ra\u00edces Flamencas&#8221;, &#8220;Alma Vieja&#8221;, &#8220;Farruquito y Familia&#8221; e molti altri.\u00a0 Con queste opere...","og_url":"https:\/\/cardamomo.com\/it\/artist\/juan-fernandez-montoya-barullo\/","og_site_name":"Cardamomo Flamenco Madrid","article_modified_time":"2025-03-12T10:46:27+00:00","og_image":[{"width":600,"height":750,"url":"https:\/\/cardamomo.ams3.digitaloceanspaces.com\/wp-content\/uploads\/2022\/06\/12104558\/juan-fernandez-montoya-barullo.jpg","type":"image\/jpeg"}],"twitter_card":"summary_large_image","twitter_misc":{"Tempo di lettura stimato":"2 minuti"},"schema":{"@context":"https:\/\/schema.org","@graph":[{"@type":"WebPage","@id":"https:\/\/cardamomo.com\/it\/artist\/juan-fernandez-montoya-barullo\/","url":"https:\/\/cardamomo.com\/it\/artist\/juan-fernandez-montoya-barullo\/","name":"Juan Fern\u00e1ndez Montoya, \u201cBarullo\u201d - Cardamomo Flamenco Madrid","isPartOf":{"@id":"https:\/\/cardamomo.com\/it\/#website"},"primaryImageOfPage":{"@id":"https:\/\/cardamomo.com\/it\/artist\/juan-fernandez-montoya-barullo\/#primaryimage"},"image":{"@id":"https:\/\/cardamomo.com\/es\/artist\/juan-fernandez-montoya-barullo\/#primaryimage"},"thumbnailUrl":"https:\/\/cardamomo.ams3.digitaloceanspaces.com\/wp-content\/uploads\/2022\/06\/12104558\/juan-fernandez-montoya-barullo.jpg","datePublished":"2022-06-08T15:12:59+00:00","dateModified":"2025-03-12T10:46:27+00:00","breadcrumb":{"@id":"https:\/\/cardamomo.com\/it\/artist\/juan-fernandez-montoya-barullo\/#breadcrumb"},"inLanguage":"it-IT","potentialAction":[{"@type":"ReadAction","target":[["https:\/\/cardamomo.com\/it\/artist\/juan-fernandez-montoya-barullo\/"]]}]},{"@type":"ImageObject","inLanguage":"it-IT","@id":"https:\/\/cardamomo.com\/it\/artist\/juan-fernandez-montoya-barullo\/#primaryimage","url":"https:\/\/cardamomo.ams3.digitaloceanspaces.com\/wp-content\/uploads\/2022\/06\/12104558\/juan-fernandez-montoya-barullo.jpg","contentUrl":"https:\/\/cardamomo.ams3.digitaloceanspaces.com\/wp-content\/uploads\/2022\/06\/12104558\/juan-fernandez-montoya-barullo.jpg","width":600,"height":750,"caption":"Bailaor Juan Fern\u00e1ndez Montoya \"Barullo\""},{"@type":"BreadcrumbList","@id":"https:\/\/cardamomo.com\/it\/artist\/juan-fernandez-montoya-barullo\/#breadcrumb","itemListElement":[{"@type":"ListItem","position":1,"name":"Cardamomo","item":"https:\/\/cardamomo.com\/it\/"},{"@type":"ListItem","position":2,"name":"Artists","item":"https:\/\/cardamomo.com\/it\/artist\/"},{"@type":"ListItem","position":3,"name":"Juan Fern\u00e1ndez Montoya, \u201cBarullo\u201d"}]},{"@type":"WebSite","@id":"https:\/\/cardamomo.com\/it\/#website","url":"https:\/\/cardamomo.com\/it\/","name":"Cardamomo Flamenco Madrid","description":"","potentialAction":[{"@type":"SearchAction","target":{"@type":"EntryPoint","urlTemplate":"https:\/\/cardamomo.com\/it\/?s={search_term_string}"},"query-input":{"@type":"PropertyValueSpecification","valueRequired":true,"valueName":"search_term_string"}}],"inLanguage":"it-IT"}]}},"_links":{"self":[{"href":"https:\/\/cardamomo.com\/it\/wp-json\/wp\/v2\/artist\/101973","targetHints":{"allow":["GET"]}}],"collection":[{"href":"https:\/\/cardamomo.com\/it\/wp-json\/wp\/v2\/artist"}],"about":[{"href":"https:\/\/cardamomo.com\/it\/wp-json\/wp\/v2\/types\/artist"}],"wp:featuredmedia":[{"embeddable":true,"href":"https:\/\/cardamomo.com\/it\/wp-json\/wp\/v2\/media\/157188"}],"wp:attachment":[{"href":"https:\/\/cardamomo.com\/it\/wp-json\/wp\/v2\/media?parent=101973"}],"curies":[{"name":"wp","href":"https:\/\/api.w.org\/{rel}","templated":true}]}}

Juan Fernández Montoya, “Barullo”

<p></p>
<h3>Biografia</h3>
<p>Ballerino gitano, nato a Siviglia nel 1990, ha debuttato all&#8217;età di 5 anni con il nonno &#8216;Farruco&#8217;, essendo anche figlio de &#8216;La Faraona&#8217; e primo cugino del maestro &#8216;Farruquito&#8217;.  Insieme a Farruquito, ha partecipato a spettacoli dall&#8217;età di undici anni, come &#8220;Raíces Flamencas&#8221;, &#8220;Alma Vieja&#8221;, &#8220;Farruquito y Familia&#8221; e molti altri.  Con queste opere ha effettuato tournée in diverse parti del mondo, come la Royal Albert Hall di Londra, il Conde Duque di Madrid, il Teatro Poliorama di Barcellona, in tournée in Francia, la City Hall di New York, in tournée negli Stati Uniti e in Europa, e il Teatro Calderón di Madrid, tra gli altri.<br />
Il soprannome gli fu dato dal nonno &#8220;Farruco&#8221;, in allusione al fatto che ogni volta che ballava provocava un &#8220;trambusto&#8221; tra il pubblico. Di puro sangue gitano, la famiglia e le tradizioni sono fondamentali per queste ballerino. Tra gli artisti che più ammira ci sono El primo &#8220;Farruquito&#8221;, Pepe Torres, Jairo Barrull, José Maya, Gema Moneo, Alfonso Losa e molti altri.</p>
<p>&nbsp;</p>
<h3>Opere e premi</h3>
<p>Festival de Cante de Las Minas, &#8220;El Desplante&#8221; al miglior ballerino del 2014.<br />
Akharipen (Origen), La Bienal de Flamenco de Sevilla, Espacio Santa Clara 2016.<br />
Teatro de la Maestranza di Siviglia, Sadler&#8217;s Wells Theatre di Londra, Teatro Albéniz di Madrid.<br />
Premio nazionale di arte flamenca a Cordoba 2016.<br />
&#8220;Al Natural&#8221; con Antonio &#8220;El Farru&#8221;, José Maya.<br />
&#8220;Farruquito e Farruco&#8221;, Teatro de la Ópera.<br />
Aprire i concerti di grandi artisti come Beyonce, Björk e Mark Anthony.</p>
<p>Barullo ci racconta come il flamenco sia per lui uno stile di vita, che vede da un punto di vista conservatore ma non purista. Si può fare di tutto, ma sempre rispettando il flamenco delle origini, onorando le radici da cui proviene.</p>

<!-- This site is optimized with the Yoast SEO plugin v27.4 - https://yoast.com/product/yoast-seo-wordpress/ -->
<title>Juan Fernández Montoya, “Barullo” - Cardamomo Flamenco Madrid</title>
<meta name="robots" content="index, follow, max-snippet:-1, max-image-preview:large, max-video-preview:-1" />
<link rel="canonical" href="/" />
<meta property="og:locale" content="it_IT" />
<meta property="og:type" content="article" />
<meta property="og:title" content="Juan Fernández Montoya, “Barullo” - Cardamomo Flamenco Madrid" />
<meta property="og:description" content="Biografia Ballerino gitano, nato a Siviglia nel 1990, ha debuttato all&#8217;età di 5 anni con il nonno &#8216;Farruco&#8217;, essendo anche figlio de &#8216;La Faraona&#8217; e primo cugino del maestro &#8216;Farruquito&#8217;.  Insieme a Farruquito, ha partecipato a spettacoli dall&#8217;età di undici anni, come &#8220;Raíces Flamencas&#8221;, &#8220;Alma Vieja&#8221;, &#8220;Farruquito y Familia&#8221; e molti altri.  Con queste opere..." />
<meta property="og:url" content="https://cardamomo.com/it/artist/juan-fernandez-montoya-barullo/" />
<meta property="og:site_name" content="Cardamomo Flamenco Madrid" />
<meta property="article:modified_time" content="2025-03-12T10:46:27+00:00" />
<meta property="og:image" content="https://cardamomo.ams3.digitaloceanspaces.com/wp-content/uploads/2022/06/12104558/juan-fernandez-montoya-barullo.jpg" />
	<meta property="og:image:width" content="600" />
	<meta property="og:image:height" content="750" />
	<meta property="og:image:type" content="image/jpeg" />
<meta name="twitter:card" content="summary_large_image" />
<meta name="twitter:label1" content="Tempo di lettura stimato" />
	<meta name="twitter:data1" content="2 minuti" />
<script type="application/ld+json" class="yoast-schema-graph">{"@context":"https:\/\/schema.org","@graph":[{"@type":"WebPage","@id":"https:\/\/cardamomo.com\/it\/artist\/juan-fernandez-montoya-barullo\/","url":"https:\/\/cardamomo.com\/it\/artist\/juan-fernandez-montoya-barullo\/","name":"Juan Fernández Montoya, “Barullo” - Cardamomo Flamenco Madrid","isPartOf":{"@id":"https:\/\/cardamomo.com\/it\/#website"},"primaryImageOfPage":{"@id":"https:\/\/cardamomo.com\/it\/artist\/juan-fernandez-montoya-barullo\/#primaryimage"},"image":{"@id":"https:\/\/cardamomo.com\/es\/artist\/juan-fernandez-montoya-barullo\/#primaryimage"},"thumbnailUrl":"https:\/\/cardamomo.ams3.digitaloceanspaces.com\/wp-content\/uploads\/2022\/06\/12104558\/juan-fernandez-montoya-barullo.jpg","datePublished":"2022-06-08T15:12:59+00:00","dateModified":"2025-03-12T10:46:27+00:00","breadcrumb":{"@id":"https:\/\/cardamomo.com\/it\/artist\/juan-fernandez-montoya-barullo\/#breadcrumb"},"inLanguage":"it-IT","potentialAction":[{"@type":"ReadAction","target":[["https:\/\/cardamomo.com\/it\/artist\/juan-fernandez-montoya-barullo\/"]]}]},{"@type":"ImageObject","inLanguage":"it-IT","@id":"https:\/\/cardamomo.com\/it\/artist\/juan-fernandez-montoya-barullo\/#primaryimage","url":"https:\/\/cardamomo.ams3.digitaloceanspaces.com\/wp-content\/uploads\/2022\/06\/12104558\/juan-fernandez-montoya-barullo.jpg","contentUrl":"https:\/\/cardamomo.ams3.digitaloceanspaces.com\/wp-content\/uploads\/2022\/06\/12104558\/juan-fernandez-montoya-barullo.jpg","width":600,"height":750,"caption":"Bailaor Juan Fernández Montoya \"Barullo\""},{"@type":"BreadcrumbList","@id":"https:\/\/cardamomo.com\/it\/artist\/juan-fernandez-montoya-barullo\/#breadcrumb","itemListElement":[{"@type":"ListItem","position":1,"name":"Cardamomo","item":"https:\/\/cardamomo.com\/it\/"},{"@type":"ListItem","position":2,"name":"Artists","item":"https:\/\/cardamomo.com\/it\/artist\/"},{"@type":"ListItem","position":3,"name":"Juan Fernández Montoya, “Barullo”"}]},{"@type":"WebSite","@id":"https:\/\/cardamomo.com\/it\/#website","url":"https:\/\/cardamomo.com\/it\/","name":"Cardamomo Flamenco Madrid","description":"","potentialAction":[{"@type":"SearchAction","target":{"@type":"EntryPoint","urlTemplate":"https:\/\/cardamomo.com\/it\/?s={search_term_string}"},"query-input":{"@type":"PropertyValueSpecification","valueRequired":true,"valueName":"search_term_string"}}],"inLanguage":"it-IT"}]}</script>
<!-- / Yoast SEO plugin. -->

Juan Fernández Montoya, “Barullo” - Cardamomo Flamenco Madrid

Biografia Ballerino gitano, nato a Siviglia nel 1990, ha debuttato all&#8217;età di 5 anni con il nonno &#8216;Farruco&#8217;, essendo anche figlio de &#8216;La Faraona&#8217; e primo cugino del maestro &#8216;Farruquito&#8217;.  Insieme a Farruquito, ha partecipato a spettacoli dall&#8217;età di undici anni, come &#8220;Raíces Flamencas&#8221;, &#8220;Alma Vieja&#8221;, &#8220;Farruquito y Familia&#8221; e molti altri.  Con queste opere...

Bailaor Juan Fernández Montoya "Barullo"
