{"version":"1.0","provider_name":"Cardamomo Flamenco Madrid","provider_url":"https:\/\/cardamomo.com\/it","author_name":"admin_cardamomo","author_url":"https:\/\/cardamomo.com\/it\/author\/admin_cardamomo\/","title":"Jos\u00e9 Jim\u00e9nez \"El Bocadillo\" - Cardamomo Flamenco Madrid","type":"rich","width":600,"height":338,"html":"<blockquote class=\"wp-embedded-content\" data-secret=\"1GCzmQCuNa\"><a href=\"https:\/\/cardamomo.com\/it\/artist\/jose-jimenez-el-bocadillo\/\">Jos\u00e9 Jim\u00e9nez &#8220;El Bocadillo&#8221;<\/a><\/blockquote><iframe sandbox=\"allow-scripts\" security=\"restricted\" src=\"https:\/\/cardamomo.com\/it\/artist\/jose-jimenez-el-bocadillo\/embed\/#?secret=1GCzmQCuNa\" width=\"600\" height=\"338\" title=\"&#8220;Jos\u00e9 Jim\u00e9nez &#8220;El Bocadillo&#8221;&#8221; &#8212; Cardamomo Flamenco Madrid\" data-secret=\"1GCzmQCuNa\" frameborder=\"0\" marginwidth=\"0\" marginheight=\"0\" scrolling=\"no\" class=\"wp-embedded-content\"><\/iframe><script type=\"text\/javascript\">\n\/* <![CDATA[ *\/\n\/*! This file is auto-generated *\/\n!function(d,l){\"use strict\";l.querySelector&&d.addEventListener&&\"undefined\"!=typeof URL&&(d.wp=d.wp||{},d.wp.receiveEmbedMessage||(d.wp.receiveEmbedMessage=function(e){var t=e.data;if((t||t.secret||t.message||t.value)&&!\/[^a-zA-Z0-9]\/.test(t.secret)){for(var s,r,n,a=l.querySelectorAll('iframe[data-secret=\"'+t.secret+'\"]'),o=l.querySelectorAll('blockquote[data-secret=\"'+t.secret+'\"]'),c=new RegExp(\"^https?:$\",\"i\"),i=0;i<o.length;i++)o[i].style.display=\"none\";for(i=0;i<a.length;i++)s=a[i],e.source===s.contentWindow&&(s.removeAttribute(\"style\"),\"height\"===t.message?(1e3<(r=parseInt(t.value,10))?r=1e3:~~r<200&&(r=200),s.height=r):\"link\"===t.message&&(r=new URL(s.getAttribute(\"src\")),n=new URL(t.value),c.test(n.protocol))&&n.host===r.host&&l.activeElement===s&&(d.top.location.href=t.value))}},d.addEventListener(\"message\",d.wp.receiveEmbedMessage,!1),l.addEventListener(\"DOMContentLoaded\",function(){for(var e,t,s=l.querySelectorAll(\"iframe.wp-embedded-content\"),r=0;r<s.length;r++)(t=(e=s[r]).getAttribute(\"data-secret\"))||(t=Math.random().toString(36).substring(2,12),e.src+=\"#?secret=\"+t,e.setAttribute(\"data-secret\",t)),e.contentWindow.postMessage({message:\"ready\",secret:t},\"*\")},!1)))}(window,document);\n\/\/# sourceURL=https:\/\/cardamomo.com\/wp-includes\/js\/wp-embed.min.js\n\/* ]]> *\/\n<\/script>\n","thumbnail_url":"https:\/\/cardamomo.ams3.digitaloceanspaces.com\/wp-content\/uploads\/2019\/07\/19123845\/jose-jimenez-el-bocadillo.jpg","thumbnail_width":600,"thumbnail_height":750,"description":"Biografia &#8220;El Bocadillo&#8221; \u00e8 nato a Madrid il 3 settembre 1988 circondato dalla sua famiglia gitana, dalla quale ha imparato il flamenco come stile di vita. Jos\u00e9 Ram\u00f3n Jim\u00e9nez ha ricevuto le prime lezioni da bambino con Maruja Palacios. Prosegue la sua formazione nella stessa casa con maestri del calibro di Maria Magdalena, G\u00fcito, La..."}

José Jiménez "El Bocadillo" - Cardamomo Flamenco Madrid

<blockquote class="wp-embedded-content" data-secret="1GCzmQCuNa"><a href="https://cardamomo.com/it/artist/jose-jimenez-el-bocadillo/">José Jiménez &#8220;El Bocadillo&#8221;</a></blockquote><iframe sandbox="allow-scripts" security="restricted" src="https://cardamomo.com/it/artist/jose-jimenez-el-bocadillo/embed/#?secret=1GCzmQCuNa" width="600" height="338" title="&#8220;José Jiménez &#8220;El Bocadillo&#8221;&#8221; &#8212; Cardamomo Flamenco Madrid" data-secret="1GCzmQCuNa" frameborder="0" marginwidth="0" marginheight="0" scrolling="no" class="wp-embedded-content"></iframe><script type="text/javascript">
/* <![CDATA[ */
/*! This file is auto-generated */
!function(d,l){"use strict";l.querySelector&&d.addEventListener&&"undefined"!=typeof URL&&(d.wp=d.wp||{},d.wp.receiveEmbedMessage||(d.wp.receiveEmbedMessage=function(e){var t=e.data;if((t||t.secret||t.message||t.value)&&!/[^a-zA-Z0-9]/.test(t.secret)){for(var s,r,n,a=l.querySelectorAll('iframe[data-secret="'+t.secret+'"]'),o=l.querySelectorAll('blockquote[data-secret="'+t.secret+'"]'),c=new RegExp("^https?:$","i"),i=0;i<o.length;i++)o[i].style.display="none";for(i=0;i<a.length;i++)s=a[i],e.source===s.contentWindow&&(s.removeAttribute("style"),"height"===t.message?(1e3<(r=parseInt(t.value,10))?r=1e3:~~r<200&&(r=200),s.height=r):"link"===t.message&&(r=new URL(s.getAttribute("src")),n=new URL(t.value),c.test(n.protocol))&&n.host===r.host&&l.activeElement===s&&(d.top.location.href=t.value))}},d.addEventListener("message",d.wp.receiveEmbedMessage,!1),l.addEventListener("DOMContentLoaded",function(){for(var e,t,s=l.querySelectorAll("iframe.wp-embedded-content"),r=0;r<s.length;r++)(t=(e=s[r]).getAttribute("data-secret"))||(t=Math.random().toString(36).substring(2,12),e.src+="#?secret="+t,e.setAttribute("data-secret",t)),e.contentWindow.postMessage({message:"ready",secret:t},"*")},!1)))}(window,document);
//# sourceURL=https://cardamomo.com/wp-includes/js/wp-embed.min.js
/* ]]> */
</script>

Biografia &#8220;El Bocadillo&#8221; è nato a Madrid il 3 settembre 1988 circondato dalla sua famiglia gitana, dalla quale ha imparato il flamenco come stile di vita. José Ramón Jiménez ha ricevuto le prime lezioni da bambino con Maruja Palacios. Prosegue la sua formazione nella stessa casa con maestri del calibro di Maria Magdalena, Güito, La...
