{"id":95900,"date":"2022-03-25T21:45:05","date_gmt":"2022-03-25T21:45:05","guid":{"rendered":"https:\/\/cardamomo.com\/es\/?post_type=show&#038;p=95900"},"modified":"2024-12-26T21:59:05","modified_gmt":"2024-12-26T21:59:05","slug":"el-bailaor-y-coreografo-alfonso-losa-aterriza-en-cardamomo","status":"publish","type":"show","link":"https:\/\/cardamomo.com\/fr\/show\/le-bailaor-et-choregraphe-alfonso-losa-nous-rend-visite-a-loccasion-de-noel\/","title":{"rendered":"Le bailaor et chor\u00e9graphe Alfonso Losa nous rend visite \u00e0 l&rsquo;occasion de No\u00ebl"},"content":{"rendered":"<p><strong>L&rsquo;artiste madril\u00e8ne<\/strong>, connu pour \u00eatre l&rsquo;auteur de nombreux spectacles qui ont fait le tour de notre pays, a \u00e9t\u00e9 r\u00e9compens\u00e9 \u00e0 de nombreuses reprises gr\u00e2ce \u00e0 sa technique, son style et son professionnalisme. Parmi les prix les plus remarquables, citons : le prix El Desplante au Festival del Cante de las Minas ; le prix El G\u00fcito por sole\u00e1 au concours d&rsquo;art flamenco de Cordoue 2007 ; le prix Outstanding Dancer au concours de chor\u00e9graphie de Madrid, entre autres.<\/p>\n<p>Par ailleurs, <strong>Alfonso Losa<\/strong> a connu un changement dans la mani\u00e8re d&rsquo;exprimer son art avec son spectacle Con-secuencia. Celle-ci a \u00e9t\u00e9 pr\u00e9sent\u00e9e au Festival de Jerez 2018. Son travail a marqu\u00e9 un avant et un apr\u00e8s dans sa carri\u00e8re d&rsquo;artiste. Soutenu par le travail sc\u00e9nique du metteur en sc\u00e8ne Florencio Campos, Losa r\u00e9capitule ses acquis pour se lancer dans une nouvelle exp\u00e9rience : la recherche de l&rsquo;improvisation et la gestion de l&rsquo;\u00e9nergie sc\u00e9nique, en temps r\u00e9el. Un d\u00e9fi que tr\u00e8s peu d&rsquo;artistes peuvent relever.<\/p>\n<p>D\u00e9couvrez une nouvelle fa\u00e7on de regarder l&rsquo;art avec notre artiste invit\u00e9.<\/p>\n<p>Achetez vos billets d\u00e8s maintenant !<\/p>\n<p>???? reservas@cardamomo.com<\/p>\n<p>\u260e\ufe0f ( +34) 91 805 1038\/ (+34) 691 02 21 17<\/p>\n<p>???? cardamomo.com<\/p>\n<p>&nbsp;<\/p>\n<p>&nbsp;<\/p>","protected":false},"featured_media":98943,"template":"","meta":{"_acf_changed":false,"inline_featured_image":false},"class_list":["post-95900","show","type-show","status-publish","has-post-thumbnail","hentry"],"acf":[],"yoast_head":"<!-- This site is optimized with the Yoast SEO plugin v27.4 - https:\/\/yoast.com\/product\/yoast-seo-wordpress\/ -->\n<title>Le bailaor et chor\u00e9graphe Alfonso Losa nous rend visite \u00e0 l&#039;occasion de No\u00ebl - Cardamomo Flamenco Madrid<\/title>\n<meta name=\"robots\" content=\"index, follow, max-snippet:-1, max-image-preview:large, max-video-preview:-1\" \/>\n<link rel=\"canonical\" href=\"\/\" \/>\n<meta property=\"og:locale\" content=\"fr_FR\" \/>\n<meta property=\"og:type\" content=\"article\" \/>\n<meta property=\"og:title\" content=\"Le bailaor et chor\u00e9graphe Alfonso Losa nous rend visite \u00e0 l&#039;occasion de No\u00ebl - Cardamomo Flamenco Madrid\" \/>\n<meta property=\"og:description\" content=\"L&rsquo;artiste madril\u00e8ne, connu pour \u00eatre l&rsquo;auteur de nombreux spectacles qui ont fait le tour de notre pays, a \u00e9t\u00e9 r\u00e9compens\u00e9 \u00e0 de nombreuses reprises gr\u00e2ce \u00e0 sa technique, son style et son professionnalisme. Parmi les prix les plus remarquables, citons : le prix El Desplante au Festival del Cante de las Minas ; le prix...\" \/>\n<meta property=\"og:url\" content=\"https:\/\/cardamomo.com\/fr\/show\/el-bailaor-y-coreografo-alfonso-losa-nos-visita-en-navidad\/\" \/>\n<meta property=\"og:site_name\" content=\"Cardamomo Flamenco Madrid\" \/>\n<meta property=\"article:modified_time\" content=\"2024-12-26T21:59:05+00:00\" \/>\n<meta name=\"twitter:card\" content=\"summary_large_image\" \/>\n<meta name=\"twitter:label1\" content=\"Dur\u00e9e de lecture estim\u00e9e\" \/>\n\t<meta name=\"twitter:data1\" content=\"2 minutes\" \/>\n<script type=\"application\/ld+json\" class=\"yoast-schema-graph\">{\"@context\":\"https:\\\/\\\/schema.org\",\"@graph\":[{\"@type\":\"WebPage\",\"@id\":\"https:\\\/\\\/cardamomo.com\\\/fr\\\/show\\\/el-bailaor-y-coreografo-alfonso-losa-nos-visita-en-navidad\\\/\",\"url\":\"https:\\\/\\\/cardamomo.com\\\/fr\\\/show\\\/el-bailaor-y-coreografo-alfonso-losa-nos-visita-en-navidad\\\/\",\"name\":\"Le bailaor et chor\u00e9graphe Alfonso Losa nous rend visite \u00e0 l'occasion de No\u00ebl - Cardamomo Flamenco Madrid\",\"isPartOf\":{\"@id\":\"https:\\\/\\\/cardamomo.com\\\/fr\\\/#website\"},\"primaryImageOfPage\":{\"@id\":\"https:\\\/\\\/cardamomo.com\\\/fr\\\/show\\\/el-bailaor-y-coreografo-alfonso-losa-nos-visita-en-navidad\\\/#primaryimage\"},\"image\":{\"@id\":\"https:\\\/\\\/cardamomo.com\\\/es\\\/show\\\/el-bailaor-y-coreografo-alfonso-losa-nos-visita-en-navidad\\\/#primaryimage\"},\"thumbnailUrl\":\"\",\"datePublished\":\"2022-03-25T21:45:05+00:00\",\"dateModified\":\"2024-12-26T21:59:05+00:00\",\"breadcrumb\":{\"@id\":\"https:\\\/\\\/cardamomo.com\\\/fr\\\/show\\\/el-bailaor-y-coreografo-alfonso-losa-nos-visita-en-navidad\\\/#breadcrumb\"},\"inLanguage\":\"fr-FR\",\"potentialAction\":[{\"@type\":\"ReadAction\",\"target\":[[\"https:\\\/\\\/cardamomo.com\\\/fr\\\/show\\\/el-bailaor-y-coreografo-alfonso-losa-nos-visita-en-navidad\\\/\"]]}]},{\"@type\":\"ImageObject\",\"inLanguage\":\"fr-FR\",\"@id\":\"https:\\\/\\\/cardamomo.com\\\/fr\\\/show\\\/el-bailaor-y-coreografo-alfonso-losa-nos-visita-en-navidad\\\/#primaryimage\",\"url\":\"\",\"contentUrl\":\"\"},{\"@type\":\"BreadcrumbList\",\"@id\":\"https:\\\/\\\/cardamomo.com\\\/fr\\\/show\\\/el-bailaor-y-coreografo-alfonso-losa-nos-visita-en-navidad\\\/#breadcrumb\",\"itemListElement\":[{\"@type\":\"ListItem\",\"position\":1,\"name\":\"Cardamomo\",\"item\":\"https:\\\/\\\/cardamomo.com\\\/fr\\\/\"},{\"@type\":\"ListItem\",\"position\":2,\"name\":\"Shows\",\"item\":\"https:\\\/\\\/cardamomo.com\\\/fr\\\/show\\\/\"},{\"@type\":\"ListItem\",\"position\":3,\"name\":\"El bailaor y core\u00f3grafo Alfonso Losa nos visita en Navidad\"}]},{\"@type\":\"WebSite\",\"@id\":\"https:\\\/\\\/cardamomo.com\\\/fr\\\/#website\",\"url\":\"https:\\\/\\\/cardamomo.com\\\/fr\\\/\",\"name\":\"Cardamomo Flamenco Madrid\",\"description\":\"\",\"potentialAction\":[{\"@type\":\"SearchAction\",\"target\":{\"@type\":\"EntryPoint\",\"urlTemplate\":\"https:\\\/\\\/cardamomo.com\\\/fr\\\/?s={search_term_string}\"},\"query-input\":{\"@type\":\"PropertyValueSpecification\",\"valueRequired\":true,\"valueName\":\"search_term_string\"}}],\"inLanguage\":\"fr-FR\"}]}<\/script>\n<!-- \/ Yoast SEO plugin. -->","yoast_head_json":{"title":"Le bailaor et chor\u00e9graphe Alfonso Losa nous rend visite \u00e0 l'occasion de No\u00ebl - Cardamomo Flamenco Madrid","robots":{"index":"index","follow":"follow","max-snippet":"max-snippet:-1","max-image-preview":"max-image-preview:large","max-video-preview":"max-video-preview:-1"},"canonical":"\/","og_locale":"fr_FR","og_type":"article","og_title":"Le bailaor et chor\u00e9graphe Alfonso Losa nous rend visite \u00e0 l'occasion de No\u00ebl - Cardamomo Flamenco Madrid","og_description":"L&rsquo;artiste madril\u00e8ne, connu pour \u00eatre l&rsquo;auteur de nombreux spectacles qui ont fait le tour de notre pays, a \u00e9t\u00e9 r\u00e9compens\u00e9 \u00e0 de nombreuses reprises gr\u00e2ce \u00e0 sa technique, son style et son professionnalisme. Parmi les prix les plus remarquables, citons : le prix El Desplante au Festival del Cante de las Minas ; le prix...","og_url":"https:\/\/cardamomo.com\/fr\/show\/el-bailaor-y-coreografo-alfonso-losa-nos-visita-en-navidad\/","og_site_name":"Cardamomo Flamenco Madrid","article_modified_time":"2024-12-26T21:59:05+00:00","twitter_card":"summary_large_image","twitter_misc":{"Dur\u00e9e de lecture estim\u00e9e":"2 minutes"},"schema":{"@context":"https:\/\/schema.org","@graph":[{"@type":"WebPage","@id":"https:\/\/cardamomo.com\/fr\/show\/el-bailaor-y-coreografo-alfonso-losa-nos-visita-en-navidad\/","url":"https:\/\/cardamomo.com\/fr\/show\/el-bailaor-y-coreografo-alfonso-losa-nos-visita-en-navidad\/","name":"Le bailaor et chor\u00e9graphe Alfonso Losa nous rend visite \u00e0 l'occasion de No\u00ebl - Cardamomo Flamenco Madrid","isPartOf":{"@id":"https:\/\/cardamomo.com\/fr\/#website"},"primaryImageOfPage":{"@id":"https:\/\/cardamomo.com\/fr\/show\/el-bailaor-y-coreografo-alfonso-losa-nos-visita-en-navidad\/#primaryimage"},"image":{"@id":"https:\/\/cardamomo.com\/es\/show\/el-bailaor-y-coreografo-alfonso-losa-nos-visita-en-navidad\/#primaryimage"},"thumbnailUrl":"","datePublished":"2022-03-25T21:45:05+00:00","dateModified":"2024-12-26T21:59:05+00:00","breadcrumb":{"@id":"https:\/\/cardamomo.com\/fr\/show\/el-bailaor-y-coreografo-alfonso-losa-nos-visita-en-navidad\/#breadcrumb"},"inLanguage":"fr-FR","potentialAction":[{"@type":"ReadAction","target":[["https:\/\/cardamomo.com\/fr\/show\/el-bailaor-y-coreografo-alfonso-losa-nos-visita-en-navidad\/"]]}]},{"@type":"ImageObject","inLanguage":"fr-FR","@id":"https:\/\/cardamomo.com\/fr\/show\/el-bailaor-y-coreografo-alfonso-losa-nos-visita-en-navidad\/#primaryimage","url":"","contentUrl":""},{"@type":"BreadcrumbList","@id":"https:\/\/cardamomo.com\/fr\/show\/el-bailaor-y-coreografo-alfonso-losa-nos-visita-en-navidad\/#breadcrumb","itemListElement":[{"@type":"ListItem","position":1,"name":"Cardamomo","item":"https:\/\/cardamomo.com\/fr\/"},{"@type":"ListItem","position":2,"name":"Shows","item":"https:\/\/cardamomo.com\/fr\/show\/"},{"@type":"ListItem","position":3,"name":"El bailaor y core\u00f3grafo Alfonso Losa nos visita en Navidad"}]},{"@type":"WebSite","@id":"https:\/\/cardamomo.com\/fr\/#website","url":"https:\/\/cardamomo.com\/fr\/","name":"Cardamomo Flamenco Madrid","description":"","potentialAction":[{"@type":"SearchAction","target":{"@type":"EntryPoint","urlTemplate":"https:\/\/cardamomo.com\/fr\/?s={search_term_string}"},"query-input":{"@type":"PropertyValueSpecification","valueRequired":true,"valueName":"search_term_string"}}],"inLanguage":"fr-FR"}]}},"_links":{"self":[{"href":"https:\/\/cardamomo.com\/fr\/wp-json\/wp\/v2\/show\/95900","targetHints":{"allow":["GET"]}}],"collection":[{"href":"https:\/\/cardamomo.com\/fr\/wp-json\/wp\/v2\/show"}],"about":[{"href":"https:\/\/cardamomo.com\/fr\/wp-json\/wp\/v2\/types\/show"}],"wp:featuredmedia":[{"embeddable":true,"href":"https:\/\/cardamomo.com\/fr\/wp-json\/"}],"wp:attachment":[{"href":"https:\/\/cardamomo.com\/fr\/wp-json\/wp\/v2\/media?parent=95900"}],"curies":[{"name":"wp","href":"https:\/\/api.w.org\/{rel}","templated":true}]}}

Le bailaor et chorégraphe Alfonso Losa nous rend visite à l&rsquo;occasion de Noël

<p><strong>L&rsquo;artiste madrilène</strong>, connu pour être l&rsquo;auteur de nombreux spectacles qui ont fait le tour de notre pays, a été récompensé à de nombreuses reprises grâce à sa technique, son style et son professionnalisme. Parmi les prix les plus remarquables, citons : le prix El Desplante au Festival del Cante de las Minas ; le prix El Güito por soleá au concours d&rsquo;art flamenco de Cordoue 2007 ; le prix Outstanding Dancer au concours de chorégraphie de Madrid, entre autres.</p>
<p>Par ailleurs, <strong>Alfonso Losa</strong> a connu un changement dans la manière d&rsquo;exprimer son art avec son spectacle Con-secuencia. Celle-ci a été présentée au Festival de Jerez 2018. Son travail a marqué un avant et un après dans sa carrière d&rsquo;artiste. Soutenu par le travail scénique du metteur en scène Florencio Campos, Losa récapitule ses acquis pour se lancer dans une nouvelle expérience : la recherche de l&rsquo;improvisation et la gestion de l&rsquo;énergie scénique, en temps réel. Un défi que très peu d&rsquo;artistes peuvent relever.</p>
<p>Découvrez une nouvelle façon de regarder l&rsquo;art avec notre artiste invité.</p>
<p>Achetez vos billets dès maintenant !</p>
<p>???? reservas@cardamomo.com</p>
<p>☎️ ( +34) 91 805 1038/ (+34) 691 02 21 17</p>
<p>???? cardamomo.com</p>
<p>&nbsp;</p>
<p>&nbsp;</p>

<!-- This site is optimized with the Yoast SEO plugin v27.4 - https://yoast.com/product/yoast-seo-wordpress/ -->
<title>Le bailaor et chorégraphe Alfonso Losa nous rend visite à l&#039;occasion de Noël - Cardamomo Flamenco Madrid</title>
<meta name="robots" content="index, follow, max-snippet:-1, max-image-preview:large, max-video-preview:-1" />
<link rel="canonical" href="/" />
<meta property="og:locale" content="fr_FR" />
<meta property="og:type" content="article" />
<meta property="og:title" content="Le bailaor et chorégraphe Alfonso Losa nous rend visite à l&#039;occasion de Noël - Cardamomo Flamenco Madrid" />
<meta property="og:description" content="L&rsquo;artiste madrilène, connu pour être l&rsquo;auteur de nombreux spectacles qui ont fait le tour de notre pays, a été récompensé à de nombreuses reprises grâce à sa technique, son style et son professionnalisme. Parmi les prix les plus remarquables, citons : le prix El Desplante au Festival del Cante de las Minas ; le prix..." />
<meta property="og:url" content="https://cardamomo.com/fr/show/el-bailaor-y-coreografo-alfonso-losa-nos-visita-en-navidad/" />
<meta property="og:site_name" content="Cardamomo Flamenco Madrid" />
<meta property="article:modified_time" content="2024-12-26T21:59:05+00:00" />
<meta name="twitter:card" content="summary_large_image" />
<meta name="twitter:label1" content="Durée de lecture estimée" />
	<meta name="twitter:data1" content="2 minutes" />
<script type="application/ld+json" class="yoast-schema-graph">{"@context":"https:\/\/schema.org","@graph":[{"@type":"WebPage","@id":"https:\/\/cardamomo.com\/fr\/show\/el-bailaor-y-coreografo-alfonso-losa-nos-visita-en-navidad\/","url":"https:\/\/cardamomo.com\/fr\/show\/el-bailaor-y-coreografo-alfonso-losa-nos-visita-en-navidad\/","name":"Le bailaor et chorégraphe Alfonso Losa nous rend visite à l'occasion de Noël - Cardamomo Flamenco Madrid","isPartOf":{"@id":"https:\/\/cardamomo.com\/fr\/#website"},"primaryImageOfPage":{"@id":"https:\/\/cardamomo.com\/fr\/show\/el-bailaor-y-coreografo-alfonso-losa-nos-visita-en-navidad\/#primaryimage"},"image":{"@id":"https:\/\/cardamomo.com\/es\/show\/el-bailaor-y-coreografo-alfonso-losa-nos-visita-en-navidad\/#primaryimage"},"thumbnailUrl":"","datePublished":"2022-03-25T21:45:05+00:00","dateModified":"2024-12-26T21:59:05+00:00","breadcrumb":{"@id":"https:\/\/cardamomo.com\/fr\/show\/el-bailaor-y-coreografo-alfonso-losa-nos-visita-en-navidad\/#breadcrumb"},"inLanguage":"fr-FR","potentialAction":[{"@type":"ReadAction","target":[["https:\/\/cardamomo.com\/fr\/show\/el-bailaor-y-coreografo-alfonso-losa-nos-visita-en-navidad\/"]]}]},{"@type":"ImageObject","inLanguage":"fr-FR","@id":"https:\/\/cardamomo.com\/fr\/show\/el-bailaor-y-coreografo-alfonso-losa-nos-visita-en-navidad\/#primaryimage","url":"","contentUrl":""},{"@type":"BreadcrumbList","@id":"https:\/\/cardamomo.com\/fr\/show\/el-bailaor-y-coreografo-alfonso-losa-nos-visita-en-navidad\/#breadcrumb","itemListElement":[{"@type":"ListItem","position":1,"name":"Cardamomo","item":"https:\/\/cardamomo.com\/fr\/"},{"@type":"ListItem","position":2,"name":"Shows","item":"https:\/\/cardamomo.com\/fr\/show\/"},{"@type":"ListItem","position":3,"name":"El bailaor y coreógrafo Alfonso Losa nos visita en Navidad"}]},{"@type":"WebSite","@id":"https:\/\/cardamomo.com\/fr\/#website","url":"https:\/\/cardamomo.com\/fr\/","name":"Cardamomo Flamenco Madrid","description":"","potentialAction":[{"@type":"SearchAction","target":{"@type":"EntryPoint","urlTemplate":"https:\/\/cardamomo.com\/fr\/?s={search_term_string}"},"query-input":{"@type":"PropertyValueSpecification","valueRequired":true,"valueName":"search_term_string"}}],"inLanguage":"fr-FR"}]}</script>
<!-- / Yoast SEO plugin. -->

Le bailaor et chorégraphe Alfonso Losa nous rend visite à l'occasion de Noël - Cardamomo Flamenco Madrid

L&rsquo;artiste madrilène, connu pour être l&rsquo;auteur de nombreux spectacles qui ont fait le tour de notre pays, a été récompensé à de nombreuses reprises grâce à sa technique, son style et son professionnalisme. Parmi les prix les plus remarquables, citons : le prix El Desplante au Festival del Cante de las Minas ; le prix...

El bailaor y coreógrafo Alfonso Losa nos visita en Navidad
