{"id":86856,"date":"2021-09-30T13:05:46","date_gmt":"2021-09-30T11:05:46","guid":{"rendered":"https:\/\/cardamomo.com\/es\/?post_type=show&amp;p=86856"},"modified":"2021-09-30T13:05:46","modified_gmt":"2021-09-30T11:05:46","slug":"macarena-ramirez","status":"publish","type":"show","link":"https:\/\/cardamomo.com\/fr\/show\/macarena-ramirez\/","title":{"rendered":"Macarena Ram\u00edrez revient \u00e0 Cardamomo"},"content":{"rendered":"<p><\/p>\n<h2>La bailaora de C\u00e1diz sera sur notre sc\u00e8ne du 17 au 22 octobre.<\/h2>\n<p>Macarena Ram\u00edrez a \u00e9t\u00e9 form\u00e9e au conservatoire Maribel Gallardo de Cadix et a poursuivi sa formation dans le domaine des arts du spectacle. Depuis son enfance, elle s&rsquo;est distingu\u00e9e comme artiste et danseuse, devenant en 2002 l&rsquo;une des danseuses de la compagnie d&rsquo;Antonio el Pipa, dans laquelle elle a particip\u00e9 \u00e0 \u00ab\u00a0Puertas adentro\u00a0\u00bb, \u00ab\u00a0Danza Cali\u00a0\u00bb et \u00ab\u00a0De tablao\u00a0\u00bb. Elle a \u00e9galement jou\u00e9 le r\u00f4le de Lola Flores enfant dans le film \u00ab\u00a0Lola, la pel\u00edcula\u00a0\u00bb.<\/p>\n<p>Elle a r\u00e9cemment commenc\u00e9 sa carri\u00e8re de chor\u00e9graphe, en cr\u00e9ant sa propre compagnie de flamenco et en pr\u00e9sentant ses deux premiers spectacles: \u00ab\u00a08 letras, 8 palos\u00a0\u00bb et \u00ab\u00a0Recuerdos\u00a0\u00bb. Dans ce dernier, l&rsquo;artiste se met dans la peau d&rsquo;une ancienne bailaora retrait\u00e9e, qui se souvient de sa jeunesse en tant que bailaora et artiste, une vie qu&rsquo;elle a d\u00fb abandonner pour se consacrer \u00e0 sa famille. D&rsquo;autre part, sa carri\u00e8re artistique d\u00e9passe le cadre de l&rsquo;\u00e9cran lorsqu&rsquo;en 2021, elle est d\u00e9clar\u00e9e gagnante du programme t\u00e9l\u00e9vis\u00e9 de TVE \u00ab\u00a0The Dancer\u00a0\u00bb.<\/p>\n<p>Une artiste de la t\u00eate aux pieds, ne manquez pas son spectacle!<\/p>\n<p><strong>R\u00e9servations \u2b07\ufe0f<\/strong><\/p>\n<p><strong>???? reservas@cardamomo.com<\/strong><\/p>\n<p><strong>\u260e\ufe0f ( +34) 91 805 1038\/ (+34) 691 02 21 17<\/strong><\/p>\n<p><strong>???? cardamomo.com<\/strong><\/p>\n<p><img loading=\"lazy\" decoding=\"async\" class=\"alignnone wp-image-110199\" src=\"https:\/\/cardamomo.com\/wp-content\/uploads\/2022\/03\/log_comunidad_m.jpg\" alt=\"\" width=\"38\" height=\"54\" \/><img loading=\"lazy\" decoding=\"async\" class=\"alignnone wp-image-110187\" src=\"https:\/\/cardamomo.com\/wp-content\/uploads\/2022\/03\/firma_madrid_negro-300x82.png\" alt=\"\" width=\"227\" height=\"62\" \/><img loading=\"lazy\" decoding=\"async\" class=\"alignnone wp-image-110186\" src=\"https:\/\/cardamomo.com\/wp-content\/uploads\/2022\/03\/inaem-02-cajetin-rojo-300x53.png\" alt=\"\" width=\"294\" height=\"52\" \/><\/p>","protected":false},"featured_media":95501,"template":"","meta":{"_acf_changed":false,"inline_featured_image":false},"class_list":["post-86856","show","type-show","status-publish","has-post-thumbnail","hentry"],"acf":[],"yoast_head":"<!-- This site is optimized with the Yoast SEO plugin v27.4 - https:\/\/yoast.com\/product\/yoast-seo-wordpress\/ -->\n<title>Macarena Ram\u00edrez revient \u00e0 Cardamomo - Cardamomo Flamenco Madrid<\/title>\n<meta name=\"robots\" content=\"index, follow, max-snippet:-1, max-image-preview:large, max-video-preview:-1\" \/>\n<link rel=\"canonical\" href=\"\/\" \/>\n<meta property=\"og:locale\" content=\"fr_FR\" \/>\n<meta property=\"og:type\" content=\"article\" \/>\n<meta property=\"og:title\" content=\"Macarena Ram\u00edrez revient \u00e0 Cardamomo - Cardamomo Flamenco Madrid\" \/>\n<meta property=\"og:description\" content=\"La bailaora de C\u00e1diz sera sur notre sc\u00e8ne du 17 au 22 octobre. Macarena Ram\u00edrez a \u00e9t\u00e9 form\u00e9e au conservatoire Maribel Gallardo de Cadix et a poursuivi sa formation dans le domaine des arts du spectacle. Depuis son enfance, elle s&rsquo;est distingu\u00e9e comme artiste et danseuse, devenant en 2002 l&rsquo;une des danseuses de la compagnie...\" \/>\n<meta property=\"og:url\" content=\"https:\/\/cardamomo.com\/fr\/show\/macarena-ramirez\/\" \/>\n<meta property=\"og:site_name\" content=\"Cardamomo Flamenco Madrid\" \/>\n<meta name=\"twitter:card\" content=\"summary_large_image\" \/>\n<meta name=\"twitter:label1\" content=\"Dur\u00e9e de lecture estim\u00e9e\" \/>\n\t<meta name=\"twitter:data1\" content=\"1 minute\" \/>\n<script type=\"application\/ld+json\" class=\"yoast-schema-graph\">{\"@context\":\"https:\\\/\\\/schema.org\",\"@graph\":[{\"@type\":\"WebPage\",\"@id\":\"https:\\\/\\\/cardamomo.com\\\/fr\\\/show\\\/macarena-ramirez\\\/\",\"url\":\"https:\\\/\\\/cardamomo.com\\\/fr\\\/show\\\/macarena-ramirez\\\/\",\"name\":\"Macarena Ram\u00edrez revient \u00e0 Cardamomo - Cardamomo Flamenco Madrid\",\"isPartOf\":{\"@id\":\"https:\\\/\\\/cardamomo.com\\\/fr\\\/#website\"},\"primaryImageOfPage\":{\"@id\":\"https:\\\/\\\/cardamomo.com\\\/fr\\\/show\\\/macarena-ramirez\\\/#primaryimage\"},\"image\":{\"@id\":\"https:\\\/\\\/cardamomo.com\\\/es\\\/show\\\/macarena-ramirez\\\/#primaryimage\"},\"thumbnailUrl\":\"\",\"datePublished\":\"2021-09-30T11:05:46+00:00\",\"breadcrumb\":{\"@id\":\"https:\\\/\\\/cardamomo.com\\\/fr\\\/show\\\/macarena-ramirez\\\/#breadcrumb\"},\"inLanguage\":\"fr-FR\",\"potentialAction\":[{\"@type\":\"ReadAction\",\"target\":[[\"https:\\\/\\\/cardamomo.com\\\/fr\\\/show\\\/macarena-ramirez\\\/\"]]}]},{\"@type\":\"ImageObject\",\"inLanguage\":\"fr-FR\",\"@id\":\"https:\\\/\\\/cardamomo.com\\\/fr\\\/show\\\/macarena-ramirez\\\/#primaryimage\",\"url\":\"\",\"contentUrl\":\"\"},{\"@type\":\"BreadcrumbList\",\"@id\":\"https:\\\/\\\/cardamomo.com\\\/fr\\\/show\\\/macarena-ramirez\\\/#breadcrumb\",\"itemListElement\":[{\"@type\":\"ListItem\",\"position\":1,\"name\":\"Cardamomo\",\"item\":\"https:\\\/\\\/cardamomo.com\\\/fr\\\/\"},{\"@type\":\"ListItem\",\"position\":2,\"name\":\"Shows\",\"item\":\"https:\\\/\\\/cardamomo.com\\\/fr\\\/show\\\/\"},{\"@type\":\"ListItem\",\"position\":3,\"name\":\"Macarena Ram\u00edrez vuelve a Cardamomo\"}]},{\"@type\":\"WebSite\",\"@id\":\"https:\\\/\\\/cardamomo.com\\\/fr\\\/#website\",\"url\":\"https:\\\/\\\/cardamomo.com\\\/fr\\\/\",\"name\":\"Cardamomo Flamenco Madrid\",\"description\":\"\",\"potentialAction\":[{\"@type\":\"SearchAction\",\"target\":{\"@type\":\"EntryPoint\",\"urlTemplate\":\"https:\\\/\\\/cardamomo.com\\\/fr\\\/?s={search_term_string}\"},\"query-input\":{\"@type\":\"PropertyValueSpecification\",\"valueRequired\":true,\"valueName\":\"search_term_string\"}}],\"inLanguage\":\"fr-FR\"}]}<\/script>\n<!-- \/ Yoast SEO plugin. -->","yoast_head_json":{"title":"Macarena Ram\u00edrez revient \u00e0 Cardamomo - Cardamomo Flamenco Madrid","robots":{"index":"index","follow":"follow","max-snippet":"max-snippet:-1","max-image-preview":"max-image-preview:large","max-video-preview":"max-video-preview:-1"},"canonical":"\/","og_locale":"fr_FR","og_type":"article","og_title":"Macarena Ram\u00edrez revient \u00e0 Cardamomo - Cardamomo Flamenco Madrid","og_description":"La bailaora de C\u00e1diz sera sur notre sc\u00e8ne du 17 au 22 octobre. Macarena Ram\u00edrez a \u00e9t\u00e9 form\u00e9e au conservatoire Maribel Gallardo de Cadix et a poursuivi sa formation dans le domaine des arts du spectacle. Depuis son enfance, elle s&rsquo;est distingu\u00e9e comme artiste et danseuse, devenant en 2002 l&rsquo;une des danseuses de la compagnie...","og_url":"https:\/\/cardamomo.com\/fr\/show\/macarena-ramirez\/","og_site_name":"Cardamomo Flamenco Madrid","twitter_card":"summary_large_image","twitter_misc":{"Dur\u00e9e de lecture estim\u00e9e":"1 minute"},"schema":{"@context":"https:\/\/schema.org","@graph":[{"@type":"WebPage","@id":"https:\/\/cardamomo.com\/fr\/show\/macarena-ramirez\/","url":"https:\/\/cardamomo.com\/fr\/show\/macarena-ramirez\/","name":"Macarena Ram\u00edrez revient \u00e0 Cardamomo - Cardamomo Flamenco Madrid","isPartOf":{"@id":"https:\/\/cardamomo.com\/fr\/#website"},"primaryImageOfPage":{"@id":"https:\/\/cardamomo.com\/fr\/show\/macarena-ramirez\/#primaryimage"},"image":{"@id":"https:\/\/cardamomo.com\/es\/show\/macarena-ramirez\/#primaryimage"},"thumbnailUrl":"","datePublished":"2021-09-30T11:05:46+00:00","breadcrumb":{"@id":"https:\/\/cardamomo.com\/fr\/show\/macarena-ramirez\/#breadcrumb"},"inLanguage":"fr-FR","potentialAction":[{"@type":"ReadAction","target":[["https:\/\/cardamomo.com\/fr\/show\/macarena-ramirez\/"]]}]},{"@type":"ImageObject","inLanguage":"fr-FR","@id":"https:\/\/cardamomo.com\/fr\/show\/macarena-ramirez\/#primaryimage","url":"","contentUrl":""},{"@type":"BreadcrumbList","@id":"https:\/\/cardamomo.com\/fr\/show\/macarena-ramirez\/#breadcrumb","itemListElement":[{"@type":"ListItem","position":1,"name":"Cardamomo","item":"https:\/\/cardamomo.com\/fr\/"},{"@type":"ListItem","position":2,"name":"Shows","item":"https:\/\/cardamomo.com\/fr\/show\/"},{"@type":"ListItem","position":3,"name":"Macarena Ram\u00edrez vuelve a Cardamomo"}]},{"@type":"WebSite","@id":"https:\/\/cardamomo.com\/fr\/#website","url":"https:\/\/cardamomo.com\/fr\/","name":"Cardamomo Flamenco Madrid","description":"","potentialAction":[{"@type":"SearchAction","target":{"@type":"EntryPoint","urlTemplate":"https:\/\/cardamomo.com\/fr\/?s={search_term_string}"},"query-input":{"@type":"PropertyValueSpecification","valueRequired":true,"valueName":"search_term_string"}}],"inLanguage":"fr-FR"}]}},"_links":{"self":[{"href":"https:\/\/cardamomo.com\/fr\/wp-json\/wp\/v2\/show\/86856","targetHints":{"allow":["GET"]}}],"collection":[{"href":"https:\/\/cardamomo.com\/fr\/wp-json\/wp\/v2\/show"}],"about":[{"href":"https:\/\/cardamomo.com\/fr\/wp-json\/wp\/v2\/types\/show"}],"wp:featuredmedia":[{"embeddable":true,"href":"https:\/\/cardamomo.com\/fr\/wp-json\/"}],"wp:attachment":[{"href":"https:\/\/cardamomo.com\/fr\/wp-json\/wp\/v2\/media?parent=86856"}],"curies":[{"name":"wp","href":"https:\/\/api.w.org\/{rel}","templated":true}]}}

Macarena Ramírez revient à Cardamomo

<p></p>
<h2>La bailaora de Cádiz sera sur notre scène du 17 au 22 octobre.</h2>
<p>Macarena Ramírez a été formée au conservatoire Maribel Gallardo de Cadix et a poursuivi sa formation dans le domaine des arts du spectacle. Depuis son enfance, elle s&rsquo;est distinguée comme artiste et danseuse, devenant en 2002 l&rsquo;une des danseuses de la compagnie d&rsquo;Antonio el Pipa, dans laquelle elle a participé à « Puertas adentro », « Danza Cali » et « De tablao ». Elle a également joué le rôle de Lola Flores enfant dans le film « Lola, la película ».</p>
<p>Elle a récemment commencé sa carrière de chorégraphe, en créant sa propre compagnie de flamenco et en présentant ses deux premiers spectacles: « 8 letras, 8 palos » et « Recuerdos ». Dans ce dernier, l&rsquo;artiste se met dans la peau d&rsquo;une ancienne bailaora retraitée, qui se souvient de sa jeunesse en tant que bailaora et artiste, une vie qu&rsquo;elle a dû abandonner pour se consacrer à sa famille. D&rsquo;autre part, sa carrière artistique dépasse le cadre de l&rsquo;écran lorsqu&rsquo;en 2021, elle est déclarée gagnante du programme télévisé de TVE « The Dancer ».</p>
<p>Une artiste de la tête aux pieds, ne manquez pas son spectacle!</p>
<p><strong>Réservations ⬇️</strong></p>
<p><strong>???? reservas@cardamomo.com</strong></p>
<p><strong>☎️ ( +34) 91 805 1038/ (+34) 691 02 21 17</strong></p>
<p><strong>???? cardamomo.com</strong></p>
<p><img loading="lazy" decoding="async" class="alignnone wp-image-110199" src="https://cardamomo.com/wp-content/uploads/2022/03/log_comunidad_m.jpg" alt="" width="38" height="54" /><img loading="lazy" decoding="async" class="alignnone wp-image-110187" src="https://cardamomo.com/wp-content/uploads/2022/03/firma_madrid_negro-300x82.png" alt="" width="227" height="62" /><img loading="lazy" decoding="async" class="alignnone wp-image-110186" src="https://cardamomo.com/wp-content/uploads/2022/03/inaem-02-cajetin-rojo-300x53.png" alt="" width="294" height="52" /></p>

<!-- This site is optimized with the Yoast SEO plugin v27.4 - https://yoast.com/product/yoast-seo-wordpress/ -->
<title>Macarena Ramírez revient à Cardamomo - Cardamomo Flamenco Madrid</title>
<meta name="robots" content="index, follow, max-snippet:-1, max-image-preview:large, max-video-preview:-1" />
<link rel="canonical" href="/" />
<meta property="og:locale" content="fr_FR" />
<meta property="og:type" content="article" />
<meta property="og:title" content="Macarena Ramírez revient à Cardamomo - Cardamomo Flamenco Madrid" />
<meta property="og:description" content="La bailaora de Cádiz sera sur notre scène du 17 au 22 octobre. Macarena Ramírez a été formée au conservatoire Maribel Gallardo de Cadix et a poursuivi sa formation dans le domaine des arts du spectacle. Depuis son enfance, elle s&rsquo;est distinguée comme artiste et danseuse, devenant en 2002 l&rsquo;une des danseuses de la compagnie..." />
<meta property="og:url" content="https://cardamomo.com/fr/show/macarena-ramirez/" />
<meta property="og:site_name" content="Cardamomo Flamenco Madrid" />
<meta name="twitter:card" content="summary_large_image" />
<meta name="twitter:label1" content="Durée de lecture estimée" />
	<meta name="twitter:data1" content="1 minute" />
<script type="application/ld+json" class="yoast-schema-graph">{"@context":"https:\/\/schema.org","@graph":[{"@type":"WebPage","@id":"https:\/\/cardamomo.com\/fr\/show\/macarena-ramirez\/","url":"https:\/\/cardamomo.com\/fr\/show\/macarena-ramirez\/","name":"Macarena Ramírez revient à Cardamomo - Cardamomo Flamenco Madrid","isPartOf":{"@id":"https:\/\/cardamomo.com\/fr\/#website"},"primaryImageOfPage":{"@id":"https:\/\/cardamomo.com\/fr\/show\/macarena-ramirez\/#primaryimage"},"image":{"@id":"https:\/\/cardamomo.com\/es\/show\/macarena-ramirez\/#primaryimage"},"thumbnailUrl":"","datePublished":"2021-09-30T11:05:46+00:00","breadcrumb":{"@id":"https:\/\/cardamomo.com\/fr\/show\/macarena-ramirez\/#breadcrumb"},"inLanguage":"fr-FR","potentialAction":[{"@type":"ReadAction","target":[["https:\/\/cardamomo.com\/fr\/show\/macarena-ramirez\/"]]}]},{"@type":"ImageObject","inLanguage":"fr-FR","@id":"https:\/\/cardamomo.com\/fr\/show\/macarena-ramirez\/#primaryimage","url":"","contentUrl":""},{"@type":"BreadcrumbList","@id":"https:\/\/cardamomo.com\/fr\/show\/macarena-ramirez\/#breadcrumb","itemListElement":[{"@type":"ListItem","position":1,"name":"Cardamomo","item":"https:\/\/cardamomo.com\/fr\/"},{"@type":"ListItem","position":2,"name":"Shows","item":"https:\/\/cardamomo.com\/fr\/show\/"},{"@type":"ListItem","position":3,"name":"Macarena Ramírez vuelve a Cardamomo"}]},{"@type":"WebSite","@id":"https:\/\/cardamomo.com\/fr\/#website","url":"https:\/\/cardamomo.com\/fr\/","name":"Cardamomo Flamenco Madrid","description":"","potentialAction":[{"@type":"SearchAction","target":{"@type":"EntryPoint","urlTemplate":"https:\/\/cardamomo.com\/fr\/?s={search_term_string}"},"query-input":{"@type":"PropertyValueSpecification","valueRequired":true,"valueName":"search_term_string"}}],"inLanguage":"fr-FR"}]}</script>
<!-- / Yoast SEO plugin. -->

Macarena Ramírez revient à Cardamomo - Cardamomo Flamenco Madrid

La bailaora de Cádiz sera sur notre scène du 17 au 22 octobre. Macarena Ramírez a été formée au conservatoire Maribel Gallardo de Cadix et a poursuivi sa formation dans le domaine des arts du spectacle. Depuis son enfance, elle s&rsquo;est distinguée comme artiste et danseuse, devenant en 2002 l&rsquo;une des danseuses de la compagnie...

Macarena Ramírez vuelve a Cardamomo
