{"id":81800,"date":"2021-05-31T14:15:07","date_gmt":"2021-05-31T12:15:07","guid":{"rendered":"https:\/\/cardamomo.com\/es\/?post_type=show&amp;p=81800"},"modified":"2021-05-31T14:15:07","modified_gmt":"2021-05-31T12:15:07","slug":"del-17-al-20-de-junio-choro-molina","status":"publish","type":"show","link":"https:\/\/cardamomo.com\/fr\/show\/le-talentueux-danseur-choro-molina-revient-a-cardamomo\/","title":{"rendered":"Le talentueux danseur Choro Molina revient \u00e0 Cardamomo"},"content":{"rendered":"<p>Antonio est un artiste prim\u00e9 \u00e0 plusieurs reprises et un danseur principal avec des compagnies telles que Israel Galv\u00e1n et Eva la Yerbabuena.<br \/>\nIl a une longue carri\u00e8re et est habitu\u00e9 aux grands publics dans les th\u00e9\u00e2tres, les festivals, et plus encore, il vient \u00e0 Cardamomo pour rechercher la chaleur du public local. Cette atmosph\u00e8re que l&rsquo;on ne peut trouver que dans des endroits aussi intimes que notre tablao.<\/p>\n<p>Il n&rsquo;\u00e9tait pas possible de r\u00e9aliser un cycle des bailaores et bailaoras les plus renomm\u00e9s du monde sans sa pr\u00e9sence. Car cet artiste, qui a pr\u00e9sent\u00e9 en 2015 le spectacle <em>\u00ab\u00a0Aviso : Bayles de Jitanos \u00ab\u00a0<\/em> avec sa propre compagnie au Festival de Jerez, est l&rsquo;un des plus appr\u00e9ci\u00e9s dans le monde du flamenco.<\/p>\n<p>Ne manquez pas ce talentueux danseur en concert au Cardamomo Tablao Flamenco.<\/p>\n<p><strong>R\u00e9servations \u2b07\ufe0f<\/strong><\/p>\n<p><strong>???? reservas@cardamomo.com<\/strong><\/p>\n<p><strong>\u260e\ufe0f ( +34) 91 805 1038\/ (+34) 691 02 21 17<\/strong><\/p>\n<p><strong>???? cardamomo.com<\/strong><\/p>\n<p><img loading=\"lazy\" decoding=\"async\" class=\"alignnone wp-image-110199\" src=\"https:\/\/cardamomo.com\/wp-content\/uploads\/2022\/03\/log_comunidad_m.jpg\" alt=\"\" width=\"38\" height=\"54\" \/><img loading=\"lazy\" decoding=\"async\" class=\"alignnone wp-image-110187\" src=\"https:\/\/cardamomo.com\/wp-content\/uploads\/2022\/03\/firma_madrid_negro-300x82.png\" alt=\"\" width=\"227\" height=\"62\" \/><img loading=\"lazy\" decoding=\"async\" class=\"alignnone wp-image-110186\" src=\"https:\/\/cardamomo.com\/wp-content\/uploads\/2022\/03\/inaem-02-cajetin-rojo-300x53.png\" alt=\"\" width=\"294\" height=\"52\" \/><\/p>","protected":false},"featured_media":98607,"template":"","meta":{"_acf_changed":false,"inline_featured_image":false},"class_list":["post-81800","show","type-show","status-publish","has-post-thumbnail","hentry"],"acf":[],"yoast_head":"<!-- This site is optimized with the Yoast SEO plugin v27.4 - https:\/\/yoast.com\/product\/yoast-seo-wordpress\/ -->\n<title>Le talentueux danseur Choro Molina revient \u00e0 Cardamomo - Cardamomo Flamenco Madrid<\/title>\n<meta name=\"robots\" content=\"index, follow, max-snippet:-1, max-image-preview:large, max-video-preview:-1\" \/>\n<link rel=\"canonical\" href=\"\/\" \/>\n<meta property=\"og:locale\" content=\"fr_FR\" \/>\n<meta property=\"og:type\" content=\"article\" \/>\n<meta property=\"og:title\" content=\"Le talentueux danseur Choro Molina revient \u00e0 Cardamomo - Cardamomo Flamenco Madrid\" \/>\n<meta property=\"og:description\" content=\"Antonio est un artiste prim\u00e9 \u00e0 plusieurs reprises et un danseur principal avec des compagnies telles que Israel Galv\u00e1n et Eva la Yerbabuena. Il a une longue carri\u00e8re et est habitu\u00e9 aux grands publics dans les th\u00e9\u00e2tres, les festivals, et plus encore, il vient \u00e0 Cardamomo pour rechercher la chaleur du public local. Cette atmosph\u00e8re...\" \/>\n<meta property=\"og:url\" content=\"https:\/\/cardamomo.com\/fr\/show\/el-talentoso-bailaor-choro-molina-vuelve-a-cardamomo\/\" \/>\n<meta property=\"og:site_name\" content=\"Cardamomo Flamenco Madrid\" \/>\n<meta name=\"twitter:card\" content=\"summary_large_image\" \/>\n<meta name=\"twitter:label1\" content=\"Dur\u00e9e de lecture estim\u00e9e\" \/>\n\t<meta name=\"twitter:data1\" content=\"2 minutes\" \/>\n<script type=\"application\/ld+json\" class=\"yoast-schema-graph\">{\"@context\":\"https:\\\/\\\/schema.org\",\"@graph\":[{\"@type\":\"WebPage\",\"@id\":\"https:\\\/\\\/cardamomo.com\\\/fr\\\/show\\\/el-talentoso-bailaor-choro-molina-vuelve-a-cardamomo\\\/\",\"url\":\"https:\\\/\\\/cardamomo.com\\\/fr\\\/show\\\/el-talentoso-bailaor-choro-molina-vuelve-a-cardamomo\\\/\",\"name\":\"Le talentueux danseur Choro Molina revient \u00e0 Cardamomo - Cardamomo Flamenco Madrid\",\"isPartOf\":{\"@id\":\"https:\\\/\\\/cardamomo.com\\\/fr\\\/#website\"},\"primaryImageOfPage\":{\"@id\":\"https:\\\/\\\/cardamomo.com\\\/fr\\\/show\\\/el-talentoso-bailaor-choro-molina-vuelve-a-cardamomo\\\/#primaryimage\"},\"image\":{\"@id\":\"https:\\\/\\\/cardamomo.com\\\/es\\\/show\\\/el-talentoso-bailaor-choro-molina-vuelve-a-cardamomo\\\/#primaryimage\"},\"thumbnailUrl\":\"\",\"datePublished\":\"2021-05-31T12:15:07+00:00\",\"breadcrumb\":{\"@id\":\"https:\\\/\\\/cardamomo.com\\\/fr\\\/show\\\/el-talentoso-bailaor-choro-molina-vuelve-a-cardamomo\\\/#breadcrumb\"},\"inLanguage\":\"fr-FR\",\"potentialAction\":[{\"@type\":\"ReadAction\",\"target\":[[\"https:\\\/\\\/cardamomo.com\\\/fr\\\/show\\\/el-talentoso-bailaor-choro-molina-vuelve-a-cardamomo\\\/\"]]}]},{\"@type\":\"ImageObject\",\"inLanguage\":\"fr-FR\",\"@id\":\"https:\\\/\\\/cardamomo.com\\\/fr\\\/show\\\/el-talentoso-bailaor-choro-molina-vuelve-a-cardamomo\\\/#primaryimage\",\"url\":\"\",\"contentUrl\":\"\"},{\"@type\":\"BreadcrumbList\",\"@id\":\"https:\\\/\\\/cardamomo.com\\\/fr\\\/show\\\/el-talentoso-bailaor-choro-molina-vuelve-a-cardamomo\\\/#breadcrumb\",\"itemListElement\":[{\"@type\":\"ListItem\",\"position\":1,\"name\":\"Cardamomo\",\"item\":\"https:\\\/\\\/cardamomo.com\\\/fr\\\/\"},{\"@type\":\"ListItem\",\"position\":2,\"name\":\"Shows\",\"item\":\"https:\\\/\\\/cardamomo.com\\\/fr\\\/show\\\/\"},{\"@type\":\"ListItem\",\"position\":3,\"name\":\"El talentoso bailaor Choro Molina vuelve a Cardamomo\"}]},{\"@type\":\"WebSite\",\"@id\":\"https:\\\/\\\/cardamomo.com\\\/fr\\\/#website\",\"url\":\"https:\\\/\\\/cardamomo.com\\\/fr\\\/\",\"name\":\"Cardamomo Flamenco Madrid\",\"description\":\"\",\"potentialAction\":[{\"@type\":\"SearchAction\",\"target\":{\"@type\":\"EntryPoint\",\"urlTemplate\":\"https:\\\/\\\/cardamomo.com\\\/fr\\\/?s={search_term_string}\"},\"query-input\":{\"@type\":\"PropertyValueSpecification\",\"valueRequired\":true,\"valueName\":\"search_term_string\"}}],\"inLanguage\":\"fr-FR\"}]}<\/script>\n<!-- \/ Yoast SEO plugin. -->","yoast_head_json":{"title":"Le talentueux danseur Choro Molina revient \u00e0 Cardamomo - Cardamomo Flamenco Madrid","robots":{"index":"index","follow":"follow","max-snippet":"max-snippet:-1","max-image-preview":"max-image-preview:large","max-video-preview":"max-video-preview:-1"},"canonical":"\/","og_locale":"fr_FR","og_type":"article","og_title":"Le talentueux danseur Choro Molina revient \u00e0 Cardamomo - Cardamomo Flamenco Madrid","og_description":"Antonio est un artiste prim\u00e9 \u00e0 plusieurs reprises et un danseur principal avec des compagnies telles que Israel Galv\u00e1n et Eva la Yerbabuena. Il a une longue carri\u00e8re et est habitu\u00e9 aux grands publics dans les th\u00e9\u00e2tres, les festivals, et plus encore, il vient \u00e0 Cardamomo pour rechercher la chaleur du public local. Cette atmosph\u00e8re...","og_url":"https:\/\/cardamomo.com\/fr\/show\/el-talentoso-bailaor-choro-molina-vuelve-a-cardamomo\/","og_site_name":"Cardamomo Flamenco Madrid","twitter_card":"summary_large_image","twitter_misc":{"Dur\u00e9e de lecture estim\u00e9e":"2 minutes"},"schema":{"@context":"https:\/\/schema.org","@graph":[{"@type":"WebPage","@id":"https:\/\/cardamomo.com\/fr\/show\/el-talentoso-bailaor-choro-molina-vuelve-a-cardamomo\/","url":"https:\/\/cardamomo.com\/fr\/show\/el-talentoso-bailaor-choro-molina-vuelve-a-cardamomo\/","name":"Le talentueux danseur Choro Molina revient \u00e0 Cardamomo - Cardamomo Flamenco Madrid","isPartOf":{"@id":"https:\/\/cardamomo.com\/fr\/#website"},"primaryImageOfPage":{"@id":"https:\/\/cardamomo.com\/fr\/show\/el-talentoso-bailaor-choro-molina-vuelve-a-cardamomo\/#primaryimage"},"image":{"@id":"https:\/\/cardamomo.com\/es\/show\/el-talentoso-bailaor-choro-molina-vuelve-a-cardamomo\/#primaryimage"},"thumbnailUrl":"","datePublished":"2021-05-31T12:15:07+00:00","breadcrumb":{"@id":"https:\/\/cardamomo.com\/fr\/show\/el-talentoso-bailaor-choro-molina-vuelve-a-cardamomo\/#breadcrumb"},"inLanguage":"fr-FR","potentialAction":[{"@type":"ReadAction","target":[["https:\/\/cardamomo.com\/fr\/show\/el-talentoso-bailaor-choro-molina-vuelve-a-cardamomo\/"]]}]},{"@type":"ImageObject","inLanguage":"fr-FR","@id":"https:\/\/cardamomo.com\/fr\/show\/el-talentoso-bailaor-choro-molina-vuelve-a-cardamomo\/#primaryimage","url":"","contentUrl":""},{"@type":"BreadcrumbList","@id":"https:\/\/cardamomo.com\/fr\/show\/el-talentoso-bailaor-choro-molina-vuelve-a-cardamomo\/#breadcrumb","itemListElement":[{"@type":"ListItem","position":1,"name":"Cardamomo","item":"https:\/\/cardamomo.com\/fr\/"},{"@type":"ListItem","position":2,"name":"Shows","item":"https:\/\/cardamomo.com\/fr\/show\/"},{"@type":"ListItem","position":3,"name":"El talentoso bailaor Choro Molina vuelve a Cardamomo"}]},{"@type":"WebSite","@id":"https:\/\/cardamomo.com\/fr\/#website","url":"https:\/\/cardamomo.com\/fr\/","name":"Cardamomo Flamenco Madrid","description":"","potentialAction":[{"@type":"SearchAction","target":{"@type":"EntryPoint","urlTemplate":"https:\/\/cardamomo.com\/fr\/?s={search_term_string}"},"query-input":{"@type":"PropertyValueSpecification","valueRequired":true,"valueName":"search_term_string"}}],"inLanguage":"fr-FR"}]}},"_links":{"self":[{"href":"https:\/\/cardamomo.com\/fr\/wp-json\/wp\/v2\/show\/81800","targetHints":{"allow":["GET"]}}],"collection":[{"href":"https:\/\/cardamomo.com\/fr\/wp-json\/wp\/v2\/show"}],"about":[{"href":"https:\/\/cardamomo.com\/fr\/wp-json\/wp\/v2\/types\/show"}],"wp:featuredmedia":[{"embeddable":true,"href":"https:\/\/cardamomo.com\/fr\/wp-json\/"}],"wp:attachment":[{"href":"https:\/\/cardamomo.com\/fr\/wp-json\/wp\/v2\/media?parent=81800"}],"curies":[{"name":"wp","href":"https:\/\/api.w.org\/{rel}","templated":true}]}}

Le talentueux danseur Choro Molina revient à Cardamomo

<p>Antonio est un artiste primé à plusieurs reprises et un danseur principal avec des compagnies telles que Israel Galván et Eva la Yerbabuena.<br />
Il a une longue carrière et est habitué aux grands publics dans les théâtres, les festivals, et plus encore, il vient à Cardamomo pour rechercher la chaleur du public local. Cette atmosphère que l&rsquo;on ne peut trouver que dans des endroits aussi intimes que notre tablao.</p>
<p>Il n&rsquo;était pas possible de réaliser un cycle des bailaores et bailaoras les plus renommés du monde sans sa présence. Car cet artiste, qui a présenté en 2015 le spectacle <em>« Aviso : Bayles de Jitanos « </em> avec sa propre compagnie au Festival de Jerez, est l&rsquo;un des plus appréciés dans le monde du flamenco.</p>
<p>Ne manquez pas ce talentueux danseur en concert au Cardamomo Tablao Flamenco.</p>
<p><strong>Réservations ⬇️</strong></p>
<p><strong>???? reservas@cardamomo.com</strong></p>
<p><strong>☎️ ( +34) 91 805 1038/ (+34) 691 02 21 17</strong></p>
<p><strong>???? cardamomo.com</strong></p>
<p><img loading="lazy" decoding="async" class="alignnone wp-image-110199" src="https://cardamomo.com/wp-content/uploads/2022/03/log_comunidad_m.jpg" alt="" width="38" height="54" /><img loading="lazy" decoding="async" class="alignnone wp-image-110187" src="https://cardamomo.com/wp-content/uploads/2022/03/firma_madrid_negro-300x82.png" alt="" width="227" height="62" /><img loading="lazy" decoding="async" class="alignnone wp-image-110186" src="https://cardamomo.com/wp-content/uploads/2022/03/inaem-02-cajetin-rojo-300x53.png" alt="" width="294" height="52" /></p>

<!-- This site is optimized with the Yoast SEO plugin v27.4 - https://yoast.com/product/yoast-seo-wordpress/ -->
<title>Le talentueux danseur Choro Molina revient à Cardamomo - Cardamomo Flamenco Madrid</title>
<meta name="robots" content="index, follow, max-snippet:-1, max-image-preview:large, max-video-preview:-1" />
<link rel="canonical" href="/" />
<meta property="og:locale" content="fr_FR" />
<meta property="og:type" content="article" />
<meta property="og:title" content="Le talentueux danseur Choro Molina revient à Cardamomo - Cardamomo Flamenco Madrid" />
<meta property="og:description" content="Antonio est un artiste primé à plusieurs reprises et un danseur principal avec des compagnies telles que Israel Galván et Eva la Yerbabuena. Il a une longue carrière et est habitué aux grands publics dans les théâtres, les festivals, et plus encore, il vient à Cardamomo pour rechercher la chaleur du public local. Cette atmosphère..." />
<meta property="og:url" content="https://cardamomo.com/fr/show/el-talentoso-bailaor-choro-molina-vuelve-a-cardamomo/" />
<meta property="og:site_name" content="Cardamomo Flamenco Madrid" />
<meta name="twitter:card" content="summary_large_image" />
<meta name="twitter:label1" content="Durée de lecture estimée" />
	<meta name="twitter:data1" content="2 minutes" />
<script type="application/ld+json" class="yoast-schema-graph">{"@context":"https:\/\/schema.org","@graph":[{"@type":"WebPage","@id":"https:\/\/cardamomo.com\/fr\/show\/el-talentoso-bailaor-choro-molina-vuelve-a-cardamomo\/","url":"https:\/\/cardamomo.com\/fr\/show\/el-talentoso-bailaor-choro-molina-vuelve-a-cardamomo\/","name":"Le talentueux danseur Choro Molina revient à Cardamomo - Cardamomo Flamenco Madrid","isPartOf":{"@id":"https:\/\/cardamomo.com\/fr\/#website"},"primaryImageOfPage":{"@id":"https:\/\/cardamomo.com\/fr\/show\/el-talentoso-bailaor-choro-molina-vuelve-a-cardamomo\/#primaryimage"},"image":{"@id":"https:\/\/cardamomo.com\/es\/show\/el-talentoso-bailaor-choro-molina-vuelve-a-cardamomo\/#primaryimage"},"thumbnailUrl":"","datePublished":"2021-05-31T12:15:07+00:00","breadcrumb":{"@id":"https:\/\/cardamomo.com\/fr\/show\/el-talentoso-bailaor-choro-molina-vuelve-a-cardamomo\/#breadcrumb"},"inLanguage":"fr-FR","potentialAction":[{"@type":"ReadAction","target":[["https:\/\/cardamomo.com\/fr\/show\/el-talentoso-bailaor-choro-molina-vuelve-a-cardamomo\/"]]}]},{"@type":"ImageObject","inLanguage":"fr-FR","@id":"https:\/\/cardamomo.com\/fr\/show\/el-talentoso-bailaor-choro-molina-vuelve-a-cardamomo\/#primaryimage","url":"","contentUrl":""},{"@type":"BreadcrumbList","@id":"https:\/\/cardamomo.com\/fr\/show\/el-talentoso-bailaor-choro-molina-vuelve-a-cardamomo\/#breadcrumb","itemListElement":[{"@type":"ListItem","position":1,"name":"Cardamomo","item":"https:\/\/cardamomo.com\/fr\/"},{"@type":"ListItem","position":2,"name":"Shows","item":"https:\/\/cardamomo.com\/fr\/show\/"},{"@type":"ListItem","position":3,"name":"El talentoso bailaor Choro Molina vuelve a Cardamomo"}]},{"@type":"WebSite","@id":"https:\/\/cardamomo.com\/fr\/#website","url":"https:\/\/cardamomo.com\/fr\/","name":"Cardamomo Flamenco Madrid","description":"","potentialAction":[{"@type":"SearchAction","target":{"@type":"EntryPoint","urlTemplate":"https:\/\/cardamomo.com\/fr\/?s={search_term_string}"},"query-input":{"@type":"PropertyValueSpecification","valueRequired":true,"valueName":"search_term_string"}}],"inLanguage":"fr-FR"}]}</script>
<!-- / Yoast SEO plugin. -->

Le talentueux danseur Choro Molina revient à Cardamomo - Cardamomo Flamenco Madrid

Antonio est un artiste primé à plusieurs reprises et un danseur principal avec des compagnies telles que Israel Galván et Eva la Yerbabuena. Il a une longue carrière et est habitué aux grands publics dans les théâtres, les festivals, et plus encore, il vient à Cardamomo pour rechercher la chaleur du public local. Cette atmosphère...
