{"id":157999,"date":"2025-11-23T17:38:57","date_gmt":"2025-11-23T16:38:57","guid":{"rendered":"https:\/\/cardamomo.com\/es\/?post_type=show&#038;p=157999"},"modified":"2025-12-22T11:27:16","modified_gmt":"2025-12-22T10:27:16","slug":"el-mejor-flamenco-para-terminar-el-ano-en-cardamomo-flamenco-madrid","status":"publish","type":"show","link":"https:\/\/cardamomo.com\/fr\/show\/decembre-flamenco-2025\/","title":{"rendered":"Le meilleur flamenco en d\u00e9cembre au Cardamomo Flamenco Madrid"},"content":{"rendered":"<p><\/p>\n<p data-start=\"1108\" data-end=\"1269\">Tu connais le froid de Madrid en d\u00e9cembre. Celui qui colle \u00e0 la peau lorsque tu marches sous un million de lumi\u00e8res. Mais connais-tu la chaleur qui gu\u00e9rit tout ?<\/p>\n<p data-start=\"1271\" data-end=\"1506\">C\u2019est la chaleur d\u2019un verre de vin pos\u00e9 sur la table. La chaleur d\u2019un corps qui se brise dans un <em data-start=\"1368\" data-end=\"1376\">quej\u00edo<\/em>. La chaleur d\u2019une guitare qui enveloppe le silence. C\u2019est la chaleur d\u2019une porte qui se ferme au monde pour s\u2019ouvrir au <em data-start=\"1497\" data-end=\"1505\">duende<\/em>.<\/p>\n<p data-start=\"1508\" data-end=\"1713\">Cette semaine, \u00e0 <strong>Cardamomo Flamenco Madrid<\/strong>, nous t\u2019offrons ce refuge. Un lieu o\u00f9 le temps s\u2019arr\u00eate et o\u00f9 la seule urgence est celle d\u2019un talon frappant le bois. Un coin de pure v\u00e9rit\u00e9 au milieu du tumulte.<\/p>\n<p data-start=\"1715\" data-end=\"1779\">Entre. Laisse le froid \u00e0 la porte. Ici, ton \u00e2me est en s\u00e9curit\u00e9.<\/p>\n<p data-start=\"1781\" data-end=\"1827\"><a href=\"https:\/\/cardamomo.com\/fr\/achat-de-billets\/\"><strong>R\u00e9serve d\u00e8s maintenant ton entr\u00e9e \u00e0 Cardamomo.<\/strong><\/a><\/p>\n<p><\/p>","protected":false},"featured_media":158000,"template":"","meta":{"_acf_changed":false,"inline_featured_image":false},"class_list":["post-157999","show","type-show","status-publish","has-post-thumbnail","hentry"],"acf":[],"yoast_head":"<!-- This site is optimized with the Yoast SEO plugin v27.4 - https:\/\/yoast.com\/product\/yoast-seo-wordpress\/ -->\n<title>Le meilleur flamenco en d\u00e9cembre au Cardamomo Flamenco Madrid - Cardamomo Flamenco Madrid<\/title>\n<meta name=\"description\" content=\"Vivez la chaleur du flamenco en d\u00e9cembre au Cardamomo : un refuge intime au c\u0153ur de Madrid pour un spectacle unique de No\u00ebl. R\u00e9servez vos billets.\" \/>\n<meta name=\"robots\" content=\"index, follow, max-snippet:-1, max-image-preview:large, max-video-preview:-1\" \/>\n<link rel=\"canonical\" href=\"\/\" \/>\n<meta property=\"og:locale\" content=\"fr_FR\" \/>\n<meta property=\"og:type\" content=\"article\" \/>\n<meta property=\"og:title\" content=\"Le meilleur flamenco en d\u00e9cembre au Cardamomo Flamenco Madrid - Cardamomo Flamenco Madrid\" \/>\n<meta property=\"og:description\" content=\"Vivez la chaleur du flamenco en d\u00e9cembre au Cardamomo : un refuge intime au c\u0153ur de Madrid pour un spectacle unique de No\u00ebl. R\u00e9servez vos billets.\" \/>\n<meta property=\"og:url\" content=\"https:\/\/cardamomo.com\/fr\/show\/diciembre-flamenco-2025\/\" \/>\n<meta property=\"og:site_name\" content=\"Cardamomo Flamenco Madrid\" \/>\n<meta property=\"article:modified_time\" content=\"2025-12-22T10:27:16+00:00\" \/>\n<meta property=\"og:image\" content=\"https:\/\/cardamomo.ams3.digitaloceanspaces.com\/wp-content\/uploads\/2025\/11\/23173604\/flamenco.webp\" \/>\n\t<meta property=\"og:image:width\" content=\"2048\" \/>\n\t<meta property=\"og:image:height\" content=\"1365\" \/>\n\t<meta property=\"og:image:type\" content=\"image\/webp\" \/>\n<meta name=\"twitter:card\" content=\"summary_large_image\" \/>\n<meta name=\"twitter:label1\" content=\"Dur\u00e9e de lecture estim\u00e9e\" \/>\n\t<meta name=\"twitter:data1\" content=\"1 minute\" \/>\n<script type=\"application\/ld+json\" class=\"yoast-schema-graph\">{\"@context\":\"https:\\\/\\\/schema.org\",\"@graph\":[{\"@type\":\"WebPage\",\"@id\":\"https:\\\/\\\/cardamomo.com\\\/fr\\\/show\\\/diciembre-flamenco-2025\\\/\",\"url\":\"https:\\\/\\\/cardamomo.com\\\/fr\\\/show\\\/diciembre-flamenco-2025\\\/\",\"name\":\"Le meilleur flamenco en d\u00e9cembre au Cardamomo Flamenco Madrid - Cardamomo Flamenco Madrid\",\"isPartOf\":{\"@id\":\"https:\\\/\\\/cardamomo.com\\\/fr\\\/#website\"},\"primaryImageOfPage\":{\"@id\":\"https:\\\/\\\/cardamomo.com\\\/fr\\\/show\\\/diciembre-flamenco-2025\\\/#primaryimage\"},\"image\":{\"@id\":\"https:\\\/\\\/cardamomo.com\\\/es\\\/show\\\/diciembre-flamenco-2025\\\/#primaryimage\"},\"thumbnailUrl\":\"https:\\\/\\\/cardamomo.ams3.digitaloceanspaces.com\\\/wp-content\\\/uploads\\\/2025\\\/11\\\/23173604\\\/flamenco.webp\",\"datePublished\":\"2025-11-23T16:38:57+00:00\",\"dateModified\":\"2025-12-22T10:27:16+00:00\",\"description\":\"Vivez la chaleur du flamenco en d\u00e9cembre au Cardamomo : un refuge intime au c\u0153ur de Madrid pour un spectacle unique de No\u00ebl. R\u00e9servez vos billets.\",\"breadcrumb\":{\"@id\":\"https:\\\/\\\/cardamomo.com\\\/fr\\\/show\\\/diciembre-flamenco-2025\\\/#breadcrumb\"},\"inLanguage\":\"fr-FR\",\"potentialAction\":[{\"@type\":\"ReadAction\",\"target\":[[\"https:\\\/\\\/cardamomo.com\\\/fr\\\/show\\\/diciembre-flamenco-2025\\\/\"]]}]},{\"@type\":\"ImageObject\",\"inLanguage\":\"fr-FR\",\"@id\":\"https:\\\/\\\/cardamomo.com\\\/fr\\\/show\\\/diciembre-flamenco-2025\\\/#primaryimage\",\"url\":\"https:\\\/\\\/cardamomo.ams3.digitaloceanspaces.com\\\/wp-content\\\/uploads\\\/2025\\\/11\\\/23173604\\\/flamenco.webp\",\"contentUrl\":\"https:\\\/\\\/cardamomo.ams3.digitaloceanspaces.com\\\/wp-content\\\/uploads\\\/2025\\\/11\\\/23173604\\\/flamenco.webp\",\"width\":2048,\"height\":1365,\"caption\":\"Cardamomo Flamenco Madrid Diciembre 2025\"},{\"@type\":\"BreadcrumbList\",\"@id\":\"https:\\\/\\\/cardamomo.com\\\/fr\\\/show\\\/diciembre-flamenco-2025\\\/#breadcrumb\",\"itemListElement\":[{\"@type\":\"ListItem\",\"position\":1,\"name\":\"Cardamomo\",\"item\":\"https:\\\/\\\/cardamomo.com\\\/fr\\\/\"},{\"@type\":\"ListItem\",\"position\":2,\"name\":\"Shows\",\"item\":\"https:\\\/\\\/cardamomo.com\\\/fr\\\/show\\\/\"},{\"@type\":\"ListItem\",\"position\":3,\"name\":\"El mejor Flamenco en Diciembre en Cardamomo Flamenco Madrid\"}]},{\"@type\":\"WebSite\",\"@id\":\"https:\\\/\\\/cardamomo.com\\\/fr\\\/#website\",\"url\":\"https:\\\/\\\/cardamomo.com\\\/fr\\\/\",\"name\":\"Cardamomo Flamenco Madrid\",\"description\":\"\",\"potentialAction\":[{\"@type\":\"SearchAction\",\"target\":{\"@type\":\"EntryPoint\",\"urlTemplate\":\"https:\\\/\\\/cardamomo.com\\\/fr\\\/?s={search_term_string}\"},\"query-input\":{\"@type\":\"PropertyValueSpecification\",\"valueRequired\":true,\"valueName\":\"search_term_string\"}}],\"inLanguage\":\"fr-FR\"}]}<\/script>\n<!-- \/ Yoast SEO plugin. -->","yoast_head_json":{"title":"Le meilleur flamenco en d\u00e9cembre au Cardamomo Flamenco Madrid - Cardamomo Flamenco Madrid","description":"Vivez la chaleur du flamenco en d\u00e9cembre au Cardamomo : un refuge intime au c\u0153ur de Madrid pour un spectacle unique de No\u00ebl. R\u00e9servez vos billets.","robots":{"index":"index","follow":"follow","max-snippet":"max-snippet:-1","max-image-preview":"max-image-preview:large","max-video-preview":"max-video-preview:-1"},"canonical":"\/","og_locale":"fr_FR","og_type":"article","og_title":"Le meilleur flamenco en d\u00e9cembre au Cardamomo Flamenco Madrid - Cardamomo Flamenco Madrid","og_description":"Vivez la chaleur du flamenco en d\u00e9cembre au Cardamomo : un refuge intime au c\u0153ur de Madrid pour un spectacle unique de No\u00ebl. R\u00e9servez vos billets.","og_url":"https:\/\/cardamomo.com\/fr\/show\/diciembre-flamenco-2025\/","og_site_name":"Cardamomo Flamenco Madrid","article_modified_time":"2025-12-22T10:27:16+00:00","og_image":[{"width":2048,"height":1365,"url":"https:\/\/cardamomo.ams3.digitaloceanspaces.com\/wp-content\/uploads\/2025\/11\/23173604\/flamenco.webp","type":"image\/webp"}],"twitter_card":"summary_large_image","twitter_misc":{"Dur\u00e9e de lecture estim\u00e9e":"1 minute"},"schema":{"@context":"https:\/\/schema.org","@graph":[{"@type":"WebPage","@id":"https:\/\/cardamomo.com\/fr\/show\/diciembre-flamenco-2025\/","url":"https:\/\/cardamomo.com\/fr\/show\/diciembre-flamenco-2025\/","name":"Le meilleur flamenco en d\u00e9cembre au Cardamomo Flamenco Madrid - Cardamomo Flamenco Madrid","isPartOf":{"@id":"https:\/\/cardamomo.com\/fr\/#website"},"primaryImageOfPage":{"@id":"https:\/\/cardamomo.com\/fr\/show\/diciembre-flamenco-2025\/#primaryimage"},"image":{"@id":"https:\/\/cardamomo.com\/es\/show\/diciembre-flamenco-2025\/#primaryimage"},"thumbnailUrl":"https:\/\/cardamomo.ams3.digitaloceanspaces.com\/wp-content\/uploads\/2025\/11\/23173604\/flamenco.webp","datePublished":"2025-11-23T16:38:57+00:00","dateModified":"2025-12-22T10:27:16+00:00","description":"Vivez la chaleur du flamenco en d\u00e9cembre au Cardamomo : un refuge intime au c\u0153ur de Madrid pour un spectacle unique de No\u00ebl. R\u00e9servez vos billets.","breadcrumb":{"@id":"https:\/\/cardamomo.com\/fr\/show\/diciembre-flamenco-2025\/#breadcrumb"},"inLanguage":"fr-FR","potentialAction":[{"@type":"ReadAction","target":[["https:\/\/cardamomo.com\/fr\/show\/diciembre-flamenco-2025\/"]]}]},{"@type":"ImageObject","inLanguage":"fr-FR","@id":"https:\/\/cardamomo.com\/fr\/show\/diciembre-flamenco-2025\/#primaryimage","url":"https:\/\/cardamomo.ams3.digitaloceanspaces.com\/wp-content\/uploads\/2025\/11\/23173604\/flamenco.webp","contentUrl":"https:\/\/cardamomo.ams3.digitaloceanspaces.com\/wp-content\/uploads\/2025\/11\/23173604\/flamenco.webp","width":2048,"height":1365,"caption":"Cardamomo Flamenco Madrid Diciembre 2025"},{"@type":"BreadcrumbList","@id":"https:\/\/cardamomo.com\/fr\/show\/diciembre-flamenco-2025\/#breadcrumb","itemListElement":[{"@type":"ListItem","position":1,"name":"Cardamomo","item":"https:\/\/cardamomo.com\/fr\/"},{"@type":"ListItem","position":2,"name":"Shows","item":"https:\/\/cardamomo.com\/fr\/show\/"},{"@type":"ListItem","position":3,"name":"El mejor Flamenco en Diciembre en Cardamomo Flamenco Madrid"}]},{"@type":"WebSite","@id":"https:\/\/cardamomo.com\/fr\/#website","url":"https:\/\/cardamomo.com\/fr\/","name":"Cardamomo Flamenco Madrid","description":"","potentialAction":[{"@type":"SearchAction","target":{"@type":"EntryPoint","urlTemplate":"https:\/\/cardamomo.com\/fr\/?s={search_term_string}"},"query-input":{"@type":"PropertyValueSpecification","valueRequired":true,"valueName":"search_term_string"}}],"inLanguage":"fr-FR"}]}},"_links":{"self":[{"href":"https:\/\/cardamomo.com\/fr\/wp-json\/wp\/v2\/show\/157999","targetHints":{"allow":["GET"]}}],"collection":[{"href":"https:\/\/cardamomo.com\/fr\/wp-json\/wp\/v2\/show"}],"about":[{"href":"https:\/\/cardamomo.com\/fr\/wp-json\/wp\/v2\/types\/show"}],"wp:featuredmedia":[{"embeddable":true,"href":"https:\/\/cardamomo.com\/fr\/wp-json\/wp\/v2\/media\/158000"}],"wp:attachment":[{"href":"https:\/\/cardamomo.com\/fr\/wp-json\/wp\/v2\/media?parent=157999"}],"curies":[{"name":"wp","href":"https:\/\/api.w.org\/{rel}","templated":true}]}}

Le meilleur flamenco en décembre au Cardamomo Flamenco Madrid

<p></p>
<p data-start="1108" data-end="1269">Tu connais le froid de Madrid en décembre. Celui qui colle à la peau lorsque tu marches sous un million de lumières. Mais connais-tu la chaleur qui guérit tout ?</p>
<p data-start="1271" data-end="1506">C’est la chaleur d’un verre de vin posé sur la table. La chaleur d’un corps qui se brise dans un <em data-start="1368" data-end="1376">quejío</em>. La chaleur d’une guitare qui enveloppe le silence. C’est la chaleur d’une porte qui se ferme au monde pour s’ouvrir au <em data-start="1497" data-end="1505">duende</em>.</p>
<p data-start="1508" data-end="1713">Cette semaine, à <strong>Cardamomo Flamenco Madrid</strong>, nous t’offrons ce refuge. Un lieu où le temps s’arrête et où la seule urgence est celle d’un talon frappant le bois. Un coin de pure vérité au milieu du tumulte.</p>
<p data-start="1715" data-end="1779">Entre. Laisse le froid à la porte. Ici, ton âme est en sécurité.</p>
<p data-start="1781" data-end="1827"><a href="https://cardamomo.com/fr/achat-de-billets/"><strong>Réserve dès maintenant ton entrée à Cardamomo.</strong></a></p>
<p></p>

<!-- This site is optimized with the Yoast SEO plugin v27.4 - https://yoast.com/product/yoast-seo-wordpress/ -->
<title>Le meilleur flamenco en décembre au Cardamomo Flamenco Madrid - Cardamomo Flamenco Madrid</title>
<meta name="description" content="Vivez la chaleur du flamenco en décembre au Cardamomo : un refuge intime au cœur de Madrid pour un spectacle unique de Noël. Réservez vos billets." />
<meta name="robots" content="index, follow, max-snippet:-1, max-image-preview:large, max-video-preview:-1" />
<link rel="canonical" href="/" />
<meta property="og:locale" content="fr_FR" />
<meta property="og:type" content="article" />
<meta property="og:title" content="Le meilleur flamenco en décembre au Cardamomo Flamenco Madrid - Cardamomo Flamenco Madrid" />
<meta property="og:description" content="Vivez la chaleur du flamenco en décembre au Cardamomo : un refuge intime au cœur de Madrid pour un spectacle unique de Noël. Réservez vos billets." />
<meta property="og:url" content="https://cardamomo.com/fr/show/diciembre-flamenco-2025/" />
<meta property="og:site_name" content="Cardamomo Flamenco Madrid" />
<meta property="article:modified_time" content="2025-12-22T10:27:16+00:00" />
<meta property="og:image" content="https://cardamomo.ams3.digitaloceanspaces.com/wp-content/uploads/2025/11/23173604/flamenco.webp" />
	<meta property="og:image:width" content="2048" />
	<meta property="og:image:height" content="1365" />
	<meta property="og:image:type" content="image/webp" />
<meta name="twitter:card" content="summary_large_image" />
<meta name="twitter:label1" content="Durée de lecture estimée" />
	<meta name="twitter:data1" content="1 minute" />
<script type="application/ld+json" class="yoast-schema-graph">{"@context":"https:\/\/schema.org","@graph":[{"@type":"WebPage","@id":"https:\/\/cardamomo.com\/fr\/show\/diciembre-flamenco-2025\/","url":"https:\/\/cardamomo.com\/fr\/show\/diciembre-flamenco-2025\/","name":"Le meilleur flamenco en décembre au Cardamomo Flamenco Madrid - Cardamomo Flamenco Madrid","isPartOf":{"@id":"https:\/\/cardamomo.com\/fr\/#website"},"primaryImageOfPage":{"@id":"https:\/\/cardamomo.com\/fr\/show\/diciembre-flamenco-2025\/#primaryimage"},"image":{"@id":"https:\/\/cardamomo.com\/es\/show\/diciembre-flamenco-2025\/#primaryimage"},"thumbnailUrl":"https:\/\/cardamomo.ams3.digitaloceanspaces.com\/wp-content\/uploads\/2025\/11\/23173604\/flamenco.webp","datePublished":"2025-11-23T16:38:57+00:00","dateModified":"2025-12-22T10:27:16+00:00","description":"Vivez la chaleur du flamenco en décembre au Cardamomo : un refuge intime au cœur de Madrid pour un spectacle unique de Noël. Réservez vos billets.","breadcrumb":{"@id":"https:\/\/cardamomo.com\/fr\/show\/diciembre-flamenco-2025\/#breadcrumb"},"inLanguage":"fr-FR","potentialAction":[{"@type":"ReadAction","target":[["https:\/\/cardamomo.com\/fr\/show\/diciembre-flamenco-2025\/"]]}]},{"@type":"ImageObject","inLanguage":"fr-FR","@id":"https:\/\/cardamomo.com\/fr\/show\/diciembre-flamenco-2025\/#primaryimage","url":"https:\/\/cardamomo.ams3.digitaloceanspaces.com\/wp-content\/uploads\/2025\/11\/23173604\/flamenco.webp","contentUrl":"https:\/\/cardamomo.ams3.digitaloceanspaces.com\/wp-content\/uploads\/2025\/11\/23173604\/flamenco.webp","width":2048,"height":1365,"caption":"Cardamomo Flamenco Madrid Diciembre 2025"},{"@type":"BreadcrumbList","@id":"https:\/\/cardamomo.com\/fr\/show\/diciembre-flamenco-2025\/#breadcrumb","itemListElement":[{"@type":"ListItem","position":1,"name":"Cardamomo","item":"https:\/\/cardamomo.com\/fr\/"},{"@type":"ListItem","position":2,"name":"Shows","item":"https:\/\/cardamomo.com\/fr\/show\/"},{"@type":"ListItem","position":3,"name":"El mejor Flamenco en Diciembre en Cardamomo Flamenco Madrid"}]},{"@type":"WebSite","@id":"https:\/\/cardamomo.com\/fr\/#website","url":"https:\/\/cardamomo.com\/fr\/","name":"Cardamomo Flamenco Madrid","description":"","potentialAction":[{"@type":"SearchAction","target":{"@type":"EntryPoint","urlTemplate":"https:\/\/cardamomo.com\/fr\/?s={search_term_string}"},"query-input":{"@type":"PropertyValueSpecification","valueRequired":true,"valueName":"search_term_string"}}],"inLanguage":"fr-FR"}]}</script>
<!-- / Yoast SEO plugin. -->

Le meilleur flamenco en décembre au Cardamomo Flamenco Madrid - Cardamomo Flamenco Madrid

Vivez la chaleur du flamenco en décembre au Cardamomo : un refuge intime au cœur de Madrid pour un spectacle unique de Noël. Réservez vos billets.
