{"id":157974,"date":"2025-11-17T10:26:01","date_gmt":"2025-11-17T09:26:01","guid":{"rendered":"https:\/\/cardamomo.com\/es\/?post_type=show&#038;p=157974"},"modified":"2025-11-27T14:11:04","modified_gmt":"2025-11-27T13:11:04","slug":"esta-semana-cardamomo-presenta-un-vendaval-de-talento-flamenco","status":"publish","type":"show","link":"https:\/\/cardamomo.com\/fr\/show\/semaine-tempete-flamenco\/","title":{"rendered":"Cette semaine, Cardamomo pr\u00e9sente un tourbillon de talent flamenco."},"content":{"rendered":"<p><\/p>\n<p data-start=\"2213\" data-end=\"2566\">Cette semaine, du <strong data-start=\"2231\" data-end=\"2252\">17 au 23 novembre<\/strong>, la sc\u00e8ne de <strong data-start=\"2266\" data-end=\"2279\">Cardamomo<\/strong> devient un point de rencontre, un carrefour o\u00f9 convergeront certains des noms les plus puissants du flamenco. Nous avons r\u00e9uni une famille d\u2019artistes extraordinaires, une \u00e9quipe d\u2019interpr\u00e8tes d\u2019exception qui garantit chaque soir une occasion unique de vivre la magie de cette rencontre.<\/p>\n<p data-start=\"2568\" data-end=\"3006\">Pr\u00e9pare-toi, car la <strong data-start=\"2588\" data-end=\"2597\">danse<\/strong> sera un v\u00e9ritable tourbillon. Tout au long de ces sept jours, un d\u00e9fil\u00e9 de titans passera sur sc\u00e8ne : la force fulgurante de <strong data-start=\"2723\" data-end=\"2731\">Yiyo<\/strong>, le feu de <strong data-start=\"2743\" data-end=\"2753\">Rapico<\/strong>, l\u2019\u00e9l\u00e9gance de <strong data-start=\"2769\" data-end=\"2795\">Paula Rodr\u00edguez L\u00e1zaro<\/strong>, l\u2019art d\u2019<strong data-start=\"2805\" data-end=\"2828\">Angelita Espa\u00f1adero<\/strong>, la ma\u00eetrise d\u2019<strong data-start=\"2844\" data-end=\"2865\">Estefan\u00eda Narv\u00e1ez<\/strong>, la puissance de <strong data-start=\"2883\" data-end=\"2902\">Clara Guti\u00e9rrez<\/strong>, et l\u2019\u00e9tincelle de <strong data-start=\"2922\" data-end=\"2931\">Tachu<\/strong>. Imagine l\u2019explosion lorsque tous ces monstres partageront le m\u00eame espace.<\/p>\n<p data-start=\"3008\" data-end=\"3232\">Le fil conducteur de cette folie, le paysage sonore qui rendra tout possible, sera confi\u00e9 \u00e0 un ma\u00eetre de la <strong data-start=\"3116\" data-end=\"3127\">guitare<\/strong> : le grand <strong data-start=\"3139\" data-end=\"3156\">Mario Montoya<\/strong>. Il tissera les sons qui permettront \u00e0 tout ce talent de prendre son envol.<\/p>\n<p data-start=\"3234\" data-end=\"3540\">Et les voix\u2026 ah, les voix ! Le <strong data-start=\"3265\" data-end=\"3274\">cante<\/strong> cette semaine sera un dialogue constant entre des \u00e2mes gitanes. Sur sc\u00e8ne r\u00e9sonneront l\u2019\u00e9cho profond de <strong data-start=\"3379\" data-end=\"3395\">Jacob Quir\u00f3s<\/strong>, l\u2019\u00e9motion d\u2019<strong data-start=\"3409\" data-end=\"3431\">Antonio de Manuela<\/strong>, le feu de <strong data-start=\"3443\" data-end=\"3456\">Jua\u00f1arito<\/strong>, et la puissance de <strong data-start=\"3477\" data-end=\"3486\">Calli<\/strong>. Un programme de chant \u00e0 en faire frissonner la peau.<\/p>\n<p data-start=\"3542\" data-end=\"3792\">Le battement du c\u0153ur de cette f\u00eate, le rythme qui fait vibrer le comp\u00e1s, viendra de deux g\u00e9ants de la <strong data-start=\"3644\" data-end=\"3658\">percussion<\/strong> : <strong data-start=\"3661\" data-end=\"3676\">Iv\u00e1n Losada<\/strong> et le maestro <strong data-start=\"3691\" data-end=\"3701\">Lamela<\/strong>, deux r\u00e9f\u00e9rences absolues qui savent comment faire battre ton c\u0153ur au rythme des buler\u00edas.<\/p>\n<p data-start=\"3794\" data-end=\"3944\">En r\u00e9sum\u00e9 : une semaine pour ouvrir grand les oreilles et les yeux, car le talent va d\u00e9border de la sc\u00e8ne. C\u2019est du flamenco pur. C\u2019est <strong data-start=\"3930\" data-end=\"3943\">Cardamomo<\/strong>.<\/p>\n<p data-start=\"228\" data-end=\"258\"><a href=\"https:\/\/cardamomo.com\/fr\/achat-de-billets\/\"><strong>Viens nous voir cette semaine.<\/strong><\/a><\/p>\n<p><\/p>","protected":false},"featured_media":157975,"template":"","meta":{"_acf_changed":false,"inline_featured_image":false},"class_list":["post-157974","show","type-show","status-publish","has-post-thumbnail","hentry"],"acf":[],"yoast_head":"<!-- This site is optimized with the Yoast SEO plugin v27.4 - https:\/\/yoast.com\/product\/yoast-seo-wordpress\/ -->\n<title>Cette semaine, Cardamomo pr\u00e9sente un tourbillon de talent flamenco. - Cardamomo Flamenco Madrid<\/title>\n<meta name=\"robots\" content=\"index, follow, max-snippet:-1, max-image-preview:large, max-video-preview:-1\" \/>\n<link rel=\"canonical\" href=\"\/\" \/>\n<meta property=\"og:locale\" content=\"fr_FR\" \/>\n<meta property=\"og:type\" content=\"article\" \/>\n<meta property=\"og:title\" content=\"Cette semaine, Cardamomo pr\u00e9sente un tourbillon de talent flamenco. - Cardamomo Flamenco Madrid\" \/>\n<meta property=\"og:description\" content=\"Cette semaine, du 17 au 23 novembre, la sc\u00e8ne de Cardamomo devient un point de rencontre, un carrefour o\u00f9 convergeront certains des noms les plus puissants du flamenco. Nous avons r\u00e9uni une famille d\u2019artistes extraordinaires, une \u00e9quipe d\u2019interpr\u00e8tes d\u2019exception qui garantit chaque soir une occasion unique de vivre la magie de cette rencontre. Pr\u00e9pare-toi, car...\" \/>\n<meta property=\"og:url\" content=\"https:\/\/cardamomo.com\/fr\/show\/semana-vendaval-flamenco\/\" \/>\n<meta property=\"og:site_name\" content=\"Cardamomo Flamenco Madrid\" \/>\n<meta property=\"article:modified_time\" content=\"2025-11-27T13:11:04+00:00\" \/>\n<meta property=\"og:image\" content=\"https:\/\/cardamomo.ams3.digitaloceanspaces.com\/wp-content\/uploads\/2025\/11\/17102554\/programacion-cardamomo-17-23-noviembre.jpg\" \/>\n\t<meta property=\"og:image:width\" content=\"1200\" \/>\n\t<meta property=\"og:image:height\" content=\"800\" \/>\n\t<meta property=\"og:image:type\" content=\"image\/jpeg\" \/>\n<meta name=\"twitter:card\" content=\"summary_large_image\" \/>\n<meta name=\"twitter:label1\" content=\"Dur\u00e9e de lecture estim\u00e9e\" \/>\n\t<meta name=\"twitter:data1\" content=\"1 minute\" \/>\n<script type=\"application\/ld+json\" class=\"yoast-schema-graph\">{\"@context\":\"https:\\\/\\\/schema.org\",\"@graph\":[{\"@type\":\"WebPage\",\"@id\":\"https:\\\/\\\/cardamomo.com\\\/fr\\\/show\\\/semana-vendaval-flamenco\\\/\",\"url\":\"https:\\\/\\\/cardamomo.com\\\/fr\\\/show\\\/semana-vendaval-flamenco\\\/\",\"name\":\"Cette semaine, Cardamomo pr\u00e9sente un tourbillon de talent flamenco. - Cardamomo Flamenco Madrid\",\"isPartOf\":{\"@id\":\"https:\\\/\\\/cardamomo.com\\\/fr\\\/#website\"},\"primaryImageOfPage\":{\"@id\":\"https:\\\/\\\/cardamomo.com\\\/fr\\\/show\\\/semana-vendaval-flamenco\\\/#primaryimage\"},\"image\":{\"@id\":\"https:\\\/\\\/cardamomo.com\\\/es\\\/show\\\/semana-vendaval-flamenco\\\/#primaryimage\"},\"thumbnailUrl\":\"https:\\\/\\\/cardamomo.ams3.digitaloceanspaces.com\\\/wp-content\\\/uploads\\\/2025\\\/11\\\/17102554\\\/programacion-cardamomo-17-23-noviembre.jpg\",\"datePublished\":\"2025-11-17T09:26:01+00:00\",\"dateModified\":\"2025-11-27T13:11:04+00:00\",\"breadcrumb\":{\"@id\":\"https:\\\/\\\/cardamomo.com\\\/fr\\\/show\\\/semana-vendaval-flamenco\\\/#breadcrumb\"},\"inLanguage\":\"fr-FR\",\"potentialAction\":[{\"@type\":\"ReadAction\",\"target\":[[\"https:\\\/\\\/cardamomo.com\\\/fr\\\/show\\\/semana-vendaval-flamenco\\\/\"]]}]},{\"@type\":\"ImageObject\",\"inLanguage\":\"fr-FR\",\"@id\":\"https:\\\/\\\/cardamomo.com\\\/fr\\\/show\\\/semana-vendaval-flamenco\\\/#primaryimage\",\"url\":\"https:\\\/\\\/cardamomo.ams3.digitaloceanspaces.com\\\/wp-content\\\/uploads\\\/2025\\\/11\\\/17102554\\\/programacion-cardamomo-17-23-noviembre.jpg\",\"contentUrl\":\"https:\\\/\\\/cardamomo.ams3.digitaloceanspaces.com\\\/wp-content\\\/uploads\\\/2025\\\/11\\\/17102554\\\/programacion-cardamomo-17-23-noviembre.jpg\",\"width\":1200,\"height\":800,\"caption\":\"Programacio\u0301n Cardamomo 17-23 Noviembre\"},{\"@type\":\"BreadcrumbList\",\"@id\":\"https:\\\/\\\/cardamomo.com\\\/fr\\\/show\\\/semana-vendaval-flamenco\\\/#breadcrumb\",\"itemListElement\":[{\"@type\":\"ListItem\",\"position\":1,\"name\":\"Cardamomo\",\"item\":\"https:\\\/\\\/cardamomo.com\\\/fr\\\/\"},{\"@type\":\"ListItem\",\"position\":2,\"name\":\"Shows\",\"item\":\"https:\\\/\\\/cardamomo.com\\\/fr\\\/show\\\/\"},{\"@type\":\"ListItem\",\"position\":3,\"name\":\"Esta semana Cardamomo presenta un vendaval de talento Flamenco\"}]},{\"@type\":\"WebSite\",\"@id\":\"https:\\\/\\\/cardamomo.com\\\/fr\\\/#website\",\"url\":\"https:\\\/\\\/cardamomo.com\\\/fr\\\/\",\"name\":\"Cardamomo Flamenco Madrid\",\"description\":\"\",\"potentialAction\":[{\"@type\":\"SearchAction\",\"target\":{\"@type\":\"EntryPoint\",\"urlTemplate\":\"https:\\\/\\\/cardamomo.com\\\/fr\\\/?s={search_term_string}\"},\"query-input\":{\"@type\":\"PropertyValueSpecification\",\"valueRequired\":true,\"valueName\":\"search_term_string\"}}],\"inLanguage\":\"fr-FR\"}]}<\/script>\n<!-- \/ Yoast SEO plugin. -->","yoast_head_json":{"title":"Cette semaine, Cardamomo pr\u00e9sente un tourbillon de talent flamenco. - Cardamomo Flamenco Madrid","robots":{"index":"index","follow":"follow","max-snippet":"max-snippet:-1","max-image-preview":"max-image-preview:large","max-video-preview":"max-video-preview:-1"},"canonical":"\/","og_locale":"fr_FR","og_type":"article","og_title":"Cette semaine, Cardamomo pr\u00e9sente un tourbillon de talent flamenco. - Cardamomo Flamenco Madrid","og_description":"Cette semaine, du 17 au 23 novembre, la sc\u00e8ne de Cardamomo devient un point de rencontre, un carrefour o\u00f9 convergeront certains des noms les plus puissants du flamenco. Nous avons r\u00e9uni une famille d\u2019artistes extraordinaires, une \u00e9quipe d\u2019interpr\u00e8tes d\u2019exception qui garantit chaque soir une occasion unique de vivre la magie de cette rencontre. Pr\u00e9pare-toi, car...","og_url":"https:\/\/cardamomo.com\/fr\/show\/semana-vendaval-flamenco\/","og_site_name":"Cardamomo Flamenco Madrid","article_modified_time":"2025-11-27T13:11:04+00:00","og_image":[{"width":1200,"height":800,"url":"https:\/\/cardamomo.ams3.digitaloceanspaces.com\/wp-content\/uploads\/2025\/11\/17102554\/programacion-cardamomo-17-23-noviembre.jpg","type":"image\/jpeg"}],"twitter_card":"summary_large_image","twitter_misc":{"Dur\u00e9e de lecture estim\u00e9e":"1 minute"},"schema":{"@context":"https:\/\/schema.org","@graph":[{"@type":"WebPage","@id":"https:\/\/cardamomo.com\/fr\/show\/semana-vendaval-flamenco\/","url":"https:\/\/cardamomo.com\/fr\/show\/semana-vendaval-flamenco\/","name":"Cette semaine, Cardamomo pr\u00e9sente un tourbillon de talent flamenco. - Cardamomo Flamenco Madrid","isPartOf":{"@id":"https:\/\/cardamomo.com\/fr\/#website"},"primaryImageOfPage":{"@id":"https:\/\/cardamomo.com\/fr\/show\/semana-vendaval-flamenco\/#primaryimage"},"image":{"@id":"https:\/\/cardamomo.com\/es\/show\/semana-vendaval-flamenco\/#primaryimage"},"thumbnailUrl":"https:\/\/cardamomo.ams3.digitaloceanspaces.com\/wp-content\/uploads\/2025\/11\/17102554\/programacion-cardamomo-17-23-noviembre.jpg","datePublished":"2025-11-17T09:26:01+00:00","dateModified":"2025-11-27T13:11:04+00:00","breadcrumb":{"@id":"https:\/\/cardamomo.com\/fr\/show\/semana-vendaval-flamenco\/#breadcrumb"},"inLanguage":"fr-FR","potentialAction":[{"@type":"ReadAction","target":[["https:\/\/cardamomo.com\/fr\/show\/semana-vendaval-flamenco\/"]]}]},{"@type":"ImageObject","inLanguage":"fr-FR","@id":"https:\/\/cardamomo.com\/fr\/show\/semana-vendaval-flamenco\/#primaryimage","url":"https:\/\/cardamomo.ams3.digitaloceanspaces.com\/wp-content\/uploads\/2025\/11\/17102554\/programacion-cardamomo-17-23-noviembre.jpg","contentUrl":"https:\/\/cardamomo.ams3.digitaloceanspaces.com\/wp-content\/uploads\/2025\/11\/17102554\/programacion-cardamomo-17-23-noviembre.jpg","width":1200,"height":800,"caption":"Programacio\u0301n Cardamomo 17-23 Noviembre"},{"@type":"BreadcrumbList","@id":"https:\/\/cardamomo.com\/fr\/show\/semana-vendaval-flamenco\/#breadcrumb","itemListElement":[{"@type":"ListItem","position":1,"name":"Cardamomo","item":"https:\/\/cardamomo.com\/fr\/"},{"@type":"ListItem","position":2,"name":"Shows","item":"https:\/\/cardamomo.com\/fr\/show\/"},{"@type":"ListItem","position":3,"name":"Esta semana Cardamomo presenta un vendaval de talento Flamenco"}]},{"@type":"WebSite","@id":"https:\/\/cardamomo.com\/fr\/#website","url":"https:\/\/cardamomo.com\/fr\/","name":"Cardamomo Flamenco Madrid","description":"","potentialAction":[{"@type":"SearchAction","target":{"@type":"EntryPoint","urlTemplate":"https:\/\/cardamomo.com\/fr\/?s={search_term_string}"},"query-input":{"@type":"PropertyValueSpecification","valueRequired":true,"valueName":"search_term_string"}}],"inLanguage":"fr-FR"}]}},"_links":{"self":[{"href":"https:\/\/cardamomo.com\/fr\/wp-json\/wp\/v2\/show\/157974","targetHints":{"allow":["GET"]}}],"collection":[{"href":"https:\/\/cardamomo.com\/fr\/wp-json\/wp\/v2\/show"}],"about":[{"href":"https:\/\/cardamomo.com\/fr\/wp-json\/wp\/v2\/types\/show"}],"wp:featuredmedia":[{"embeddable":true,"href":"https:\/\/cardamomo.com\/fr\/wp-json\/wp\/v2\/media\/157975"}],"wp:attachment":[{"href":"https:\/\/cardamomo.com\/fr\/wp-json\/wp\/v2\/media?parent=157974"}],"curies":[{"name":"wp","href":"https:\/\/api.w.org\/{rel}","templated":true}]}}

Cette semaine, Cardamomo présente un tourbillon de talent flamenco.

<p></p>
<p data-start="2213" data-end="2566">Cette semaine, du <strong data-start="2231" data-end="2252">17 au 23 novembre</strong>, la scène de <strong data-start="2266" data-end="2279">Cardamomo</strong> devient un point de rencontre, un carrefour où convergeront certains des noms les plus puissants du flamenco. Nous avons réuni une famille d’artistes extraordinaires, une équipe d’interprètes d’exception qui garantit chaque soir une occasion unique de vivre la magie de cette rencontre.</p>
<p data-start="2568" data-end="3006">Prépare-toi, car la <strong data-start="2588" data-end="2597">danse</strong> sera un véritable tourbillon. Tout au long de ces sept jours, un défilé de titans passera sur scène : la force fulgurante de <strong data-start="2723" data-end="2731">Yiyo</strong>, le feu de <strong data-start="2743" data-end="2753">Rapico</strong>, l’élégance de <strong data-start="2769" data-end="2795">Paula Rodríguez Lázaro</strong>, l’art d’<strong data-start="2805" data-end="2828">Angelita Españadero</strong>, la maîtrise d’<strong data-start="2844" data-end="2865">Estefanía Narváez</strong>, la puissance de <strong data-start="2883" data-end="2902">Clara Gutiérrez</strong>, et l’étincelle de <strong data-start="2922" data-end="2931">Tachu</strong>. Imagine l’explosion lorsque tous ces monstres partageront le même espace.</p>
<p data-start="3008" data-end="3232">Le fil conducteur de cette folie, le paysage sonore qui rendra tout possible, sera confié à un maître de la <strong data-start="3116" data-end="3127">guitare</strong> : le grand <strong data-start="3139" data-end="3156">Mario Montoya</strong>. Il tissera les sons qui permettront à tout ce talent de prendre son envol.</p>
<p data-start="3234" data-end="3540">Et les voix… ah, les voix ! Le <strong data-start="3265" data-end="3274">cante</strong> cette semaine sera un dialogue constant entre des âmes gitanes. Sur scène résonneront l’écho profond de <strong data-start="3379" data-end="3395">Jacob Quirós</strong>, l’émotion d’<strong data-start="3409" data-end="3431">Antonio de Manuela</strong>, le feu de <strong data-start="3443" data-end="3456">Juañarito</strong>, et la puissance de <strong data-start="3477" data-end="3486">Calli</strong>. Un programme de chant à en faire frissonner la peau.</p>
<p data-start="3542" data-end="3792">Le battement du cœur de cette fête, le rythme qui fait vibrer le compás, viendra de deux géants de la <strong data-start="3644" data-end="3658">percussion</strong> : <strong data-start="3661" data-end="3676">Iván Losada</strong> et le maestro <strong data-start="3691" data-end="3701">Lamela</strong>, deux références absolues qui savent comment faire battre ton cœur au rythme des bulerías.</p>
<p data-start="3794" data-end="3944">En résumé : une semaine pour ouvrir grand les oreilles et les yeux, car le talent va déborder de la scène. C’est du flamenco pur. C’est <strong data-start="3930" data-end="3943">Cardamomo</strong>.</p>
<p data-start="228" data-end="258"><a href="https://cardamomo.com/fr/achat-de-billets/"><strong>Viens nous voir cette semaine.</strong></a></p>
<p></p>

<!-- This site is optimized with the Yoast SEO plugin v27.4 - https://yoast.com/product/yoast-seo-wordpress/ -->
<title>Cette semaine, Cardamomo présente un tourbillon de talent flamenco. - Cardamomo Flamenco Madrid</title>
<meta name="robots" content="index, follow, max-snippet:-1, max-image-preview:large, max-video-preview:-1" />
<link rel="canonical" href="/" />
<meta property="og:locale" content="fr_FR" />
<meta property="og:type" content="article" />
<meta property="og:title" content="Cette semaine, Cardamomo présente un tourbillon de talent flamenco. - Cardamomo Flamenco Madrid" />
<meta property="og:description" content="Cette semaine, du 17 au 23 novembre, la scène de Cardamomo devient un point de rencontre, un carrefour où convergeront certains des noms les plus puissants du flamenco. Nous avons réuni une famille d’artistes extraordinaires, une équipe d’interprètes d’exception qui garantit chaque soir une occasion unique de vivre la magie de cette rencontre. Prépare-toi, car..." />
<meta property="og:url" content="https://cardamomo.com/fr/show/semana-vendaval-flamenco/" />
<meta property="og:site_name" content="Cardamomo Flamenco Madrid" />
<meta property="article:modified_time" content="2025-11-27T13:11:04+00:00" />
<meta property="og:image" content="https://cardamomo.ams3.digitaloceanspaces.com/wp-content/uploads/2025/11/17102554/programacion-cardamomo-17-23-noviembre.jpg" />
	<meta property="og:image:width" content="1200" />
	<meta property="og:image:height" content="800" />
	<meta property="og:image:type" content="image/jpeg" />
<meta name="twitter:card" content="summary_large_image" />
<meta name="twitter:label1" content="Durée de lecture estimée" />
	<meta name="twitter:data1" content="1 minute" />
<script type="application/ld+json" class="yoast-schema-graph">{"@context":"https:\/\/schema.org","@graph":[{"@type":"WebPage","@id":"https:\/\/cardamomo.com\/fr\/show\/semana-vendaval-flamenco\/","url":"https:\/\/cardamomo.com\/fr\/show\/semana-vendaval-flamenco\/","name":"Cette semaine, Cardamomo présente un tourbillon de talent flamenco. - Cardamomo Flamenco Madrid","isPartOf":{"@id":"https:\/\/cardamomo.com\/fr\/#website"},"primaryImageOfPage":{"@id":"https:\/\/cardamomo.com\/fr\/show\/semana-vendaval-flamenco\/#primaryimage"},"image":{"@id":"https:\/\/cardamomo.com\/es\/show\/semana-vendaval-flamenco\/#primaryimage"},"thumbnailUrl":"https:\/\/cardamomo.ams3.digitaloceanspaces.com\/wp-content\/uploads\/2025\/11\/17102554\/programacion-cardamomo-17-23-noviembre.jpg","datePublished":"2025-11-17T09:26:01+00:00","dateModified":"2025-11-27T13:11:04+00:00","breadcrumb":{"@id":"https:\/\/cardamomo.com\/fr\/show\/semana-vendaval-flamenco\/#breadcrumb"},"inLanguage":"fr-FR","potentialAction":[{"@type":"ReadAction","target":[["https:\/\/cardamomo.com\/fr\/show\/semana-vendaval-flamenco\/"]]}]},{"@type":"ImageObject","inLanguage":"fr-FR","@id":"https:\/\/cardamomo.com\/fr\/show\/semana-vendaval-flamenco\/#primaryimage","url":"https:\/\/cardamomo.ams3.digitaloceanspaces.com\/wp-content\/uploads\/2025\/11\/17102554\/programacion-cardamomo-17-23-noviembre.jpg","contentUrl":"https:\/\/cardamomo.ams3.digitaloceanspaces.com\/wp-content\/uploads\/2025\/11\/17102554\/programacion-cardamomo-17-23-noviembre.jpg","width":1200,"height":800,"caption":"Programación Cardamomo 17-23 Noviembre"},{"@type":"BreadcrumbList","@id":"https:\/\/cardamomo.com\/fr\/show\/semana-vendaval-flamenco\/#breadcrumb","itemListElement":[{"@type":"ListItem","position":1,"name":"Cardamomo","item":"https:\/\/cardamomo.com\/fr\/"},{"@type":"ListItem","position":2,"name":"Shows","item":"https:\/\/cardamomo.com\/fr\/show\/"},{"@type":"ListItem","position":3,"name":"Esta semana Cardamomo presenta un vendaval de talento Flamenco"}]},{"@type":"WebSite","@id":"https:\/\/cardamomo.com\/fr\/#website","url":"https:\/\/cardamomo.com\/fr\/","name":"Cardamomo Flamenco Madrid","description":"","potentialAction":[{"@type":"SearchAction","target":{"@type":"EntryPoint","urlTemplate":"https:\/\/cardamomo.com\/fr\/?s={search_term_string}"},"query-input":{"@type":"PropertyValueSpecification","valueRequired":true,"valueName":"search_term_string"}}],"inLanguage":"fr-FR"}]}</script>
<!-- / Yoast SEO plugin. -->

Cette semaine, Cardamomo présente un tourbillon de talent flamenco. - Cardamomo Flamenco Madrid

Cette semaine, du 17 au 23 novembre, la scène de Cardamomo devient un point de rencontre, un carrefour où convergeront certains des noms les plus puissants du flamenco. Nous avons réuni une famille d’artistes extraordinaires, une équipe d’interprètes d’exception qui garantit chaque soir une occasion unique de vivre la magie de cette rencontre. Prépare-toi, car...
