{"id":157899,"date":"2025-11-02T11:03:21","date_gmt":"2025-11-02T10:03:21","guid":{"rendered":"https:\/\/cardamomo.com\/es\/?post_type=show&#038;p=157899"},"modified":"2025-11-17T10:45:56","modified_gmt":"2025-11-17T09:45:56","slug":"llega-noviembre-con-el-mejor-flamenco-en-cardamomo","status":"publish","type":"show","link":"https:\/\/cardamomo.com\/fr\/show\/novembre-flamenco\/","title":{"rendered":"Novembre arrive avec le meilleur flamenco au Cardamomo"},"content":{"rendered":"<p><\/p>\n<p data-start=\"1981\" data-end=\"2347\">Cette semaine, du <strong data-start=\"1999\" data-end=\"2018\">3 au 9 novembre<\/strong>, au <strong data-start=\"2023\" data-end=\"2036\">Cardamomo<\/strong>, nous r\u00e9unissons un groupe d\u2019artistes qui coupent le souffle. Le plaisir, c\u2019est de voir comment ils se rencontrent, comment ils dialoguent et quelles \u00e9tincelles jaillissent sur sc\u00e8ne tout au long de la semaine. Chaque soir\u00e9e sera un sommet d\u2019artistes cr\u00e9ant quelque chose d\u2019unique, qui ne se r\u00e9p\u00e9tera jamais.<\/p>\n<p data-start=\"2349\" data-end=\"2617\">Pensez \u00e0 la conversation qui na\u00eetra dans la <strong data-start=\"2393\" data-end=\"2402\">danse<\/strong> : sur cette sc\u00e8ne passeront la force de <strong data-start=\"2443\" data-end=\"2461\">Mariano Lozano<\/strong>, la fougue de <strong data-start=\"2476\" data-end=\"2495\">Nerea Fern\u00e1ndez, <\/strong>le comp\u00e1s d\u2019<strong>Alejandra Hern\u00e1ndez<\/strong> et l\u2019\u00e9l\u00e9gance de <strong data-start=\"2513\" data-end=\"2531\">Nerea Carrasco<\/strong>. Imaginez la magie qui surgit quand leurs chemins se croisent sous les projecteurs.<\/p>\n<p data-start=\"2619\" data-end=\"2870\">Et pour donner une voix \u00e0 cette histoire, pr\u00e9parez-vous \u00e0 une artillerie de voix qui va vous couper le souffle. Tout au long de la semaine, <strong data-start=\"2759\" data-end=\"2804\">Sa\u00fal Quir\u00f3s, Antonio de Manuela, El Perre<\/strong> et <strong data-start=\"2808\" data-end=\"2820\">El Cancu<\/strong> se succ\u00e9deront pour vous toucher en plein c\u0153ur.<\/p>\n<p data-start=\"2872\" data-end=\"3054\">Pour tisser la trame musicale sur laquelle tout repose, deux guitaristes d\u2019une grande sensibilit\u00e9 : <strong data-start=\"2972\" data-end=\"2983\">Parrana<\/strong> et <strong data-start=\"2987\" data-end=\"3004\">Mario Montoya<\/strong>. Ils poseront les m\u00e9lodies o\u00f9 le <em data-start=\"3038\" data-end=\"3046\">duende<\/em> na\u00eet.<\/p>\n<p data-start=\"3056\" data-end=\"3200\">Le rythme, celui qui fait battre le c\u0153ur de chaque soir, sera assur\u00e9 par <strong data-start=\"3129\" data-end=\"3144\">Iv\u00e1n Losada<\/strong>, dont le caj\u00f3n est la pulsation vivante du spectacle.<\/p>\n<p data-start=\"3202\" data-end=\"3425\">Et pour que tout prenne vie avec perfection, la direction artistique est sign\u00e9e <strong data-start=\"3282\" data-end=\"3308\">Paula Rodr\u00edguez L\u00e1zaro<\/strong>, dont la vision garantit que, chaque soir, peu importe la combinaison d\u2019artistes, l\u2019\u00e9motion est toujours pr\u00e9sente.<\/p>\n<p data-start=\"3427\" data-end=\"3580\">En r\u00e9sum\u00e9 : ce n\u2019est pas une affiche fig\u00e9e, c\u2019est une invitation \u00e0 entrer dans la cuisine de l\u2019art \u2014 \u00e0 voir comment se pr\u00e9pare le flamenco le plus pur.<\/p>\n<p data-start=\"3582\" data-end=\"3646\"><a href=\"https:\/\/cardamomo.com\/fr\/achat-de-billets\/\"><strong data-start=\"3582\" data-end=\"3646\">Nous vous attendons chez nous, au Cardamomo Flamenco Madrid.<\/strong><\/a><\/p>\n<p><\/p>","protected":false},"featured_media":157956,"template":"","meta":{"_acf_changed":false,"inline_featured_image":false},"class_list":["post-157899","show","type-show","status-publish","has-post-thumbnail","hentry"],"acf":[],"yoast_head":"<!-- This site is optimized with the Yoast SEO plugin v27.4 - https:\/\/yoast.com\/product\/yoast-seo-wordpress\/ -->\n<title>Novembre arrive avec le meilleur flamenco au Cardamomo - Cardamomo Flamenco Madrid<\/title>\n<meta name=\"description\" content=\"Vivez le meilleur du flamenco \u00e0 Madrid du 3 au 9 novembre. Art, passion et \u00e9motion chaque soir. R\u00e9servez vos places d\u00e8s maintenant !\" \/>\n<meta name=\"robots\" content=\"index, follow, max-snippet:-1, max-image-preview:large, max-video-preview:-1\" \/>\n<link rel=\"canonical\" href=\"\/\" \/>\n<meta property=\"og:locale\" content=\"fr_FR\" \/>\n<meta property=\"og:type\" content=\"article\" \/>\n<meta property=\"og:title\" content=\"Novembre arrive avec le meilleur flamenco au Cardamomo - Cardamomo Flamenco Madrid\" \/>\n<meta property=\"og:description\" content=\"Vivez le meilleur du flamenco \u00e0 Madrid du 3 au 9 novembre. Art, passion et \u00e9motion chaque soir. R\u00e9servez vos places d\u00e8s maintenant !\" \/>\n<meta property=\"og:url\" content=\"https:\/\/cardamomo.com\/fr\/show\/noviembre-flamenco\/\" \/>\n<meta property=\"og:site_name\" content=\"Cardamomo Flamenco Madrid\" \/>\n<meta property=\"article:modified_time\" content=\"2025-11-17T09:45:56+00:00\" \/>\n<meta property=\"og:image\" content=\"https:\/\/cardamomo.ams3.digitaloceanspaces.com\/wp-content\/uploads\/2025\/11\/11131557\/programacion-cardamomo-3-9-noviembre.jpg\" \/>\n\t<meta property=\"og:image:width\" content=\"1200\" \/>\n\t<meta property=\"og:image:height\" content=\"800\" \/>\n\t<meta property=\"og:image:type\" content=\"image\/jpeg\" \/>\n<meta name=\"twitter:card\" content=\"summary_large_image\" \/>\n<meta name=\"twitter:label1\" content=\"Dur\u00e9e de lecture estim\u00e9e\" \/>\n\t<meta name=\"twitter:data1\" content=\"2 minutes\" \/>\n<script type=\"application\/ld+json\" class=\"yoast-schema-graph\">{\"@context\":\"https:\\\/\\\/schema.org\",\"@graph\":[{\"@type\":\"WebPage\",\"@id\":\"https:\\\/\\\/cardamomo.com\\\/fr\\\/show\\\/noviembre-flamenco\\\/\",\"url\":\"https:\\\/\\\/cardamomo.com\\\/fr\\\/show\\\/noviembre-flamenco\\\/\",\"name\":\"Novembre arrive avec le meilleur flamenco au Cardamomo - Cardamomo Flamenco Madrid\",\"isPartOf\":{\"@id\":\"https:\\\/\\\/cardamomo.com\\\/fr\\\/#website\"},\"primaryImageOfPage\":{\"@id\":\"https:\\\/\\\/cardamomo.com\\\/fr\\\/show\\\/noviembre-flamenco\\\/#primaryimage\"},\"image\":{\"@id\":\"https:\\\/\\\/cardamomo.com\\\/es\\\/show\\\/noviembre-flamenco\\\/#primaryimage\"},\"thumbnailUrl\":\"https:\\\/\\\/cardamomo.ams3.digitaloceanspaces.com\\\/wp-content\\\/uploads\\\/2025\\\/11\\\/11131557\\\/programacion-cardamomo-3-9-noviembre.jpg\",\"datePublished\":\"2025-11-02T10:03:21+00:00\",\"dateModified\":\"2025-11-17T09:45:56+00:00\",\"description\":\"Vivez le meilleur du flamenco \u00e0 Madrid du 3 au 9 novembre. Art, passion et \u00e9motion chaque soir. R\u00e9servez vos places d\u00e8s maintenant !\",\"breadcrumb\":{\"@id\":\"https:\\\/\\\/cardamomo.com\\\/fr\\\/show\\\/noviembre-flamenco\\\/#breadcrumb\"},\"inLanguage\":\"fr-FR\",\"potentialAction\":[{\"@type\":\"ReadAction\",\"target\":[[\"https:\\\/\\\/cardamomo.com\\\/fr\\\/show\\\/noviembre-flamenco\\\/\"]]}]},{\"@type\":\"ImageObject\",\"inLanguage\":\"fr-FR\",\"@id\":\"https:\\\/\\\/cardamomo.com\\\/fr\\\/show\\\/noviembre-flamenco\\\/#primaryimage\",\"url\":\"https:\\\/\\\/cardamomo.ams3.digitaloceanspaces.com\\\/wp-content\\\/uploads\\\/2025\\\/11\\\/11131557\\\/programacion-cardamomo-3-9-noviembre.jpg\",\"contentUrl\":\"https:\\\/\\\/cardamomo.ams3.digitaloceanspaces.com\\\/wp-content\\\/uploads\\\/2025\\\/11\\\/11131557\\\/programacion-cardamomo-3-9-noviembre.jpg\",\"width\":1200,\"height\":800,\"caption\":\"Programacio\u0301n Cardamomo 3-9 Noviembre\"},{\"@type\":\"BreadcrumbList\",\"@id\":\"https:\\\/\\\/cardamomo.com\\\/fr\\\/show\\\/noviembre-flamenco\\\/#breadcrumb\",\"itemListElement\":[{\"@type\":\"ListItem\",\"position\":1,\"name\":\"Cardamomo\",\"item\":\"https:\\\/\\\/cardamomo.com\\\/fr\\\/\"},{\"@type\":\"ListItem\",\"position\":2,\"name\":\"Shows\",\"item\":\"https:\\\/\\\/cardamomo.com\\\/fr\\\/show\\\/\"},{\"@type\":\"ListItem\",\"position\":3,\"name\":\"Llega Noviembre con el Mejor Flamenco en Cardamomo\"}]},{\"@type\":\"WebSite\",\"@id\":\"https:\\\/\\\/cardamomo.com\\\/fr\\\/#website\",\"url\":\"https:\\\/\\\/cardamomo.com\\\/fr\\\/\",\"name\":\"Cardamomo Flamenco Madrid\",\"description\":\"\",\"potentialAction\":[{\"@type\":\"SearchAction\",\"target\":{\"@type\":\"EntryPoint\",\"urlTemplate\":\"https:\\\/\\\/cardamomo.com\\\/fr\\\/?s={search_term_string}\"},\"query-input\":{\"@type\":\"PropertyValueSpecification\",\"valueRequired\":true,\"valueName\":\"search_term_string\"}}],\"inLanguage\":\"fr-FR\"}]}<\/script>\n<!-- \/ Yoast SEO plugin. -->","yoast_head_json":{"title":"Novembre arrive avec le meilleur flamenco au Cardamomo - Cardamomo Flamenco Madrid","description":"Vivez le meilleur du flamenco \u00e0 Madrid du 3 au 9 novembre. Art, passion et \u00e9motion chaque soir. R\u00e9servez vos places d\u00e8s maintenant !","robots":{"index":"index","follow":"follow","max-snippet":"max-snippet:-1","max-image-preview":"max-image-preview:large","max-video-preview":"max-video-preview:-1"},"canonical":"\/","og_locale":"fr_FR","og_type":"article","og_title":"Novembre arrive avec le meilleur flamenco au Cardamomo - Cardamomo Flamenco Madrid","og_description":"Vivez le meilleur du flamenco \u00e0 Madrid du 3 au 9 novembre. Art, passion et \u00e9motion chaque soir. R\u00e9servez vos places d\u00e8s maintenant !","og_url":"https:\/\/cardamomo.com\/fr\/show\/noviembre-flamenco\/","og_site_name":"Cardamomo Flamenco Madrid","article_modified_time":"2025-11-17T09:45:56+00:00","og_image":[{"width":1200,"height":800,"url":"https:\/\/cardamomo.ams3.digitaloceanspaces.com\/wp-content\/uploads\/2025\/11\/11131557\/programacion-cardamomo-3-9-noviembre.jpg","type":"image\/jpeg"}],"twitter_card":"summary_large_image","twitter_misc":{"Dur\u00e9e de lecture estim\u00e9e":"2 minutes"},"schema":{"@context":"https:\/\/schema.org","@graph":[{"@type":"WebPage","@id":"https:\/\/cardamomo.com\/fr\/show\/noviembre-flamenco\/","url":"https:\/\/cardamomo.com\/fr\/show\/noviembre-flamenco\/","name":"Novembre arrive avec le meilleur flamenco au Cardamomo - Cardamomo Flamenco Madrid","isPartOf":{"@id":"https:\/\/cardamomo.com\/fr\/#website"},"primaryImageOfPage":{"@id":"https:\/\/cardamomo.com\/fr\/show\/noviembre-flamenco\/#primaryimage"},"image":{"@id":"https:\/\/cardamomo.com\/es\/show\/noviembre-flamenco\/#primaryimage"},"thumbnailUrl":"https:\/\/cardamomo.ams3.digitaloceanspaces.com\/wp-content\/uploads\/2025\/11\/11131557\/programacion-cardamomo-3-9-noviembre.jpg","datePublished":"2025-11-02T10:03:21+00:00","dateModified":"2025-11-17T09:45:56+00:00","description":"Vivez le meilleur du flamenco \u00e0 Madrid du 3 au 9 novembre. Art, passion et \u00e9motion chaque soir. R\u00e9servez vos places d\u00e8s maintenant !","breadcrumb":{"@id":"https:\/\/cardamomo.com\/fr\/show\/noviembre-flamenco\/#breadcrumb"},"inLanguage":"fr-FR","potentialAction":[{"@type":"ReadAction","target":[["https:\/\/cardamomo.com\/fr\/show\/noviembre-flamenco\/"]]}]},{"@type":"ImageObject","inLanguage":"fr-FR","@id":"https:\/\/cardamomo.com\/fr\/show\/noviembre-flamenco\/#primaryimage","url":"https:\/\/cardamomo.ams3.digitaloceanspaces.com\/wp-content\/uploads\/2025\/11\/11131557\/programacion-cardamomo-3-9-noviembre.jpg","contentUrl":"https:\/\/cardamomo.ams3.digitaloceanspaces.com\/wp-content\/uploads\/2025\/11\/11131557\/programacion-cardamomo-3-9-noviembre.jpg","width":1200,"height":800,"caption":"Programacio\u0301n Cardamomo 3-9 Noviembre"},{"@type":"BreadcrumbList","@id":"https:\/\/cardamomo.com\/fr\/show\/noviembre-flamenco\/#breadcrumb","itemListElement":[{"@type":"ListItem","position":1,"name":"Cardamomo","item":"https:\/\/cardamomo.com\/fr\/"},{"@type":"ListItem","position":2,"name":"Shows","item":"https:\/\/cardamomo.com\/fr\/show\/"},{"@type":"ListItem","position":3,"name":"Llega Noviembre con el Mejor Flamenco en Cardamomo"}]},{"@type":"WebSite","@id":"https:\/\/cardamomo.com\/fr\/#website","url":"https:\/\/cardamomo.com\/fr\/","name":"Cardamomo Flamenco Madrid","description":"","potentialAction":[{"@type":"SearchAction","target":{"@type":"EntryPoint","urlTemplate":"https:\/\/cardamomo.com\/fr\/?s={search_term_string}"},"query-input":{"@type":"PropertyValueSpecification","valueRequired":true,"valueName":"search_term_string"}}],"inLanguage":"fr-FR"}]}},"_links":{"self":[{"href":"https:\/\/cardamomo.com\/fr\/wp-json\/wp\/v2\/show\/157899","targetHints":{"allow":["GET"]}}],"collection":[{"href":"https:\/\/cardamomo.com\/fr\/wp-json\/wp\/v2\/show"}],"about":[{"href":"https:\/\/cardamomo.com\/fr\/wp-json\/wp\/v2\/types\/show"}],"wp:featuredmedia":[{"embeddable":true,"href":"https:\/\/cardamomo.com\/fr\/wp-json\/wp\/v2\/media\/157956"}],"wp:attachment":[{"href":"https:\/\/cardamomo.com\/fr\/wp-json\/wp\/v2\/media?parent=157899"}],"curies":[{"name":"wp","href":"https:\/\/api.w.org\/{rel}","templated":true}]}}

<p></p>
<p data-start="1981" data-end="2347">Cette semaine, du <strong data-start="1999" data-end="2018">3 au 9 novembre</strong>, au <strong data-start="2023" data-end="2036">Cardamomo</strong>, nous réunissons un groupe d’artistes qui coupent le souffle. Le plaisir, c’est de voir comment ils se rencontrent, comment ils dialoguent et quelles étincelles jaillissent sur scène tout au long de la semaine. Chaque soirée sera un sommet d’artistes créant quelque chose d’unique, qui ne se répétera jamais.</p>
<p data-start="2349" data-end="2617">Pensez à la conversation qui naîtra dans la <strong data-start="2393" data-end="2402">danse</strong> : sur cette scène passeront la force de <strong data-start="2443" data-end="2461">Mariano Lozano</strong>, la fougue de <strong data-start="2476" data-end="2495">Nerea Fernández, </strong>le compás d’<strong>Alejandra Hernández</strong> et l’élégance de <strong data-start="2513" data-end="2531">Nerea Carrasco</strong>. Imaginez la magie qui surgit quand leurs chemins se croisent sous les projecteurs.</p>
<p data-start="2619" data-end="2870">Et pour donner une voix à cette histoire, préparez-vous à une artillerie de voix qui va vous couper le souffle. Tout au long de la semaine, <strong data-start="2759" data-end="2804">Saúl Quirós, Antonio de Manuela, El Perre</strong> et <strong data-start="2808" data-end="2820">El Cancu</strong> se succéderont pour vous toucher en plein cœur.</p>
<p data-start="2872" data-end="3054">Pour tisser la trame musicale sur laquelle tout repose, deux guitaristes d’une grande sensibilité : <strong data-start="2972" data-end="2983">Parrana</strong> et <strong data-start="2987" data-end="3004">Mario Montoya</strong>. Ils poseront les mélodies où le <em data-start="3038" data-end="3046">duende</em> naît.</p>
<p data-start="3056" data-end="3200">Le rythme, celui qui fait battre le cœur de chaque soir, sera assuré par <strong data-start="3129" data-end="3144">Iván Losada</strong>, dont le cajón est la pulsation vivante du spectacle.</p>
<p data-start="3202" data-end="3425">Et pour que tout prenne vie avec perfection, la direction artistique est signée <strong data-start="3282" data-end="3308">Paula Rodríguez Lázaro</strong>, dont la vision garantit que, chaque soir, peu importe la combinaison d’artistes, l’émotion est toujours présente.</p>
<p data-start="3427" data-end="3580">En résumé : ce n’est pas une affiche figée, c’est une invitation à entrer dans la cuisine de l’art — à voir comment se prépare le flamenco le plus pur.</p>
<p data-start="3582" data-end="3646"><a href="https://cardamomo.com/fr/achat-de-billets/"><strong data-start="3582" data-end="3646">Nous vous attendons chez nous, au Cardamomo Flamenco Madrid.</strong></a></p>
<p></p>

<!-- This site is optimized with the Yoast SEO plugin v27.4 - https://yoast.com/product/yoast-seo-wordpress/ -->
<title>Novembre arrive avec le meilleur flamenco au Cardamomo - Cardamomo Flamenco Madrid</title>
<meta name="description" content="Vivez le meilleur du flamenco à Madrid du 3 au 9 novembre. Art, passion et émotion chaque soir. Réservez vos places dès maintenant !" />
<meta name="robots" content="index, follow, max-snippet:-1, max-image-preview:large, max-video-preview:-1" />
<link rel="canonical" href="/" />
<meta property="og:locale" content="fr_FR" />
<meta property="og:type" content="article" />
<meta property="og:title" content="Novembre arrive avec le meilleur flamenco au Cardamomo - Cardamomo Flamenco Madrid" />
<meta property="og:description" content="Vivez le meilleur du flamenco à Madrid du 3 au 9 novembre. Art, passion et émotion chaque soir. Réservez vos places dès maintenant !" />
<meta property="og:url" content="https://cardamomo.com/fr/show/noviembre-flamenco/" />
<meta property="og:site_name" content="Cardamomo Flamenco Madrid" />
<meta property="article:modified_time" content="2025-11-17T09:45:56+00:00" />
<meta property="og:image" content="https://cardamomo.ams3.digitaloceanspaces.com/wp-content/uploads/2025/11/11131557/programacion-cardamomo-3-9-noviembre.jpg" />
	<meta property="og:image:width" content="1200" />
	<meta property="og:image:height" content="800" />
	<meta property="og:image:type" content="image/jpeg" />
<meta name="twitter:card" content="summary_large_image" />
<meta name="twitter:label1" content="Durée de lecture estimée" />
	<meta name="twitter:data1" content="2 minutes" />
<script type="application/ld+json" class="yoast-schema-graph">{"@context":"https:\/\/schema.org","@graph":[{"@type":"WebPage","@id":"https:\/\/cardamomo.com\/fr\/show\/noviembre-flamenco\/","url":"https:\/\/cardamomo.com\/fr\/show\/noviembre-flamenco\/","name":"Novembre arrive avec le meilleur flamenco au Cardamomo - Cardamomo Flamenco Madrid","isPartOf":{"@id":"https:\/\/cardamomo.com\/fr\/#website"},"primaryImageOfPage":{"@id":"https:\/\/cardamomo.com\/fr\/show\/noviembre-flamenco\/#primaryimage"},"image":{"@id":"https:\/\/cardamomo.com\/es\/show\/noviembre-flamenco\/#primaryimage"},"thumbnailUrl":"https:\/\/cardamomo.ams3.digitaloceanspaces.com\/wp-content\/uploads\/2025\/11\/11131557\/programacion-cardamomo-3-9-noviembre.jpg","datePublished":"2025-11-02T10:03:21+00:00","dateModified":"2025-11-17T09:45:56+00:00","description":"Vivez le meilleur du flamenco à Madrid du 3 au 9 novembre. Art, passion et émotion chaque soir. Réservez vos places dès maintenant !","breadcrumb":{"@id":"https:\/\/cardamomo.com\/fr\/show\/noviembre-flamenco\/#breadcrumb"},"inLanguage":"fr-FR","potentialAction":[{"@type":"ReadAction","target":[["https:\/\/cardamomo.com\/fr\/show\/noviembre-flamenco\/"]]}]},{"@type":"ImageObject","inLanguage":"fr-FR","@id":"https:\/\/cardamomo.com\/fr\/show\/noviembre-flamenco\/#primaryimage","url":"https:\/\/cardamomo.ams3.digitaloceanspaces.com\/wp-content\/uploads\/2025\/11\/11131557\/programacion-cardamomo-3-9-noviembre.jpg","contentUrl":"https:\/\/cardamomo.ams3.digitaloceanspaces.com\/wp-content\/uploads\/2025\/11\/11131557\/programacion-cardamomo-3-9-noviembre.jpg","width":1200,"height":800,"caption":"Programación Cardamomo 3-9 Noviembre"},{"@type":"BreadcrumbList","@id":"https:\/\/cardamomo.com\/fr\/show\/noviembre-flamenco\/#breadcrumb","itemListElement":[{"@type":"ListItem","position":1,"name":"Cardamomo","item":"https:\/\/cardamomo.com\/fr\/"},{"@type":"ListItem","position":2,"name":"Shows","item":"https:\/\/cardamomo.com\/fr\/show\/"},{"@type":"ListItem","position":3,"name":"Llega Noviembre con el Mejor Flamenco en Cardamomo"}]},{"@type":"WebSite","@id":"https:\/\/cardamomo.com\/fr\/#website","url":"https:\/\/cardamomo.com\/fr\/","name":"Cardamomo Flamenco Madrid","description":"","potentialAction":[{"@type":"SearchAction","target":{"@type":"EntryPoint","urlTemplate":"https:\/\/cardamomo.com\/fr\/?s={search_term_string}"},"query-input":{"@type":"PropertyValueSpecification","valueRequired":true,"valueName":"search_term_string"}}],"inLanguage":"fr-FR"}]}</script>
<!-- / Yoast SEO plugin. -->

Vivez le meilleur du flamenco à Madrid du 3 au 9 novembre. Art, passion et émotion chaque soir. Réservez vos places dès maintenant !
