{"id":138903,"date":"2024-03-11T15:36:29","date_gmt":"2024-03-11T14:36:29","guid":{"rendered":"https:\/\/cardamomo.com\/es\/?post_type=show&#038;p=138903"},"modified":"2025-02-01T14:00:31","modified_gmt":"2025-02-01T14:00:31","slug":"juan-jose-villar-en-cardamomo","status":"publish","type":"show","link":"https:\/\/cardamomo.com\/fr\/show\/juan-jose-villar-en-cardamomo\/","title":{"rendered":"Juan Jos\u00e9 Villar \u00e0 Cardamomo"},"content":{"rendered":"<p><strong><a href=\"https:\/\/cardamomo.com\/es\/artist\/juan-jose-villar\/\">Juan Jos\u00e9 Villar<\/a> au Cardamomo!<\/strong> Cette semaine seulement, vous pourrez d\u00e9couvrir le grand danseur de Cadix.<\/p>\n<p>Il appartient \u00e0 la saga des \u00ab\u00a0los Villar\u00a0\u00bb et est un grand amateur de danse flamenco et de percussions, ce qui d\u00e9termine son grand sens du rythme.<\/p>\n<h2>Juan Jos\u00e9 Villar, <a href=\"https:\/\/cardamomo.com\/es\/comprar-entradas\/\">spectacle rythmique.<\/a><\/h2>\n<p>Il a commenc\u00e9 sa carri\u00e8re \u00e0 l&rsquo;\u00e2ge de 10 ans lors de sa premi\u00e8re tourn\u00e9e au Japon et l&rsquo;a poursuivie en Espagne, o\u00f9 il s&rsquo;est produit dans des tablaos tels que El Arenal, El Cordob\u00e9s et Tablao del Carmen, entre autres. Sa passion pour le flamenco lui a permis de partager la sc\u00e8ne avec de grands danseurs de flamenco tels que <strong>Farruquito, Pepe Torres, Bel\u00e9n L\u00f3pez, Karime Amaya,<\/strong> entre autres.<\/p>\n<p>La vaste carri\u00e8re de ce jeune danseur, qui se produit actuellement avec <a href=\"https:\/\/rosariofloresoficial.com\/\">Rosario Flores<\/a>, est la preuve de sa virtuosit\u00e9 et de sa grande habilet\u00e9 sur sc\u00e8ne. C&rsquo;est un artiste qui hypnotise avec ses pieds. Une fa\u00e7on particuli\u00e8re de danser qu&rsquo;il ne faut pas manquer.<\/p>\n<p><strong>Ce danseur a un sens aigu du rythme dans chacune de ses prestations. Venez donc profiter de Juan Jos\u00e9 Villar au Cardamomo !<\/strong><\/p>\n<p><a href=\"https:\/\/cardamomo.com\/es\/comprar-entradas\/\">Prenez rendez-vous !<\/a><\/p>","protected":false},"featured_media":156606,"template":"","meta":{"_acf_changed":false,"inline_featured_image":false},"class_list":["post-138903","show","type-show","status-publish","has-post-thumbnail","hentry"],"acf":[],"yoast_head":"<!-- This site is optimized with the Yoast SEO plugin v27.4 - https:\/\/yoast.com\/product\/yoast-seo-wordpress\/ -->\n<title>Juan Jos\u00e9 Villar \u00e0 Cardamomo<\/title>\n<meta name=\"description\" content=\"\u00a1Juan Jos\u00e9 Villar en Cardamomo! Bailaor procedente de una importante saga de artistas flamencos \u00a1No te lo pierdas!\" \/>\n<meta name=\"robots\" content=\"index, follow, max-snippet:-1, max-image-preview:large, max-video-preview:-1\" \/>\n<link rel=\"canonical\" href=\"\/\" \/>\n<meta property=\"og:locale\" content=\"fr_FR\" \/>\n<meta property=\"og:type\" content=\"article\" \/>\n<meta property=\"og:title\" content=\"Juan Jos\u00e9 Villar \u00e0 Cardamomo\" \/>\n<meta property=\"og:description\" content=\"\u00a1Juan Jos\u00e9 Villar en Cardamomo! Bailaor procedente de una importante saga de artistas flamencos \u00a1No te lo pierdas!\" \/>\n<meta property=\"og:url\" content=\"https:\/\/cardamomo.com\/fr\/show\/juan-jose-villar-en-cardamomo\/\" \/>\n<meta property=\"og:site_name\" content=\"Cardamomo Flamenco Madrid\" \/>\n<meta property=\"article:modified_time\" content=\"2025-02-01T14:00:31+00:00\" \/>\n<meta property=\"og:image\" content=\"https:\/\/cardamomo.ams3.digitaloceanspaces.com\/wp-content\/uploads\/2025\/01\/11133341\/juan-jose-villar.jpg\" \/>\n\t<meta property=\"og:image:width\" content=\"1400\" \/>\n\t<meta property=\"og:image:height\" content=\"800\" \/>\n\t<meta property=\"og:image:type\" content=\"image\/jpeg\" \/>\n<meta name=\"twitter:card\" content=\"summary_large_image\" \/>\n<meta name=\"twitter:label1\" content=\"Dur\u00e9e de lecture estim\u00e9e\" \/>\n\t<meta name=\"twitter:data1\" content=\"1 minute\" \/>\n<script type=\"application\/ld+json\" class=\"yoast-schema-graph\">{\"@context\":\"https:\\\/\\\/schema.org\",\"@graph\":[{\"@type\":\"WebPage\",\"@id\":\"https:\\\/\\\/cardamomo.com\\\/fr\\\/show\\\/juan-jose-villar-en-cardamomo\\\/\",\"url\":\"https:\\\/\\\/cardamomo.com\\\/fr\\\/show\\\/juan-jose-villar-en-cardamomo\\\/\",\"name\":\"Juan Jos\u00e9 Villar \u00e0 Cardamomo\",\"isPartOf\":{\"@id\":\"https:\\\/\\\/cardamomo.com\\\/fr\\\/#website\"},\"primaryImageOfPage\":{\"@id\":\"https:\\\/\\\/cardamomo.com\\\/fr\\\/show\\\/juan-jose-villar-en-cardamomo\\\/#primaryimage\"},\"image\":{\"@id\":\"https:\\\/\\\/cardamomo.com\\\/es\\\/show\\\/juan-jose-villar-en-cardamomo\\\/#primaryimage\"},\"thumbnailUrl\":\"https:\\\/\\\/cardamomo.ams3.digitaloceanspaces.com\\\/wp-content\\\/uploads\\\/2025\\\/01\\\/11133341\\\/juan-jose-villar.jpg\",\"datePublished\":\"2024-03-11T14:36:29+00:00\",\"dateModified\":\"2025-02-01T14:00:31+00:00\",\"description\":\"\u00a1Juan Jos\u00e9 Villar en Cardamomo! Bailaor procedente de una importante saga de artistas flamencos \u00a1No te lo pierdas!\",\"breadcrumb\":{\"@id\":\"https:\\\/\\\/cardamomo.com\\\/fr\\\/show\\\/juan-jose-villar-en-cardamomo\\\/#breadcrumb\"},\"inLanguage\":\"fr-FR\",\"potentialAction\":[{\"@type\":\"ReadAction\",\"target\":[[\"https:\\\/\\\/cardamomo.com\\\/fr\\\/show\\\/juan-jose-villar-en-cardamomo\\\/\"]]}]},{\"@type\":\"ImageObject\",\"inLanguage\":\"fr-FR\",\"@id\":\"https:\\\/\\\/cardamomo.com\\\/fr\\\/show\\\/juan-jose-villar-en-cardamomo\\\/#primaryimage\",\"url\":\"https:\\\/\\\/cardamomo.ams3.digitaloceanspaces.com\\\/wp-content\\\/uploads\\\/2025\\\/01\\\/11133341\\\/juan-jose-villar.jpg\",\"contentUrl\":\"https:\\\/\\\/cardamomo.ams3.digitaloceanspaces.com\\\/wp-content\\\/uploads\\\/2025\\\/01\\\/11133341\\\/juan-jose-villar.jpg\",\"width\":1400,\"height\":800,\"caption\":\"Bailaor Juan Jos\u00e9 Villar\"},{\"@type\":\"BreadcrumbList\",\"@id\":\"https:\\\/\\\/cardamomo.com\\\/fr\\\/show\\\/juan-jose-villar-en-cardamomo\\\/#breadcrumb\",\"itemListElement\":[{\"@type\":\"ListItem\",\"position\":1,\"name\":\"Cardamomo\",\"item\":\"https:\\\/\\\/cardamomo.com\\\/fr\\\/\"},{\"@type\":\"ListItem\",\"position\":2,\"name\":\"Shows\",\"item\":\"https:\\\/\\\/cardamomo.com\\\/fr\\\/show\\\/\"},{\"@type\":\"ListItem\",\"position\":3,\"name\":\"Juan Jos\u00e9 Villar en Cardamomo\"}]},{\"@type\":\"WebSite\",\"@id\":\"https:\\\/\\\/cardamomo.com\\\/fr\\\/#website\",\"url\":\"https:\\\/\\\/cardamomo.com\\\/fr\\\/\",\"name\":\"Cardamomo Flamenco Madrid\",\"description\":\"\",\"potentialAction\":[{\"@type\":\"SearchAction\",\"target\":{\"@type\":\"EntryPoint\",\"urlTemplate\":\"https:\\\/\\\/cardamomo.com\\\/fr\\\/?s={search_term_string}\"},\"query-input\":{\"@type\":\"PropertyValueSpecification\",\"valueRequired\":true,\"valueName\":\"search_term_string\"}}],\"inLanguage\":\"fr-FR\"}]}<\/script>\n<!-- \/ Yoast SEO plugin. -->","yoast_head_json":{"title":"Juan Jos\u00e9 Villar \u00e0 Cardamomo","description":"\u00a1Juan Jos\u00e9 Villar en Cardamomo! Bailaor procedente de una importante saga de artistas flamencos \u00a1No te lo pierdas!","robots":{"index":"index","follow":"follow","max-snippet":"max-snippet:-1","max-image-preview":"max-image-preview:large","max-video-preview":"max-video-preview:-1"},"canonical":"\/","og_locale":"fr_FR","og_type":"article","og_title":"Juan Jos\u00e9 Villar \u00e0 Cardamomo","og_description":"\u00a1Juan Jos\u00e9 Villar en Cardamomo! Bailaor procedente de una importante saga de artistas flamencos \u00a1No te lo pierdas!","og_url":"https:\/\/cardamomo.com\/fr\/show\/juan-jose-villar-en-cardamomo\/","og_site_name":"Cardamomo Flamenco Madrid","article_modified_time":"2025-02-01T14:00:31+00:00","og_image":[{"width":1400,"height":800,"url":"https:\/\/cardamomo.ams3.digitaloceanspaces.com\/wp-content\/uploads\/2025\/01\/11133341\/juan-jose-villar.jpg","type":"image\/jpeg"}],"twitter_card":"summary_large_image","twitter_misc":{"Dur\u00e9e de lecture estim\u00e9e":"1 minute"},"schema":{"@context":"https:\/\/schema.org","@graph":[{"@type":"WebPage","@id":"https:\/\/cardamomo.com\/fr\/show\/juan-jose-villar-en-cardamomo\/","url":"https:\/\/cardamomo.com\/fr\/show\/juan-jose-villar-en-cardamomo\/","name":"Juan Jos\u00e9 Villar \u00e0 Cardamomo","isPartOf":{"@id":"https:\/\/cardamomo.com\/fr\/#website"},"primaryImageOfPage":{"@id":"https:\/\/cardamomo.com\/fr\/show\/juan-jose-villar-en-cardamomo\/#primaryimage"},"image":{"@id":"https:\/\/cardamomo.com\/es\/show\/juan-jose-villar-en-cardamomo\/#primaryimage"},"thumbnailUrl":"https:\/\/cardamomo.ams3.digitaloceanspaces.com\/wp-content\/uploads\/2025\/01\/11133341\/juan-jose-villar.jpg","datePublished":"2024-03-11T14:36:29+00:00","dateModified":"2025-02-01T14:00:31+00:00","description":"\u00a1Juan Jos\u00e9 Villar en Cardamomo! Bailaor procedente de una importante saga de artistas flamencos \u00a1No te lo pierdas!","breadcrumb":{"@id":"https:\/\/cardamomo.com\/fr\/show\/juan-jose-villar-en-cardamomo\/#breadcrumb"},"inLanguage":"fr-FR","potentialAction":[{"@type":"ReadAction","target":[["https:\/\/cardamomo.com\/fr\/show\/juan-jose-villar-en-cardamomo\/"]]}]},{"@type":"ImageObject","inLanguage":"fr-FR","@id":"https:\/\/cardamomo.com\/fr\/show\/juan-jose-villar-en-cardamomo\/#primaryimage","url":"https:\/\/cardamomo.ams3.digitaloceanspaces.com\/wp-content\/uploads\/2025\/01\/11133341\/juan-jose-villar.jpg","contentUrl":"https:\/\/cardamomo.ams3.digitaloceanspaces.com\/wp-content\/uploads\/2025\/01\/11133341\/juan-jose-villar.jpg","width":1400,"height":800,"caption":"Bailaor Juan Jos\u00e9 Villar"},{"@type":"BreadcrumbList","@id":"https:\/\/cardamomo.com\/fr\/show\/juan-jose-villar-en-cardamomo\/#breadcrumb","itemListElement":[{"@type":"ListItem","position":1,"name":"Cardamomo","item":"https:\/\/cardamomo.com\/fr\/"},{"@type":"ListItem","position":2,"name":"Shows","item":"https:\/\/cardamomo.com\/fr\/show\/"},{"@type":"ListItem","position":3,"name":"Juan Jos\u00e9 Villar en Cardamomo"}]},{"@type":"WebSite","@id":"https:\/\/cardamomo.com\/fr\/#website","url":"https:\/\/cardamomo.com\/fr\/","name":"Cardamomo Flamenco Madrid","description":"","potentialAction":[{"@type":"SearchAction","target":{"@type":"EntryPoint","urlTemplate":"https:\/\/cardamomo.com\/fr\/?s={search_term_string}"},"query-input":{"@type":"PropertyValueSpecification","valueRequired":true,"valueName":"search_term_string"}}],"inLanguage":"fr-FR"}]}},"_links":{"self":[{"href":"https:\/\/cardamomo.com\/fr\/wp-json\/wp\/v2\/show\/138903","targetHints":{"allow":["GET"]}}],"collection":[{"href":"https:\/\/cardamomo.com\/fr\/wp-json\/wp\/v2\/show"}],"about":[{"href":"https:\/\/cardamomo.com\/fr\/wp-json\/wp\/v2\/types\/show"}],"wp:featuredmedia":[{"embeddable":true,"href":"https:\/\/cardamomo.com\/fr\/wp-json\/wp\/v2\/media\/156606"}],"wp:attachment":[{"href":"https:\/\/cardamomo.com\/fr\/wp-json\/wp\/v2\/media?parent=138903"}],"curies":[{"name":"wp","href":"https:\/\/api.w.org\/{rel}","templated":true}]}}

Juan José Villar à Cardamomo

<p><strong><a href="https://cardamomo.com/es/artist/juan-jose-villar/">Juan José Villar</a> au Cardamomo!</strong> Cette semaine seulement, vous pourrez découvrir le grand danseur de Cadix.</p>
<p>Il appartient à la saga des « los Villar » et est un grand amateur de danse flamenco et de percussions, ce qui détermine son grand sens du rythme.</p>
<h2>Juan José Villar, <a href="https://cardamomo.com/es/comprar-entradas/">spectacle rythmique.</a></h2>
<p>Il a commencé sa carrière à l&rsquo;âge de 10 ans lors de sa première tournée au Japon et l&rsquo;a poursuivie en Espagne, où il s&rsquo;est produit dans des tablaos tels que El Arenal, El Cordobés et Tablao del Carmen, entre autres. Sa passion pour le flamenco lui a permis de partager la scène avec de grands danseurs de flamenco tels que <strong>Farruquito, Pepe Torres, Belén López, Karime Amaya,</strong> entre autres.</p>
<p>La vaste carrière de ce jeune danseur, qui se produit actuellement avec <a href="https://rosariofloresoficial.com/">Rosario Flores</a>, est la preuve de sa virtuosité et de sa grande habileté sur scène. C&rsquo;est un artiste qui hypnotise avec ses pieds. Une façon particulière de danser qu&rsquo;il ne faut pas manquer.</p>
<p><strong>Ce danseur a un sens aigu du rythme dans chacune de ses prestations. Venez donc profiter de Juan José Villar au Cardamomo !</strong></p>
<p><a href="https://cardamomo.com/es/comprar-entradas/">Prenez rendez-vous !</a></p>

<!-- This site is optimized with the Yoast SEO plugin v27.4 - https://yoast.com/product/yoast-seo-wordpress/ -->
<title>Juan José Villar à Cardamomo</title>
<meta name="description" content="¡Juan José Villar en Cardamomo! Bailaor procedente de una importante saga de artistas flamencos ¡No te lo pierdas!" />
<meta name="robots" content="index, follow, max-snippet:-1, max-image-preview:large, max-video-preview:-1" />
<link rel="canonical" href="/" />
<meta property="og:locale" content="fr_FR" />
<meta property="og:type" content="article" />
<meta property="og:title" content="Juan José Villar à Cardamomo" />
<meta property="og:description" content="¡Juan José Villar en Cardamomo! Bailaor procedente de una importante saga de artistas flamencos ¡No te lo pierdas!" />
<meta property="og:url" content="https://cardamomo.com/fr/show/juan-jose-villar-en-cardamomo/" />
<meta property="og:site_name" content="Cardamomo Flamenco Madrid" />
<meta property="article:modified_time" content="2025-02-01T14:00:31+00:00" />
<meta property="og:image" content="https://cardamomo.ams3.digitaloceanspaces.com/wp-content/uploads/2025/01/11133341/juan-jose-villar.jpg" />
	<meta property="og:image:width" content="1400" />
	<meta property="og:image:height" content="800" />
	<meta property="og:image:type" content="image/jpeg" />
<meta name="twitter:card" content="summary_large_image" />
<meta name="twitter:label1" content="Durée de lecture estimée" />
	<meta name="twitter:data1" content="1 minute" />
<script type="application/ld+json" class="yoast-schema-graph">{"@context":"https:\/\/schema.org","@graph":[{"@type":"WebPage","@id":"https:\/\/cardamomo.com\/fr\/show\/juan-jose-villar-en-cardamomo\/","url":"https:\/\/cardamomo.com\/fr\/show\/juan-jose-villar-en-cardamomo\/","name":"Juan José Villar à Cardamomo","isPartOf":{"@id":"https:\/\/cardamomo.com\/fr\/#website"},"primaryImageOfPage":{"@id":"https:\/\/cardamomo.com\/fr\/show\/juan-jose-villar-en-cardamomo\/#primaryimage"},"image":{"@id":"https:\/\/cardamomo.com\/es\/show\/juan-jose-villar-en-cardamomo\/#primaryimage"},"thumbnailUrl":"https:\/\/cardamomo.ams3.digitaloceanspaces.com\/wp-content\/uploads\/2025\/01\/11133341\/juan-jose-villar.jpg","datePublished":"2024-03-11T14:36:29+00:00","dateModified":"2025-02-01T14:00:31+00:00","description":"¡Juan José Villar en Cardamomo! Bailaor procedente de una importante saga de artistas flamencos ¡No te lo pierdas!","breadcrumb":{"@id":"https:\/\/cardamomo.com\/fr\/show\/juan-jose-villar-en-cardamomo\/#breadcrumb"},"inLanguage":"fr-FR","potentialAction":[{"@type":"ReadAction","target":[["https:\/\/cardamomo.com\/fr\/show\/juan-jose-villar-en-cardamomo\/"]]}]},{"@type":"ImageObject","inLanguage":"fr-FR","@id":"https:\/\/cardamomo.com\/fr\/show\/juan-jose-villar-en-cardamomo\/#primaryimage","url":"https:\/\/cardamomo.ams3.digitaloceanspaces.com\/wp-content\/uploads\/2025\/01\/11133341\/juan-jose-villar.jpg","contentUrl":"https:\/\/cardamomo.ams3.digitaloceanspaces.com\/wp-content\/uploads\/2025\/01\/11133341\/juan-jose-villar.jpg","width":1400,"height":800,"caption":"Bailaor Juan José Villar"},{"@type":"BreadcrumbList","@id":"https:\/\/cardamomo.com\/fr\/show\/juan-jose-villar-en-cardamomo\/#breadcrumb","itemListElement":[{"@type":"ListItem","position":1,"name":"Cardamomo","item":"https:\/\/cardamomo.com\/fr\/"},{"@type":"ListItem","position":2,"name":"Shows","item":"https:\/\/cardamomo.com\/fr\/show\/"},{"@type":"ListItem","position":3,"name":"Juan José Villar en Cardamomo"}]},{"@type":"WebSite","@id":"https:\/\/cardamomo.com\/fr\/#website","url":"https:\/\/cardamomo.com\/fr\/","name":"Cardamomo Flamenco Madrid","description":"","potentialAction":[{"@type":"SearchAction","target":{"@type":"EntryPoint","urlTemplate":"https:\/\/cardamomo.com\/fr\/?s={search_term_string}"},"query-input":{"@type":"PropertyValueSpecification","valueRequired":true,"valueName":"search_term_string"}}],"inLanguage":"fr-FR"}]}</script>
<!-- / Yoast SEO plugin. -->

¡Juan José Villar en Cardamomo! Bailaor procedente de una importante saga de artistas flamencos ¡No te lo pierdas!

Bailaor Juan José Villar

Juan José Villar en Cardamomo
